199.185.67.145 - - [21/Jan/2025:15:58:33 +0000] "GET /wp-content/plugins/elementor/assets/lib/eicons/css/elementor-icons.min.css?ver=5.34.0 HTTP/1.1" 200 4131 "https://ahsmore.mhcollab.ca/registration/?ld_register_id=18051" "Mozilla/5.0 (Windows NT 10.0; Win64; x64) AppleWebKit/537.36 (KHTML, like Gecko) Chrome/131.0.0.0 Safari/537.36"
199.185.67.145 - - [21/Jan/2025:15:58:33 +0000] "GET /wp-content/plugins/elementor/assets/css/frontend.min.css?ver=3.26.5 HTTP/1.1" 200 7105 "https://ahsmore.mhcollab.ca/registration/?ld_register_id=18051" "Mozilla/5.0 (Windows NT 10.0; Win64; x64) AppleWebKit/537.36 (KHTML, like Gecko) Chrome/131.0.0.0 Safari/537.36"
199.185.67.145 - - [21/Jan/2025:15:58:33 +0000] "GET /wp-content/uploads/elementor/css/post-11550.css?ver=1737140487 HTTP/1.1" 200 670 "https://ahsmore.mhcollab.ca/registration/?ld_register_id=18051" "Mozilla/5.0 (Windows NT 10.0; Win64; x64) AppleWebKit/537.36 (KHTML, like Gecko) Chrome/131.0.0.0 Safari/537.36"
199.185.67.145 - - [21/Jan/2025:15:58:33 +0000] "GET /wp-content/plugins/elementor/assets/lib/font-awesome/css/all.min.css?ver=4.10.78 HTTP/1.1" 200 12869 "https://ahsmore.mhcollab.ca/registration/?ld_register_id=18051" "Mozilla/5.0 (Windows NT 10.0; Win64; x64) AppleWebKit/537.36 (KHTML, like Gecko) Chrome/131.0.0.0 Safari/537.36"
199.185.67.145 - - [21/Jan/2025:15:58:33 +0000] "GET /wp-content/plugins/elementor/assets/css/widget-alert.min.css?ver=3.26.5 HTTP/1.1" 200 545 "https://ahsmore.mhcollab.ca/registration/?ld_register_id=18051" "Mozilla/5.0 (Windows NT 10.0; Win64; x64) AppleWebKit/537.36 (KHTML, like Gecko) Chrome/131.0.0.0 Safari/537.36"
199.185.67.145 - - [21/Jan/2025:15:58:33 +0000] "GET /wp-content/plugins/elementor/assets/lib/font-awesome/css/v4-shims.min.css?ver=3.26.5 HTTP/1.1" 200 4229 "https://ahsmore.mhcollab.ca/registration/?ld_register_id=18051" "Mozilla/5.0 (Windows NT 10.0; Win64; x64) AppleWebKit/537.36 (KHTML, like Gecko) Chrome/131.0.0.0 Safari/537.36"
199.185.67.145 - - [21/Jan/2025:15:58:34 +0000] "GET /wp-content/plugins/elementor/assets/css/widget-text-editor.min.css?ver=3.26.5 HTTP/1.1" 200 270 "https://ahsmore.mhcollab.ca/registration/?ld_register_id=18051" "Mozilla/5.0 (Windows NT 10.0; Win64; x64) AppleWebKit/537.36 (KHTML, like Gecko) Chrome/131.0.0.0 Safari/537.36"
199.185.67.145 - - [21/Jan/2025:15:58:34 +0000] "GET /wp-content/uploads/elementor/css/post-3745.css?ver=1737140488 HTTP/1.1" 200 202 "https://ahsmore.mhcollab.ca/registration/?ld_register_id=18051" "Mozilla/5.0 (Windows NT 10.0; Win64; x64) AppleWebKit/537.36 (KHTML, like Gecko) Chrome/131.0.0.0 Safari/537.36"
199.185.67.145 - - [21/Jan/2025:15:58:34 +0000] "GET /wp-content/plugins/elementor/assets/lib/font-awesome/js/v4-shims.min.js?ver=3.26.5 HTTP/1.1" 200 4209 "https://ahsmore.mhcollab.ca/registration/?ld_register_id=18051" "Mozilla/5.0 (Windows NT 10.0; Win64; x64) AppleWebKit/537.36 (KHTML, like Gecko) Chrome/131.0.0.0 Safari/537.36"
199.185.67.145 - - [21/Jan/2025:15:58:34 +0000] "GET /wp-content/plugins/user-registration/assets/css/sweetalert2/sweetalert2.min.css?ver=10.16.7 HTTP/1.1" 200 4232 "https://ahsmore.mhcollab.ca/registration/?ld_register_id=18051" "Mozilla/5.0 (Windows NT 10.0; Win64; x64) AppleWebKit/537.36 (KHTML, like Gecko) Chrome/131.0.0.0 Safari/537.36"
199.185.67.145 - - [21/Jan/2025:15:58:34 +0000] "GET /wp-content/plugins/learndash-course-grid/assets/js/elementor.js?ver=2.0.10 HTTP/1.1" 200 543 "https://ahsmore.mhcollab.ca/registration/?ld_register_id=18051" "Mozilla/5.0 (Windows NT 10.0; Win64; x64) AppleWebKit/537.36 (KHTML, like Gecko) Chrome/131.0.0.0 Safari/537.36"
199.185.67.145 - - [21/Jan/2025:15:58:34 +0000] "GET /wp-content/plugins/user-registration/assets/js/frontend/user-registration-form-validator.min.js?ver=3.3.5.2 HTTP/1.1" 200 2969 "https://ahsmore.mhcollab.ca/registration/?ld_register_id=18051" "Mozilla/5.0 (Windows NT 10.0; Win64; x64) AppleWebKit/537.36 (KHTML, like Gecko) Chrome/131.0.0.0 Safari/537.36"
199.185.67.145 - - [21/Jan/2025:15:58:34 +0000] "GET /wp-content/plugins/user-registration/assets/js/frontend/jquery.validate.min.js?ver=1.19.5 HTTP/1.1" 200 7917 "https://ahsmore.mhcollab.ca/registration/?ld_register_id=18051" "Mozilla/5.0 (Windows NT 10.0; Win64; x64) AppleWebKit/537.36 (KHTML, like Gecko) Chrome/131.0.0.0 Safari/537.36"
199.185.67.145 - - [21/Jan/2025:15:58:34 +0000] "GET /wp-content/plugins/user-registration/assets/js/frontend/ur-common.min.js?ver=3.3.5.2 HTTP/1.1" 200 399 "https://ahsmore.mhcollab.ca/registration/?ld_register_id=18051" "Mozilla/5.0 (Windows NT 10.0; Win64; x64) AppleWebKit/537.36 (KHTML, like Gecko) Chrome/131.0.0.0 Safari/537.36"
199.185.67.145 - - [21/Jan/2025:15:58:34 +0000] "GET /wp-content/plugins/user-registration/assets/js/frontend/user-registration.min.js?ver=3.3.5.2 HTTP/1.1" 200 6685 "https://ahsmore.mhcollab.ca/registration/?ld_register_id=18051" "Mozilla/5.0 (Windows NT 10.0; Win64; x64) AppleWebKit/537.36 (KHTML, like Gecko) Chrome/131.0.0.0 Safari/537.36"
199.185.67.145 - - [21/Jan/2025:15:58:34 +0000] "GET /wp-content/plugins/user-registration/assets/js/inputmask/jquery.inputmask.bundle.min.js?ver=4.0.0-beta.58 HTTP/1.1" 200 23163 "https://ahsmore.mhcollab.ca/registration/?ld_register_id=18051" "Mozilla/5.0 (Windows NT 10.0; Win64; x64) AppleWebKit/537.36 (KHTML, like Gecko) Chrome/131.0.0.0 Safari/537.36"
199.185.67.145 - - [21/Jan/2025:15:58:34 +0000] "GET /wp-includes/js/zxcvbn-async.min.js?ver=1.0 HTTP/1.1" 200 256 "https://ahsmore.mhcollab.ca/registration/?ld_register_id=18051" "Mozilla/5.0 (Windows NT 10.0; Win64; x64) AppleWebKit/537.36 (KHTML, like Gecko) Chrome/131.0.0.0 Safari/537.36"
199.185.67.145 - - [21/Jan/2025:15:58:34 +0000] "GET /wp-admin/js/password-strength-meter.min.js?ver=4c07a945f927cfc17b5ef0589d82cf0d HTTP/1.1" 200 621 "https://ahsmore.mhcollab.ca/registration/?ld_register_id=18051" "Mozilla/5.0 (Windows NT 10.0; Win64; x64) AppleWebKit/537.36 (KHTML, like Gecko) Chrome/131.0.0.0 Safari/537.36"
199.185.67.145 - - [21/Jan/2025:15:58:34 +0000] "GET /wp-content/plugins/elementor-pro/assets/js/webpack-pro.runtime.min.js?ver=3.26.3 HTTP/1.1" 200 2860 "https://ahsmore.mhcollab.ca/registration/?ld_register_id=18051" "Mozilla/5.0 (Windows NT 10.0; Win64; x64) AppleWebKit/537.36 (KHTML, like Gecko) Chrome/131.0.0.0 Safari/537.36"
199.185.67.145 - - [21/Jan/2025:15:58:34 +0000] "GET /wp-content/plugins/user-registration/assets/js/frontend/password-strength-meter.min.js?ver=3.3.5.2 HTTP/1.1" 200 1041 "https://ahsmore.mhcollab.ca/registration/?ld_register_id=18051" "Mozilla/5.0 (Windows NT 10.0; Win64; x64) AppleWebKit/537.36 (KHTML, like Gecko) Chrome/131.0.0.0 Safari/537.36"
199.185.67.145 - - [21/Jan/2025:15:58:34 +0000] "GET /wp-content/plugins/elementor/assets/js/webpack.runtime.min.js?ver=3.26.5 HTTP/1.1" 200 2390 "https://ahsmore.mhcollab.ca/registration/?ld_register_id=18051" "Mozilla/5.0 (Windows NT 10.0; Win64; x64) AppleWebKit/537.36 (KHTML, like Gecko) Chrome/131.0.0.0 Safari/537.36"
199.185.67.145 - - [21/Jan/2025:15:58:34 +0000] "GET /wp-content/plugins/elementor-pro/assets/js/frontend.min.js?ver=3.26.3 HTTP/1.1" 200 6510 "https://ahsmore.mhcollab.ca/registration/?ld_register_id=18051" "Mozilla/5.0 (Windows NT 10.0; Win64; x64) AppleWebKit/537.36 (KHTML, like Gecko) Chrome/131.0.0.0 Safari/537.36"
199.185.67.145 - - [21/Jan/2025:15:58:34 +0000] "GET /wp-includes/js/jquery/ui/core.min.js?ver=1.13.3 HTTP/1.1" 200 7106 "https://ahsmore.mhcollab.ca/registration/?ld_register_id=18051" "Mozilla/5.0 (Windows NT 10.0; Win64; x64) AppleWebKit/537.36 (KHTML, like Gecko) Chrome/131.0.0.0 Safari/537.36"
199.185.67.145 - - [21/Jan/2025:15:58:34 +0000] "GET /wp-content/plugins/elementor/assets/js/frontend-modules.min.js?ver=3.26.5 HTTP/1.1" 200 15344 "https://ahsmore.mhcollab.ca/registration/?ld_register_id=18051" "Mozilla/5.0 (Windows NT 10.0; Win64; x64) AppleWebKit/537.36 (KHTML, like Gecko) Chrome/131.0.0.0 Safari/537.36"
199.185.67.145 - - [21/Jan/2025:15:58:34 +0000] "GET /wp-content/plugins/elementor-pro/assets/js/elements-handlers.min.js?ver=3.26.3 HTTP/1.1" 200 10655 "https://ahsmore.mhcollab.ca/registration/?ld_register_id=18051" "Mozilla/5.0 (Windows NT 10.0; Win64; x64) AppleWebKit/537.36 (KHTML, like Gecko) Chrome/131.0.0.0 Safari/537.36"
199.185.67.145 - - [21/Jan/2025:15:58:34 +0000] "GET /wp-content/plugins/elementor/assets/js/frontend.min.js?ver=3.26.5 HTTP/1.1" 200 13774 "https://ahsmore.mhcollab.ca/registration/?ld_register_id=18051" "Mozilla/5.0 (Windows NT 10.0; Win64; x64) AppleWebKit/537.36 (KHTML, like Gecko) Chrome/131.0.0.0 Safari/537.36"
199.185.67.145 - - [21/Jan/2025:15:58:34 +0000] "GET /wp-content/plugins/elementor/assets/js/alert.85807a41381e8ed665b0.bundle.min.js HTTP/1.1" 200 370 "https://ahsmore.mhcollab.ca/registration/?ld_register_id=18051" "Mozilla/5.0 (Windows NT 10.0; Win64; x64) AppleWebKit/537.36 (KHTML, like Gecko) Chrome/131.0.0.0 Safari/537.36"
199.185.67.145 - - [21/Jan/2025:15:58:34 +0000] "GET /wp-content/plugins/elementor/assets/js/text-editor.2cbb801863b5118e0825.bundle.min.js HTTP/1.1" 200 665 "https://ahsmore.mhcollab.ca/registration/?ld_register_id=18051" "Mozilla/5.0 (Windows NT 10.0; Win64; x64) AppleWebKit/537.36 (KHTML, like Gecko) Chrome/131.0.0.0 Safari/537.36"
199.185.67.145 - - [21/Jan/2025:15:58:34 +0000] "GET /wp-includes/js/zxcvbn.min.js HTTP/1.1" 200 399661 "https://ahsmore.mhcollab.ca/registration/?ld_register_id=18051" "Mozilla/5.0 (Windows NT 10.0; Win64; x64) AppleWebKit/537.36 (KHTML, like Gecko) Chrome/131.0.0.0 Safari/537.36"
45.56.220.125 - - [21/Jan/2025:15:59:50 +0000] "POST /wp-cron.php?doing_wp_cron=1737475190.8209400177001953125000 HTTP/1.1" 200 - "-" "WordPress/6.7.1; https://ahsmore.mhcollab.ca"
85.208.96.206 - - [21/Jan/2025:15:59:49 +0000] "GET /robots.txt HTTP/1.1" 200 116 "-" "Mozilla/5.0 (compatible; SemrushBot/7~bl; +http://www.semrush.com/bot.html)"
85.208.96.198 - - [21/Jan/2025:15:59:51 +0000] "GET /courses/what-is-self-harming-basics-for-parents-to-know/lessons/course-feedback/ HTTP/1.1" 200 25984 "-" "Mozilla/5.0 (compatible; SemrushBot/7~bl; +http://www.semrush.com/bot.html)"
183.238.22.166 - - [21/Jan/2025:15:59:49 +0000] "GET /robots.txt HTTP/1.1" 200 116 "-" "Mozilla/5.0 (Windows NT 10.0; WOW64) AppleWebKit/537.36 (KHTML, like Gecko) Chrome/77.0.2697.91 Safari/537.36 LBBROWSER"
199.185.67.145 - - [21/Jan/2025:16:01:53 +0000] "GET /wp-content/plugins/user-registration/assets/images/wpspin_light-2x.gif HTTP/1.1" 200 9133 "https://ahsmore.mhcollab.ca/wp-content/plugins/user-registration/assets/css/user-registration.css?ver=3.3.5.2" "Mozilla/5.0 (Windows NT 10.0; Win64; x64) AppleWebKit/537.36 (KHTML, like Gecko) Chrome/131.0.0.0 Safari/537.36"
45.56.220.125 - - [21/Jan/2025:16:01:55 +0000] "POST /wp-cron.php?doing_wp_cron=1737475315.2019870281219482421875 HTTP/1.1" 200 - "-" "WordPress/6.7.1; https://ahsmore.mhcollab.ca"
199.185.67.145 - - [21/Jan/2025:16:01:53 +0000] "POST /wp-admin/admin-ajax.php HTTP/1.1" 200 164 "https://ahsmore.mhcollab.ca/registration/?ld_register_id=18051" "Mozilla/5.0 (Windows NT 10.0; Win64; x64) AppleWebKit/537.36 (KHTML, like Gecko) Chrome/131.0.0.0 Safari/537.36"
199.185.67.145 - - [21/Jan/2025:16:01:58 +0000] "GET /subscribe_nl/ HTTP/1.1" 200 28877 "https://ahsmore.mhcollab.ca/registration/?ld_register_id=18051" "Mozilla/5.0 (Windows NT 10.0; Win64; x64) AppleWebKit/537.36 (KHTML, like Gecko) Chrome/131.0.0.0 Safari/537.36"
199.185.67.145 - - [21/Jan/2025:16:02:00 +0000] "GET /wp-content/plugins/elementor/assets/css/widget-heading.min.css?ver=3.26.5 HTTP/1.1" 200 188 "https://ahsmore.mhcollab.ca/subscribe_nl/" "Mozilla/5.0 (Windows NT 10.0; Win64; x64) AppleWebKit/537.36 (KHTML, like Gecko) Chrome/131.0.0.0 Safari/537.36"
199.185.67.145 - - [21/Jan/2025:16:02:00 +0000] "GET /wp-content/plugins/elementor/assets/lib/swiper/v8/css/swiper.min.css?ver=8.4.5 HTTP/1.1" 200 4583 "https://ahsmore.mhcollab.ca/subscribe_nl/" "Mozilla/5.0 (Windows NT 10.0; Win64; x64) AppleWebKit/537.36 (KHTML, like Gecko) Chrome/131.0.0.0 Safari/537.36"
199.185.67.145 - - [21/Jan/2025:16:02:00 +0000] "GET /wp-content/plugins/elementor/assets/css/conditionals/e-swiper.min.css?ver=3.26.5 HTTP/1.1" 200 799 "https://ahsmore.mhcollab.ca/subscribe_nl/" "Mozilla/5.0 (Windows NT 10.0; Win64; x64) AppleWebKit/537.36 (KHTML, like Gecko) Chrome/131.0.0.0 Safari/537.36"
199.185.67.145 - - [21/Jan/2025:16:02:00 +0000] "GET /wp-content/uploads/elementor/css/post-40323.css?ver=1737144525 HTTP/1.1" 200 141 "https://ahsmore.mhcollab.ca/subscribe_nl/" "Mozilla/5.0 (Windows NT 10.0; Win64; x64) AppleWebKit/537.36 (KHTML, like Gecko) Chrome/131.0.0.0 Safari/537.36"
199.185.67.145 - - [21/Jan/2025:16:02:00 +0000] "GET /wp-content/plugins/mailpoet/assets/dist/css/mailpoet-public.b1f0906e.css?ver=4c07a945f927cfc17b5ef0589d82cf0d HTTP/1.1" 200 3391 "https://ahsmore.mhcollab.ca/subscribe_nl/" "Mozilla/5.0 (Windows NT 10.0; Win64; x64) AppleWebKit/537.36 (KHTML, like Gecko) Chrome/131.0.0.0 Safari/537.36"
199.185.67.145 - - [21/Jan/2025:16:02:00 +0000] "GET /wp-content/plugins/mailpoet/assets/dist/js/public.js?ver=5.6.1 HTTP/1.1" 200 29440 "https://ahsmore.mhcollab.ca/subscribe_nl/" "Mozilla/5.0 (Windows NT 10.0; Win64; x64) AppleWebKit/537.36 (KHTML, like Gecko) Chrome/131.0.0.0 Safari/537.36"
199.185.67.145 - - [21/Jan/2025:16:02:05 +0000] "GET / HTTP/1.1" 200 29236 "https://ahsmore.mhcollab.ca/subscribe_nl/" "Mozilla/5.0 (Windows NT 10.0; Win64; x64) AppleWebKit/537.36 (KHTML, like Gecko) Chrome/131.0.0.0 Safari/537.36"
199.185.67.145 - - [21/Jan/2025:16:02:08 +0000] "GET /wp-content/plugins/elementor/assets/lib/animations/styles/tada.min.css?ver=3.26.5 HTTP/1.1" 200 155 "https://ahsmore.mhcollab.ca/" "Mozilla/5.0 (Windows NT 10.0; Win64; x64) AppleWebKit/537.36 (KHTML, like Gecko) Chrome/131.0.0.0 Safari/537.36"
199.185.67.145 - - [21/Jan/2025:16:02:08 +0000] "GET /wp-content/plugins/elementor/assets/css/conditionals/shapes.min.css?ver=3.26.5 HTTP/1.1" 200 288 "https://ahsmore.mhcollab.ca/" "Mozilla/5.0 (Windows NT 10.0; Win64; x64) AppleWebKit/537.36 (KHTML, like Gecko) Chrome/131.0.0.0 Safari/537.36"
199.185.67.145 - - [21/Jan/2025:16:02:08 +0000] "GET /wp-content/plugins/elementor/assets/css/widget-spacer.min.css?ver=3.26.5 HTTP/1.1" 200 340 "https://ahsmore.mhcollab.ca/" "Mozilla/5.0 (Windows NT 10.0; Win64; x64) AppleWebKit/537.36 (KHTML, like Gecko) Chrome/131.0.0.0 Safari/537.36"
199.185.67.145 - - [21/Jan/2025:16:02:08 +0000] "GET /wp-content/plugins/elementor/assets/lib/jquery-numerator/jquery-numerator.min.js?ver=0.2.1 HTTP/1.1" 200 740 "https://ahsmore.mhcollab.ca/" "Mozilla/5.0 (Windows NT 10.0; Win64; x64) AppleWebKit/537.36 (KHTML, like Gecko) Chrome/131.0.0.0 Safari/537.36"
199.185.67.145 - - [21/Jan/2025:16:02:08 +0000] "GET /wp-content/plugins/elementor/assets/css/widget-counter.min.css?ver=3.26.5 HTTP/1.1" 200 305 "https://ahsmore.mhcollab.ca/" "Mozilla/5.0 (Windows NT 10.0; Win64; x64) AppleWebKit/537.36 (KHTML, like Gecko) Chrome/131.0.0.0 Safari/537.36"
199.185.67.145 - - [21/Jan/2025:16:02:08 +0000] "GET /wp-content/uploads/elementor/css/post-46842.css?ver=1737144265 HTTP/1.1" 200 2405 "https://ahsmore.mhcollab.ca/" "Mozilla/5.0 (Windows NT 10.0; Win64; x64) AppleWebKit/537.36 (KHTML, like Gecko) Chrome/131.0.0.0 Safari/537.36"
199.185.67.145 - - [21/Jan/2025:16:02:13 +0000] "GET /wp-content/uploads/2020/07/cropped-Untitled-design-6.png HTTP/1.1" 200 91995 "https://ahsmore.mhcollab.ca/wp-content/uploads/elementor/css/post-46842.css?ver=1737144265" "Mozilla/5.0 (Windows NT 10.0; Win64; x64) AppleWebKit/537.36 (KHTML, like Gecko) Chrome/131.0.0.0 Safari/537.36"
199.185.67.145 - - [21/Jan/2025:16:02:13 +0000] "GET /wp-content/plugins/elementor/assets/js/counter.b8a75ad37ae3164105fe.bundle.min.js HTTP/1.1" 200 487 "https://ahsmore.mhcollab.ca/" "Mozilla/5.0 (Windows NT 10.0; Win64; x64) AppleWebKit/537.36 (KHTML, like Gecko) Chrome/131.0.0.0 Safari/537.36"
199.185.67.145 - - [21/Jan/2025:16:02:13 +0000] "GET /wp-content/uploads/2023/07/Front-Page-Banner-1-1.png HTTP/1.1" 200 2517852 "https://ahsmore.mhcollab.ca/wp-content/uploads/elementor/css/post-46842.css?ver=1737144265" "Mozilla/5.0 (Windows NT 10.0; Win64; x64) AppleWebKit/537.36 (KHTML, like Gecko) Chrome/131.0.0.0 Safari/537.36"
45.56.220.125 - - [21/Jan/2025:16:02:19 +0000] "POST /wp-cron.php?doing_wp_cron=1737475339.3994810581207275390625 HTTP/1.1" 200 - "-" "WordPress/6.7.1; https://ahsmore.mhcollab.ca"
14.155.187.73 - - [21/Jan/2025:16:02:17 +0000] "GET /robots.txt HTTP/1.1" 200 116 "-" "Mozilla/5.0 (Windows NT 10.0; Win64; x64) AppleWebKit/537.36 (KHTML, like Gecko) Chrome/90.0.2739.154 Safari/537.36 Edge/18.18362"
45.56.220.125 - - [21/Jan/2025:16:02:46 +0000] "POST /wp-cron.php?doing_wp_cron=1737475366.6044309139251708984375 HTTP/1.1" 200 - "-" "WordPress/6.7.1; https://ahsmore.mhcollab.ca"
199.216.41.77 - - [21/Jan/2025:16:02:45 +0000] "GET /resources/ HTTP/1.1" 200 30796 "-" "Mozilla/5.0 (Windows NT 10.0; Win64; x64) AppleWebKit/537.36 (KHTML, like Gecko) Chrome/131.0.0.0 Safari/537.36"
199.216.41.77 - - [21/Jan/2025:16:02:54 +0000] "GET /all-courses/ HTTP/1.1" 200 30286 "https://ahsmore.mhcollab.ca/resources/" "Mozilla/5.0 (Windows NT 10.0; Win64; x64) AppleWebKit/537.36 (KHTML, like Gecko) Chrome/131.0.0.0 Safari/537.36"
199.185.67.145 - - [21/Jan/2025:16:02:57 +0000] "GET /wp-content/plugins/3d-flipbook-dflip-lite/assets/js/libs/pdf.min.js?ver=2.3.57&pdfver=default HTTP/1.1" 200 107396 "https://ahsmore.mhcollab.ca/" "Mozilla/5.0 (Windows NT 10.0; Win64; x64) AppleWebKit/537.36 (KHTML, like Gecko) Chrome/131.0.0.0 Safari/537.36"
199.185.67.145 - - [21/Jan/2025:16:02:57 +0000] "GET /wp-content/plugins/3d-flipbook-dflip-lite/assets/js/libs/three.min.js?ver=2.3.57 HTTP/1.1" 200 157830 "https://ahsmore.mhcollab.ca/" "Mozilla/5.0 (Windows NT 10.0; Win64; x64) AppleWebKit/537.36 (KHTML, like Gecko) Chrome/131.0.0.0 Safari/537.36"
199.185.67.145 - - [21/Jan/2025:16:02:58 +0000] "GET /wp-content/plugins/3d-flipbook-dflip-lite/assets/js/libs/pdf.worker.min.js?ver=2.3.57&pdfver=default HTTP/1.1" 200 305136 "https://ahsmore.mhcollab.ca/" "Mozilla/5.0 (Windows NT 10.0; Win64; x64) AppleWebKit/537.36 (KHTML, like Gecko) Chrome/131.0.0.0 Safari/537.36"
199.185.67.145 - - [21/Jan/2025:16:02:58 +0000] "GET /wp-content/uploads/2024/10/2024-25_MORE_Brochure.pdf HTTP/1.1" 200 2380223 "https://ahsmore.mhcollab.ca/" "Mozilla/5.0 (Windows NT 10.0; Win64; x64) AppleWebKit/537.36 (KHTML, like Gecko) Chrome/131.0.0.0 Safari/537.36"
199.185.67.145 - - [21/Jan/2025:16:03:03 +0000] "GET /wp-content/plugins/3d-flipbook-dflip-lite/assets/sound/turn2.mp3?ver=2.3.57 HTTP/1.1" 206 8277 "https://ahsmore.mhcollab.ca/" "Mozilla/5.0 (Windows NT 10.0; Win64; x64) AppleWebKit/537.36 (KHTML, like Gecko) Chrome/131.0.0.0 Safari/537.36"
199.185.67.145 - - [21/Jan/2025:16:03:02 +0000] "GET /all-courses/ HTTP/1.1" 200 30286 "https://ahsmore.mhcollab.ca/" "Mozilla/5.0 (Windows NT 10.0; Win64; x64) AppleWebKit/537.36 (KHTML, like Gecko) Chrome/131.0.0.0 Safari/537.36"
199.185.67.145 - - [21/Jan/2025:16:03:14 +0000] "GET /courses/anxiety-in-the-classroom/ HTTP/1.1" 200 26689 "https://ahsmore.mhcollab.ca/all-courses/" "Mozilla/5.0 (Windows NT 10.0; Win64; x64) AppleWebKit/537.36 (KHTML, like Gecko) Chrome/131.0.0.0 Safari/537.36"
199.216.41.77 - - [21/Jan/2025:16:03:19 +0000] "GET /registration/ HTTP/1.1" 200 32667 "https://ahsmore.mhcollab.ca/all-courses/" "Mozilla/5.0 (Windows NT 10.0; Win64; x64) AppleWebKit/537.36 (KHTML, like Gecko) Chrome/131.0.0.0 Safari/537.36"
45.56.220.125 - - [21/Jan/2025:16:03:27 +0000] "POST /wp-cron.php?doing_wp_cron=1737475407.8947770595550537109375 HTTP/1.1" 200 - "-" "WordPress/6.7.1; https://ahsmore.mhcollab.ca"
199.185.67.145 - - [21/Jan/2025:16:03:25 +0000] "POST /wp-login.php HTTP/1.1" 302 - "https://ahsmore.mhcollab.ca/courses/anxiety-in-the-classroom/" "Mozilla/5.0 (Windows NT 10.0; Win64; x64) AppleWebKit/537.36 (KHTML, like Gecko) Chrome/131.0.0.0 Safari/537.36"
199.185.67.145 - - [21/Jan/2025:16:03:28 +0000] "GET /wp-login.php HTTP/1.1" 200 4478 "https://ahsmore.mhcollab.ca/courses/anxiety-in-the-classroom/" "Mozilla/5.0 (Windows NT 10.0; Win64; x64) AppleWebKit/537.36 (KHTML, like Gecko) Chrome/131.0.0.0 Safari/537.36"
199.185.67.145 - - [21/Jan/2025:16:03:29 +0000] "GET /wp-content/plugins/wordfence/modules/login-security/js/login.1736960042.js?ver=1.1.15 HTTP/1.1" 200 5557 "https://ahsmore.mhcollab.ca/wp-login.php" "Mozilla/5.0 (Windows NT 10.0; Win64; x64) AppleWebKit/537.36 (KHTML, like Gecko) Chrome/131.0.0.0 Safari/537.36"
199.185.67.145 - - [21/Jan/2025:16:03:29 +0000] "GET /wp-includes/css/buttons.min.css?ver=4c07a945f927cfc17b5ef0589d82cf0d HTTP/1.1" 200 1470 "https://ahsmore.mhcollab.ca/wp-login.php" "Mozilla/5.0 (Windows NT 10.0; Win64; x64) AppleWebKit/537.36 (KHTML, like Gecko) Chrome/131.0.0.0 Safari/537.36"
199.185.67.145 - - [21/Jan/2025:16:03:29 +0000] "GET /wp-admin/css/forms.min.css?ver=6.7.1 HTTP/1.1" 200 6694 "https://ahsmore.mhcollab.ca/wp-login.php" "Mozilla/5.0 (Windows NT 10.0; Win64; x64) AppleWebKit/537.36 (KHTML, like Gecko) Chrome/131.0.0.0 Safari/537.36"
199.185.67.145 - - [21/Jan/2025:16:03:29 +0000] "GET /wp-content/plugins/really-simple-ssl/assets/two-fa/rtl/two-fa-assets.min.css?ver=9.1.4 HTTP/1.1" 200 670 "https://ahsmore.mhcollab.ca/wp-login.php" "Mozilla/5.0 (Windows NT 10.0; Win64; x64) AppleWebKit/537.36 (KHTML, like Gecko) Chrome/131.0.0.0 Safari/537.36"
199.185.67.145 - - [21/Jan/2025:16:03:29 +0000] "GET /wp-content/plugins/wordfence/modules/login-security/css/login.1736960042.css?ver=1.1.15 HTTP/1.1" 200 888 "https://ahsmore.mhcollab.ca/wp-login.php" "Mozilla/5.0 (Windows NT 10.0; Win64; x64) AppleWebKit/537.36 (KHTML, like Gecko) Chrome/131.0.0.0 Safari/537.36"
199.185.67.145 - - [21/Jan/2025:16:03:29 +0000] "GET /wp-includes/js/clipboard.min.js?ver=2.0.11 HTTP/1.1" 200 3150 "https://ahsmore.mhcollab.ca/wp-login.php" "Mozilla/5.0 (Windows NT 10.0; Win64; x64) AppleWebKit/537.36 (KHTML, like Gecko) Chrome/131.0.0.0 Safari/537.36"
199.185.67.145 - - [21/Jan/2025:16:03:29 +0000] "GET /wp-admin/css/l10n.min.css?ver=6.7.1 HTTP/1.1" 200 767 "https://ahsmore.mhcollab.ca/wp-login.php" "Mozilla/5.0 (Windows NT 10.0; Win64; x64) AppleWebKit/537.36 (KHTML, like Gecko) Chrome/131.0.0.0 Safari/537.36"
199.185.67.145 - - [21/Jan/2025:16:03:29 +0000] "GET /wp-admin/css/login.min.css?ver=6.7.1 HTTP/1.1" 200 2189 "https://ahsmore.mhcollab.ca/wp-login.php" "Mozilla/5.0 (Windows NT 10.0; Win64; x64) AppleWebKit/537.36 (KHTML, like Gecko) Chrome/131.0.0.0 Safari/537.36"
199.185.67.145 - - [21/Jan/2025:16:03:29 +0000] "GET /wp-admin/js/password-strength-meter.min.js?ver=6.7.1 HTTP/1.1" 200 621 "https://ahsmore.mhcollab.ca/wp-login.php" "Mozilla/5.0 (Windows NT 10.0; Win64; x64) AppleWebKit/537.36 (KHTML, like Gecko) Chrome/131.0.0.0 Safari/537.36"
199.185.67.145 - - [21/Jan/2025:16:03:30 +0000] "GET /wp-admin/js/user-profile.min.js?ver=6.7.1 HTTP/1.1" 200 2610 "https://ahsmore.mhcollab.ca/wp-login.php" "Mozilla/5.0 (Windows NT 10.0; Win64; x64) AppleWebKit/537.36 (KHTML, like Gecko) Chrome/131.0.0.0 Safari/537.36"
199.185.67.145 - - [21/Jan/2025:16:03:30 +0000] "GET /wp-includes/js/wp-util.min.js?ver=4c07a945f927cfc17b5ef0589d82cf0d HTTP/1.1" 200 756 "https://ahsmore.mhcollab.ca/wp-login.php" "Mozilla/5.0 (Windows NT 10.0; Win64; x64) AppleWebKit/537.36 (KHTML, like Gecko) Chrome/131.0.0.0 Safari/537.36"
199.185.67.145 - - [21/Jan/2025:16:03:30 +0000] "GET /wp-includes/js/underscore.min.js?ver=1.13.7 HTTP/1.1" 200 7336 "https://ahsmore.mhcollab.ca/wp-login.php" "Mozilla/5.0 (Windows NT 10.0; Win64; x64) AppleWebKit/537.36 (KHTML, like Gecko) Chrome/131.0.0.0 Safari/537.36"
199.185.67.145 - - [21/Jan/2025:16:03:30 +0000] "GET /wp-admin/images/wordpress-logo.svg?ver=20131107 HTTP/1.1" 200 818 "https://ahsmore.mhcollab.ca/wp-admin/css/login.min.css?ver=6.7.1" "Mozilla/5.0 (Windows NT 10.0; Win64; x64) AppleWebKit/537.36 (KHTML, like Gecko) Chrome/131.0.0.0 Safari/537.36"
199.185.67.145 - - [21/Jan/2025:16:03:37 +0000] "POST /wp-admin/admin-ajax.php HTTP/1.1" 200 31 "https://ahsmore.mhcollab.ca/wp-login.php" "Mozilla/5.0 (Windows NT 10.0; Win64; x64) AppleWebKit/537.36 (KHTML, like Gecko) Chrome/131.0.0.0 Safari/537.36"
199.185.67.145 - - [21/Jan/2025:16:03:38 +0000] "POST /wp-login.php HTTP/1.1" 200 4258 "https://ahsmore.mhcollab.ca/wp-login.php" "Mozilla/5.0 (Windows NT 10.0; Win64; x64) AppleWebKit/537.36 (KHTML, like Gecko) Chrome/131.0.0.0 Safari/537.36"
199.185.67.145 - - [21/Jan/2025:16:03:40 +0000] "GET /wp-content/plugins/really-simple-ssl/assets/two-fa/rtl/two-fa-assets.min.js?ver=9.1.4 HTTP/1.1" 200 2212 "https://ahsmore.mhcollab.ca/wp-login.php" "Mozilla/5.0 (Windows NT 10.0; Win64; x64) AppleWebKit/537.36 (KHTML, like Gecko) Chrome/131.0.0.0 Safari/537.36"
199.185.67.145 - - [21/Jan/2025:16:03:40 +0000] "GET /wp-admin/images/spinner.gif HTTP/1.1" 200 3656 "https://ahsmore.mhcollab.ca/wp-login.php" "Mozilla/5.0 (Windows NT 10.0; Win64; x64) AppleWebKit/537.36 (KHTML, like Gecko) Chrome/131.0.0.0 Safari/537.36"
199.185.67.145 - - [21/Jan/2025:16:03:40 +0000] "GET /wp-content/plugins/really-simple-ssl/assets/js/qrcode.min.js?ver=9.1.4 HTTP/1.1" 200 8847 "https://ahsmore.mhcollab.ca/wp-login.php" "Mozilla/5.0 (Windows NT 10.0; Win64; x64) AppleWebKit/537.36 (KHTML, like Gecko) Chrome/131.0.0.0 Safari/537.36"
199.185.67.145 - - [21/Jan/2025:16:03:46 +0000] "POST /wp-json/reallysimplessl/v1/two_fa/save_default_method_email HTTP/1.1" 403 6629 "https://ahsmore.mhcollab.ca/wp-login.php" "Mozilla/5.0 (Windows NT 10.0; Win64; x64) AppleWebKit/537.36 (KHTML, like Gecko) Chrome/131.0.0.0 Safari/537.36"
199.185.67.145 - - [21/Jan/2025:16:04:16 +0000] "POST /wp-json/reallysimplessl/v1/two_fa/save_default_method_email HTTP/1.1" 403 6629 "https://ahsmore.mhcollab.ca/wp-login.php" "Mozilla/5.0 (Windows NT 10.0; Win64; x64) AppleWebKit/537.36 (KHTML, like Gecko) Chrome/131.0.0.0 Safari/537.36"
199.185.67.145 - - [21/Jan/2025:16:04:17 +0000] "POST /wp-json/reallysimplessl/v1/two_fa/save_default_method_email HTTP/1.1" 403 6629 "https://ahsmore.mhcollab.ca/wp-login.php" "Mozilla/5.0 (Windows NT 10.0; Win64; x64) AppleWebKit/537.36 (KHTML, like Gecko) Chrome/131.0.0.0 Safari/537.36"
199.185.67.145 - - [21/Jan/2025:16:04:17 +0000] "POST /wp-json/reallysimplessl/v1/two_fa/save_default_method_email HTTP/1.1" 403 6629 "https://ahsmore.mhcollab.ca/wp-login.php" "Mozilla/5.0 (Windows NT 10.0; Win64; x64) AppleWebKit/537.36 (KHTML, like Gecko) Chrome/131.0.0.0 Safari/537.36"
45.56.220.125 - - [21/Jan/2025:16:04:21 +0000] "POST /wp-cron.php?doing_wp_cron=1737475461.6994450092315673828125 HTTP/1.1" 200 - "-" "WordPress/6.7.1; https://ahsmore.mhcollab.ca"
45.56.220.125 - - [21/Jan/2025:16:04:20 +0000] "POST /?wordfence_syncAttackData=1737475460.1954 HTTP/1.1" 200 - "-" "WordPress/6.7.1; https://ahsmore.mhcollab.ca"
199.185.67.145 - - [21/Jan/2025:16:04:18 +0000] "POST /wp-json/reallysimplessl/v1/two_fa/skip_onboarding HTTP/1.1" 200 79 "https://ahsmore.mhcollab.ca/wp-login.php" "Mozilla/5.0 (Windows NT 10.0; Win64; x64) AppleWebKit/537.36 (KHTML, like Gecko) Chrome/131.0.0.0 Safari/537.36"
199.185.67.145 - - [21/Jan/2025:16:04:22 +0000] "GET /wp-admin/ HTTP/1.1" 302 - "https://ahsmore.mhcollab.ca/wp-login.php" "Mozilla/5.0 (Windows NT 10.0; Win64; x64) AppleWebKit/537.36 (KHTML, like Gecko) Chrome/131.0.0.0 Safari/537.36"
45.56.220.125 - - [21/Jan/2025:16:04:28 +0000] "POST /wp-cron.php?doing_wp_cron=1737475468.0414071083068847656250 HTTP/1.1" 200 - "-" "WordPress/6.7.1; https://ahsmore.mhcollab.ca"
199.185.67.145 - - [21/Jan/2025:16:04:24 +0000] "GET /my-account/ HTTP/1.1" 503 34741 "https://ahsmore.mhcollab.ca/wp-login.php" "Mozilla/5.0 (Windows NT 10.0; Win64; x64) AppleWebKit/537.36 (KHTML, like Gecko) Chrome/131.0.0.0 Safari/537.36"
199.185.67.145 - - [21/Jan/2025:16:04:29 +0000] "GET /wp-content/uploads/premium-addons-elementor/pa-frontend-2b1948ee5.min.css?ver=1737475468 HTTP/1.1" 200 1929 "https://ahsmore.mhcollab.ca/my-account/" "Mozilla/5.0 (Windows NT 10.0; Win64; x64) AppleWebKit/537.36 (KHTML, like Gecko) Chrome/131.0.0.0 Safari/537.36"
199.185.67.145 - - [21/Jan/2025:16:04:29 +0000] "GET /wp-content/plugins/premium-addons-for-elementor/assets/frontend/min-css/button-line.min.css?ver=4.10.78 HTTP/1.1" 200 2487 "https://ahsmore.mhcollab.ca/my-account/" "Mozilla/5.0 (Windows NT 10.0; Win64; x64) AppleWebKit/537.36 (KHTML, like Gecko) Chrome/131.0.0.0 Safari/537.36"
199.185.67.145 - - [21/Jan/2025:16:04:29 +0000] "GET /wp-content/uploads/elementor/css/post-3744.css?ver=1737143792 HTTP/1.1" 200 424 "https://ahsmore.mhcollab.ca/my-account/" "Mozilla/5.0 (Windows NT 10.0; Win64; x64) AppleWebKit/537.36 (KHTML, like Gecko) Chrome/131.0.0.0 Safari/537.36"
199.185.67.145 - - [21/Jan/2025:16:04:29 +0000] "GET /wp-content/plugins/elementor/assets/lib/font-awesome/css/fontawesome.min.css?ver=5.15.3 HTTP/1.1" 200 12617 "https://ahsmore.mhcollab.ca/my-account/" "Mozilla/5.0 (Windows NT 10.0; Win64; x64) AppleWebKit/537.36 (KHTML, like Gecko) Chrome/131.0.0.0 Safari/537.36"
199.185.67.145 - - [21/Jan/2025:16:04:29 +0000] "GET /wp-content/plugins/elementor/assets/lib/font-awesome/css/solid.min.css?ver=5.15.3 HTTP/1.1" 200 309 "https://ahsmore.mhcollab.ca/my-account/" "Mozilla/5.0 (Windows NT 10.0; Win64; x64) AppleWebKit/537.36 (KHTML, like Gecko) Chrome/131.0.0.0 Safari/537.36"
199.185.67.145 - - [21/Jan/2025:16:04:29 +0000] "GET /wp-content/plugins/wordfence/modules/login-security/js/jquery.qrcode.min.1736960042.js?ver=1.1.15 HTTP/1.1" 200 4751 "https://ahsmore.mhcollab.ca/my-account/" "Mozilla/5.0 (Windows NT 10.0; Win64; x64) AppleWebKit/537.36 (KHTML, like Gecko) Chrome/131.0.0.0 Safari/537.36"
199.185.67.145 - - [21/Jan/2025:16:04:29 +0000] "GET /wp-content/plugins/wordfence/modules/login-security/js/jquery.tmpl.min.1736960042.js?ver=1.1.15 HTTP/1.1" 200 2796 "https://ahsmore.mhcollab.ca/my-account/" "Mozilla/5.0 (Windows NT 10.0; Win64; x64) AppleWebKit/537.36 (KHTML, like Gecko) Chrome/131.0.0.0 Safari/537.36"
199.185.67.145 - - [21/Jan/2025:16:04:29 +0000] "GET /wp-content/plugins/wordfence/modules/login-security/js/jquery.colorbox.min.1736960042.js?ver=1.1.15 HTTP/1.1" 200 4585 "https://ahsmore.mhcollab.ca/my-account/" "Mozilla/5.0 (Windows NT 10.0; Win64; x64) AppleWebKit/537.36 (KHTML, like Gecko) Chrome/131.0.0.0 Safari/537.36"
199.185.67.145 - - [21/Jan/2025:16:04:29 +0000] "GET /wp-content/plugins/wordfence/modules/login-security/js/admin.1736960042.js?ver=1.1.15 HTTP/1.1" 200 6483 "https://ahsmore.mhcollab.ca/my-account/" "Mozilla/5.0 (Windows NT 10.0; Win64; x64) AppleWebKit/537.36 (KHTML, like Gecko) Chrome/131.0.0.0 Safari/537.36"
199.185.67.145 - - [21/Jan/2025:16:04:29 +0000] "GET /wp-content/plugins/user-registration/assets/css/my-account-layout.css?ver=3.3.5.2 HTTP/1.1" 200 5261 "https://ahsmore.mhcollab.ca/my-account/" "Mozilla/5.0 (Windows NT 10.0; Win64; x64) AppleWebKit/537.36 (KHTML, like Gecko) Chrome/131.0.0.0 Safari/537.36"
199.185.67.145 - - [21/Jan/2025:16:04:29 +0000] "GET /wp-content/uploads/premium-addons-elementor/pa-frontend-2b1948ee5.min.js?ver=1737475468 HTTP/1.1" 200 554 "https://ahsmore.mhcollab.ca/my-account/" "Mozilla/5.0 (Windows NT 10.0; Win64; x64) AppleWebKit/537.36 (KHTML, like Gecko) Chrome/131.0.0.0 Safari/537.36"
199.185.67.145 - - [21/Jan/2025:16:04:29 +0000] "GET /wp-content/plugins/wordfence/modules/login-security/js/chart.umd.1736960042.js?ver=4.2.1 HTTP/1.1" 200 68972 "https://ahsmore.mhcollab.ca/my-account/" "Mozilla/5.0 (Windows NT 10.0; Win64; x64) AppleWebKit/537.36 (KHTML, like Gecko) Chrome/131.0.0.0 Safari/537.36"
199.185.67.145 - - [21/Jan/2025:16:04:29 +0000] "GET /wp-content/plugins/elementor/assets/lib/font-awesome/webfonts/fa-solid-900.woff2 HTTP/1.1" 200 78099 "https://ahsmore.mhcollab.ca/wp-content/plugins/elementor/assets/lib/font-awesome/css/all.min.css?ver=4.10.78" "Mozilla/5.0 (Windows NT 10.0; Win64; x64) AppleWebKit/537.36 (KHTML, like Gecko) Chrome/131.0.0.0 Safari/537.36"
199.185.67.145 - - [21/Jan/2025:16:04:29 +0000] "GET /wp-content/plugins/premium-addons-for-elementor/assets/frontend/min-js/modal.min.js?ver=4.10.78 HTTP/1.1" 200 2148 "https://ahsmore.mhcollab.ca/my-account/" "Mozilla/5.0 (Windows NT 10.0; Win64; x64) AppleWebKit/537.36 (KHTML, like Gecko) Chrome/131.0.0.0 Safari/537.36"
199.185.67.145 - - [21/Jan/2025:16:04:29 +0000] "GET /wp-content/plugins/premium-addons-for-elementor/assets/frontend/min-js/motionpath.min.js?ver=4.10.78 HTTP/1.1" 200 11767 "https://ahsmore.mhcollab.ca/my-account/" "Mozilla/5.0 (Windows NT 10.0; Win64; x64) AppleWebKit/537.36 (KHTML, like Gecko) Chrome/131.0.0.0 Safari/537.36"
199.185.67.145 - - [21/Jan/2025:16:04:29 +0000] "GET /wp-content/plugins/premium-addons-for-elementor/assets/frontend/min-js/TweenMax.min.js?ver=4.10.78 HTTP/1.1" 200 27729 "https://ahsmore.mhcollab.ca/my-account/" "Mozilla/5.0 (Windows NT 10.0; Win64; x64) AppleWebKit/537.36 (KHTML, like Gecko) Chrome/131.0.0.0 Safari/537.36"
199.185.67.145 - - [21/Jan/2025:16:04:29 +0000] "GET /wp-content/plugins/premium-addons-for-elementor/assets/frontend/min-js/lottie.min.js?ver=4.10.78 HTTP/1.1" 200 72479 "https://ahsmore.mhcollab.ca/my-account/" "Mozilla/5.0 (Windows NT 10.0; Win64; x64) AppleWebKit/537.36 (KHTML, like Gecko) Chrome/131.0.0.0 Safari/537.36"
199.185.67.145 - - [21/Jan/2025:16:04:29 +0000] "GET /wp-content/plugins/user-registration/assets/js/frontend/ur-login.min.js?ver=3.3.5.2 HTTP/1.1" 200 675 "https://ahsmore.mhcollab.ca/my-account/" "Mozilla/5.0 (Windows NT 10.0; Win64; x64) AppleWebKit/537.36 (KHTML, like Gecko) Chrome/131.0.0.0 Safari/537.36"
199.185.67.145 - - [21/Jan/2025:16:04:29 +0000] "GET /wp-content/plugins/user-registration/assets/js/tooltipster/tooltipster.bundle.min.js?ver=4.2.8 HTTP/1.1" 200 10064 "https://ahsmore.mhcollab.ca/my-account/" "Mozilla/5.0 (Windows NT 10.0; Win64; x64) AppleWebKit/537.36 (KHTML, like Gecko) Chrome/131.0.0.0 Safari/537.36"
199.185.67.145 - - [21/Jan/2025:16:04:29 +0000] "GET /wp-content/plugins/user-registration/assets/js/sweetalert2/sweetalert2.min.js?ver=10.16.7 HTTP/1.1" 200 15048 "https://ahsmore.mhcollab.ca/my-account/" "Mozilla/5.0 (Windows NT 10.0; Win64; x64) AppleWebKit/537.36 (KHTML, like Gecko) Chrome/131.0.0.0 Safari/537.36"
199.185.67.145 - - [21/Jan/2025:16:04:29 +0000] "GET /wp-content/plugins/user-registration/assets/js/frontend/my-account.min.js?ver=3.3.5.2 HTTP/1.1" 200 1616 "https://ahsmore.mhcollab.ca/my-account/" "Mozilla/5.0 (Windows NT 10.0; Win64; x64) AppleWebKit/537.36 (KHTML, like Gecko) Chrome/131.0.0.0 Safari/537.36"
199.185.67.145 - - [21/Jan/2025:16:04:29 +0000] "GET /wp-content/plugins/wordfence/modules/login-security/js/wfselect2.min.1736960042.js?ver=1.1.15 HTTP/1.1" 404 24825 "https://ahsmore.mhcollab.ca/my-account/" "Mozilla/5.0 (Windows NT 10.0; Win64; x64) AppleWebKit/537.36 (KHTML, like Gecko) Chrome/131.0.0.0 Safari/537.36"
199.185.67.145 - - [21/Jan/2025:16:04:31 +0000] "GET /wp-content/plugins/wordfence/modules/login-security/css/colorbox.1736960042.css?ver=1.1.15 HTTP/1.1" 200 2110 "https://ahsmore.mhcollab.ca/my-account/" "Mozilla/5.0 (Windows NT 10.0; Win64; x64) AppleWebKit/537.36 (KHTML, like Gecko) Chrome/131.0.0.0 Safari/537.36"
199.185.67.145 - - [21/Jan/2025:16:04:31 +0000] "GET /wp-content/plugins/wordfence/modules/login-security/css/font-awesome.1736960042.css?ver=1.1.15 HTTP/1.1" 200 7161 "https://ahsmore.mhcollab.ca/my-account/" "Mozilla/5.0 (Windows NT 10.0; Win64; x64) AppleWebKit/537.36 (KHTML, like Gecko) Chrome/131.0.0.0 Safari/537.36"
199.185.67.145 - - [21/Jan/2025:16:04:31 +0000] "GET /wp-content/plugins/wordfence/modules/login-security/css/ionicons.1736960042.css?ver=1.1.15 HTTP/1.1" 200 8463 "https://ahsmore.mhcollab.ca/my-account/" "Mozilla/5.0 (Windows NT 10.0; Win64; x64) AppleWebKit/537.36 (KHTML, like Gecko) Chrome/131.0.0.0 Safari/537.36"
199.185.67.145 - - [21/Jan/2025:16:04:31 +0000] "GET /wp-content/plugins/wordfence/modules/login-security/css/embedded.1736960042.css?ver=1.1.15 HTTP/1.1" 200 260 "https://ahsmore.mhcollab.ca/my-account/" "Mozilla/5.0 (Windows NT 10.0; Win64; x64) AppleWebKit/537.36 (KHTML, like Gecko) Chrome/131.0.0.0 Safari/537.36"
199.185.67.145 - - [21/Jan/2025:16:04:31 +0000] "GET /wp-content/plugins/wordfence/modules/login-security/css/admin.1736960042.css?ver=1.1.15 HTTP/1.1" 200 24711 "https://ahsmore.mhcollab.ca/my-account/" "Mozilla/5.0 (Windows NT 10.0; Win64; x64) AppleWebKit/537.36 (KHTML, like Gecko) Chrome/131.0.0.0 Safari/537.36"
199.185.67.145 - - [21/Jan/2025:16:04:31 +0000] "GET /wp-content/plugins/user-registration/assets/css/user-registration-smallscreen.css?ver=3.3.5.2 HTTP/1.1" 200 740 "https://ahsmore.mhcollab.ca/my-account/" "Mozilla/5.0 (Windows NT 10.0; Win64; x64) AppleWebKit/537.36 (KHTML, like Gecko) Chrome/131.0.0.0 Safari/537.36"
199.185.67.145 - - [21/Jan/2025:16:04:31 +0000] "GET /wp-content/plugins/wordfence/modules/login-security/css/wfselect2.min.1736960042.css?ver=1.1.15 HTTP/1.1" 404 24825 "https://ahsmore.mhcollab.ca/my-account/" "Mozilla/5.0 (Windows NT 10.0; Win64; x64) AppleWebKit/537.36 (KHTML, like Gecko) Chrome/131.0.0.0 Safari/537.36"
199.185.67.79 - - [21/Jan/2025:16:04:50 +0000] "GET /courses/mental-health/anxiety-in-the-classroom/ HTTP/1.1" 301 - "-" "Mozilla/5.0 (Windows NT 10.0; Win64; x64) AppleWebKit/537.36 (KHTML, like Gecko) Chrome/131.0.0.0 Safari/537.36"
199.185.67.145 - - [21/Jan/2025:16:04:58 +0000] "GET /all-courses/ HTTP/1.1" 200 30703 "https://ahsmore.mhcollab.ca/my-account/" "Mozilla/5.0 (Windows NT 10.0; Win64; x64) AppleWebKit/537.36 (KHTML, like Gecko) Chrome/131.0.0.0 Safari/537.36"
199.185.67.145 - - [21/Jan/2025:16:05:03 +0000] "GET /courses/anxiety-in-the-classroom/ HTTP/1.1" 200 26555 "https://ahsmore.mhcollab.ca/all-courses/" "Mozilla/5.0 (Windows NT 10.0; Win64; x64) AppleWebKit/537.36 (KHTML, like Gecko) Chrome/131.0.0.0 Safari/537.36"
199.185.67.145 - - [21/Jan/2025:16:05:05 +0000] "GET /wp-content/plugins/sfwd-lms/assets/js/learndash-payments.min.js?ver=4.20.0.3 HTTP/1.1" 200 408 "https://ahsmore.mhcollab.ca/courses/anxiety-in-the-classroom/" "Mozilla/5.0 (Windows NT 10.0; Win64; x64) AppleWebKit/537.36 (KHTML, like Gecko) Chrome/131.0.0.0 Safari/537.36"
199.185.67.145 - - [21/Jan/2025:16:05:09 +0000] "POST /courses/anxiety-in-the-classroom/ HTTP/1.1" 200 27013 "https://ahsmore.mhcollab.ca/courses/anxiety-in-the-classroom/" "Mozilla/5.0 (Windows NT 10.0; Win64; x64) AppleWebKit/537.36 (KHTML, like Gecko) Chrome/131.0.0.0 Safari/537.36"
199.185.67.145 - - [21/Jan/2025:16:05:14 +0000] "GET /wp-content/plugins/learndash-propanel/includes/reports-base/assets/js/time-tracking/index.js?ver=3.0.2 HTTP/1.1" 200 1729 "https://ahsmore.mhcollab.ca/courses/anxiety-in-the-classroom/" "Mozilla/5.0 (Windows NT 10.0; Win64; x64) AppleWebKit/537.36 (KHTML, like Gecko) Chrome/131.0.0.0 Safari/537.36"
45.56.220.125 - - [21/Jan/2025:16:06:49 +0000] "POST /wp-cron.php?doing_wp_cron=1737475609.2256610393524169921875 HTTP/1.1" 200 - "-" "WordPress/6.7.1; https://ahsmore.mhcollab.ca"
199.185.67.145 - - [21/Jan/2025:16:06:47 +0000] "POST /wp-admin/admin-ajax.php HTTP/1.1" 200 36 "https://ahsmore.mhcollab.ca/courses/anxiety-in-the-classroom/" "Mozilla/5.0 (Windows NT 10.0; Win64; x64) AppleWebKit/537.36 (KHTML, like Gecko) Chrome/131.0.0.0 Safari/537.36"
199.185.67.145 - - [21/Jan/2025:16:06:47 +0000] "GET /courses/anxiety-in-the-classroom/lessons/fight-flight-fear-origins-of-fear-anxiety-video/ HTTP/1.1" 200 27106 "https://ahsmore.mhcollab.ca/courses/anxiety-in-the-classroom/" "Mozilla/5.0 (Windows NT 10.0; Win64; x64) AppleWebKit/537.36 (KHTML, like Gecko) Chrome/131.0.0.0 Safari/537.36"
199.185.67.145 - - [21/Jan/2025:16:06:49 +0000] "GET /wp-includes/js/mediaelement/mediaelementplayer-legacy.min.css?ver=4.2.17 HTTP/1.1" 200 2592 "https://ahsmore.mhcollab.ca/courses/anxiety-in-the-classroom/lessons/fight-flight-fear-origins-of-fear-anxiety-video/" "Mozilla/5.0 (Windows NT 10.0; Win64; x64) AppleWebKit/537.36 (KHTML, like Gecko) Chrome/131.0.0.0 Safari/537.36"
199.185.67.145 - - [21/Jan/2025:16:06:49 +0000] "GET /wp-includes/js/mediaelement/wp-mediaelement.min.css?ver=4c07a945f927cfc17b5ef0589d82cf0d HTTP/1.1" 200 1156 "https://ahsmore.mhcollab.ca/courses/anxiety-in-the-classroom/lessons/fight-flight-fear-origins-of-fear-anxiety-video/" "Mozilla/5.0 (Windows NT 10.0; Win64; x64) AppleWebKit/537.36 (KHTML, like Gecko) Chrome/131.0.0.0 Safari/537.36"
199.185.67.145 - - [21/Jan/2025:16:06:49 +0000] "GET /wp-includes/js/mediaelement/mediaelement-migrate.min.js?ver=4c07a945f927cfc17b5ef0589d82cf0d HTTP/1.1" 200 540 "https://ahsmore.mhcollab.ca/courses/anxiety-in-the-classroom/lessons/fight-flight-fear-origins-of-fear-anxiety-video/" "Mozilla/5.0 (Windows NT 10.0; Win64; x64) AppleWebKit/537.36 (KHTML, like Gecko) Chrome/131.0.0.0 Safari/537.36"
199.185.67.145 - - [21/Jan/2025:16:06:49 +0000] "GET /wp-includes/js/mediaelement/mediaelement-and-player.min.js?ver=4.2.17 HTTP/1.1" 200 38789 "https://ahsmore.mhcollab.ca/courses/anxiety-in-the-classroom/lessons/fight-flight-fear-origins-of-fear-anxiety-video/" "Mozilla/5.0 (Windows NT 10.0; Win64; x64) AppleWebKit/537.36 (KHTML, like Gecko) Chrome/131.0.0.0 Safari/537.36"
199.185.67.145 - - [21/Jan/2025:16:06:49 +0000] "GET /wp-includes/js/mediaelement/wp-mediaelement.min.js?ver=4c07a945f927cfc17b5ef0589d82cf0d HTTP/1.1" 200 538 "https://ahsmore.mhcollab.ca/courses/anxiety-in-the-classroom/lessons/fight-flight-fear-origins-of-fear-anxiety-video/" "Mozilla/5.0 (Windows NT 10.0; Win64; x64) AppleWebKit/537.36 (KHTML, like Gecko) Chrome/131.0.0.0 Safari/537.36"
199.185.67.145 - - [21/Jan/2025:16:06:49 +0000] "GET /wp-includes/js/mediaelement/renderers/vimeo.min.js?ver=4.2.17 HTTP/1.1" 200 2284 "https://ahsmore.mhcollab.ca/courses/anxiety-in-the-classroom/lessons/fight-flight-fear-origins-of-fear-anxiety-video/" "Mozilla/5.0 (Windows NT 10.0; Win64; x64) AppleWebKit/537.36 (KHTML, like Gecko) Chrome/131.0.0.0 Safari/537.36"
199.185.67.145 - - [21/Jan/2025:16:06:50 +0000] "GET /wp-includes/js/mediaelement/mejs-controls.svg HTTP/1.1" 200 1413 "https://ahsmore.mhcollab.ca/wp-includes/js/mediaelement/mediaelementplayer-legacy.min.css?ver=4.2.17" "Mozilla/5.0 (Windows NT 10.0; Win64; x64) AppleWebKit/537.36 (KHTML, like Gecko) Chrome/131.0.0.0 Safari/537.36"
199.185.67.145 - - [21/Jan/2025:16:06:49 +0000] "GET /wp-content/uploads/2021/04/FightFlightFreezeOrigins_course_version.mp4?_=1 HTTP/1.1" 206 304734960 "https://ahsmore.mhcollab.ca/courses/anxiety-in-the-classroom/lessons/fight-flight-fear-origins-of-fear-anxiety-video/" "Mozilla/5.0 (Windows NT 10.0; Win64; x64) AppleWebKit/537.36 (KHTML, like Gecko) Chrome/131.0.0.0 Safari/537.36"
199.185.67.145 - - [21/Jan/2025:16:06:50 +0000] "GET /wp-content/uploads/2021/04/FightFlightFreezeOrigins_course_version.mp4?_=1 HTTP/1.1" 206 303948528 "https://ahsmore.mhcollab.ca/courses/anxiety-in-the-classroom/lessons/fight-flight-fear-origins-of-fear-anxiety-video/" "Mozilla/5.0 (Windows NT 10.0; Win64; x64) AppleWebKit/537.36 (KHTML, like Gecko) Chrome/131.0.0.0 Safari/537.36"
199.185.67.145 - - [21/Jan/2025:16:07:02 +0000] "GET /wp-content/uploads/2020/08/cropped-Copy-of-MORE-Favicon-192x192.png HTTP/1.1" 200 15682 "https://ahsmore.mhcollab.ca/courses/anxiety-in-the-classroom/lessons/fight-flight-fear-origins-of-fear-anxiety-video/" "Mozilla/5.0 (Windows NT 10.0; Win64; x64) AppleWebKit/537.36 (KHTML, like Gecko) Chrome/131.0.0.0 Safari/537.36"
45.56.220.125 - - [21/Jan/2025:16:07:16 +0000] "POST /wp-cron.php?doing_wp_cron=1737475636.7346498966217041015625 HTTP/1.1" 200 - "-" "WordPress/6.7.1; https://ahsmore.mhcollab.ca"
51.222.253.2 - - [21/Jan/2025:16:07:15 +0000] "GET /courses/wisced-away-in-psychoeducational-assessment/ HTTP/1.1" 200 26155 "-" "Mozilla/5.0 (compatible; AhrefsBot/7.0; +http://ahrefs.com/robot/)"
45.56.220.125 - - [21/Jan/2025:16:09:21 +0000] "POST /wp-cron.php?doing_wp_cron=1737475761.1558020114898681640625 HTTP/1.1" 200 - "-" "WordPress/6.7.1; https://ahsmore.mhcollab.ca"
199.216.41.77 - - [21/Jan/2025:16:09:19 +0000] "POST /wp-admin/admin-ajax.php HTTP/1.1" 200 104 "https://ahsmore.mhcollab.ca/registration/" "Mozilla/5.0 (Windows NT 10.0; Win64; x64) AppleWebKit/537.36 (KHTML, like Gecko) Chrome/131.0.0.0 Safari/537.36"
45.56.220.125 - - [21/Jan/2025:16:09:35 +0000] "POST /wp-cron.php?doing_wp_cron=1737475775.3058409690856933593750 HTTP/1.1" 200 - "-" "WordPress/6.7.1; https://ahsmore.mhcollab.ca"
161.184.190.127 - - [21/Jan/2025:16:09:33 +0000] "GET /resources/ HTTP/1.1" 200 30795 "-" "Mozilla/5.0 (Windows NT 10.0; Win64; x64) AppleWebKit/537.36 (KHTML, like Gecko) Chrome/131.0.0.0 Safari/537.36"
199.216.41.77 - - [21/Jan/2025:16:09:53 +0000] "POST /wp-admin/admin-ajax.php HTTP/1.1" 200 104 "https://ahsmore.mhcollab.ca/registration/" "Mozilla/5.0 (Windows NT 10.0; Win64; x64) AppleWebKit/537.36 (KHTML, like Gecko) Chrome/131.0.0.0 Safari/537.36"
45.56.220.125 - - [21/Jan/2025:16:10:51 +0000] "POST /wp-cron.php?doing_wp_cron=1737475851.1801209449768066406250 HTTP/1.1" 200 - "-" "WordPress/6.7.1; https://ahsmore.mhcollab.ca"
199.216.41.77 - - [21/Jan/2025:16:10:49 +0000] "GET /my-account/ HTTP/1.1" 200 28941 "https://ahsmore.mhcollab.ca/registration/" "Mozilla/5.0 (Windows NT 10.0; Win64; x64) AppleWebKit/537.36 (KHTML, like Gecko) Chrome/131.0.0.0 Safari/537.36"
199.216.41.77 - - [21/Jan/2025:16:10:52 +0000] "GET /wp-content/uploads/premium-addons-elementor/pa-frontend-2b1948ee5.min.css?ver=1737475851 HTTP/1.1" 200 1929 "https://ahsmore.mhcollab.ca/my-account/" "Mozilla/5.0 (Windows NT 10.0; Win64; x64) AppleWebKit/537.36 (KHTML, like Gecko) Chrome/131.0.0.0 Safari/537.36"
199.216.41.77 - - [21/Jan/2025:16:10:52 +0000] "GET /wp-content/plugins/premium-addons-for-elementor/assets/frontend/min-css/button-line.min.css?ver=4.10.78 HTTP/1.1" 200 2487 "https://ahsmore.mhcollab.ca/my-account/" "Mozilla/5.0 (Windows NT 10.0; Win64; x64) AppleWebKit/537.36 (KHTML, like Gecko) Chrome/131.0.0.0 Safari/537.36"
199.216.41.77 - - [21/Jan/2025:16:10:52 +0000] "GET /wp-content/plugins/elementor/assets/lib/swiper/v8/css/swiper.min.css?ver=8.4.5 HTTP/1.1" 200 4583 "https://ahsmore.mhcollab.ca/my-account/" "Mozilla/5.0 (Windows NT 10.0; Win64; x64) AppleWebKit/537.36 (KHTML, like Gecko) Chrome/131.0.0.0 Safari/537.36"
199.216.41.77 - - [21/Jan/2025:16:10:52 +0000] "GET /wp-content/plugins/elementor/assets/css/conditionals/e-swiper.min.css?ver=3.26.5 HTTP/1.1" 200 799 "https://ahsmore.mhcollab.ca/my-account/" "Mozilla/5.0 (Windows NT 10.0; Win64; x64) AppleWebKit/537.36 (KHTML, like Gecko) Chrome/131.0.0.0 Safari/537.36"
199.216.41.77 - - [21/Jan/2025:16:10:52 +0000] "GET /wp-content/uploads/elementor/css/post-3744.css?ver=1737143792 HTTP/1.1" 200 424 "https://ahsmore.mhcollab.ca/my-account/" "Mozilla/5.0 (Windows NT 10.0; Win64; x64) AppleWebKit/537.36 (KHTML, like Gecko) Chrome/131.0.0.0 Safari/537.36"
199.216.41.77 - - [21/Jan/2025:16:10:52 +0000] "GET /wp-content/plugins/elementor/assets/lib/font-awesome/css/fontawesome.min.css?ver=5.15.3 HTTP/1.1" 200 12617 "https://ahsmore.mhcollab.ca/my-account/" "Mozilla/5.0 (Windows NT 10.0; Win64; x64) AppleWebKit/537.36 (KHTML, like Gecko) Chrome/131.0.0.0 Safari/537.36"
199.216.41.77 - - [21/Jan/2025:16:10:52 +0000] "GET /wp-content/plugins/elementor/assets/lib/font-awesome/css/solid.min.css?ver=5.15.3 HTTP/1.1" 200 309 "https://ahsmore.mhcollab.ca/my-account/" "Mozilla/5.0 (Windows NT 10.0; Win64; x64) AppleWebKit/537.36 (KHTML, like Gecko) Chrome/131.0.0.0 Safari/537.36"
199.216.41.77 - - [21/Jan/2025:16:10:52 +0000] "GET /wp-content/uploads/premium-addons-elementor/pa-frontend-2b1948ee5.min.js?ver=1737475851 HTTP/1.1" 200 554 "https://ahsmore.mhcollab.ca/my-account/" "Mozilla/5.0 (Windows NT 10.0; Win64; x64) AppleWebKit/537.36 (KHTML, like Gecko) Chrome/131.0.0.0 Safari/537.36"
199.216.41.77 - - [21/Jan/2025:16:10:52 +0000] "GET /wp-content/plugins/premium-addons-for-elementor/assets/frontend/min-js/TweenMax.min.js?ver=4.10.78 HTTP/1.1" 200 27729 "https://ahsmore.mhcollab.ca/my-account/" "Mozilla/5.0 (Windows NT 10.0; Win64; x64) AppleWebKit/537.36 (KHTML, like Gecko) Chrome/131.0.0.0 Safari/537.36"
199.216.41.77 - - [21/Jan/2025:16:10:52 +0000] "GET /wp-content/plugins/premium-addons-for-elementor/assets/frontend/min-js/modal.min.js?ver=4.10.78 HTTP/1.1" 200 2148 "https://ahsmore.mhcollab.ca/my-account/" "Mozilla/5.0 (Windows NT 10.0; Win64; x64) AppleWebKit/537.36 (KHTML, like Gecko) Chrome/131.0.0.0 Safari/537.36"
199.216.41.77 - - [21/Jan/2025:16:10:52 +0000] "GET /wp-content/plugins/premium-addons-for-elementor/assets/frontend/min-js/motionpath.min.js?ver=4.10.78 HTTP/1.1" 200 11767 "https://ahsmore.mhcollab.ca/my-account/" "Mozilla/5.0 (Windows NT 10.0; Win64; x64) AppleWebKit/537.36 (KHTML, like Gecko) Chrome/131.0.0.0 Safari/537.36"
199.216.41.77 - - [21/Jan/2025:16:10:52 +0000] "GET /wp-content/plugins/user-registration/assets/js/frontend/ur-login.min.js?ver=3.3.5.2 HTTP/1.1" 200 675 "https://ahsmore.mhcollab.ca/my-account/" "Mozilla/5.0 (Windows NT 10.0; Win64; x64) AppleWebKit/537.36 (KHTML, like Gecko) Chrome/131.0.0.0 Safari/537.36"
199.216.41.77 - - [21/Jan/2025:16:10:52 +0000] "GET /wp-content/plugins/user-registration/assets/js/tooltipster/tooltipster.bundle.min.js?ver=4.2.8 HTTP/1.1" 200 10064 "https://ahsmore.mhcollab.ca/my-account/" "Mozilla/5.0 (Windows NT 10.0; Win64; x64) AppleWebKit/537.36 (KHTML, like Gecko) Chrome/131.0.0.0 Safari/537.36"
199.216.41.77 - - [21/Jan/2025:16:10:52 +0000] "GET /wp-content/plugins/premium-addons-for-elementor/assets/frontend/min-js/lottie.min.js?ver=4.10.78 HTTP/1.1" 200 72479 "https://ahsmore.mhcollab.ca/my-account/" "Mozilla/5.0 (Windows NT 10.0; Win64; x64) AppleWebKit/537.36 (KHTML, like Gecko) Chrome/131.0.0.0 Safari/537.36"
