192.30.99.83 - - [21/Jan/2025:16:43:05 +0000] "POST /wp-login.php?action=resetpass HTTP/1.1" 200 2987 "https://ahsmore.mhcollab.ca/wp-login.php?action=rp" "Mozilla/5.0 (Windows NT 10.0; Win64; x64) AppleWebKit/537.36 (KHTML, like Gecko) Chrome/132.0.0.0 Safari/537.36 Edg/132.0.0.0"
142.166.29.108 - - [21/Jan/2025:16:43:06 +0000] "GET / HTTP/1.1" 200 29236 "https://ahsmore.mhcollab.ca/registration/" "Mozilla/5.0 (Macintosh; Intel Mac OS X 10_15_7) AppleWebKit/605.1.15 (KHTML, like Gecko) Version/18.1.1 Safari/605.1.15"
192.30.99.83 - - [21/Jan/2025:16:43:10 +0000] "GET /wp-login.php HTTP/1.1" 200 4478 "https://ahsmore.mhcollab.ca/wp-login.php?action=resetpass" "Mozilla/5.0 (Windows NT 10.0; Win64; x64) AppleWebKit/537.36 (KHTML, like Gecko) Chrome/132.0.0.0 Safari/537.36 Edg/132.0.0.0"
199.185.67.156 - - [21/Jan/2025:16:43:16 +0000] "GET /wp-content/uploads/articulate_uploads/Self-Harm-CES-FINAL6/html5/data/js/6gpOARgpU4Z.js HTTP/1.1" 200 2511 "https://ahsmore.mhcollab.ca/wp-content/uploads/articulate_uploads/Self-Harm-CES-FINAL6/story.html" "Mozilla/5.0 (Windows NT 10.0; Win64; x64) AppleWebKit/537.36 (KHTML, like Gecko) Chrome/132.0.0.0 Safari/537.36"
199.185.67.156 - - [21/Jan/2025:16:43:16 +0000] "GET /wp-content/uploads/articulate_uploads/Self-Harm-CES-FINAL6/mobile/5ZYpo60rjzj_80_P_2_2_1820_1365_DX1620_DY1620_CX999_CY749.png HTTP/1.1" 200 1202854 "https://ahsmore.mhcollab.ca/wp-content/uploads/articulate_uploads/Self-Harm-CES-FINAL6/story.html" "Mozilla/5.0 (Windows NT 10.0; Win64; x64) AppleWebKit/537.36 (KHTML, like Gecko) Chrome/132.0.0.0 Safari/537.36"
199.185.67.156 - - [21/Jan/2025:16:43:17 +0000] "GET /wp-content/uploads/articulate_uploads/Self-Harm-CES-FINAL6/mobile/6fpPZrxgiNz_80_DX718_DY718_CX350_CY560.png HTTP/1.1" 200 241712 "https://ahsmore.mhcollab.ca/wp-content/uploads/articulate_uploads/Self-Harm-CES-FINAL6/story.html" "Mozilla/5.0 (Windows NT 10.0; Win64; x64) AppleWebKit/537.36 (KHTML, like Gecko) Chrome/132.0.0.0 Safari/537.36"
136.159.213.247 - - [21/Jan/2025:16:43:16 +0000] "GET /courses/anxiety-in-the-classroom/ HTTP/1.1" 200 26550 "https://ahsmore.mhcollab.ca/all-courses/" "Mozilla/5.0 (Macintosh; Intel Mac OS X 10_15_7) AppleWebKit/605.1.15 (KHTML, like Gecko) Version/16.6 Safari/605.1.15"
136.159.213.247 - - [21/Jan/2025:16:43:17 +0000] "GET /wp-content/plugins/sfwd-lms/assets/js/learndash-payments.min.js?ver=4.20.0.3 HTTP/1.1" 200 408 "https://ahsmore.mhcollab.ca/courses/anxiety-in-the-classroom/" "Mozilla/5.0 (Macintosh; Intel Mac OS X 10_15_7) AppleWebKit/605.1.15 (KHTML, like Gecko) Version/16.6 Safari/605.1.15"
192.30.99.83 - - [21/Jan/2025:16:43:16 +0000] "POST /wp-admin/admin-ajax.php HTTP/1.1" 200 31 "https://ahsmore.mhcollab.ca/wp-login.php" "Mozilla/5.0 (Windows NT 10.0; Win64; x64) AppleWebKit/537.36 (KHTML, like Gecko) Chrome/132.0.0.0 Safari/537.36 Edg/132.0.0.0"
192.30.99.83 - - [21/Jan/2025:16:43:18 +0000] "POST /wp-login.php HTTP/1.1" 200 4258 "https://ahsmore.mhcollab.ca/wp-login.php" "Mozilla/5.0 (Windows NT 10.0; Win64; x64) AppleWebKit/537.36 (KHTML, like Gecko) Chrome/132.0.0.0 Safari/537.36 Edg/132.0.0.0"
192.30.99.83 - - [21/Jan/2025:16:43:19 +0000] "GET /wp-content/plugins/really-simple-ssl/assets/two-fa/rtl/two-fa-assets.min.js?ver=9.1.4 HTTP/1.1" 200 2212 "https://ahsmore.mhcollab.ca/wp-login.php" "Mozilla/5.0 (Windows NT 10.0; Win64; x64) AppleWebKit/537.36 (KHTML, like Gecko) Chrome/132.0.0.0 Safari/537.36 Edg/132.0.0.0"
192.30.99.83 - - [21/Jan/2025:16:43:19 +0000] "GET /wp-admin/images/spinner.gif HTTP/1.1" 200 3656 "https://ahsmore.mhcollab.ca/wp-login.php" "Mozilla/5.0 (Windows NT 10.0; Win64; x64) AppleWebKit/537.36 (KHTML, like Gecko) Chrome/132.0.0.0 Safari/537.36 Edg/132.0.0.0"
192.30.99.83 - - [21/Jan/2025:16:43:19 +0000] "GET /wp-content/plugins/really-simple-ssl/assets/js/qrcode.min.js?ver=9.1.4 HTTP/1.1" 200 8847 "https://ahsmore.mhcollab.ca/wp-login.php" "Mozilla/5.0 (Windows NT 10.0; Win64; x64) AppleWebKit/537.36 (KHTML, like Gecko) Chrome/132.0.0.0 Safari/537.36 Edg/132.0.0.0"
192.30.99.83 - - [21/Jan/2025:16:43:29 +0000] "POST /wp-json/reallysimplessl/v1/two_fa/save_default_method_email HTTP/1.1" 403 6629 "https://ahsmore.mhcollab.ca/wp-login.php" "Mozilla/5.0 (Windows NT 10.0; Win64; x64) AppleWebKit/537.36 (KHTML, like Gecko) Chrome/132.0.0.0 Safari/537.36 Edg/132.0.0.0"
192.30.99.83 - - [21/Jan/2025:16:43:35 +0000] "POST /wp-json/reallysimplessl/v1/two_fa/save_default_method_email HTTP/1.1" 403 6629 "https://ahsmore.mhcollab.ca/wp-login.php" "Mozilla/5.0 (Windows NT 10.0; Win64; x64) AppleWebKit/537.36 (KHTML, like Gecko) Chrome/132.0.0.0 Safari/537.36 Edg/132.0.0.0"
192.30.99.83 - - [21/Jan/2025:16:43:44 +0000] "POST /wp-json/reallysimplessl/v1/two_fa/save_default_method_email HTTP/1.1" 403 6627 "https://ahsmore.mhcollab.ca/wp-login.php" "Mozilla/5.0 (Windows NT 10.0; Win64; x64) AppleWebKit/537.36 (KHTML, like Gecko) Chrome/132.0.0.0 Safari/537.36 Edg/132.0.0.0"
45.56.220.125 - - [21/Jan/2025:16:43:46 +0000] "POST /?wordfence_syncAttackData=1737477826.0638 HTTP/1.1" 200 - "-" "WordPress/6.7.1; https://ahsmore.mhcollab.ca"
45.56.220.125 - - [21/Jan/2025:16:43:47 +0000] "POST /wp-cron.php?doing_wp_cron=1737477827.5011990070343017578125 HTTP/1.1" 200 - "-" "WordPress/6.7.1; https://ahsmore.mhcollab.ca"
136.159.213.247 - - [21/Jan/2025:16:43:45 +0000] "GET /all-courses/ HTTP/1.1" 200 30697 "https://ahsmore.mhcollab.ca/login2024/" "Mozilla/5.0 (Macintosh; Intel Mac OS X 10_15_7) AppleWebKit/605.1.15 (KHTML, like Gecko) Version/16.6 Safari/605.1.15"
192.30.99.83 - - [21/Jan/2025:16:43:52 +0000] "GET /reset-password/ HTTP/1.1" 200 24488 "https://ahsmore.mhcollab.ca/courses/nssi-protocol-point-person/?login=failed" "Mozilla/5.0 (Windows NT 10.0; Win64; x64) AppleWebKit/537.36 (KHTML, like Gecko) Chrome/132.0.0.0 Safari/537.36 Edg/132.0.0.0"
142.166.29.108 - - [21/Jan/2025:16:44:01 +0000] "GET /my-account/ HTTP/1.1" 200 28948 "https://ahsmore.mhcollab.ca/" "Mozilla/5.0 (Macintosh; Intel Mac OS X 10_15_7) AppleWebKit/605.1.15 (KHTML, like Gecko) Version/18.1.1 Safari/605.1.15"
142.166.29.108 - - [21/Jan/2025:16:44:03 +0000] "GET /wp-content/uploads/premium-addons-elementor/pa-frontend-2b1948ee5.min.css?ver=1737477842 HTTP/1.1" 200 1929 "https://ahsmore.mhcollab.ca/my-account/" "Mozilla/5.0 (Macintosh; Intel Mac OS X 10_15_7) AppleWebKit/605.1.15 (KHTML, like Gecko) Version/18.1.1 Safari/605.1.15"
142.166.29.108 - - [21/Jan/2025:16:44:03 +0000] "GET /wp-content/plugins/premium-addons-for-elementor/assets/frontend/min-css/button-line.min.css?ver=4.10.78 HTTP/1.1" 200 2487 "https://ahsmore.mhcollab.ca/my-account/" "Mozilla/5.0 (Macintosh; Intel Mac OS X 10_15_7) AppleWebKit/605.1.15 (KHTML, like Gecko) Version/18.1.1 Safari/605.1.15"
142.166.29.108 - - [21/Jan/2025:16:44:03 +0000] "GET /wp-content/plugins/premium-addons-for-elementor/assets/frontend/min-js/TweenMax.min.js?ver=4.10.78 HTTP/1.1" 200 27729 "https://ahsmore.mhcollab.ca/my-account/" "Mozilla/5.0 (Macintosh; Intel Mac OS X 10_15_7) AppleWebKit/605.1.15 (KHTML, like Gecko) Version/18.1.1 Safari/605.1.15"
142.166.29.108 - - [21/Jan/2025:16:44:03 +0000] "GET /wp-content/plugins/premium-addons-for-elementor/assets/frontend/min-js/motionpath.min.js?ver=4.10.78 HTTP/1.1" 200 11767 "https://ahsmore.mhcollab.ca/my-account/" "Mozilla/5.0 (Macintosh; Intel Mac OS X 10_15_7) AppleWebKit/605.1.15 (KHTML, like Gecko) Version/18.1.1 Safari/605.1.15"
142.166.29.108 - - [21/Jan/2025:16:44:03 +0000] "GET /wp-content/plugins/premium-addons-for-elementor/assets/frontend/min-js/modal.min.js?ver=4.10.78 HTTP/1.1" 200 2148 "https://ahsmore.mhcollab.ca/my-account/" "Mozilla/5.0 (Macintosh; Intel Mac OS X 10_15_7) AppleWebKit/605.1.15 (KHTML, like Gecko) Version/18.1.1 Safari/605.1.15"
142.166.29.108 - - [21/Jan/2025:16:44:03 +0000] "GET /wp-content/plugins/premium-addons-for-elementor/assets/frontend/min-js/lottie.min.js?ver=4.10.78 HTTP/1.1" 200 72479 "https://ahsmore.mhcollab.ca/my-account/" "Mozilla/5.0 (Macintosh; Intel Mac OS X 10_15_7) AppleWebKit/605.1.15 (KHTML, like Gecko) Version/18.1.1 Safari/605.1.15"
142.166.29.108 - - [21/Jan/2025:16:44:03 +0000] "GET /wp-content/uploads/elementor/css/post-3744.css?ver=1737143792 HTTP/1.1" 200 424 "https://ahsmore.mhcollab.ca/my-account/" "Mozilla/5.0 (Macintosh; Intel Mac OS X 10_15_7) AppleWebKit/605.1.15 (KHTML, like Gecko) Version/18.1.1 Safari/605.1.15"
142.166.29.108 - - [21/Jan/2025:16:44:03 +0000] "GET /wp-content/plugins/user-registration/assets/js/frontend/ur-login.min.js?ver=3.3.5.2 HTTP/1.1" 200 675 "https://ahsmore.mhcollab.ca/my-account/" "Mozilla/5.0 (Macintosh; Intel Mac OS X 10_15_7) AppleWebKit/605.1.15 (KHTML, like Gecko) Version/18.1.1 Safari/605.1.15"
142.166.29.108 - - [21/Jan/2025:16:44:03 +0000] "GET /wp-content/plugins/elementor/assets/lib/font-awesome/css/solid.min.css?ver=5.15.3 HTTP/1.1" 200 309 "https://ahsmore.mhcollab.ca/my-account/" "Mozilla/5.0 (Macintosh; Intel Mac OS X 10_15_7) AppleWebKit/605.1.15 (KHTML, like Gecko) Version/18.1.1 Safari/605.1.15"
142.166.29.108 - - [21/Jan/2025:16:44:03 +0000] "GET /wp-content/plugins/elementor/assets/lib/font-awesome/css/fontawesome.min.css?ver=5.15.3 HTTP/1.1" 200 12617 "https://ahsmore.mhcollab.ca/my-account/" "Mozilla/5.0 (Macintosh; Intel Mac OS X 10_15_7) AppleWebKit/605.1.15 (KHTML, like Gecko) Version/18.1.1 Safari/605.1.15"
142.166.29.108 - - [21/Jan/2025:16:44:03 +0000] "GET /wp-content/uploads/premium-addons-elementor/pa-frontend-2b1948ee5.min.js?ver=1737477842 HTTP/1.1" 200 554 "https://ahsmore.mhcollab.ca/my-account/" "Mozilla/5.0 (Macintosh; Intel Mac OS X 10_15_7) AppleWebKit/605.1.15 (KHTML, like Gecko) Version/18.1.1 Safari/605.1.15"
142.166.29.108 - - [21/Jan/2025:16:44:03 +0000] "GET /wp-content/plugins/user-registration/assets/js/tooltipster/tooltipster.bundle.min.js?ver=4.2.8 HTTP/1.1" 200 10064 "https://ahsmore.mhcollab.ca/my-account/" "Mozilla/5.0 (Macintosh; Intel Mac OS X 10_15_7) AppleWebKit/605.1.15 (KHTML, like Gecko) Version/18.1.1 Safari/605.1.15"
142.166.29.108 - - [21/Jan/2025:16:44:03 +0000] "GET /wp-content/plugins/elementor/assets/lib/font-awesome/webfonts/fa-solid-900.woff2 HTTP/1.1" 200 78099 "https://ahsmore.mhcollab.ca/" "Mozilla/5.0 (Macintosh; Intel Mac OS X 10_15_7) AppleWebKit/605.1.15 (KHTML, like Gecko) Version/18.1.1 Safari/605.1.15"
142.166.29.108 - - [21/Jan/2025:16:44:03 +0000] "GET /wp-content/plugins/elementor/assets/lib/font-awesome/webfonts/fa-regular-400.woff2 HTTP/1.1" 200 13299 "https://ahsmore.mhcollab.ca/" "Mozilla/5.0 (Macintosh; Intel Mac OS X 10_15_7) AppleWebKit/605.1.15 (KHTML, like Gecko) Version/18.1.1 Safari/605.1.15"
192.30.99.83 - - [21/Jan/2025:16:44:07 +0000] "POST /wp-login.php HTTP/1.1" 200 4281 "https://ahsmore.mhcollab.ca/courses/nssi-protocol-point-person/" "Mozilla/5.0 (Windows NT 10.0; Win64; x64) AppleWebKit/537.36 (KHTML, like Gecko) Chrome/132.0.0.0 Safari/537.36 Edg/132.0.0.0"
192.30.99.83 - - [21/Jan/2025:16:44:14 +0000] "POST /wp-json/reallysimplessl/v1/two_fa/save_default_method_email HTTP/1.1" 403 6629 "https://ahsmore.mhcollab.ca/wp-login.php" "Mozilla/5.0 (Windows NT 10.0; Win64; x64) AppleWebKit/537.36 (KHTML, like Gecko) Chrome/132.0.0.0 Safari/537.36 Edg/132.0.0.0"
45.56.220.125 - - [21/Jan/2025:16:44:15 +0000] "POST /?wordfence_syncAttackData=1737477855.7777 HTTP/1.1" 200 - "-" "WordPress/6.7.1; https://ahsmore.mhcollab.ca"
136.159.213.247 - - [21/Jan/2025:16:44:14 +0000] "GET /wp-admin/admin-ajax.php?action=ld_cg_load_more&nonce=beb2666049&course_grid=%7B%22page%22%3A%221%22%2C%22post_type%22%3A%22sfwd-courses%22%2C%22per_page%22%3A%2220%22%2C%22orderby%22%3A%22date%22%2C%22order%22%3A%22DESC%22%2C%22taxonomies%22%3A%22%22%2C%22enrollment_status%22%3A%22%22%2C%22progress_status%22%3A%22%22%2C%22thumbnail%22%3A%221%22%2C%22thumbnail_size%22%3A%22course-thumbnail%22%2C%22ribbon%22%3A%221%22%2C%22video%22%3A%22%22%2C%22content%22%3A%221%22%2C%22title%22%3A%221%22%2C%22title_clickable%22%3A%221%22%2C%22description%22%3A%22%22%2C%22description_char_max%22%3A%22120%22%2C%22button%22%3A%221%22%2C%22filter%22%3A%221%22%2C%22pagination%22%3A%22button%22%2C%22grid_height_equal%22%3A%221%22%2C%22progress_bar%22%3A%22%22%2C%22post_meta%22%3A%22%22%2C%22skin%22%3A%22grid%22%2C%22card%22%3A%22grid-2%22%2C%22columns%22%3A%224%22%2C%22min_column_width%22%3A%22200%22%2C%22items_per_row%22%3A%225%22%2C%22font_family_title%22%3A%22montserrat%22%2C%22font_family_description%22%3A%22%22%2C%22font_size_title%22%3A%2228%22%2C%22font_size_description%22%3A%22%22%2C%22font_color_title%22%3A%22%22%2C%22font_color_description%22%3A%22%22%2C%22background_color_title%22%3A%22%22%2C%22background_color_description%22%3A%22%22%2C%22background_color_ribbon%22%3A%22%22%2C%22font_color_ribbon%22%3A%22%22%2C%22background_color_icon%22%3A%22%22%2C%22font_color_icon%22%3A%22%22%2C%22background_color_button%22%3A%22%22%2C%22font_color_button%22%3A%22%22%2C%22class_name%22%3A%22%22%2C%22id%22%3A%22ld-cg-llpkd3sd9t%22%2C%22filter_search%22%3A%221%22%2C%22filter_taxonomies%22%3A%22ld_course_category%22%2C%22filter_price%22%3A%22%22%2C%22filter_price_min%22%3A%220%22%2C%22filter_price_max%22%3A%221000%22%2C%22new_columns%22%3A%224%22%7D&filter=%7B%22search%22%3A%22%22%2C%22price_min%22%3Anull%2C%22price_max%22%3Anull%2C%22ld_course_category%22%3A%5B%5D%7D HTTP/1.1" 200 2566 "https://ahsmore.mhcollab.ca/all-courses/" "Mozilla/5.0 (Macintosh; Intel Mac OS X 10_15_7) AppleWebKit/605.1.15 (KHTML, like Gecko) Version/16.6 Safari/605.1.15"
136.159.213.247 - - [21/Jan/2025:16:44:17 +0000] "GET /wp-content/uploads/2019/07/Health_Promo.png HTTP/1.1" 200 8953 "https://ahsmore.mhcollab.ca/all-courses/" "Mozilla/5.0 (Macintosh; Intel Mac OS X 10_15_7) AppleWebKit/605.1.15 (KHTML, like Gecko) Version/16.6 Safari/605.1.15"
136.159.213.247 - - [21/Jan/2025:16:44:18 +0000] "GET /wp-content/uploads/2019/07/InclusiveEd2.png HTTP/1.1" 200 7831 "https://ahsmore.mhcollab.ca/all-courses/" "Mozilla/5.0 (Macintosh; Intel Mac OS X 10_15_7) AppleWebKit/605.1.15 (KHTML, like Gecko) Version/16.6 Safari/605.1.15"
136.159.213.247 - - [21/Jan/2025:16:44:18 +0000] "GET /wp-content/uploads/2019/07/GriefTrauma.png HTTP/1.1" 200 8173 "https://ahsmore.mhcollab.ca/all-courses/" "Mozilla/5.0 (Macintosh; Intel Mac OS X 10_15_7) AppleWebKit/605.1.15 (KHTML, like Gecko) Version/16.6 Safari/605.1.15"
136.159.213.247 - - [21/Jan/2025:16:44:18 +0000] "GET /wp-content/uploads/2018/08/Sexuality2.png HTTP/1.1" 200 6595 "https://ahsmore.mhcollab.ca/all-courses/" "Mozilla/5.0 (Macintosh; Intel Mac OS X 10_15_7) AppleWebKit/605.1.15 (KHTML, like Gecko) Version/16.6 Safari/605.1.15"
192.30.99.83 - - [21/Jan/2025:16:44:16 +0000] "POST /wp-json/reallysimplessl/v1/two_fa/skip_onboarding HTTP/1.1" 200 74 "https://ahsmore.mhcollab.ca/wp-login.php" "Mozilla/5.0 (Windows NT 10.0; Win64; x64) AppleWebKit/537.36 (KHTML, like Gecko) Chrome/132.0.0.0 Safari/537.36 Edg/132.0.0.0"
192.30.99.83 - - [21/Jan/2025:16:44:18 +0000] "POST /wp-json/reallysimplessl/v1/two_fa/skip_onboarding HTTP/1.1" 200 74 "https://ahsmore.mhcollab.ca/wp-login.php" "Mozilla/5.0 (Windows NT 10.0; Win64; x64) AppleWebKit/537.36 (KHTML, like Gecko) Chrome/132.0.0.0 Safari/537.36 Edg/132.0.0.0"
192.30.99.83 - - [21/Jan/2025:16:44:18 +0000] "GET /courses/nssi-protocol-point-person/ HTTP/1.1" 200 26705 "https://ahsmore.mhcollab.ca/wp-login.php" "Mozilla/5.0 (Windows NT 10.0; Win64; x64) AppleWebKit/537.36 (KHTML, like Gecko) Chrome/132.0.0.0 Safari/537.36 Edg/132.0.0.0"
192.30.99.83 - - [21/Jan/2025:16:44:20 +0000] "GET /courses/nssi-protocol-point-person/ HTTP/1.1" 200 26704 "https://ahsmore.mhcollab.ca/wp-login.php" "Mozilla/5.0 (Windows NT 10.0; Win64; x64) AppleWebKit/537.36 (KHTML, like Gecko) Chrome/132.0.0.0 Safari/537.36 Edg/132.0.0.0"
192.30.99.83 - - [21/Jan/2025:16:44:21 +0000] "GET /wp-content/plugins/learndash-propanel/includes/reports-base/assets/js/time-tracking/index.js?ver=3.0.2 HTTP/1.1" 200 1729 "https://ahsmore.mhcollab.ca/courses/nssi-protocol-point-person/" "Mozilla/5.0 (Windows NT 10.0; Win64; x64) AppleWebKit/537.36 (KHTML, like Gecko) Chrome/132.0.0.0 Safari/537.36 Edg/132.0.0.0"
142.166.29.108 - - [21/Jan/2025:16:44:20 +0000] "POST /my-account/ HTTP/1.1" 200 3991 "https://ahsmore.mhcollab.ca/my-account/" "Mozilla/5.0 (Macintosh; Intel Mac OS X 10_15_7) AppleWebKit/605.1.15 (KHTML, like Gecko) Version/18.1.1 Safari/605.1.15"
142.166.29.108 - - [21/Jan/2025:16:44:22 +0000] "GET /wp-content/plugins/wordfence/modules/login-security/js/login.1736960042.js?ver=1.1.15 HTTP/1.1" 200 5557 "https://ahsmore.mhcollab.ca/my-account/" "Mozilla/5.0 (Macintosh; Intel Mac OS X 10_15_7) AppleWebKit/605.1.15 (KHTML, like Gecko) Version/18.1.1 Safari/605.1.15"
142.166.29.108 - - [21/Jan/2025:16:44:22 +0000] "GET /wp-content/plugins/really-simple-ssl/assets/two-fa/rtl/two-fa-assets.min.css?ver=9.1.4 HTTP/1.1" 200 670 "https://ahsmore.mhcollab.ca/my-account/" "Mozilla/5.0 (Macintosh; Intel Mac OS X 10_15_7) AppleWebKit/605.1.15 (KHTML, like Gecko) Version/18.1.1 Safari/605.1.15"
142.166.29.108 - - [21/Jan/2025:16:44:22 +0000] "GET /wp-content/plugins/really-simple-ssl/assets/two-fa/rtl/two-fa-assets.min.js?ver=9.1.4 HTTP/1.1" 200 2212 "https://ahsmore.mhcollab.ca/my-account/" "Mozilla/5.0 (Macintosh; Intel Mac OS X 10_15_7) AppleWebKit/605.1.15 (KHTML, like Gecko) Version/18.1.1 Safari/605.1.15"
142.166.29.108 - - [21/Jan/2025:16:44:22 +0000] "GET /wp-includes/css/buttons.min.css?ver=4c07a945f927cfc17b5ef0589d82cf0d HTTP/1.1" 200 1470 "https://ahsmore.mhcollab.ca/my-account/" "Mozilla/5.0 (Macintosh; Intel Mac OS X 10_15_7) AppleWebKit/605.1.15 (KHTML, like Gecko) Version/18.1.1 Safari/605.1.15"
142.166.29.108 - - [21/Jan/2025:16:44:22 +0000] "GET /wp-content/plugins/really-simple-ssl/assets/js/qrcode.min.js?ver=9.1.4 HTTP/1.1" 200 8847 "https://ahsmore.mhcollab.ca/my-account/" "Mozilla/5.0 (Macintosh; Intel Mac OS X 10_15_7) AppleWebKit/605.1.15 (KHTML, like Gecko) Version/18.1.1 Safari/605.1.15"
142.166.29.108 - - [21/Jan/2025:16:44:22 +0000] "GET /wp-admin/css/login.min.css?ver=6.7.1 HTTP/1.1" 200 2189 "https://ahsmore.mhcollab.ca/my-account/" "Mozilla/5.0 (Macintosh; Intel Mac OS X 10_15_7) AppleWebKit/605.1.15 (KHTML, like Gecko) Version/18.1.1 Safari/605.1.15"
142.166.29.108 - - [21/Jan/2025:16:44:22 +0000] "GET /wp-content/plugins/wordfence/modules/login-security/css/login.1736960042.css?ver=1.1.15 HTTP/1.1" 200 888 "https://ahsmore.mhcollab.ca/my-account/" "Mozilla/5.0 (Macintosh; Intel Mac OS X 10_15_7) AppleWebKit/605.1.15 (KHTML, like Gecko) Version/18.1.1 Safari/605.1.15"
142.166.29.108 - - [21/Jan/2025:16:44:22 +0000] "GET /wp-admin/css/l10n.min.css?ver=6.7.1 HTTP/1.1" 200 767 "https://ahsmore.mhcollab.ca/my-account/" "Mozilla/5.0 (Macintosh; Intel Mac OS X 10_15_7) AppleWebKit/605.1.15 (KHTML, like Gecko) Version/18.1.1 Safari/605.1.15"
142.166.29.108 - - [21/Jan/2025:16:44:22 +0000] "GET /wp-admin/css/forms.min.css?ver=6.7.1 HTTP/1.1" 200 6694 "https://ahsmore.mhcollab.ca/my-account/" "Mozilla/5.0 (Macintosh; Intel Mac OS X 10_15_7) AppleWebKit/605.1.15 (KHTML, like Gecko) Version/18.1.1 Safari/605.1.15"
142.166.29.108 - - [21/Jan/2025:16:44:22 +0000] "GET /wp-admin/images/spinner.gif HTTP/1.1" 200 3656 "https://ahsmore.mhcollab.ca/my-account/" "Mozilla/5.0 (Macintosh; Intel Mac OS X 10_15_7) AppleWebKit/605.1.15 (KHTML, like Gecko) Version/18.1.1 Safari/605.1.15"
142.166.29.108 - - [21/Jan/2025:16:44:22 +0000] "GET /wp-admin/images/wordpress-logo.svg?ver=20131107 HTTP/1.1" 200 818 "https://ahsmore.mhcollab.ca/my-account/" "Mozilla/5.0 (Macintosh; Intel Mac OS X 10_15_7) AppleWebKit/605.1.15 (KHTML, like Gecko) Version/18.1.1 Safari/605.1.15"
142.166.29.108 - - [21/Jan/2025:16:44:24 +0000] "POST /wp-json/reallysimplessl/v1/two_fa/save_default_method_email HTTP/1.1" 403 6627 "https://ahsmore.mhcollab.ca/my-account/" "Mozilla/5.0 (Macintosh; Intel Mac OS X 10_15_7) AppleWebKit/605.1.15 (KHTML, like Gecko) Version/18.1.1 Safari/605.1.15"
142.166.29.108 - - [21/Jan/2025:16:44:27 +0000] "POST /wp-json/reallysimplessl/v1/two_fa/save_default_method_email HTTP/1.1" 403 6629 "https://ahsmore.mhcollab.ca/my-account/" "Mozilla/5.0 (Macintosh; Intel Mac OS X 10_15_7) AppleWebKit/605.1.15 (KHTML, like Gecko) Version/18.1.1 Safari/605.1.15"
45.56.220.125 - - [21/Jan/2025:16:44:29 +0000] "POST /wp-cron.php?doing_wp_cron=1737477869.5792059898376464843750 HTTP/1.1" 200 - "-" "WordPress/6.7.1; https://ahsmore.mhcollab.ca"
199.185.67.156 - - [21/Jan/2025:16:44:28 +0000] "GET /courses/what-is-self-harming-basics-for-parents-to-know/lessons/parent-handout-documents/ HTTP/1.1" 200 25943 "https://ahsmore.mhcollab.ca/courses/what-is-self-harming-basics-for-parents-to-know/lessons/lesson-19ces03/" "Mozilla/5.0 (Windows NT 10.0; Win64; x64) AppleWebKit/537.36 (KHTML, like Gecko) Chrome/132.0.0.0 Safari/537.36"
45.56.220.125 - - [21/Jan/2025:16:44:28 +0000] "POST /?wordfence_syncAttackData=1737477868.345 HTTP/1.1" 200 - "-" "WordPress/6.7.1; https://ahsmore.mhcollab.ca"
199.185.67.156 - - [21/Jan/2025:16:44:27 +0000] "POST /courses/what-is-self-harming-basics-for-parents-to-know/lessons/lesson-19ces03/ HTTP/1.1" 503 25629 "https://ahsmore.mhcollab.ca/courses/what-is-self-harming-basics-for-parents-to-know/lessons/lesson-19ces03/" "Mozilla/5.0 (Windows NT 10.0; Win64; x64) AppleWebKit/537.36 (KHTML, like Gecko) Chrome/132.0.0.0 Safari/537.36"
192.30.99.83 - - [21/Jan/2025:16:44:29 +0000] "GET /?post_type=sfwd-certificates&p=48224&course_id=8026&cert-nonce=0e1165cf8b HTTP/1.1" 404 24675 "https://ahsmore.mhcollab.ca/courses/nssi-protocol-point-person/" "Mozilla/5.0 (Windows NT 10.0; Win64; x64) AppleWebKit/537.36 (KHTML, like Gecko) Chrome/132.0.0.0 Safari/537.36 Edg/132.0.0.0"
142.166.29.108 - - [21/Jan/2025:16:44:33 +0000] "POST /wp-json/reallysimplessl/v1/two_fa/save_default_method_email HTTP/1.1" 403 6629 "https://ahsmore.mhcollab.ca/my-account/" "Mozilla/5.0 (Macintosh; Intel Mac OS X 10_15_7) AppleWebKit/605.1.15 (KHTML, like Gecko) Version/18.1.1 Safari/605.1.15"
142.166.29.108 - - [21/Jan/2025:16:44:33 +0000] "POST /wp-json/reallysimplessl/v1/two_fa/save_default_method_email HTTP/1.1" 403 6629 "https://ahsmore.mhcollab.ca/my-account/" "Mozilla/5.0 (Macintosh; Intel Mac OS X 10_15_7) AppleWebKit/605.1.15 (KHTML, like Gecko) Version/18.1.1 Safari/605.1.15"
142.166.29.108 - - [21/Jan/2025:16:44:33 +0000] "POST /wp-json/reallysimplessl/v1/two_fa/save_default_method_email HTTP/1.1" 403 6629 "https://ahsmore.mhcollab.ca/my-account/" "Mozilla/5.0 (Macintosh; Intel Mac OS X 10_15_7) AppleWebKit/605.1.15 (KHTML, like Gecko) Version/18.1.1 Safari/605.1.15"
199.185.67.156 - - [21/Jan/2025:16:44:33 +0000] "GET /wp-content/uploads/2020/04/ENGLISH_NSSI-Parent-Information-Sheet-FINAL-Jan-2018.docx.pdf HTTP/1.1" 200 582759 "-" "Mozilla/5.0 (Windows NT 10.0; Win64; x64) AppleWebKit/537.36 (KHTML, like Gecko) Chrome/132.0.0.0 Safari/537.36"
142.166.29.108 - - [21/Jan/2025:16:44:34 +0000] "POST /wp-json/reallysimplessl/v1/two_fa/save_default_method_email HTTP/1.1" 403 6627 "https://ahsmore.mhcollab.ca/my-account/" "Mozilla/5.0 (Macintosh; Intel Mac OS X 10_15_7) AppleWebKit/605.1.15 (KHTML, like Gecko) Version/18.1.1 Safari/605.1.15"
142.166.29.108 - - [21/Jan/2025:16:44:36 +0000] "POST /wp-json/reallysimplessl/v1/two_fa/save_default_method_email HTTP/1.1" 403 6629 "https://ahsmore.mhcollab.ca/my-account/" "Mozilla/5.0 (Macintosh; Intel Mac OS X 10_15_7) AppleWebKit/605.1.15 (KHTML, like Gecko) Version/18.1.1 Safari/605.1.15"
142.166.29.108 - - [21/Jan/2025:16:44:35 +0000] "POST /wp-json/reallysimplessl/v1/two_fa/skip_onboarding HTTP/1.1" 200 67 "https://ahsmore.mhcollab.ca/my-account/" "Mozilla/5.0 (Macintosh; Intel Mac OS X 10_15_7) AppleWebKit/605.1.15 (KHTML, like Gecko) Version/18.1.1 Safari/605.1.15"
142.166.29.108 - - [21/Jan/2025:16:44:37 +0000] "GET / HTTP/1.1" 200 29640 "https://ahsmore.mhcollab.ca/my-account/" "Mozilla/5.0 (Macintosh; Intel Mac OS X 10_15_7) AppleWebKit/605.1.15 (KHTML, like Gecko) Version/18.1.1 Safari/605.1.15"
45.56.220.125 - - [21/Jan/2025:16:44:41 +0000] "POST /?wordfence_syncAttackData=1737477881.0623 HTTP/1.1" 200 - "-" "WordPress/6.7.1; https://ahsmore.mhcollab.ca"
192.30.99.83 - - [21/Jan/2025:16:44:40 +0000] "POST /wp-admin/admin-ajax.php HTTP/1.1" 200 36 "https://ahsmore.mhcollab.ca/courses/nssi-protocol-point-person/" "Mozilla/5.0 (Windows NT 10.0; Win64; x64) AppleWebKit/537.36 (KHTML, like Gecko) Chrome/132.0.0.0 Safari/537.36 Edg/132.0.0.0"
192.30.99.83 - - [21/Jan/2025:16:44:40 +0000] "GET /courses/nssi-protocol-point-person/lessons/lesson-19sp02-1-copy-2/ HTTP/1.1" 200 25690 "https://ahsmore.mhcollab.ca/courses/nssi-protocol-point-person/" "Mozilla/5.0 (Windows NT 10.0; Win64; x64) AppleWebKit/537.36 (KHTML, like Gecko) Chrome/132.0.0.0 Safari/537.36 Edg/132.0.0.0"
192.30.99.83 - - [21/Jan/2025:16:44:43 +0000] "GET /wp-content/uploads/articulate_uploads/NSSI-Protocol-Point-Person-20191002/story.html HTTP/1.1" 200 3092 "https://ahsmore.mhcollab.ca/courses/nssi-protocol-point-person/lessons/lesson-19sp02-1-copy-2/" "Mozilla/5.0 (Windows NT 10.0; Win64; x64) AppleWebKit/537.36 (KHTML, like Gecko) Chrome/132.0.0.0 Safari/537.36 Edg/132.0.0.0"
45.56.220.125 - - [21/Jan/2025:16:44:41 +0000] "POST /?wordfence_syncAttackData=1737477881.1287 HTTP/1.1" 200 29236 "-" "WordPress/6.7.1; https://ahsmore.mhcollab.ca"
192.30.99.83 - - [21/Jan/2025:16:44:43 +0000] "GET /wp-content/uploads/articulate_uploads/NSSI-Protocol-Point-Person-20191002/story_html5.html?lms=1 HTTP/1.1" 200 6322 "https://ahsmore.mhcollab.ca/wp-content/uploads/articulate_uploads/NSSI-Protocol-Point-Person-20191002/story.html" "Mozilla/5.0 (Windows NT 10.0; Win64; x64) AppleWebKit/537.36 (KHTML, like Gecko) Chrome/132.0.0.0 Safari/537.36 Edg/132.0.0.0"
142.166.29.108 - - [21/Jan/2025:16:44:43 +0000] "GET /wp-content/plugins/3d-flipbook-dflip-lite/assets/js/libs/three.min.js?ver=2.3.57 HTTP/1.1" 200 157830 "https://ahsmore.mhcollab.ca/" "Mozilla/5.0 (Macintosh; Intel Mac OS X 10_15_7) AppleWebKit/605.1.15 (KHTML, like Gecko) Version/18.1.1 Safari/605.1.15"
142.166.29.108 - - [21/Jan/2025:16:44:43 +0000] "GET /wp-content/plugins/3d-flipbook-dflip-lite/assets/js/libs/pdf.min.js?ver=2.3.57&pdfver=default HTTP/1.1" 200 107396 "https://ahsmore.mhcollab.ca/" "Mozilla/5.0 (Macintosh; Intel Mac OS X 10_15_7) AppleWebKit/605.1.15 (KHTML, like Gecko) Version/18.1.1 Safari/605.1.15"
192.30.99.83 - - [21/Jan/2025:16:44:43 +0000] "GET /wp-content/uploads/articulate_uploads/NSSI-Protocol-Point-Person-20191002/story_content/user.js HTTP/1.1" 200 30 "https://ahsmore.mhcollab.ca/wp-content/uploads/articulate_uploads/NSSI-Protocol-Point-Person-20191002/story_html5.html?lms=1" "Mozilla/5.0 (Windows NT 10.0; Win64; x64) AppleWebKit/537.36 (KHTML, like Gecko) Chrome/132.0.0.0 Safari/537.36 Edg/132.0.0.0"
192.30.99.83 - - [21/Jan/2025:16:44:43 +0000] "GET /wp-content/uploads/articulate_uploads/NSSI-Protocol-Point-Person-20191002/html5/lib/stylesheets/main.min.css HTTP/1.1" 200 31316 "https://ahsmore.mhcollab.ca/wp-content/uploads/articulate_uploads/NSSI-Protocol-Point-Person-20191002/story_html5.html?lms=1" "Mozilla/5.0 (Windows NT 10.0; Win64; x64) AppleWebKit/537.36 (KHTML, like Gecko) Chrome/132.0.0.0 Safari/537.36 Edg/132.0.0.0"
142.166.29.108 - - [21/Jan/2025:16:44:43 +0000] "GET /wp-content/plugins/3d-flipbook-dflip-lite/assets/js/libs/pdf.worker.min.js?ver=2.3.57&pdfver=default HTTP/1.1" 200 305136 "https://ahsmore.mhcollab.ca/" "Mozilla/5.0 (Macintosh; Intel Mac OS X 10_15_7) AppleWebKit/605.1.15 (KHTML, like Gecko) Version/18.1.1 Safari/605.1.15"
192.30.99.83 - - [21/Jan/2025:16:44:43 +0000] "GET /wp-content/uploads/articulate_uploads/NSSI-Protocol-Point-Person-20191002/html5/data/css/output.min.css HTTP/1.1" 200 264556 "https://ahsmore.mhcollab.ca/wp-content/uploads/articulate_uploads/NSSI-Protocol-Point-Person-20191002/story_html5.html?lms=1" "Mozilla/5.0 (Windows NT 10.0; Win64; x64) AppleWebKit/537.36 (KHTML, like Gecko) Chrome/132.0.0.0 Safari/537.36 Edg/132.0.0.0"
192.30.99.83 - - [21/Jan/2025:16:44:43 +0000] "GET /wp-content/uploads/articulate_uploads/NSSI-Protocol-Point-Person-20191002/html5/lib/scripts/app.min.js HTTP/1.1" 200 475818 "https://ahsmore.mhcollab.ca/wp-content/uploads/articulate_uploads/NSSI-Protocol-Point-Person-20191002/story_html5.html?lms=1" "Mozilla/5.0 (Windows NT 10.0; Win64; x64) AppleWebKit/537.36 (KHTML, like Gecko) Chrome/132.0.0.0 Safari/537.36 Edg/132.0.0.0"
192.30.99.83 - - [21/Jan/2025:16:44:44 +0000] "GET /wp-content/uploads/articulate_uploads/NSSI-Protocol-Point-Person-20191002/analytics-frame.html HTTP/1.1" 200 1459 "https://ahsmore.mhcollab.ca/wp-content/uploads/articulate_uploads/NSSI-Protocol-Point-Person-20191002/story_html5.html?lms=1" "Mozilla/5.0 (Windows NT 10.0; Win64; x64) AppleWebKit/537.36 (KHTML, like Gecko) Chrome/132.0.0.0 Safari/537.36 Edg/132.0.0.0"
192.30.99.83 - - [21/Jan/2025:16:44:44 +0000] "GET /wp-content/uploads/articulate_uploads/NSSI-Protocol-Point-Person-20191002/html5/data/js/data.js HTTP/1.1" 200 13726 "https://ahsmore.mhcollab.ca/wp-content/uploads/articulate_uploads/NSSI-Protocol-Point-Person-20191002/story_html5.html?lms=1" "Mozilla/5.0 (Windows NT 10.0; Win64; x64) AppleWebKit/537.36 (KHTML, like Gecko) Chrome/132.0.0.0 Safari/537.36 Edg/132.0.0.0"
192.30.99.83 - - [21/Jan/2025:16:44:44 +0000] "GET /wp-content/uploads/articulate_uploads/NSSI-Protocol-Point-Person-20191002/html5/data/js/frame.js HTTP/1.1" 200 42373 "https://ahsmore.mhcollab.ca/wp-content/uploads/articulate_uploads/NSSI-Protocol-Point-Person-20191002/story_html5.html?lms=1" "Mozilla/5.0 (Windows NT 10.0; Win64; x64) AppleWebKit/537.36 (KHTML, like Gecko) Chrome/132.0.0.0 Safari/537.36 Edg/132.0.0.0"
192.30.99.83 - - [21/Jan/2025:16:44:44 +0000] "GET /wp-content/uploads/articulate_uploads/NSSI-Protocol-Point-Person-20191002/html5/data/js/paths.js HTTP/1.1" 200 158332 "https://ahsmore.mhcollab.ca/wp-content/uploads/articulate_uploads/NSSI-Protocol-Point-Person-20191002/story_html5.html?lms=1" "Mozilla/5.0 (Windows NT 10.0; Win64; x64) AppleWebKit/537.36 (KHTML, like Gecko) Chrome/132.0.0.0 Safari/537.36 Edg/132.0.0.0"
192.30.99.83 - - [21/Jan/2025:16:44:44 +0000] "GET /wp-content/uploads/articulate_uploads/NSSI-Protocol-Point-Person-20191002/html5/data/js/5nTQrzGl3wj.js HTTP/1.1" 200 2727 "https://ahsmore.mhcollab.ca/wp-content/uploads/articulate_uploads/NSSI-Protocol-Point-Person-20191002/story_html5.html?lms=1" "Mozilla/5.0 (Windows NT 10.0; Win64; x64) AppleWebKit/537.36 (KHTML, like Gecko) Chrome/132.0.0.0 Safari/537.36 Edg/132.0.0.0"
192.30.99.83 - - [21/Jan/2025:16:44:45 +0000] "GET /wp-content/uploads/articulate_uploads/NSSI-Protocol-Point-Person-20191002/html5/data/js/5ebxMWAkvBn.js HTTP/1.1" 200 1953 "https://ahsmore.mhcollab.ca/wp-content/uploads/articulate_uploads/NSSI-Protocol-Point-Person-20191002/story_html5.html?lms=1" "Mozilla/5.0 (Windows NT 10.0; Win64; x64) AppleWebKit/537.36 (KHTML, like Gecko) Chrome/132.0.0.0 Safari/537.36 Edg/132.0.0.0"
192.30.99.83 - - [21/Jan/2025:16:44:45 +0000] "GET /wp-content/uploads/articulate_uploads/NSSI-Protocol-Point-Person-20191002/html5/data/js/6ZFnxq7YeDz.js HTTP/1.1" 200 2365 "https://ahsmore.mhcollab.ca/wp-content/uploads/articulate_uploads/NSSI-Protocol-Point-Person-20191002/story_html5.html?lms=1" "Mozilla/5.0 (Windows NT 10.0; Win64; x64) AppleWebKit/537.36 (KHTML, like Gecko) Chrome/132.0.0.0 Safari/537.36 Edg/132.0.0.0"
142.166.29.108 - - [21/Jan/2025:16:44:43 +0000] "GET /wp-content/uploads/2024/10/2024-25_MORE_Brochure.pdf HTTP/1.1" 200 2380223 "https://ahsmore.mhcollab.ca/" "Mozilla/5.0 (Macintosh; Intel Mac OS X 10_15_7) AppleWebKit/605.1.15 (KHTML, like Gecko) Version/18.1.1 Safari/605.1.15"
192.30.99.83 - - [21/Jan/2025:16:44:45 +0000] "GET /wp-content/uploads/articulate_uploads/NSSI-Protocol-Point-Person-20191002/html5/data/js/6jpJgJCKmwm.js HTTP/1.1" 200 2619 "https://ahsmore.mhcollab.ca/wp-content/uploads/articulate_uploads/NSSI-Protocol-Point-Person-20191002/story_html5.html?lms=1" "Mozilla/5.0 (Windows NT 10.0; Win64; x64) AppleWebKit/537.36 (KHTML, like Gecko) Chrome/132.0.0.0 Safari/537.36 Edg/132.0.0.0"
199.185.67.156 - - [21/Jan/2025:16:44:44 +0000] "POST /courses/what-is-self-harming-basics-for-parents-to-know/lessons/parent-handout-documents/ HTTP/1.1" 302 - "https://ahsmore.mhcollab.ca/courses/what-is-self-harming-basics-for-parents-to-know/lessons/parent-handout-documents/" "Mozilla/5.0 (Windows NT 10.0; Win64; x64) AppleWebKit/537.36 (KHTML, like Gecko) Chrome/132.0.0.0 Safari/537.36"
199.185.67.156 - - [21/Jan/2025:16:44:45 +0000] "GET /courses/what-is-self-harming-basics-for-parents-to-know/lessons/course-feedback/ HTTP/1.1" 200 25833 "https://ahsmore.mhcollab.ca/courses/what-is-self-harming-basics-for-parents-to-know/lessons/parent-handout-documents/" "Mozilla/5.0 (Windows NT 10.0; Win64; x64) AppleWebKit/537.36 (KHTML, like Gecko) Chrome/132.0.0.0 Safari/537.36"
142.166.29.108 - - [21/Jan/2025:16:44:47 +0000] "GET /wp-content/plugins/3d-flipbook-dflip-lite/assets/sound/turn2.mp3?ver=2.3.57 HTTP/1.1" 206 2 "https://ahsmore.mhcollab.ca/" "Mozilla/5.0 (Macintosh; Intel Mac OS X 10_15_7) AppleWebKit/605.1.15 (KHTML, like Gecko) Version/18.1.1 Safari/605.1.15"
142.166.29.108 - - [21/Jan/2025:16:44:47 +0000] "GET /wp-content/plugins/3d-flipbook-dflip-lite/assets/sound/turn2.mp3?ver=2.3.57 HTTP/1.1" 206 8277 "https://ahsmore.mhcollab.ca/" "Mozilla/5.0 (Macintosh; Intel Mac OS X 10_15_7) AppleWebKit/605.1.15 (KHTML, like Gecko) Version/18.1.1 Safari/605.1.15"
192.30.99.83 - - [21/Jan/2025:16:44:48 +0000] "GET /wp-content/uploads/articulate_uploads/NSSI-Protocol-Point-Person-20191002/html5/data/js/5tLzBEBBbuB.js HTTP/1.1" 200 3322 "https://ahsmore.mhcollab.ca/wp-content/uploads/articulate_uploads/NSSI-Protocol-Point-Person-20191002/story_html5.html?lms=1" "Mozilla/5.0 (Windows NT 10.0; Win64; x64) AppleWebKit/537.36 (KHTML, like Gecko) Chrome/132.0.0.0 Safari/537.36 Edg/132.0.0.0"
192.30.99.83 - - [21/Jan/2025:16:44:48 +0000] "GET /wp-content/uploads/articulate_uploads/NSSI-Protocol-Point-Person-20191002/mobile/6FpgPlj1Hac_80_DX880_DY880_CX445_CY660.jpg HTTP/1.1" 200 51452 "https://ahsmore.mhcollab.ca/wp-content/uploads/articulate_uploads/NSSI-Protocol-Point-Person-20191002/story_html5.html?lms=1" "Mozilla/5.0 (Windows NT 10.0; Win64; x64) AppleWebKit/537.36 (KHTML, like Gecko) Chrome/132.0.0.0 Safari/537.36 Edg/132.0.0.0"
192.30.99.83 - - [21/Jan/2025:16:44:48 +0000] "GET /wp-content/uploads/articulate_uploads/NSSI-Protocol-Point-Person-20191002/story_content/6oivwbLfATu_22050_48_0.mp3 HTTP/1.1" 200 229915 "https://ahsmore.mhcollab.ca/wp-content/uploads/articulate_uploads/NSSI-Protocol-Point-Person-20191002/story_html5.html?lms=1" "Mozilla/5.0 (Windows NT 10.0; Win64; x64) AppleWebKit/537.36 (KHTML, like Gecko) Chrome/132.0.0.0 Safari/537.36 Edg/132.0.0.0"
192.30.99.83 - - [21/Jan/2025:16:44:49 +0000] "GET /wp-content/uploads/articulate_uploads/NSSI-Protocol-Point-Person-20191002/html5/data/js/5u5QjLwHLpw.js HTTP/1.1" 200 2920 "https://ahsmore.mhcollab.ca/wp-content/uploads/articulate_uploads/NSSI-Protocol-Point-Person-20191002/story_html5.html?lms=1" "Mozilla/5.0 (Windows NT 10.0; Win64; x64) AppleWebKit/537.36 (KHTML, like Gecko) Chrome/132.0.0.0 Safari/537.36 Edg/132.0.0.0"
192.30.99.83 - - [21/Jan/2025:16:44:50 +0000] "GET /wp-content/uploads/articulate_uploads/NSSI-Protocol-Point-Person-20191002/mobile/6pHhrUYuffq_X_80_DX786_DY786_CX393_CY589.jpg HTTP/1.1" 200 27744 "https://ahsmore.mhcollab.ca/wp-content/uploads/articulate_uploads/NSSI-Protocol-Point-Person-20191002/story_html5.html?lms=1" "Mozilla/5.0 (Windows NT 10.0; Win64; x64) AppleWebKit/537.36 (KHTML, like Gecko) Chrome/132.0.0.0 Safari/537.36 Edg/132.0.0.0"
192.30.99.83 - - [21/Jan/2025:16:44:50 +0000] "GET /wp-content/uploads/articulate_uploads/NSSI-Protocol-Point-Person-20191002/story_content/6TL5gkfjCoe_22050_48_0.mp3 HTTP/1.1" 200 183032 "https://ahsmore.mhcollab.ca/wp-content/uploads/articulate_uploads/NSSI-Protocol-Point-Person-20191002/story_html5.html?lms=1" "Mozilla/5.0 (Windows NT 10.0; Win64; x64) AppleWebKit/537.36 (KHTML, like Gecko) Chrome/132.0.0.0 Safari/537.36 Edg/132.0.0.0"
192.30.99.83 - - [21/Jan/2025:16:44:51 +0000] "GET /wp-content/uploads/articulate_uploads/NSSI-Protocol-Point-Person-20191002/html5/data/js/5d0veKz8URj.js HTTP/1.1" 200 3321 "https://ahsmore.mhcollab.ca/wp-content/uploads/articulate_uploads/NSSI-Protocol-Point-Person-20191002/story_html5.html?lms=1" "Mozilla/5.0 (Windows NT 10.0; Win64; x64) AppleWebKit/537.36 (KHTML, like Gecko) Chrome/132.0.0.0 Safari/537.36 Edg/132.0.0.0"
192.30.99.83 - - [21/Jan/2025:16:44:51 +0000] "GET /wp-content/uploads/articulate_uploads/NSSI-Protocol-Point-Person-20191002/mobile/6oeFvGiKcpb_80_P_36_0_2011_1152_DX1466_DY1466_CX1060_CY607.png HTTP/1.1" 200 1722890 "https://ahsmore.mhcollab.ca/wp-content/uploads/articulate_uploads/NSSI-Protocol-Point-Person-20191002/story_html5.html?lms=1" "Mozilla/5.0 (Windows NT 10.0; Win64; x64) AppleWebKit/537.36 (KHTML, like Gecko) Chrome/132.0.0.0 Safari/537.36 Edg/132.0.0.0"
192.30.99.83 - - [21/Jan/2025:16:44:53 +0000] "GET /wp-content/uploads/articulate_uploads/NSSI-Protocol-Point-Person-20191002/story_content/6YH8g5GMkWD_22050_48_0.mp3 HTTP/1.1" 200 254380 "https://ahsmore.mhcollab.ca/wp-content/uploads/articulate_uploads/NSSI-Protocol-Point-Person-20191002/story_html5.html?lms=1" "Mozilla/5.0 (Windows NT 10.0; Win64; x64) AppleWebKit/537.36 (KHTML, like Gecko) Chrome/132.0.0.0 Safari/537.36 Edg/132.0.0.0"
192.30.99.83 - - [21/Jan/2025:16:44:54 +0000] "GET /wp-content/uploads/articulate_uploads/NSSI-Protocol-Point-Person-20191002/html5/data/js/6TixJm2TKdO.js HTTP/1.1" 200 3458 "https://ahsmore.mhcollab.ca/wp-content/uploads/articulate_uploads/NSSI-Protocol-Point-Person-20191002/story_html5.html?lms=1" "Mozilla/5.0 (Windows NT 10.0; Win64; x64) AppleWebKit/537.36 (KHTML, like Gecko) Chrome/132.0.0.0 Safari/537.36 Edg/132.0.0.0"
192.30.99.83 - - [21/Jan/2025:16:44:54 +0000] "GET /wp-content/uploads/articulate_uploads/NSSI-Protocol-Point-Person-20191002/story_content/5lO9FeN6v02_22050_48_0.mp3 HTTP/1.1" 200 195578 "https://ahsmore.mhcollab.ca/wp-content/uploads/articulate_uploads/NSSI-Protocol-Point-Person-20191002/story_html5.html?lms=1" "Mozilla/5.0 (Windows NT 10.0; Win64; x64) AppleWebKit/537.36 (KHTML, like Gecko) Chrome/132.0.0.0 Safari/537.36 Edg/132.0.0.0"
192.30.99.83 - - [21/Jan/2025:16:44:55 +0000] "GET /wp-content/uploads/articulate_uploads/NSSI-Protocol-Point-Person-20191002/story_content/5lO9FeN6v02_22050_48_0.mp3 HTTP/1.1" 304 - "https://ahsmore.mhcollab.ca/wp-content/uploads/articulate_uploads/NSSI-Protocol-Point-Person-20191002/story_html5.html?lms=1" "Mozilla/5.0 (Windows NT 10.0; Win64; x64) AppleWebKit/537.36 (KHTML, like Gecko) Chrome/132.0.0.0 Safari/537.36 Edg/132.0.0.0"
192.30.99.83 - - [21/Jan/2025:16:44:55 +0000] "GET /wp-content/uploads/articulate_uploads/NSSI-Protocol-Point-Person-20191002/html5/data/js/6dhCJpdRQNY.js HTTP/1.1" 200 4925 "https://ahsmore.mhcollab.ca/wp-content/uploads/articulate_uploads/NSSI-Protocol-Point-Person-20191002/story_html5.html?lms=1" "Mozilla/5.0 (Windows NT 10.0; Win64; x64) AppleWebKit/537.36 (KHTML, like Gecko) Chrome/132.0.0.0 Safari/537.36 Edg/132.0.0.0"
192.30.99.83 - - [21/Jan/2025:16:44:55 +0000] "GET /wp-content/uploads/articulate_uploads/NSSI-Protocol-Point-Person-20191002/html5/data/js/6WNFCFFQRIf.js HTTP/1.1" 200 5906 "https://ahsmore.mhcollab.ca/wp-content/uploads/articulate_uploads/NSSI-Protocol-Point-Person-20191002/story_html5.html?lms=1" "Mozilla/5.0 (Windows NT 10.0; Win64; x64) AppleWebKit/537.36 (KHTML, like Gecko) Chrome/132.0.0.0 Safari/537.36 Edg/132.0.0.0"
192.30.99.83 - - [21/Jan/2025:16:44:55 +0000] "GET /wp-content/uploads/articulate_uploads/NSSI-Protocol-Point-Person-20191002/html5/data/js/5YLAl4kco5F.js HTTP/1.1" 200 6344 "https://ahsmore.mhcollab.ca/wp-content/uploads/articulate_uploads/NSSI-Protocol-Point-Person-20191002/story_html5.html?lms=1" "Mozilla/5.0 (Windows NT 10.0; Win64; x64) AppleWebKit/537.36 (KHTML, like Gecko) Chrome/132.0.0.0 Safari/537.36 Edg/132.0.0.0"
192.30.99.83 - - [21/Jan/2025:16:44:55 +0000] "GET /wp-content/uploads/articulate_uploads/NSSI-Protocol-Point-Person-20191002/story_content/62wRHq40kvl_22050_48_0.mp3 HTTP/1.1" 200 282257 "https://ahsmore.mhcollab.ca/wp-content/uploads/articulate_uploads/NSSI-Protocol-Point-Person-20191002/story_html5.html?lms=1" "Mozilla/5.0 (Windows NT 10.0; Win64; x64) AppleWebKit/537.36 (KHTML, like Gecko) Chrome/132.0.0.0 Safari/537.36 Edg/132.0.0.0"
45.56.220.125 - - [21/Jan/2025:16:44:55 +0000] "POST /wp-cron.php?doing_wp_cron=1737477895.7516679763793945312500 HTTP/1.1" 200 - "-" "WordPress/6.7.1; https://ahsmore.mhcollab.ca"
192.30.99.83 - - [21/Jan/2025:16:44:55 +0000] "GET /wp-content/uploads/articulate_uploads/NSSI-Protocol-Point-Person-20191002/story_content/6TL5gkfjCoe_22050_48_0.mp3 HTTP/1.1" 304 - "https://ahsmore.mhcollab.ca/wp-content/uploads/articulate_uploads/NSSI-Protocol-Point-Person-20191002/story_html5.html?lms=1" "Mozilla/5.0 (Windows NT 10.0; Win64; x64) AppleWebKit/537.36 (KHTML, like Gecko) Chrome/132.0.0.0 Safari/537.36 Edg/132.0.0.0"
192.30.99.83 - - [21/Jan/2025:16:44:55 +0000] "GET /wp-content/uploads/articulate_uploads/NSSI-Protocol-Point-Person-20191002/story_content/6TL5gkfjCoe_22050_48_0.mp3 HTTP/1.1" 304 - "https://ahsmore.mhcollab.ca/wp-content/uploads/articulate_uploads/NSSI-Protocol-Point-Person-20191002/story_html5.html?lms=1" "Mozilla/5.0 (Windows NT 10.0; Win64; x64) AppleWebKit/537.36 (KHTML, like Gecko) Chrome/132.0.0.0 Safari/537.36 Edg/132.0.0.0"
192.30.99.83 - - [21/Jan/2025:16:44:56 +0000] "GET /wp-content/uploads/articulate_uploads/NSSI-Protocol-Point-Person-20191002/html5/data/js/6k9Xlmg2nbK.js HTTP/1.1" 200 3492 "https://ahsmore.mhcollab.ca/wp-content/uploads/articulate_uploads/NSSI-Protocol-Point-Person-20191002/story_html5.html?lms=1" "Mozilla/5.0 (Windows NT 10.0; Win64; x64) AppleWebKit/537.36 (KHTML, like Gecko) Chrome/132.0.0.0 Safari/537.36 Edg/132.0.0.0"
192.30.99.83 - - [21/Jan/2025:16:44:56 +0000] "GET /wp-content/uploads/articulate_uploads/NSSI-Protocol-Point-Person-20191002/story_content/6YH8g5GMkWD_22050_48_0.mp3 HTTP/1.1" 304 - "https://ahsmore.mhcollab.ca/wp-content/uploads/articulate_uploads/NSSI-Protocol-Point-Person-20191002/story_html5.html?lms=1" "Mozilla/5.0 (Windows NT 10.0; Win64; x64) AppleWebKit/537.36 (KHTML, like Gecko) Chrome/132.0.0.0 Safari/537.36 Edg/132.0.0.0"
192.30.99.83 - - [21/Jan/2025:16:44:56 +0000] "GET /wp-content/uploads/articulate_uploads/NSSI-Protocol-Point-Person-20191002/mobile/6AVOM8h9Bbk_80_DX556_DY556_CX280_CY416.png HTTP/1.1" 200 152387 "https://ahsmore.mhcollab.ca/wp-content/uploads/articulate_uploads/NSSI-Protocol-Point-Person-20191002/story_html5.html?lms=1" "Mozilla/5.0 (Windows NT 10.0; Win64; x64) AppleWebKit/537.36 (KHTML, like Gecko) Chrome/132.0.0.0 Safari/537.36 Edg/132.0.0.0"
142.166.29.108 - - [21/Jan/2025:16:44:54 +0000] "GET /all-courses/ HTTP/1.1" 200 30689 "https://ahsmore.mhcollab.ca/" "Mozilla/5.0 (Macintosh; Intel Mac OS X 10_15_7) AppleWebKit/605.1.15 (KHTML, like Gecko) Version/18.1.1 Safari/605.1.15"
142.166.29.108 - - [21/Jan/2025:16:44:56 +0000] "GET /wp-content/plugins/learndash-course-grid/templates/skins/grid/style.css?ver=2.0.10 HTTP/1.1" 200 209 "https://ahsmore.mhcollab.ca/all-courses/" "Mozilla/5.0 (Macintosh; Intel Mac OS X 10_15_7) AppleWebKit/605.1.15 (KHTML, like Gecko) Version/18.1.1 Safari/605.1.15"
142.166.29.108 - - [21/Jan/2025:16:44:56 +0000] "GET /wp-includes/css/dist/block-library/style.min.css?ver=4c07a945f927cfc17b5ef0589d82cf0d HTTP/1.1" 200 15177 "https://ahsmore.mhcollab.ca/all-courses/" "Mozilla/5.0 (Macintosh; Intel Mac OS X 10_15_7) AppleWebKit/605.1.15 (KHTML, like Gecko) Version/18.1.1 Safari/605.1.15"
142.166.29.108 - - [21/Jan/2025:16:44:56 +0000] "GET /wp-content/themes/kadence/assets/css/sidebar.min.css?ver=1.2.14 HTTP/1.1" 200 288 "https://ahsmore.mhcollab.ca/all-courses/" "Mozilla/5.0 (Macintosh; Intel Mac OS X 10_15_7) AppleWebKit/605.1.15 (KHTML, like Gecko) Version/18.1.1 Safari/605.1.15"
142.166.29.108 - - [21/Jan/2025:16:44:56 +0000] "GET /wp-content/plugins/kadence-blocks/dist/style-blocks-image.css?ver=3.4.5 HTTP/1.1" 200 1163 "https://ahsmore.mhcollab.ca/all-courses/" "Mozilla/5.0 (Macintosh; Intel Mac OS X 10_15_7) AppleWebKit/605.1.15 (KHTML, like Gecko) Version/18.1.1 Safari/605.1.15"
142.166.29.108 - - [21/Jan/2025:16:44:56 +0000] "GET /wp-content/plugins/learndash-course-grid/templates/skins/grid/script.js?ver=2.0.10 HTTP/1.1" 200 624 "https://ahsmore.mhcollab.ca/all-courses/" "Mozilla/5.0 (Macintosh; Intel Mac OS X 10_15_7) AppleWebKit/605.1.15 (KHTML, like Gecko) Version/18.1.1 Safari/605.1.15"
192.30.99.83 - - [21/Jan/2025:16:44:56 +0000] "GET /wp-content/uploads/articulate_uploads/NSSI-Protocol-Point-Person-20191002/mobile/5uTnoyegf8G_80_DX550_DY550_CX412_CY276.png HTTP/1.1" 200 94525 "https://ahsmore.mhcollab.ca/wp-content/uploads/articulate_uploads/NSSI-Protocol-Point-Person-20191002/story_html5.html?lms=1" "Mozilla/5.0 (Windows NT 10.0; Win64; x64) AppleWebKit/537.36 (KHTML, like Gecko) Chrome/132.0.0.0 Safari/537.36 Edg/132.0.0.0"
142.166.29.108 - - [21/Jan/2025:16:44:56 +0000] "GET /wp-content/plugins/learndash-course-grid/assets/js/script.js?ver=2.0.10 HTTP/1.1" 200 2361 "https://ahsmore.mhcollab.ca/all-courses/" "Mozilla/5.0 (Macintosh; Intel Mac OS X 10_15_7) AppleWebKit/605.1.15 (KHTML, like Gecko) Version/18.1.1 Safari/605.1.15"
142.166.29.108 - - [21/Jan/2025:16:44:56 +0000] "GET /wp-content/plugins/sfwd-lms/themes/legacy/templates/learndash_pager.min.js?ver=4.20.0.3 HTTP/1.1" 200 915 "https://ahsmore.mhcollab.ca/all-courses/" "Mozilla/5.0 (Macintosh; Intel Mac OS X 10_15_7) AppleWebKit/605.1.15 (KHTML, like Gecko) Version/18.1.1 Safari/605.1.15"
142.166.29.108 - - [21/Jan/2025:16:44:56 +0000] "GET /wp-content/plugins/learndash-course-grid/assets/css/style.css?ver=2.0.10 HTTP/1.1" 200 239 "https://ahsmore.mhcollab.ca/all-courses/" "Mozilla/5.0 (Macintosh; Intel Mac OS X 10_15_7) AppleWebKit/605.1.15 (KHTML, like Gecko) Version/18.1.1 Safari/605.1.15"
142.166.29.108 - - [21/Jan/2025:16:44:56 +0000] "GET /wp-content/plugins/learndash-course-grid/templates/cards/grid-2/style.css?ver=2.0.10 HTTP/1.1" 200 907 "https://ahsmore.mhcollab.ca/all-courses/" "Mozilla/5.0 (Macintosh; Intel Mac OS X 10_15_7) AppleWebKit/605.1.15 (KHTML, like Gecko) Version/18.1.1 Safari/605.1.15"
142.166.29.108 - - [21/Jan/2025:16:44:56 +0000] "GET /wp-content/plugins/learndash-course-grid/templates/pagination/style.css?ver=2.0.10 HTTP/1.1" 200 366 "https://ahsmore.mhcollab.ca/all-courses/" "Mozilla/5.0 (Macintosh; Intel Mac OS X 10_15_7) AppleWebKit/605.1.15 (KHTML, like Gecko) Version/18.1.1 Safari/605.1.15"
142.166.29.108 - - [21/Jan/2025:16:44:56 +0000] "GET /wp-content/plugins/learndash-course-grid/templates/filter/style.css?ver=2.0.10 HTTP/1.1" 200 1223 "https://ahsmore.mhcollab.ca/all-courses/" "Mozilla/5.0 (Macintosh; Intel Mac OS X 10_15_7) AppleWebKit/605.1.15 (KHTML, like Gecko) Version/18.1.1 Safari/605.1.15"
142.166.29.108 - - [21/Jan/2025:16:44:56 +0000] "GET /wp-content/plugins/sfwd-lms/themes/legacy/templates/learndash_template_script.min.js?ver=4.20.0.3 HTTP/1.1" 200 1131 "https://ahsmore.mhcollab.ca/all-courses/" "Mozilla/5.0 (Macintosh; Intel Mac OS X 10_15_7) AppleWebKit/605.1.15 (KHTML, like Gecko) Version/18.1.1 Safari/605.1.15"
142.166.29.108 - - [21/Jan/2025:16:44:56 +0000] "GET /wp-content/plugins/sfwd-lms/assets/js/jquery.dropdown.min.js?ver=4.20.0.3 HTTP/1.1" 200 936 "https://ahsmore.mhcollab.ca/all-courses/" "Mozilla/5.0 (Macintosh; Intel Mac OS X 10_15_7) AppleWebKit/605.1.15 (KHTML, like Gecko) Version/18.1.1 Safari/605.1.15"
142.166.29.108 - - [21/Jan/2025:16:44:56 +0000] "GET /wp-content/uploads/2019/07/Mental_Health.png HTTP/1.1" 200 8094 "https://ahsmore.mhcollab.ca/all-courses/" "Mozilla/5.0 (Macintosh; Intel Mac OS X 10_15_7) AppleWebKit/605.1.15 (KHTML, like Gecko) Version/18.1.1 Safari/605.1.15"
192.30.99.83 - - [21/Jan/2025:16:44:56 +0000] "GET /wp-content/uploads/articulate_uploads/NSSI-Protocol-Point-Person-20191002/mobile/6MCiUJGTTBU_80_DX564_DY564_CX423_CY273.png HTTP/1.1" 200 171997 "https://ahsmore.mhcollab.ca/wp-content/uploads/articulate_uploads/NSSI-Protocol-Point-Person-20191002/story_html5.html?lms=1" "Mozilla/5.0 (Windows NT 10.0; Win64; x64) AppleWebKit/537.36 (KHTML, like Gecko) Chrome/132.0.0.0 Safari/537.36 Edg/132.0.0.0"
142.166.29.108 - - [21/Jan/2025:16:44:56 +0000] "GET /wp-content/uploads/2019/10/Special_Proj-e1569958149366.png HTTP/1.1" 200 24269 "https://ahsmore.mhcollab.ca/all-courses/" "Mozilla/5.0 (Macintosh; Intel Mac OS X 10_15_7) AppleWebKit/605.1.15 (KHTML, like Gecko) Version/18.1.1 Safari/605.1.15"
142.166.29.108 - - [21/Jan/2025:16:44:56 +0000] "GET /wp-content/uploads/2020/11/cropped-logoMainBC-1320x485.png HTTP/1.1" 200 75762 "https://ahsmore.mhcollab.ca/all-courses/" "Mozilla/5.0 (Macintosh; Intel Mac OS X 10_15_7) AppleWebKit/605.1.15 (KHTML, like Gecko) Version/18.1.1 Safari/605.1.15"
142.166.29.108 - - [21/Jan/2025:16:44:56 +0000] "GET /wp-content/uploads/2019/07/Sub_Use.png HTTP/1.1" 200 6574 "https://ahsmore.mhcollab.ca/all-courses/" "Mozilla/5.0 (Macintosh; Intel Mac OS X 10_15_7) AppleWebKit/605.1.15 (KHTML, like Gecko) Version/18.1.1 Safari/605.1.15"
142.166.29.108 - - [21/Jan/2025:16:44:56 +0000] "GET /wp-content/uploads/2019/07/CES.png HTTP/1.1" 200 6793 "https://ahsmore.mhcollab.ca/all-courses/" "Mozilla/5.0 (Macintosh; Intel Mac OS X 10_15_7) AppleWebKit/605.1.15 (KHTML, like Gecko) Version/18.1.1 Safari/605.1.15"
142.166.29.108 - - [21/Jan/2025:16:44:56 +0000] "GET /wp-content/uploads/2019/07/Extra-Extra.png HTTP/1.1" 200 7254 "https://ahsmore.mhcollab.ca/all-courses/" "Mozilla/5.0 (Macintosh; Intel Mac OS X 10_15_7) AppleWebKit/605.1.15 (KHTML, like Gecko) Version/18.1.1 Safari/605.1.15"
