199.185.67.145 - - [21/Jan/2025:18:08:19 +0000] "PUT /ucTinCan/activities/state?stateId=suspend_data&activityId=http%3A%2F%2FPLvSyP1tYEdNOcA1tNzTkvjSZ6Kh37_N_rise&agent=%7B%22objectType%22%3A%22Agent%22%2C%22mbox%22%3A%22mailto%3Acpannenbecker13%40gmail.com%22%2C%22name%22%3A%22Carolina%20Pannenbecker%22%7D&course_id=48659&client=AR2017&base_url=https%3A%2F%2Fahsmore.mhcollab.ca&nonce=fd70054c84 HTTP/1.1" 200 - "https://ahsmore.mhcollab.ca/wp-content/uploads/uncanny-snc/33/index.html?endpoint=https://ahsmore.mhcollab.ca/ucTinCan/&auth=LearnDashId48647&course_id=48659&actor=%7B%22name%22%3A%20%5B%22Carolina%20Pannenbecker%22%5D%2C%20%22mbox%22%3A%20%5B%22mailto%3Acpannenbecker13%40gmail.com%22%5D%7D&activity_id=https://ahsmore.mhcollab.ca/wp-content/uploads/uncanny-snc/33/index.html&client=AR2017&base_url=https://ahsmore.mhcollab.ca&nonce=fd70054c84" "Mozilla/5.0 (Windows NT 10.0; Win64; x64) AppleWebKit/537.36 (KHTML, like Gecko) Chrome/131.0.0.0 Safari/537.36"
199.185.67.145 - - [21/Jan/2025:18:08:19 +0000] "PUT /ucTinCan/activities/state?stateId=cumulative_time&activityId=http%3A%2F%2FPLvSyP1tYEdNOcA1tNzTkvjSZ6Kh37_N_rise&agent=%7B%22objectType%22%3A%22Agent%22%2C%22mbox%22%3A%22mailto%3Acpannenbecker13%40gmail.com%22%2C%22name%22%3A%22Carolina%20Pannenbecker%22%7D&course_id=48659&client=AR2017&base_url=https%3A%2F%2Fahsmore.mhcollab.ca&nonce=fd70054c84 HTTP/1.1" 200 - "https://ahsmore.mhcollab.ca/wp-content/uploads/uncanny-snc/33/index.html?endpoint=https://ahsmore.mhcollab.ca/ucTinCan/&auth=LearnDashId48647&course_id=48659&actor=%7B%22name%22%3A%20%5B%22Carolina%20Pannenbecker%22%5D%2C%20%22mbox%22%3A%20%5B%22mailto%3Acpannenbecker13%40gmail.com%22%5D%7D&activity_id=https://ahsmore.mhcollab.ca/wp-content/uploads/uncanny-snc/33/index.html&client=AR2017&base_url=https://ahsmore.mhcollab.ca&nonce=fd70054c84" "Mozilla/5.0 (Windows NT 10.0; Win64; x64) AppleWebKit/537.36 (KHTML, like Gecko) Chrome/131.0.0.0 Safari/537.36"
199.185.67.145 - - [21/Jan/2025:18:08:24 +0000] "PUT /ucTinCan/activities/state?stateId=cumulative_time&activityId=http%3A%2F%2FPLvSyP1tYEdNOcA1tNzTkvjSZ6Kh37_N_rise&agent=%7B%22objectType%22%3A%22Agent%22%2C%22mbox%22%3A%22mailto%3Acpannenbecker13%40gmail.com%22%2C%22name%22%3A%22Carolina%20Pannenbecker%22%7D&course_id=48659&client=AR2017&base_url=https%3A%2F%2Fahsmore.mhcollab.ca&nonce=fd70054c84 HTTP/1.1" 200 - "https://ahsmore.mhcollab.ca/wp-content/uploads/uncanny-snc/33/index.html?endpoint=https://ahsmore.mhcollab.ca/ucTinCan/&auth=LearnDashId48647&course_id=48659&actor=%7B%22name%22%3A%20%5B%22Carolina%20Pannenbecker%22%5D%2C%20%22mbox%22%3A%20%5B%22mailto%3Acpannenbecker13%40gmail.com%22%5D%7D&activity_id=https://ahsmore.mhcollab.ca/wp-content/uploads/uncanny-snc/33/index.html&client=AR2017&base_url=https://ahsmore.mhcollab.ca&nonce=fd70054c84" "Mozilla/5.0 (Windows NT 10.0; Win64; x64) AppleWebKit/537.36 (KHTML, like Gecko) Chrome/131.0.0.0 Safari/537.36"
199.185.67.145 - - [21/Jan/2025:18:08:24 +0000] "PUT /ucTinCan/activities/state?stateId=suspend_data&activityId=http%3A%2F%2FPLvSyP1tYEdNOcA1tNzTkvjSZ6Kh37_N_rise&agent=%7B%22objectType%22%3A%22Agent%22%2C%22mbox%22%3A%22mailto%3Acpannenbecker13%40gmail.com%22%2C%22name%22%3A%22Carolina%20Pannenbecker%22%7D&course_id=48659&client=AR2017&base_url=https%3A%2F%2Fahsmore.mhcollab.ca&nonce=fd70054c84 HTTP/1.1" 200 - "https://ahsmore.mhcollab.ca/wp-content/uploads/uncanny-snc/33/index.html?endpoint=https://ahsmore.mhcollab.ca/ucTinCan/&auth=LearnDashId48647&course_id=48659&actor=%7B%22name%22%3A%20%5B%22Carolina%20Pannenbecker%22%5D%2C%20%22mbox%22%3A%20%5B%22mailto%3Acpannenbecker13%40gmail.com%22%5D%7D&activity_id=https://ahsmore.mhcollab.ca/wp-content/uploads/uncanny-snc/33/index.html&client=AR2017&base_url=https://ahsmore.mhcollab.ca&nonce=fd70054c84" "Mozilla/5.0 (Windows NT 10.0; Win64; x64) AppleWebKit/537.36 (KHTML, like Gecko) Chrome/131.0.0.0 Safari/537.36"
199.185.67.145 - - [21/Jan/2025:18:08:27 +0000] "PUT /ucTinCan/activities/state?stateId=cumulative_time&activityId=http%3A%2F%2FPLvSyP1tYEdNOcA1tNzTkvjSZ6Kh37_N_rise&agent=%7B%22objectType%22%3A%22Agent%22%2C%22mbox%22%3A%22mailto%3Acpannenbecker13%40gmail.com%22%2C%22name%22%3A%22Carolina%20Pannenbecker%22%7D&course_id=48659&client=AR2017&base_url=https%3A%2F%2Fahsmore.mhcollab.ca&nonce=fd70054c84 HTTP/1.1" 200 - "https://ahsmore.mhcollab.ca/wp-content/uploads/uncanny-snc/33/index.html?endpoint=https://ahsmore.mhcollab.ca/ucTinCan/&auth=LearnDashId48647&course_id=48659&actor=%7B%22name%22%3A%20%5B%22Carolina%20Pannenbecker%22%5D%2C%20%22mbox%22%3A%20%5B%22mailto%3Acpannenbecker13%40gmail.com%22%5D%7D&activity_id=https://ahsmore.mhcollab.ca/wp-content/uploads/uncanny-snc/33/index.html&client=AR2017&base_url=https://ahsmore.mhcollab.ca&nonce=fd70054c84" "Mozilla/5.0 (Windows NT 10.0; Win64; x64) AppleWebKit/537.36 (KHTML, like Gecko) Chrome/131.0.0.0 Safari/537.36"
199.185.67.145 - - [21/Jan/2025:18:08:27 +0000] "PUT /ucTinCan/activities/state?stateId=suspend_data&activityId=http%3A%2F%2FPLvSyP1tYEdNOcA1tNzTkvjSZ6Kh37_N_rise&agent=%7B%22objectType%22%3A%22Agent%22%2C%22mbox%22%3A%22mailto%3Acpannenbecker13%40gmail.com%22%2C%22name%22%3A%22Carolina%20Pannenbecker%22%7D&course_id=48659&client=AR2017&base_url=https%3A%2F%2Fahsmore.mhcollab.ca&nonce=fd70054c84 HTTP/1.1" 200 - "https://ahsmore.mhcollab.ca/wp-content/uploads/uncanny-snc/33/index.html?endpoint=https://ahsmore.mhcollab.ca/ucTinCan/&auth=LearnDashId48647&course_id=48659&actor=%7B%22name%22%3A%20%5B%22Carolina%20Pannenbecker%22%5D%2C%20%22mbox%22%3A%20%5B%22mailto%3Acpannenbecker13%40gmail.com%22%5D%7D&activity_id=https://ahsmore.mhcollab.ca/wp-content/uploads/uncanny-snc/33/index.html&client=AR2017&base_url=https://ahsmore.mhcollab.ca&nonce=fd70054c84" "Mozilla/5.0 (Windows NT 10.0; Win64; x64) AppleWebKit/537.36 (KHTML, like Gecko) Chrome/131.0.0.0 Safari/537.36"
199.185.67.145 - - [21/Jan/2025:18:08:39 +0000] "PUT /ucTinCan/activities/state?stateId=cumulative_time&activityId=http%3A%2F%2FPLvSyP1tYEdNOcA1tNzTkvjSZ6Kh37_N_rise&agent=%7B%22objectType%22%3A%22Agent%22%2C%22mbox%22%3A%22mailto%3Acpannenbecker13%40gmail.com%22%2C%22name%22%3A%22Carolina%20Pannenbecker%22%7D&course_id=48659&client=AR2017&base_url=https%3A%2F%2Fahsmore.mhcollab.ca&nonce=fd70054c84 HTTP/1.1" 200 - "https://ahsmore.mhcollab.ca/wp-content/uploads/uncanny-snc/33/index.html?endpoint=https://ahsmore.mhcollab.ca/ucTinCan/&auth=LearnDashId48647&course_id=48659&actor=%7B%22name%22%3A%20%5B%22Carolina%20Pannenbecker%22%5D%2C%20%22mbox%22%3A%20%5B%22mailto%3Acpannenbecker13%40gmail.com%22%5D%7D&activity_id=https://ahsmore.mhcollab.ca/wp-content/uploads/uncanny-snc/33/index.html&client=AR2017&base_url=https://ahsmore.mhcollab.ca&nonce=fd70054c84" "Mozilla/5.0 (Windows NT 10.0; Win64; x64) AppleWebKit/537.36 (KHTML, like Gecko) Chrome/131.0.0.0 Safari/537.36"
199.185.67.145 - - [21/Jan/2025:18:08:39 +0000] "PUT /ucTinCan/activities/state?stateId=suspend_data&activityId=http%3A%2F%2FPLvSyP1tYEdNOcA1tNzTkvjSZ6Kh37_N_rise&agent=%7B%22objectType%22%3A%22Agent%22%2C%22mbox%22%3A%22mailto%3Acpannenbecker13%40gmail.com%22%2C%22name%22%3A%22Carolina%20Pannenbecker%22%7D&course_id=48659&client=AR2017&base_url=https%3A%2F%2Fahsmore.mhcollab.ca&nonce=fd70054c84 HTTP/1.1" 200 - "https://ahsmore.mhcollab.ca/wp-content/uploads/uncanny-snc/33/index.html?endpoint=https://ahsmore.mhcollab.ca/ucTinCan/&auth=LearnDashId48647&course_id=48659&actor=%7B%22name%22%3A%20%5B%22Carolina%20Pannenbecker%22%5D%2C%20%22mbox%22%3A%20%5B%22mailto%3Acpannenbecker13%40gmail.com%22%5D%7D&activity_id=https://ahsmore.mhcollab.ca/wp-content/uploads/uncanny-snc/33/index.html&client=AR2017&base_url=https://ahsmore.mhcollab.ca&nonce=fd70054c84" "Mozilla/5.0 (Windows NT 10.0; Win64; x64) AppleWebKit/537.36 (KHTML, like Gecko) Chrome/131.0.0.0 Safari/537.36"
45.56.220.125 - - [21/Jan/2025:18:08:44 +0000] "POST /wp-cron.php?doing_wp_cron=1737482924.1749420166015625000000 HTTP/1.1" 200 - "-" "WordPress/6.7.1; https://ahsmore.mhcollab.ca"
216.208.243.212 - - [21/Jan/2025:18:08:42 +0000] "POST /wp-admin/admin-ajax.php HTTP/1.1" 200 31 "https://ahsmore.mhcollab.ca/wp-login.php?exceed_max_concurrent_login" "Mozilla/5.0 (iPhone; CPU iPhone OS 18_1_1 like Mac OS X) AppleWebKit/605.1.15 (KHTML, like Gecko) EdgiOS/131.0.2903.145 Version/18.0 Mobile/15E148 Safari/604.1"
199.185.67.145 - - [21/Jan/2025:18:08:44 +0000] "PUT /ucTinCan/activities/state?stateId=cumulative_time&activityId=http%3A%2F%2FPLvSyP1tYEdNOcA1tNzTkvjSZ6Kh37_N_rise&agent=%7B%22objectType%22%3A%22Agent%22%2C%22mbox%22%3A%22mailto%3Acpannenbecker13%40gmail.com%22%2C%22name%22%3A%22Carolina%20Pannenbecker%22%7D&course_id=48659&client=AR2017&base_url=https%3A%2F%2Fahsmore.mhcollab.ca&nonce=fd70054c84 HTTP/1.1" 200 - "https://ahsmore.mhcollab.ca/wp-content/uploads/uncanny-snc/33/index.html?endpoint=https://ahsmore.mhcollab.ca/ucTinCan/&auth=LearnDashId48647&course_id=48659&actor=%7B%22name%22%3A%20%5B%22Carolina%20Pannenbecker%22%5D%2C%20%22mbox%22%3A%20%5B%22mailto%3Acpannenbecker13%40gmail.com%22%5D%7D&activity_id=https://ahsmore.mhcollab.ca/wp-content/uploads/uncanny-snc/33/index.html&client=AR2017&base_url=https://ahsmore.mhcollab.ca&nonce=fd70054c84" "Mozilla/5.0 (Windows NT 10.0; Win64; x64) AppleWebKit/537.36 (KHTML, like Gecko) Chrome/131.0.0.0 Safari/537.36"
216.208.243.212 - - [21/Jan/2025:18:08:44 +0000] "POST /wp-login.php HTTP/1.1" 302 - "https://ahsmore.mhcollab.ca/wp-login.php?exceed_max_concurrent_login" "Mozilla/5.0 (iPhone; CPU iPhone OS 18_1_1 like Mac OS X) AppleWebKit/605.1.15 (KHTML, like Gecko) EdgiOS/131.0.2903.145 Version/18.0 Mobile/15E148 Safari/604.1"
199.185.67.145 - - [21/Jan/2025:18:08:44 +0000] "PUT /ucTinCan/activities/state?stateId=suspend_data&activityId=http%3A%2F%2FPLvSyP1tYEdNOcA1tNzTkvjSZ6Kh37_N_rise&agent=%7B%22objectType%22%3A%22Agent%22%2C%22mbox%22%3A%22mailto%3Acpannenbecker13%40gmail.com%22%2C%22name%22%3A%22Carolina%20Pannenbecker%22%7D&course_id=48659&client=AR2017&base_url=https%3A%2F%2Fahsmore.mhcollab.ca&nonce=fd70054c84 HTTP/1.1" 200 - "https://ahsmore.mhcollab.ca/wp-content/uploads/uncanny-snc/33/index.html?endpoint=https://ahsmore.mhcollab.ca/ucTinCan/&auth=LearnDashId48647&course_id=48659&actor=%7B%22name%22%3A%20%5B%22Carolina%20Pannenbecker%22%5D%2C%20%22mbox%22%3A%20%5B%22mailto%3Acpannenbecker13%40gmail.com%22%5D%7D&activity_id=https://ahsmore.mhcollab.ca/wp-content/uploads/uncanny-snc/33/index.html&client=AR2017&base_url=https://ahsmore.mhcollab.ca&nonce=fd70054c84" "Mozilla/5.0 (Windows NT 10.0; Win64; x64) AppleWebKit/537.36 (KHTML, like Gecko) Chrome/131.0.0.0 Safari/537.36"
216.208.243.212 - - [21/Jan/2025:18:08:45 +0000] "GET /wp-login.php?exceed_max_concurrent_login HTTP/1.1" 200 4521 "https://ahsmore.mhcollab.ca/wp-login.php?exceed_max_concurrent_login" "Mozilla/5.0 (iPhone; CPU iPhone OS 18_1_1 like Mac OS X) AppleWebKit/605.1.15 (KHTML, like Gecko) EdgiOS/131.0.2903.145 Version/18.0 Mobile/15E148 Safari/604.1"
199.185.67.145 - - [21/Jan/2025:18:08:58 +0000] "PUT /ucTinCan/activities/state?stateId=suspend_data&activityId=http%3A%2F%2FPLvSyP1tYEdNOcA1tNzTkvjSZ6Kh37_N_rise&agent=%7B%22objectType%22%3A%22Agent%22%2C%22mbox%22%3A%22mailto%3Acpannenbecker13%40gmail.com%22%2C%22name%22%3A%22Carolina%20Pannenbecker%22%7D&course_id=48659&client=AR2017&base_url=https%3A%2F%2Fahsmore.mhcollab.ca&nonce=fd70054c84 HTTP/1.1" 200 - "https://ahsmore.mhcollab.ca/wp-content/uploads/uncanny-snc/33/index.html?endpoint=https://ahsmore.mhcollab.ca/ucTinCan/&auth=LearnDashId48647&course_id=48659&actor=%7B%22name%22%3A%20%5B%22Carolina%20Pannenbecker%22%5D%2C%20%22mbox%22%3A%20%5B%22mailto%3Acpannenbecker13%40gmail.com%22%5D%7D&activity_id=https://ahsmore.mhcollab.ca/wp-content/uploads/uncanny-snc/33/index.html&client=AR2017&base_url=https://ahsmore.mhcollab.ca&nonce=fd70054c84" "Mozilla/5.0 (Windows NT 10.0; Win64; x64) AppleWebKit/537.36 (KHTML, like Gecko) Chrome/131.0.0.0 Safari/537.36"
199.185.67.145 - - [21/Jan/2025:18:08:58 +0000] "PUT /ucTinCan/activities/state?stateId=cumulative_time&activityId=http%3A%2F%2FPLvSyP1tYEdNOcA1tNzTkvjSZ6Kh37_N_rise&agent=%7B%22objectType%22%3A%22Agent%22%2C%22mbox%22%3A%22mailto%3Acpannenbecker13%40gmail.com%22%2C%22name%22%3A%22Carolina%20Pannenbecker%22%7D&course_id=48659&client=AR2017&base_url=https%3A%2F%2Fahsmore.mhcollab.ca&nonce=fd70054c84 HTTP/1.1" 200 - "https://ahsmore.mhcollab.ca/wp-content/uploads/uncanny-snc/33/index.html?endpoint=https://ahsmore.mhcollab.ca/ucTinCan/&auth=LearnDashId48647&course_id=48659&actor=%7B%22name%22%3A%20%5B%22Carolina%20Pannenbecker%22%5D%2C%20%22mbox%22%3A%20%5B%22mailto%3Acpannenbecker13%40gmail.com%22%5D%7D&activity_id=https://ahsmore.mhcollab.ca/wp-content/uploads/uncanny-snc/33/index.html&client=AR2017&base_url=https://ahsmore.mhcollab.ca&nonce=fd70054c84" "Mozilla/5.0 (Windows NT 10.0; Win64; x64) AppleWebKit/537.36 (KHTML, like Gecko) Chrome/131.0.0.0 Safari/537.36"
199.185.67.145 - - [21/Jan/2025:18:09:01 +0000] "GET /wp-content/uploads/uncanny-snc/33/lib/fonts/icomoon.ttf HTTP/1.1" 200 14948 "https://ahsmore.mhcollab.ca/wp-content/uploads/uncanny-snc/33/lib/icomoon.css" "Mozilla/5.0 (Windows NT 10.0; Win64; x64) AppleWebKit/537.36 (KHTML, like Gecko) Chrome/131.0.0.0 Safari/537.36"
199.185.67.145 - - [21/Jan/2025:18:09:02 +0000] "PUT /ucTinCan/activities/state?stateId=cumulative_time&activityId=http%3A%2F%2FPLvSyP1tYEdNOcA1tNzTkvjSZ6Kh37_N_rise&agent=%7B%22objectType%22%3A%22Agent%22%2C%22mbox%22%3A%22mailto%3Acpannenbecker13%40gmail.com%22%2C%22name%22%3A%22Carolina%20Pannenbecker%22%7D&course_id=48659&client=AR2017&base_url=https%3A%2F%2Fahsmore.mhcollab.ca&nonce=fd70054c84 HTTP/1.1" 200 - "https://ahsmore.mhcollab.ca/wp-content/uploads/uncanny-snc/33/index.html?endpoint=https://ahsmore.mhcollab.ca/ucTinCan/&auth=LearnDashId48647&course_id=48659&actor=%7B%22name%22%3A%20%5B%22Carolina%20Pannenbecker%22%5D%2C%20%22mbox%22%3A%20%5B%22mailto%3Acpannenbecker13%40gmail.com%22%5D%7D&activity_id=https://ahsmore.mhcollab.ca/wp-content/uploads/uncanny-snc/33/index.html&client=AR2017&base_url=https://ahsmore.mhcollab.ca&nonce=fd70054c84" "Mozilla/5.0 (Windows NT 10.0; Win64; x64) AppleWebKit/537.36 (KHTML, like Gecko) Chrome/131.0.0.0 Safari/537.36"
199.185.67.145 - - [21/Jan/2025:18:09:02 +0000] "PUT /ucTinCan/activities/state?stateId=suspend_data&activityId=http%3A%2F%2FPLvSyP1tYEdNOcA1tNzTkvjSZ6Kh37_N_rise&agent=%7B%22objectType%22%3A%22Agent%22%2C%22mbox%22%3A%22mailto%3Acpannenbecker13%40gmail.com%22%2C%22name%22%3A%22Carolina%20Pannenbecker%22%7D&course_id=48659&client=AR2017&base_url=https%3A%2F%2Fahsmore.mhcollab.ca&nonce=fd70054c84 HTTP/1.1" 200 - "https://ahsmore.mhcollab.ca/wp-content/uploads/uncanny-snc/33/index.html?endpoint=https://ahsmore.mhcollab.ca/ucTinCan/&auth=LearnDashId48647&course_id=48659&actor=%7B%22name%22%3A%20%5B%22Carolina%20Pannenbecker%22%5D%2C%20%22mbox%22%3A%20%5B%22mailto%3Acpannenbecker13%40gmail.com%22%5D%7D&activity_id=https://ahsmore.mhcollab.ca/wp-content/uploads/uncanny-snc/33/index.html&client=AR2017&base_url=https://ahsmore.mhcollab.ca&nonce=fd70054c84" "Mozilla/5.0 (Windows NT 10.0; Win64; x64) AppleWebKit/537.36 (KHTML, like Gecko) Chrome/131.0.0.0 Safari/537.36"
216.208.243.212 - - [21/Jan/2025:18:09:05 +0000] "POST /wp-admin/admin-ajax.php HTTP/1.1" 200 31 "https://ahsmore.mhcollab.ca/wp-login.php?exceed_max_concurrent_login" "Mozilla/5.0 (iPhone; CPU iPhone OS 18_1_1 like Mac OS X) AppleWebKit/605.1.15 (KHTML, like Gecko) EdgiOS/131.0.2903.145 Version/18.0 Mobile/15E148 Safari/604.1"
216.208.243.212 - - [21/Jan/2025:18:09:07 +0000] "POST /wp-login.php HTTP/1.1" 302 - "https://ahsmore.mhcollab.ca/wp-login.php?exceed_max_concurrent_login" "Mozilla/5.0 (iPhone; CPU iPhone OS 18_1_1 like Mac OS X) AppleWebKit/605.1.15 (KHTML, like Gecko) EdgiOS/131.0.2903.145 Version/18.0 Mobile/15E148 Safari/604.1"
216.208.243.212 - - [21/Jan/2025:18:09:09 +0000] "GET /wp-login.php?exceed_max_concurrent_login HTTP/1.1" 200 4521 "https://ahsmore.mhcollab.ca/wp-login.php?exceed_max_concurrent_login" "Mozilla/5.0 (iPhone; CPU iPhone OS 18_1_1 like Mac OS X) AppleWebKit/605.1.15 (KHTML, like Gecko) EdgiOS/131.0.2903.145 Version/18.0 Mobile/15E148 Safari/604.1"
216.208.243.212 - - [21/Jan/2025:18:09:19 +0000] "GET /all-courses/ HTTP/1.1" 200 30686 "https://ahsmore.mhcollab.ca/all-courses/" "Mozilla/5.0 (iPhone; CPU iPhone OS 18_1_1 like Mac OS X) AppleWebKit/605.1.15 (KHTML, like Gecko) Version/18.1.1 Mobile/15E148 Safari/604.1"
216.208.243.83 - - [21/Jan/2025:18:10:06 +0000] "GET /wp-content/uploads/2022/05/MHC_logo.png HTTP/1.1" 200 7258 "https://ahsmore.mhcollab.ca/all-courses/" "Mozilla/5.0 (iPhone; CPU iPhone OS 18_1_1 like Mac OS X) AppleWebKit/605.1.15 (KHTML, like Gecko) Version/18.1.1 Mobile/15E148 Safari/604.1"
216.208.243.83 - - [21/Jan/2025:18:10:06 +0000] "GET /wp-content/uploads/2023/08/CES_Color.png HTTP/1.1" 200 17548 "https://ahsmore.mhcollab.ca/all-courses/" "Mozilla/5.0 (iPhone; CPU iPhone OS 18_1_1 like Mac OS X) AppleWebKit/605.1.15 (KHTML, like Gecko) Version/18.1.1 Mobile/15E148 Safari/604.1"
216.208.243.83 - - [21/Jan/2025:18:10:06 +0000] "GET /wp-content/uploads/2023/04/Logo-Mental_Health_Literacy-vertical-1320x566.png HTTP/1.1" 200 47784 "https://ahsmore.mhcollab.ca/all-courses/" "Mozilla/5.0 (iPhone; CPU iPhone OS 18_1_1 like Mac OS X) AppleWebKit/605.1.15 (KHTML, like Gecko) Version/18.1.1 Mobile/15E148 Safari/604.1"
216.208.243.212 - - [21/Jan/2025:18:10:08 +0000] "GET /wp-content/uploads/2022/09/CPD_2022-blue-1320x434.png HTTP/1.1" 200 85691 "https://ahsmore.mhcollab.ca/all-courses/" "Mozilla/5.0 (iPhone; CPU iPhone OS 18_1_1 like Mac OS X) AppleWebKit/605.1.15 (KHTML, like Gecko) Version/18.1.1 Mobile/15E148 Safari/604.1"
199.185.67.145 - - [21/Jan/2025:18:10:23 +0000] "PUT /ucTinCan/activities/state?stateId=suspend_data&activityId=http%3A%2F%2FPLvSyP1tYEdNOcA1tNzTkvjSZ6Kh37_N_rise&agent=%7B%22objectType%22%3A%22Agent%22%2C%22mbox%22%3A%22mailto%3Acpannenbecker13%40gmail.com%22%2C%22name%22%3A%22Carolina%20Pannenbecker%22%7D&course_id=48659&client=AR2017&base_url=https%3A%2F%2Fahsmore.mhcollab.ca&nonce=fd70054c84 HTTP/1.1" 200 - "https://ahsmore.mhcollab.ca/wp-content/uploads/uncanny-snc/33/index.html?endpoint=https://ahsmore.mhcollab.ca/ucTinCan/&auth=LearnDashId48647&course_id=48659&actor=%7B%22name%22%3A%20%5B%22Carolina%20Pannenbecker%22%5D%2C%20%22mbox%22%3A%20%5B%22mailto%3Acpannenbecker13%40gmail.com%22%5D%7D&activity_id=https://ahsmore.mhcollab.ca/wp-content/uploads/uncanny-snc/33/index.html&client=AR2017&base_url=https://ahsmore.mhcollab.ca&nonce=fd70054c84" "Mozilla/5.0 (Windows NT 10.0; Win64; x64) AppleWebKit/537.36 (KHTML, like Gecko) Chrome/131.0.0.0 Safari/537.36"
199.185.67.145 - - [21/Jan/2025:18:10:23 +0000] "PUT /ucTinCan/activities/state?stateId=cumulative_time&activityId=http%3A%2F%2FPLvSyP1tYEdNOcA1tNzTkvjSZ6Kh37_N_rise&agent=%7B%22objectType%22%3A%22Agent%22%2C%22mbox%22%3A%22mailto%3Acpannenbecker13%40gmail.com%22%2C%22name%22%3A%22Carolina%20Pannenbecker%22%7D&course_id=48659&client=AR2017&base_url=https%3A%2F%2Fahsmore.mhcollab.ca&nonce=fd70054c84 HTTP/1.1" 200 - "https://ahsmore.mhcollab.ca/wp-content/uploads/uncanny-snc/33/index.html?endpoint=https://ahsmore.mhcollab.ca/ucTinCan/&auth=LearnDashId48647&course_id=48659&actor=%7B%22name%22%3A%20%5B%22Carolina%20Pannenbecker%22%5D%2C%20%22mbox%22%3A%20%5B%22mailto%3Acpannenbecker13%40gmail.com%22%5D%7D&activity_id=https://ahsmore.mhcollab.ca/wp-content/uploads/uncanny-snc/33/index.html&client=AR2017&base_url=https://ahsmore.mhcollab.ca&nonce=fd70054c84" "Mozilla/5.0 (Windows NT 10.0; Win64; x64) AppleWebKit/537.36 (KHTML, like Gecko) Chrome/131.0.0.0 Safari/537.36"
45.56.220.125 - - [21/Jan/2025:18:10:27 +0000] "POST /wp-cron.php?doing_wp_cron=1737483027.8886730670928955078125 HTTP/1.1" 200 - "-" "WordPress/6.7.1; https://ahsmore.mhcollab.ca"
216.208.243.212 - - [21/Jan/2025:18:10:26 +0000] "GET /courses/what-educators-need-to-know-about-eating-disorders/ HTTP/1.1" 200 26619 "https://ahsmore.mhcollab.ca/all-courses/" "Mozilla/5.0 (iPhone; CPU iPhone OS 18_1_1 like Mac OS X) AppleWebKit/605.1.15 (KHTML, like Gecko) Version/18.1.1 Mobile/15E148 Safari/604.1"
216.208.243.212 - - [21/Jan/2025:18:10:28 +0000] "GET /wp-content/plugins/sfwd-lms/assets/js/learndash-payments.min.js?ver=4.20.0.3 HTTP/1.1" 200 408 "https://ahsmore.mhcollab.ca/courses/what-educators-need-to-know-about-eating-disorders/" "Mozilla/5.0 (iPhone; CPU iPhone OS 18_1_1 like Mac OS X) AppleWebKit/605.1.15 (KHTML, like Gecko) Version/18.1.1 Mobile/15E148 Safari/604.1"
216.208.243.212 - - [21/Jan/2025:18:10:32 +0000] "GET /all-courses/ HTTP/1.1" 200 30686 "https://ahsmore.mhcollab.ca/all-courses/" "Mozilla/5.0 (iPhone; CPU iPhone OS 18_1_1 like Mac OS X) AppleWebKit/605.1.15 (KHTML, like Gecko) Version/18.1.1 Mobile/15E148 Safari/604.1"
199.185.67.145 - - [21/Jan/2025:18:10:42 +0000] "PUT /ucTinCan/activities/state?stateId=suspend_data&activityId=http%3A%2F%2FPLvSyP1tYEdNOcA1tNzTkvjSZ6Kh37_N_rise&agent=%7B%22objectType%22%3A%22Agent%22%2C%22mbox%22%3A%22mailto%3Acpannenbecker13%40gmail.com%22%2C%22name%22%3A%22Carolina%20Pannenbecker%22%7D&course_id=48659&client=AR2017&base_url=https%3A%2F%2Fahsmore.mhcollab.ca&nonce=fd70054c84 HTTP/1.1" 200 - "https://ahsmore.mhcollab.ca/wp-content/uploads/uncanny-snc/33/index.html?endpoint=https://ahsmore.mhcollab.ca/ucTinCan/&auth=LearnDashId48647&course_id=48659&actor=%7B%22name%22%3A%20%5B%22Carolina%20Pannenbecker%22%5D%2C%20%22mbox%22%3A%20%5B%22mailto%3Acpannenbecker13%40gmail.com%22%5D%7D&activity_id=https://ahsmore.mhcollab.ca/wp-content/uploads/uncanny-snc/33/index.html&client=AR2017&base_url=https://ahsmore.mhcollab.ca&nonce=fd70054c84" "Mozilla/5.0 (Windows NT 10.0; Win64; x64) AppleWebKit/537.36 (KHTML, like Gecko) Chrome/131.0.0.0 Safari/537.36"
199.185.67.145 - - [21/Jan/2025:18:10:42 +0000] "PUT /ucTinCan/activities/state?stateId=cumulative_time&activityId=http%3A%2F%2FPLvSyP1tYEdNOcA1tNzTkvjSZ6Kh37_N_rise&agent=%7B%22objectType%22%3A%22Agent%22%2C%22mbox%22%3A%22mailto%3Acpannenbecker13%40gmail.com%22%2C%22name%22%3A%22Carolina%20Pannenbecker%22%7D&course_id=48659&client=AR2017&base_url=https%3A%2F%2Fahsmore.mhcollab.ca&nonce=fd70054c84 HTTP/1.1" 200 - "https://ahsmore.mhcollab.ca/wp-content/uploads/uncanny-snc/33/index.html?endpoint=https://ahsmore.mhcollab.ca/ucTinCan/&auth=LearnDashId48647&course_id=48659&actor=%7B%22name%22%3A%20%5B%22Carolina%20Pannenbecker%22%5D%2C%20%22mbox%22%3A%20%5B%22mailto%3Acpannenbecker13%40gmail.com%22%5D%7D&activity_id=https://ahsmore.mhcollab.ca/wp-content/uploads/uncanny-snc/33/index.html&client=AR2017&base_url=https://ahsmore.mhcollab.ca&nonce=fd70054c84" "Mozilla/5.0 (Windows NT 10.0; Win64; x64) AppleWebKit/537.36 (KHTML, like Gecko) Chrome/131.0.0.0 Safari/537.36"
199.185.67.145 - - [21/Jan/2025:18:10:44 +0000] "PUT /ucTinCan/activities/state?stateId=suspend_data&activityId=http%3A%2F%2FPLvSyP1tYEdNOcA1tNzTkvjSZ6Kh37_N_rise&agent=%7B%22objectType%22%3A%22Agent%22%2C%22mbox%22%3A%22mailto%3Acpannenbecker13%40gmail.com%22%2C%22name%22%3A%22Carolina%20Pannenbecker%22%7D&course_id=48659&client=AR2017&base_url=https%3A%2F%2Fahsmore.mhcollab.ca&nonce=fd70054c84 HTTP/1.1" 200 - "https://ahsmore.mhcollab.ca/wp-content/uploads/uncanny-snc/33/index.html?endpoint=https://ahsmore.mhcollab.ca/ucTinCan/&auth=LearnDashId48647&course_id=48659&actor=%7B%22name%22%3A%20%5B%22Carolina%20Pannenbecker%22%5D%2C%20%22mbox%22%3A%20%5B%22mailto%3Acpannenbecker13%40gmail.com%22%5D%7D&activity_id=https://ahsmore.mhcollab.ca/wp-content/uploads/uncanny-snc/33/index.html&client=AR2017&base_url=https://ahsmore.mhcollab.ca&nonce=fd70054c84" "Mozilla/5.0 (Windows NT 10.0; Win64; x64) AppleWebKit/537.36 (KHTML, like Gecko) Chrome/131.0.0.0 Safari/537.36"
199.185.67.145 - - [21/Jan/2025:18:10:44 +0000] "PUT /ucTinCan/activities/state?stateId=cumulative_time&activityId=http%3A%2F%2FPLvSyP1tYEdNOcA1tNzTkvjSZ6Kh37_N_rise&agent=%7B%22objectType%22%3A%22Agent%22%2C%22mbox%22%3A%22mailto%3Acpannenbecker13%40gmail.com%22%2C%22name%22%3A%22Carolina%20Pannenbecker%22%7D&course_id=48659&client=AR2017&base_url=https%3A%2F%2Fahsmore.mhcollab.ca&nonce=fd70054c84 HTTP/1.1" 200 - "https://ahsmore.mhcollab.ca/wp-content/uploads/uncanny-snc/33/index.html?endpoint=https://ahsmore.mhcollab.ca/ucTinCan/&auth=LearnDashId48647&course_id=48659&actor=%7B%22name%22%3A%20%5B%22Carolina%20Pannenbecker%22%5D%2C%20%22mbox%22%3A%20%5B%22mailto%3Acpannenbecker13%40gmail.com%22%5D%7D&activity_id=https://ahsmore.mhcollab.ca/wp-content/uploads/uncanny-snc/33/index.html&client=AR2017&base_url=https://ahsmore.mhcollab.ca&nonce=fd70054c84" "Mozilla/5.0 (Windows NT 10.0; Win64; x64) AppleWebKit/537.36 (KHTML, like Gecko) Chrome/131.0.0.0 Safari/537.36"
216.208.243.212 - - [21/Jan/2025:18:10:47 +0000] "POST /wp-admin/admin-ajax.php HTTP/1.1" 200 2441 "https://ahsmore.mhcollab.ca/all-courses/" "Mozilla/5.0 (iPhone; CPU iPhone OS 18_1_1 like Mac OS X) AppleWebKit/605.1.15 (KHTML, like Gecko) Version/18.1.1 Mobile/15E148 Safari/604.1"
216.208.243.212 - - [21/Jan/2025:18:10:56 +0000] "GET /courses/what-educators-need-to-know-about-eating-disorders/ HTTP/1.1" 200 26619 "https://ahsmore.mhcollab.ca/all-courses/" "Mozilla/5.0 (iPhone; CPU iPhone OS 18_1_1 like Mac OS X) AppleWebKit/605.1.15 (KHTML, like Gecko) Version/18.1.1 Mobile/15E148 Safari/604.1"
199.185.67.145 - - [21/Jan/2025:18:11:02 +0000] "PUT /ucTinCan/activities/state?stateId=suspend_data&activityId=http%3A%2F%2FPLvSyP1tYEdNOcA1tNzTkvjSZ6Kh37_N_rise&agent=%7B%22objectType%22%3A%22Agent%22%2C%22mbox%22%3A%22mailto%3Acpannenbecker13%40gmail.com%22%2C%22name%22%3A%22Carolina%20Pannenbecker%22%7D&course_id=48659&client=AR2017&base_url=https%3A%2F%2Fahsmore.mhcollab.ca&nonce=fd70054c84 HTTP/1.1" 200 - "https://ahsmore.mhcollab.ca/wp-content/uploads/uncanny-snc/33/index.html?endpoint=https://ahsmore.mhcollab.ca/ucTinCan/&auth=LearnDashId48647&course_id=48659&actor=%7B%22name%22%3A%20%5B%22Carolina%20Pannenbecker%22%5D%2C%20%22mbox%22%3A%20%5B%22mailto%3Acpannenbecker13%40gmail.com%22%5D%7D&activity_id=https://ahsmore.mhcollab.ca/wp-content/uploads/uncanny-snc/33/index.html&client=AR2017&base_url=https://ahsmore.mhcollab.ca&nonce=fd70054c84" "Mozilla/5.0 (Windows NT 10.0; Win64; x64) AppleWebKit/537.36 (KHTML, like Gecko) Chrome/131.0.0.0 Safari/537.36"
199.185.67.145 - - [21/Jan/2025:18:11:02 +0000] "PUT /ucTinCan/activities/state?stateId=cumulative_time&activityId=http%3A%2F%2FPLvSyP1tYEdNOcA1tNzTkvjSZ6Kh37_N_rise&agent=%7B%22objectType%22%3A%22Agent%22%2C%22mbox%22%3A%22mailto%3Acpannenbecker13%40gmail.com%22%2C%22name%22%3A%22Carolina%20Pannenbecker%22%7D&course_id=48659&client=AR2017&base_url=https%3A%2F%2Fahsmore.mhcollab.ca&nonce=fd70054c84 HTTP/1.1" 200 - "https://ahsmore.mhcollab.ca/wp-content/uploads/uncanny-snc/33/index.html?endpoint=https://ahsmore.mhcollab.ca/ucTinCan/&auth=LearnDashId48647&course_id=48659&actor=%7B%22name%22%3A%20%5B%22Carolina%20Pannenbecker%22%5D%2C%20%22mbox%22%3A%20%5B%22mailto%3Acpannenbecker13%40gmail.com%22%5D%7D&activity_id=https://ahsmore.mhcollab.ca/wp-content/uploads/uncanny-snc/33/index.html&client=AR2017&base_url=https://ahsmore.mhcollab.ca&nonce=fd70054c84" "Mozilla/5.0 (Windows NT 10.0; Win64; x64) AppleWebKit/537.36 (KHTML, like Gecko) Chrome/131.0.0.0 Safari/537.36"
199.185.67.145 - - [21/Jan/2025:18:11:06 +0000] "PUT /ucTinCan/statements?statementId=d012f618-3f28-4970-81a5-3b2bd83d496e&course_id=48659&client=AR2017&base_url=https%3A%2F%2Fahsmore.mhcollab.ca&nonce=fd70054c84 HTTP/1.1" 200 60 "https://ahsmore.mhcollab.ca/wp-content/uploads/uncanny-snc/33/index.html?endpoint=https://ahsmore.mhcollab.ca/ucTinCan/&auth=LearnDashId48647&course_id=48659&actor=%7B%22name%22%3A%20%5B%22Carolina%20Pannenbecker%22%5D%2C%20%22mbox%22%3A%20%5B%22mailto%3Acpannenbecker13%40gmail.com%22%5D%7D&activity_id=https://ahsmore.mhcollab.ca/wp-content/uploads/uncanny-snc/33/index.html&client=AR2017&base_url=https://ahsmore.mhcollab.ca&nonce=fd70054c84" "Mozilla/5.0 (Windows NT 10.0; Win64; x64) AppleWebKit/537.36 (KHTML, like Gecko) Chrome/131.0.0.0 Safari/537.36"
199.185.67.145 - - [21/Jan/2025:18:11:07 +0000] "PUT /ucTinCan/statements?statementId=75d74f33-a920-4a88-a855-ea0ac569de9a&course_id=48659&client=AR2017&base_url=https%3A%2F%2Fahsmore.mhcollab.ca&nonce=fd70054c84 HTTP/1.1" 200 60 "https://ahsmore.mhcollab.ca/wp-content/uploads/uncanny-snc/33/index.html?endpoint=https://ahsmore.mhcollab.ca/ucTinCan/&auth=LearnDashId48647&course_id=48659&actor=%7B%22name%22%3A%20%5B%22Carolina%20Pannenbecker%22%5D%2C%20%22mbox%22%3A%20%5B%22mailto%3Acpannenbecker13%40gmail.com%22%5D%7D&activity_id=https://ahsmore.mhcollab.ca/wp-content/uploads/uncanny-snc/33/index.html&client=AR2017&base_url=https://ahsmore.mhcollab.ca&nonce=fd70054c84" "Mozilla/5.0 (Windows NT 10.0; Win64; x64) AppleWebKit/537.36 (KHTML, like Gecko) Chrome/131.0.0.0 Safari/537.36"
199.185.67.145 - - [21/Jan/2025:18:11:08 +0000] "PUT /ucTinCan/activities/state?stateId=suspend_data&activityId=http%3A%2F%2FPLvSyP1tYEdNOcA1tNzTkvjSZ6Kh37_N_rise&agent=%7B%22objectType%22%3A%22Agent%22%2C%22mbox%22%3A%22mailto%3Acpannenbecker13%40gmail.com%22%2C%22name%22%3A%22Carolina%20Pannenbecker%22%7D&course_id=48659&client=AR2017&base_url=https%3A%2F%2Fahsmore.mhcollab.ca&nonce=fd70054c84 HTTP/1.1" 200 - "https://ahsmore.mhcollab.ca/wp-content/uploads/uncanny-snc/33/index.html?endpoint=https://ahsmore.mhcollab.ca/ucTinCan/&auth=LearnDashId48647&course_id=48659&actor=%7B%22name%22%3A%20%5B%22Carolina%20Pannenbecker%22%5D%2C%20%22mbox%22%3A%20%5B%22mailto%3Acpannenbecker13%40gmail.com%22%5D%7D&activity_id=https://ahsmore.mhcollab.ca/wp-content/uploads/uncanny-snc/33/index.html&client=AR2017&base_url=https://ahsmore.mhcollab.ca&nonce=fd70054c84" "Mozilla/5.0 (Windows NT 10.0; Win64; x64) AppleWebKit/537.36 (KHTML, like Gecko) Chrome/131.0.0.0 Safari/537.36"
199.185.67.145 - - [21/Jan/2025:18:11:08 +0000] "PUT /ucTinCan/activities/state?stateId=cumulative_time&activityId=http%3A%2F%2FPLvSyP1tYEdNOcA1tNzTkvjSZ6Kh37_N_rise&agent=%7B%22objectType%22%3A%22Agent%22%2C%22mbox%22%3A%22mailto%3Acpannenbecker13%40gmail.com%22%2C%22name%22%3A%22Carolina%20Pannenbecker%22%7D&course_id=48659&client=AR2017&base_url=https%3A%2F%2Fahsmore.mhcollab.ca&nonce=fd70054c84 HTTP/1.1" 200 - "https://ahsmore.mhcollab.ca/wp-content/uploads/uncanny-snc/33/index.html?endpoint=https://ahsmore.mhcollab.ca/ucTinCan/&auth=LearnDashId48647&course_id=48659&actor=%7B%22name%22%3A%20%5B%22Carolina%20Pannenbecker%22%5D%2C%20%22mbox%22%3A%20%5B%22mailto%3Acpannenbecker13%40gmail.com%22%5D%7D&activity_id=https://ahsmore.mhcollab.ca/wp-content/uploads/uncanny-snc/33/index.html&client=AR2017&base_url=https://ahsmore.mhcollab.ca&nonce=fd70054c84" "Mozilla/5.0 (Windows NT 10.0; Win64; x64) AppleWebKit/537.36 (KHTML, like Gecko) Chrome/131.0.0.0 Safari/537.36"
199.185.67.145 - - [21/Jan/2025:18:11:11 +0000] "GET /wp-content/uploads/uncanny-snc/33/assets/1-woman%20looking%20at%20laptop%20from%20behind.png HTTP/1.1" 200 55633 "https://ahsmore.mhcollab.ca/wp-content/uploads/uncanny-snc/33/index.html?endpoint=https://ahsmore.mhcollab.ca/ucTinCan/&auth=LearnDashId48647&course_id=48659&actor=%7B%22name%22%3A%20%5B%22Carolina%20Pannenbecker%22%5D%2C%20%22mbox%22%3A%20%5B%22mailto%3Acpannenbecker13%40gmail.com%22%5D%7D&activity_id=https://ahsmore.mhcollab.ca/wp-content/uploads/uncanny-snc/33/index.html&client=AR2017&base_url=https://ahsmore.mhcollab.ca&nonce=fd70054c84" "Mozilla/5.0 (Windows NT 10.0; Win64; x64) AppleWebKit/537.36 (KHTML, like Gecko) Chrome/131.0.0.0 Safari/537.36"
199.185.67.145 - - [21/Jan/2025:18:11:11 +0000] "GET /wp-content/uploads/uncanny-snc/33/assets/2-laptop%20pov.png HTTP/1.1" 200 15897 "https://ahsmore.mhcollab.ca/wp-content/uploads/uncanny-snc/33/index.html?endpoint=https://ahsmore.mhcollab.ca/ucTinCan/&auth=LearnDashId48647&course_id=48659&actor=%7B%22name%22%3A%20%5B%22Carolina%20Pannenbecker%22%5D%2C%20%22mbox%22%3A%20%5B%22mailto%3Acpannenbecker13%40gmail.com%22%5D%7D&activity_id=https://ahsmore.mhcollab.ca/wp-content/uploads/uncanny-snc/33/index.html&client=AR2017&base_url=https://ahsmore.mhcollab.ca&nonce=fd70054c84" "Mozilla/5.0 (Windows NT 10.0; Win64; x64) AppleWebKit/537.36 (KHTML, like Gecko) Chrome/131.0.0.0 Safari/537.36"
199.185.67.145 - - [21/Jan/2025:18:11:11 +0000] "GET /wp-content/uploads/uncanny-snc/33/assets/Untitled%20%28600%20%C3%97%20338%20px%29%20%284%29.png HTTP/1.1" 200 10374 "https://ahsmore.mhcollab.ca/wp-content/uploads/uncanny-snc/33/index.html?endpoint=https://ahsmore.mhcollab.ca/ucTinCan/&auth=LearnDashId48647&course_id=48659&actor=%7B%22name%22%3A%20%5B%22Carolina%20Pannenbecker%22%5D%2C%20%22mbox%22%3A%20%5B%22mailto%3Acpannenbecker13%40gmail.com%22%5D%7D&activity_id=https://ahsmore.mhcollab.ca/wp-content/uploads/uncanny-snc/33/index.html&client=AR2017&base_url=https://ahsmore.mhcollab.ca&nonce=fd70054c84" "Mozilla/5.0 (Windows NT 10.0; Win64; x64) AppleWebKit/537.36 (KHTML, like Gecko) Chrome/131.0.0.0 Safari/537.36"
199.185.67.145 - - [21/Jan/2025:18:11:11 +0000] "GET /wp-content/uploads/uncanny-snc/33/assets/artboard12.jpg HTTP/1.1" 200 28812 "https://ahsmore.mhcollab.ca/wp-content/uploads/uncanny-snc/33/index.html?endpoint=https://ahsmore.mhcollab.ca/ucTinCan/&auth=LearnDashId48647&course_id=48659&actor=%7B%22name%22%3A%20%5B%22Carolina%20Pannenbecker%22%5D%2C%20%22mbox%22%3A%20%5B%22mailto%3Acpannenbecker13%40gmail.com%22%5D%7D&activity_id=https://ahsmore.mhcollab.ca/wp-content/uploads/uncanny-snc/33/index.html&client=AR2017&base_url=https://ahsmore.mhcollab.ca&nonce=fd70054c84" "Mozilla/5.0 (Windows NT 10.0; Win64; x64) AppleWebKit/537.36 (KHTML, like Gecko) Chrome/131.0.0.0 Safari/537.36"
199.185.67.145 - - [21/Jan/2025:18:11:11 +0000] "GET /wp-content/uploads/uncanny-snc/33/assets/engagement1.png HTTP/1.1" 200 41978 "https://ahsmore.mhcollab.ca/wp-content/uploads/uncanny-snc/33/index.html?endpoint=https://ahsmore.mhcollab.ca/ucTinCan/&auth=LearnDashId48647&course_id=48659&actor=%7B%22name%22%3A%20%5B%22Carolina%20Pannenbecker%22%5D%2C%20%22mbox%22%3A%20%5B%22mailto%3Acpannenbecker13%40gmail.com%22%5D%7D&activity_id=https://ahsmore.mhcollab.ca/wp-content/uploads/uncanny-snc/33/index.html&client=AR2017&base_url=https://ahsmore.mhcollab.ca&nonce=fd70054c84" "Mozilla/5.0 (Windows NT 10.0; Win64; x64) AppleWebKit/537.36 (KHTML, like Gecko) Chrome/131.0.0.0 Safari/537.36"
199.185.67.145 - - [21/Jan/2025:18:11:11 +0000] "GET /wp-content/uploads/uncanny-snc/33/assets/Artboard1.jpg HTTP/1.1" 200 56249 "https://ahsmore.mhcollab.ca/wp-content/uploads/uncanny-snc/33/index.html?endpoint=https://ahsmore.mhcollab.ca/ucTinCan/&auth=LearnDashId48647&course_id=48659&actor=%7B%22name%22%3A%20%5B%22Carolina%20Pannenbecker%22%5D%2C%20%22mbox%22%3A%20%5B%22mailto%3Acpannenbecker13%40gmail.com%22%5D%7D&activity_id=https://ahsmore.mhcollab.ca/wp-content/uploads/uncanny-snc/33/index.html&client=AR2017&base_url=https://ahsmore.mhcollab.ca&nonce=fd70054c84" "Mozilla/5.0 (Windows NT 10.0; Win64; x64) AppleWebKit/537.36 (KHTML, like Gecko) Chrome/131.0.0.0 Safari/537.36"
199.185.67.145 - - [21/Jan/2025:18:11:11 +0000] "GET /wp-content/uploads/uncanny-snc/33/assets/artboard9.jpg HTTP/1.1" 200 51953 "https://ahsmore.mhcollab.ca/wp-content/uploads/uncanny-snc/33/index.html?endpoint=https://ahsmore.mhcollab.ca/ucTinCan/&auth=LearnDashId48647&course_id=48659&actor=%7B%22name%22%3A%20%5B%22Carolina%20Pannenbecker%22%5D%2C%20%22mbox%22%3A%20%5B%22mailto%3Acpannenbecker13%40gmail.com%22%5D%7D&activity_id=https://ahsmore.mhcollab.ca/wp-content/uploads/uncanny-snc/33/index.html&client=AR2017&base_url=https://ahsmore.mhcollab.ca&nonce=fd70054c84" "Mozilla/5.0 (Windows NT 10.0; Win64; x64) AppleWebKit/537.36 (KHTML, like Gecko) Chrome/131.0.0.0 Safari/537.36"
199.185.67.145 - - [21/Jan/2025:18:11:11 +0000] "GET /wp-content/uploads/uncanny-snc/33/assets/GVKz_j/zoom%20meeting%202.png HTTP/1.1" 200 25228 "https://ahsmore.mhcollab.ca/wp-content/uploads/uncanny-snc/33/index.html?endpoint=https://ahsmore.mhcollab.ca/ucTinCan/&auth=LearnDashId48647&course_id=48659&actor=%7B%22name%22%3A%20%5B%22Carolina%20Pannenbecker%22%5D%2C%20%22mbox%22%3A%20%5B%22mailto%3Acpannenbecker13%40gmail.com%22%5D%7D&activity_id=https://ahsmore.mhcollab.ca/wp-content/uploads/uncanny-snc/33/index.html&client=AR2017&base_url=https://ahsmore.mhcollab.ca&nonce=fd70054c84" "Mozilla/5.0 (Windows NT 10.0; Win64; x64) AppleWebKit/537.36 (KHTML, like Gecko) Chrome/131.0.0.0 Safari/537.36"
199.185.67.145 - - [21/Jan/2025:18:11:11 +0000] "GET /wp-content/uploads/uncanny-snc/33/assets/prep2%20.jpg HTTP/1.1" 200 69786 "https://ahsmore.mhcollab.ca/wp-content/uploads/uncanny-snc/33/index.html?endpoint=https://ahsmore.mhcollab.ca/ucTinCan/&auth=LearnDashId48647&course_id=48659&actor=%7B%22name%22%3A%20%5B%22Carolina%20Pannenbecker%22%5D%2C%20%22mbox%22%3A%20%5B%22mailto%3Acpannenbecker13%40gmail.com%22%5D%7D&activity_id=https://ahsmore.mhcollab.ca/wp-content/uploads/uncanny-snc/33/index.html&client=AR2017&base_url=https://ahsmore.mhcollab.ca&nonce=fd70054c84" "Mozilla/5.0 (Windows NT 10.0; Win64; x64) AppleWebKit/537.36 (KHTML, like Gecko) Chrome/131.0.0.0 Safari/537.36"
199.185.67.145 - - [21/Jan/2025:18:11:11 +0000] "GET /wp-content/uploads/uncanny-snc/33/assets/Untitled%20%282%29.jpg HTTP/1.1" 200 32733 "https://ahsmore.mhcollab.ca/wp-content/uploads/uncanny-snc/33/index.html?endpoint=https://ahsmore.mhcollab.ca/ucTinCan/&auth=LearnDashId48647&course_id=48659&actor=%7B%22name%22%3A%20%5B%22Carolina%20Pannenbecker%22%5D%2C%20%22mbox%22%3A%20%5B%22mailto%3Acpannenbecker13%40gmail.com%22%5D%7D&activity_id=https://ahsmore.mhcollab.ca/wp-content/uploads/uncanny-snc/33/index.html&client=AR2017&base_url=https://ahsmore.mhcollab.ca&nonce=fd70054c84" "Mozilla/5.0 (Windows NT 10.0; Win64; x64) AppleWebKit/537.36 (KHTML, like Gecko) Chrome/131.0.0.0 Safari/537.36"
199.185.67.145 - - [21/Jan/2025:18:11:11 +0000] "GET /wp-content/uploads/uncanny-snc/33/assets/back%20up%20connection.png HTTP/1.1" 200 60434 "https://ahsmore.mhcollab.ca/wp-content/uploads/uncanny-snc/33/index.html?endpoint=https://ahsmore.mhcollab.ca/ucTinCan/&auth=LearnDashId48647&course_id=48659&actor=%7B%22name%22%3A%20%5B%22Carolina%20Pannenbecker%22%5D%2C%20%22mbox%22%3A%20%5B%22mailto%3Acpannenbecker13%40gmail.com%22%5D%7D&activity_id=https://ahsmore.mhcollab.ca/wp-content/uploads/uncanny-snc/33/index.html&client=AR2017&base_url=https://ahsmore.mhcollab.ca&nonce=fd70054c84" "Mozilla/5.0 (Windows NT 10.0; Win64; x64) AppleWebKit/537.36 (KHTML, like Gecko) Chrome/131.0.0.0 Safari/537.36"
199.185.67.145 - - [21/Jan/2025:18:11:11 +0000] "GET /wp-content/uploads/uncanny-snc/33/assets/engagement%20phone%20videoEMS.png HTTP/1.1" 200 111946 "https://ahsmore.mhcollab.ca/wp-content/uploads/uncanny-snc/33/index.html?endpoint=https://ahsmore.mhcollab.ca/ucTinCan/&auth=LearnDashId48647&course_id=48659&actor=%7B%22name%22%3A%20%5B%22Carolina%20Pannenbecker%22%5D%2C%20%22mbox%22%3A%20%5B%22mailto%3Acpannenbecker13%40gmail.com%22%5D%7D&activity_id=https://ahsmore.mhcollab.ca/wp-content/uploads/uncanny-snc/33/index.html&client=AR2017&base_url=https://ahsmore.mhcollab.ca&nonce=fd70054c84" "Mozilla/5.0 (Windows NT 10.0; Win64; x64) AppleWebKit/537.36 (KHTML, like Gecko) Chrome/131.0.0.0 Safari/537.36"
199.185.67.145 - - [21/Jan/2025:18:11:11 +0000] "GET /wp-content/uploads/uncanny-snc/33/assets/artboard6.jpg HTTP/1.1" 200 57705 "https://ahsmore.mhcollab.ca/wp-content/uploads/uncanny-snc/33/index.html?endpoint=https://ahsmore.mhcollab.ca/ucTinCan/&auth=LearnDashId48647&course_id=48659&actor=%7B%22name%22%3A%20%5B%22Carolina%20Pannenbecker%22%5D%2C%20%22mbox%22%3A%20%5B%22mailto%3Acpannenbecker13%40gmail.com%22%5D%7D&activity_id=https://ahsmore.mhcollab.ca/wp-content/uploads/uncanny-snc/33/index.html&client=AR2017&base_url=https://ahsmore.mhcollab.ca&nonce=fd70054c84" "Mozilla/5.0 (Windows NT 10.0; Win64; x64) AppleWebKit/537.36 (KHTML, like Gecko) Chrome/131.0.0.0 Safari/537.36"
199.185.67.145 - - [21/Jan/2025:18:11:11 +0000] "GET /wp-content/uploads/uncanny-snc/33/assets/4-woman%20on%20zoom%20meeting.png HTTP/1.1" 200 118812 "https://ahsmore.mhcollab.ca/wp-content/uploads/uncanny-snc/33/index.html?endpoint=https://ahsmore.mhcollab.ca/ucTinCan/&auth=LearnDashId48647&course_id=48659&actor=%7B%22name%22%3A%20%5B%22Carolina%20Pannenbecker%22%5D%2C%20%22mbox%22%3A%20%5B%22mailto%3Acpannenbecker13%40gmail.com%22%5D%7D&activity_id=https://ahsmore.mhcollab.ca/wp-content/uploads/uncanny-snc/33/index.html&client=AR2017&base_url=https://ahsmore.mhcollab.ca&nonce=fd70054c84" "Mozilla/5.0 (Windows NT 10.0; Win64; x64) AppleWebKit/537.36 (KHTML, like Gecko) Chrome/131.0.0.0 Safari/537.36"
199.185.67.145 - - [21/Jan/2025:18:11:11 +0000] "GET /wp-content/uploads/uncanny-snc/33/assets/consentprocedure%20tipes.png HTTP/1.1" 200 136224 "https://ahsmore.mhcollab.ca/wp-content/uploads/uncanny-snc/33/index.html?endpoint=https://ahsmore.mhcollab.ca/ucTinCan/&auth=LearnDashId48647&course_id=48659&actor=%7B%22name%22%3A%20%5B%22Carolina%20Pannenbecker%22%5D%2C%20%22mbox%22%3A%20%5B%22mailto%3Acpannenbecker13%40gmail.com%22%5D%7D&activity_id=https://ahsmore.mhcollab.ca/wp-content/uploads/uncanny-snc/33/index.html&client=AR2017&base_url=https://ahsmore.mhcollab.ca&nonce=fd70054c84" "Mozilla/5.0 (Windows NT 10.0; Win64; x64) AppleWebKit/537.36 (KHTML, like Gecko) Chrome/131.0.0.0 Safari/537.36"
199.185.67.145 - - [21/Jan/2025:18:11:11 +0000] "GET /wp-content/uploads/uncanny-snc/33/assets/engagement-video.png HTTP/1.1" 200 129172 "https://ahsmore.mhcollab.ca/wp-content/uploads/uncanny-snc/33/index.html?endpoint=https://ahsmore.mhcollab.ca/ucTinCan/&auth=LearnDashId48647&course_id=48659&actor=%7B%22name%22%3A%20%5B%22Carolina%20Pannenbecker%22%5D%2C%20%22mbox%22%3A%20%5B%22mailto%3Acpannenbecker13%40gmail.com%22%5D%7D&activity_id=https://ahsmore.mhcollab.ca/wp-content/uploads/uncanny-snc/33/index.html&client=AR2017&base_url=https://ahsmore.mhcollab.ca&nonce=fd70054c84" "Mozilla/5.0 (Windows NT 10.0; Win64; x64) AppleWebKit/537.36 (KHTML, like Gecko) Chrome/131.0.0.0 Safari/537.36"
199.185.67.145 - - [21/Jan/2025:18:11:10 +0000] "PUT /ucTinCan/activities/state?stateId=bookmark&activityId=http%3A%2F%2FPLvSyP1tYEdNOcA1tNzTkvjSZ6Kh37_N_rise&agent=%7B%22objectType%22%3A%22Agent%22%2C%22mbox%22%3A%22mailto%3Acpannenbecker13%40gmail.com%22%2C%22name%22%3A%22Carolina%20Pannenbecker%22%7D&course_id=48659&client=AR2017&base_url=https%3A%2F%2Fahsmore.mhcollab.ca&nonce=fd70054c84 HTTP/1.1" 200 - "https://ahsmore.mhcollab.ca/wp-content/uploads/uncanny-snc/33/index.html?endpoint=https://ahsmore.mhcollab.ca/ucTinCan/&auth=LearnDashId48647&course_id=48659&actor=%7B%22name%22%3A%20%5B%22Carolina%20Pannenbecker%22%5D%2C%20%22mbox%22%3A%20%5B%22mailto%3Acpannenbecker13%40gmail.com%22%5D%7D&activity_id=https://ahsmore.mhcollab.ca/wp-content/uploads/uncanny-snc/33/index.html&client=AR2017&base_url=https://ahsmore.mhcollab.ca&nonce=fd70054c84" "Mozilla/5.0 (Windows NT 10.0; Win64; x64) AppleWebKit/537.36 (KHTML, like Gecko) Chrome/131.0.0.0 Safari/537.36"
45.56.220.125 - - [21/Jan/2025:18:11:31 +0000] "POST /wp-cron.php?doing_wp_cron=1737483091.1271948814392089843750 HTTP/1.1" 200 - "-" "WordPress/6.7.1; https://ahsmore.mhcollab.ca"
199.185.67.145 - - [21/Jan/2025:18:11:33 +0000] "PUT /ucTinCan/activities/state?stateId=suspend_data&activityId=http%3A%2F%2FPLvSyP1tYEdNOcA1tNzTkvjSZ6Kh37_N_rise&agent=%7B%22objectType%22%3A%22Agent%22%2C%22mbox%22%3A%22mailto%3Acpannenbecker13%40gmail.com%22%2C%22name%22%3A%22Carolina%20Pannenbecker%22%7D&course_id=48659&client=AR2017&base_url=https%3A%2F%2Fahsmore.mhcollab.ca&nonce=fd70054c84 HTTP/1.1" 200 - "https://ahsmore.mhcollab.ca/wp-content/uploads/uncanny-snc/33/index.html?endpoint=https://ahsmore.mhcollab.ca/ucTinCan/&auth=LearnDashId48647&course_id=48659&actor=%7B%22name%22%3A%20%5B%22Carolina%20Pannenbecker%22%5D%2C%20%22mbox%22%3A%20%5B%22mailto%3Acpannenbecker13%40gmail.com%22%5D%7D&activity_id=https://ahsmore.mhcollab.ca/wp-content/uploads/uncanny-snc/33/index.html&client=AR2017&base_url=https://ahsmore.mhcollab.ca&nonce=fd70054c84" "Mozilla/5.0 (Windows NT 10.0; Win64; x64) AppleWebKit/537.36 (KHTML, like Gecko) Chrome/131.0.0.0 Safari/537.36"
199.185.67.145 - - [21/Jan/2025:18:11:33 +0000] "PUT /ucTinCan/activities/state?stateId=cumulative_time&activityId=http%3A%2F%2FPLvSyP1tYEdNOcA1tNzTkvjSZ6Kh37_N_rise&agent=%7B%22objectType%22%3A%22Agent%22%2C%22mbox%22%3A%22mailto%3Acpannenbecker13%40gmail.com%22%2C%22name%22%3A%22Carolina%20Pannenbecker%22%7D&course_id=48659&client=AR2017&base_url=https%3A%2F%2Fahsmore.mhcollab.ca&nonce=fd70054c84 HTTP/1.1" 200 - "https://ahsmore.mhcollab.ca/wp-content/uploads/uncanny-snc/33/index.html?endpoint=https://ahsmore.mhcollab.ca/ucTinCan/&auth=LearnDashId48647&course_id=48659&actor=%7B%22name%22%3A%20%5B%22Carolina%20Pannenbecker%22%5D%2C%20%22mbox%22%3A%20%5B%22mailto%3Acpannenbecker13%40gmail.com%22%5D%7D&activity_id=https://ahsmore.mhcollab.ca/wp-content/uploads/uncanny-snc/33/index.html&client=AR2017&base_url=https://ahsmore.mhcollab.ca&nonce=fd70054c84" "Mozilla/5.0 (Windows NT 10.0; Win64; x64) AppleWebKit/537.36 (KHTML, like Gecko) Chrome/131.0.0.0 Safari/537.36"
216.208.243.212 - - [21/Jan/2025:18:11:29 +0000] "POST /courses/what-educators-need-to-know-about-eating-disorders/ HTTP/1.1" 200 26864 "https://ahsmore.mhcollab.ca/courses/what-educators-need-to-know-about-eating-disorders/" "Mozilla/5.0 (iPhone; CPU iPhone OS 18_1_1 like Mac OS X) AppleWebKit/605.1.15 (KHTML, like Gecko) Version/18.1.1 Mobile/15E148 Safari/604.1"
216.208.243.212 - - [21/Jan/2025:18:11:36 +0000] "GET /wp-content/plugins/learndash-propanel/includes/reports-base/assets/js/time-tracking/index.js?ver=3.0.2 HTTP/1.1" 200 1729 "https://ahsmore.mhcollab.ca/courses/what-educators-need-to-know-about-eating-disorders/" "Mozilla/5.0 (iPhone; CPU iPhone OS 18_1_1 like Mac OS X) AppleWebKit/605.1.15 (KHTML, like Gecko) Version/18.1.1 Mobile/15E148 Safari/604.1"
199.185.67.145 - - [21/Jan/2025:18:11:54 +0000] "PUT /ucTinCan/activities/state?stateId=cumulative_time&activityId=http%3A%2F%2FPLvSyP1tYEdNOcA1tNzTkvjSZ6Kh37_N_rise&agent=%7B%22objectType%22%3A%22Agent%22%2C%22mbox%22%3A%22mailto%3Acpannenbecker13%40gmail.com%22%2C%22name%22%3A%22Carolina%20Pannenbecker%22%7D&course_id=48659&client=AR2017&base_url=https%3A%2F%2Fahsmore.mhcollab.ca&nonce=fd70054c84 HTTP/1.1" 200 - "https://ahsmore.mhcollab.ca/wp-content/uploads/uncanny-snc/33/index.html?endpoint=https://ahsmore.mhcollab.ca/ucTinCan/&auth=LearnDashId48647&course_id=48659&actor=%7B%22name%22%3A%20%5B%22Carolina%20Pannenbecker%22%5D%2C%20%22mbox%22%3A%20%5B%22mailto%3Acpannenbecker13%40gmail.com%22%5D%7D&activity_id=https://ahsmore.mhcollab.ca/wp-content/uploads/uncanny-snc/33/index.html&client=AR2017&base_url=https://ahsmore.mhcollab.ca&nonce=fd70054c84" "Mozilla/5.0 (Windows NT 10.0; Win64; x64) AppleWebKit/537.36 (KHTML, like Gecko) Chrome/131.0.0.0 Safari/537.36"
199.185.67.145 - - [21/Jan/2025:18:11:54 +0000] "PUT /ucTinCan/activities/state?stateId=suspend_data&activityId=http%3A%2F%2FPLvSyP1tYEdNOcA1tNzTkvjSZ6Kh37_N_rise&agent=%7B%22objectType%22%3A%22Agent%22%2C%22mbox%22%3A%22mailto%3Acpannenbecker13%40gmail.com%22%2C%22name%22%3A%22Carolina%20Pannenbecker%22%7D&course_id=48659&client=AR2017&base_url=https%3A%2F%2Fahsmore.mhcollab.ca&nonce=fd70054c84 HTTP/1.1" 200 - "https://ahsmore.mhcollab.ca/wp-content/uploads/uncanny-snc/33/index.html?endpoint=https://ahsmore.mhcollab.ca/ucTinCan/&auth=LearnDashId48647&course_id=48659&actor=%7B%22name%22%3A%20%5B%22Carolina%20Pannenbecker%22%5D%2C%20%22mbox%22%3A%20%5B%22mailto%3Acpannenbecker13%40gmail.com%22%5D%7D&activity_id=https://ahsmore.mhcollab.ca/wp-content/uploads/uncanny-snc/33/index.html&client=AR2017&base_url=https://ahsmore.mhcollab.ca&nonce=fd70054c84" "Mozilla/5.0 (Windows NT 10.0; Win64; x64) AppleWebKit/537.36 (KHTML, like Gecko) Chrome/131.0.0.0 Safari/537.36"
199.185.67.145 - - [21/Jan/2025:18:12:10 +0000] "PUT /ucTinCan/activities/state?stateId=suspend_data&activityId=http%3A%2F%2FPLvSyP1tYEdNOcA1tNzTkvjSZ6Kh37_N_rise&agent=%7B%22objectType%22%3A%22Agent%22%2C%22mbox%22%3A%22mailto%3Acpannenbecker13%40gmail.com%22%2C%22name%22%3A%22Carolina%20Pannenbecker%22%7D&course_id=48659&client=AR2017&base_url=https%3A%2F%2Fahsmore.mhcollab.ca&nonce=fd70054c84 HTTP/1.1" 200 - "https://ahsmore.mhcollab.ca/wp-content/uploads/uncanny-snc/33/index.html?endpoint=https://ahsmore.mhcollab.ca/ucTinCan/&auth=LearnDashId48647&course_id=48659&actor=%7B%22name%22%3A%20%5B%22Carolina%20Pannenbecker%22%5D%2C%20%22mbox%22%3A%20%5B%22mailto%3Acpannenbecker13%40gmail.com%22%5D%7D&activity_id=https://ahsmore.mhcollab.ca/wp-content/uploads/uncanny-snc/33/index.html&client=AR2017&base_url=https://ahsmore.mhcollab.ca&nonce=fd70054c84" "Mozilla/5.0 (Windows NT 10.0; Win64; x64) AppleWebKit/537.36 (KHTML, like Gecko) Chrome/131.0.0.0 Safari/537.36"
199.185.67.145 - - [21/Jan/2025:18:12:10 +0000] "PUT /ucTinCan/activities/state?stateId=cumulative_time&activityId=http%3A%2F%2FPLvSyP1tYEdNOcA1tNzTkvjSZ6Kh37_N_rise&agent=%7B%22objectType%22%3A%22Agent%22%2C%22mbox%22%3A%22mailto%3Acpannenbecker13%40gmail.com%22%2C%22name%22%3A%22Carolina%20Pannenbecker%22%7D&course_id=48659&client=AR2017&base_url=https%3A%2F%2Fahsmore.mhcollab.ca&nonce=fd70054c84 HTTP/1.1" 200 - "https://ahsmore.mhcollab.ca/wp-content/uploads/uncanny-snc/33/index.html?endpoint=https://ahsmore.mhcollab.ca/ucTinCan/&auth=LearnDashId48647&course_id=48659&actor=%7B%22name%22%3A%20%5B%22Carolina%20Pannenbecker%22%5D%2C%20%22mbox%22%3A%20%5B%22mailto%3Acpannenbecker13%40gmail.com%22%5D%7D&activity_id=https://ahsmore.mhcollab.ca/wp-content/uploads/uncanny-snc/33/index.html&client=AR2017&base_url=https://ahsmore.mhcollab.ca&nonce=fd70054c84" "Mozilla/5.0 (Windows NT 10.0; Win64; x64) AppleWebKit/537.36 (KHTML, like Gecko) Chrome/131.0.0.0 Safari/537.36"
