136.159.213.247 - - [21/Jan/2025:16:38:25 +0000] "GET /wp-content/plugins/mailpoet/assets/dist/js/public.js?ver=5.6.1 HTTP/1.1" 200 29440 "https://ahsmore.mhcollab.ca/subscribe_nl/" "Mozilla/5.0 (Macintosh; Intel Mac OS X 10_15_7) AppleWebKit/605.1.15 (KHTML, like Gecko) Version/16.6 Safari/605.1.15"
45.56.220.125 - - [21/Jan/2025:16:38:38 +0000] "POST /wp-cron.php?doing_wp_cron=1737477518.7857959270477294921875 HTTP/1.1" 200 - "-" "WordPress/6.7.1; https://ahsmore.mhcollab.ca"
136.159.213.247 - - [21/Jan/2025:16:38:37 +0000] "GET /registration/ HTTP/1.1" 200 32667 "https://ahsmore.mhcollab.ca/subscribe_nl/" "Mozilla/5.0 (Macintosh; Intel Mac OS X 10_15_7) AppleWebKit/605.1.15 (KHTML, like Gecko) Version/16.6 Safari/605.1.15"
136.159.213.247 - - [21/Jan/2025:16:38:39 +0000] "GET /wp-content/plugins/elementor/assets/css/widget-alert.min.css?ver=3.26.5 HTTP/1.1" 200 545 "https://ahsmore.mhcollab.ca/registration/" "Mozilla/5.0 (Macintosh; Intel Mac OS X 10_15_7) AppleWebKit/605.1.15 (KHTML, like Gecko) Version/16.6 Safari/605.1.15"
136.159.213.247 - - [21/Jan/2025:16:38:39 +0000] "GET /wp-content/uploads/elementor/css/post-3745.css?ver=1737140488 HTTP/1.1" 200 202 "https://ahsmore.mhcollab.ca/registration/" "Mozilla/5.0 (Macintosh; Intel Mac OS X 10_15_7) AppleWebKit/605.1.15 (KHTML, like Gecko) Version/16.6 Safari/605.1.15"
136.159.213.247 - - [21/Jan/2025:16:38:39 +0000] "GET /wp-content/plugins/user-registration/assets/js/frontend/user-registration-form-validator.min.js?ver=3.3.5.2 HTTP/1.1" 200 2969 "https://ahsmore.mhcollab.ca/registration/" "Mozilla/5.0 (Macintosh; Intel Mac OS X 10_15_7) AppleWebKit/605.1.15 (KHTML, like Gecko) Version/16.6 Safari/605.1.15"
136.159.213.247 - - [21/Jan/2025:16:38:39 +0000] "GET /wp-content/plugins/user-registration/assets/js/frontend/ur-common.min.js?ver=3.3.5.2 HTTP/1.1" 200 399 "https://ahsmore.mhcollab.ca/registration/" "Mozilla/5.0 (Macintosh; Intel Mac OS X 10_15_7) AppleWebKit/605.1.15 (KHTML, like Gecko) Version/16.6 Safari/605.1.15"
136.159.213.247 - - [21/Jan/2025:16:38:39 +0000] "GET /wp-includes/js/zxcvbn-async.min.js?ver=1.0 HTTP/1.1" 200 256 "https://ahsmore.mhcollab.ca/registration/" "Mozilla/5.0 (Macintosh; Intel Mac OS X 10_15_7) AppleWebKit/605.1.15 (KHTML, like Gecko) Version/16.6 Safari/605.1.15"
136.159.213.247 - - [21/Jan/2025:16:38:39 +0000] "GET /wp-admin/js/password-strength-meter.min.js?ver=4c07a945f927cfc17b5ef0589d82cf0d HTTP/1.1" 200 621 "https://ahsmore.mhcollab.ca/registration/" "Mozilla/5.0 (Macintosh; Intel Mac OS X 10_15_7) AppleWebKit/605.1.15 (KHTML, like Gecko) Version/16.6 Safari/605.1.15"
136.159.213.247 - - [21/Jan/2025:16:38:39 +0000] "GET /wp-content/plugins/user-registration/assets/js/frontend/password-strength-meter.min.js?ver=3.3.5.2 HTTP/1.1" 200 1041 "https://ahsmore.mhcollab.ca/registration/" "Mozilla/5.0 (Macintosh; Intel Mac OS X 10_15_7) AppleWebKit/605.1.15 (KHTML, like Gecko) Version/16.6 Safari/605.1.15"
136.159.213.247 - - [21/Jan/2025:16:38:39 +0000] "GET /wp-content/plugins/user-registration/assets/css/sweetalert2/sweetalert2.min.css?ver=10.16.7 HTTP/1.1" 200 4232 "https://ahsmore.mhcollab.ca/registration/" "Mozilla/5.0 (Macintosh; Intel Mac OS X 10_15_7) AppleWebKit/605.1.15 (KHTML, like Gecko) Version/16.6 Safari/605.1.15"
136.159.213.247 - - [21/Jan/2025:16:38:39 +0000] "GET /wp-content/plugins/user-registration/assets/js/frontend/jquery.validate.min.js?ver=1.19.5 HTTP/1.1" 200 7917 "https://ahsmore.mhcollab.ca/registration/" "Mozilla/5.0 (Macintosh; Intel Mac OS X 10_15_7) AppleWebKit/605.1.15 (KHTML, like Gecko) Version/16.6 Safari/605.1.15"
136.159.213.247 - - [21/Jan/2025:16:38:39 +0000] "GET /wp-content/plugins/user-registration/assets/js/inputmask/jquery.inputmask.bundle.min.js?ver=4.0.0-beta.58 HTTP/1.1" 200 23163 "https://ahsmore.mhcollab.ca/registration/" "Mozilla/5.0 (Macintosh; Intel Mac OS X 10_15_7) AppleWebKit/605.1.15 (KHTML, like Gecko) Version/16.6 Safari/605.1.15"
136.159.213.247 - - [21/Jan/2025:16:38:39 +0000] "GET /wp-content/plugins/user-registration/assets/js/frontend/user-registration.min.js?ver=3.3.5.2 HTTP/1.1" 200 6685 "https://ahsmore.mhcollab.ca/registration/" "Mozilla/5.0 (Macintosh; Intel Mac OS X 10_15_7) AppleWebKit/605.1.15 (KHTML, like Gecko) Version/16.6 Safari/605.1.15"
136.159.213.247 - - [21/Jan/2025:16:38:40 +0000] "GET /wp-content/plugins/elementor/assets/js/alert.85807a41381e8ed665b0.bundle.min.js HTTP/1.1" 200 370 "https://ahsmore.mhcollab.ca/registration/" "Mozilla/5.0 (Macintosh; Intel Mac OS X 10_15_7) AppleWebKit/605.1.15 (KHTML, like Gecko) Version/16.6 Safari/605.1.15"
136.159.213.247 - - [21/Jan/2025:16:38:40 +0000] "GET /wp-includes/js/zxcvbn.min.js HTTP/1.1" 200 399661 "https://ahsmore.mhcollab.ca/registration/" "Mozilla/5.0 (Macintosh; Intel Mac OS X 10_15_7) AppleWebKit/605.1.15 (KHTML, like Gecko) Version/16.6 Safari/605.1.15"
45.56.220.125 - - [21/Jan/2025:16:39:39 +0000] "POST /wp-cron.php?doing_wp_cron=1737477579.5683259963989257812500 HTTP/1.1" 200 - "-" "WordPress/6.7.1; https://ahsmore.mhcollab.ca"
74.125.215.108 - - [21/Jan/2025:16:39:38 +0000] "GET /.well-known/traffic-advice HTTP/1.1" 404 24279 "-" "Chrome Privacy Preserving Prefetch Proxy"
193.186.4.245 - - [21/Jan/2025:16:39:38 +0000] "GET / HTTP/1.1" 200 29235 "https://www.google.com/" "Mozilla/5.0 (Windows NT 10.0; Win64; x64) AppleWebKit/537.36 (KHTML, like Gecko) Chrome/131.0.0.0 Safari/537.36"
199.185.67.156 - - [21/Jan/2025:16:39:48 +0000] "GET /wp-content/uploads/articulate_uploads/Self-Harm-CES-FINAL6/html5/data/js/5zDeGiGrAeu.js HTTP/1.1" 200 2289 "https://ahsmore.mhcollab.ca/wp-content/uploads/articulate_uploads/Self-Harm-CES-FINAL6/story.html" "Mozilla/5.0 (Windows NT 10.0; Win64; x64) AppleWebKit/537.36 (KHTML, like Gecko) Chrome/132.0.0.0 Safari/537.36"
199.185.67.156 - - [21/Jan/2025:16:39:48 +0000] "GET /wp-content/uploads/articulate_uploads/Self-Harm-CES-FINAL6/mobile/txt__default_6PLi3uWLWyQ.png HTTP/1.1" 200 1139 "https://ahsmore.mhcollab.ca/wp-content/uploads/articulate_uploads/Self-Harm-CES-FINAL6/story.html" "Mozilla/5.0 (Windows NT 10.0; Win64; x64) AppleWebKit/537.36 (KHTML, like Gecko) Chrome/132.0.0.0 Safari/537.36"
192.30.99.83 - - [21/Jan/2025:16:39:56 +0000] "GET /wp-content/plugins/user-registration/assets/images/wpspin_light-2x.gif HTTP/1.1" 200 9133 "https://ahsmore.mhcollab.ca/wp-content/plugins/user-registration/assets/css/user-registration.css?ver=3.3.5.2" "Mozilla/5.0 (Windows NT 10.0; Win64; x64) AppleWebKit/537.36 (KHTML, like Gecko) Chrome/132.0.0.0 Safari/537.36 Edg/132.0.0.0"
192.30.99.83 - - [21/Jan/2025:16:39:56 +0000] "POST /wp-admin/admin-ajax.php HTTP/1.1" 200 105 "https://ahsmore.mhcollab.ca/registration/?ld_register_id=8026" "Mozilla/5.0 (Windows NT 10.0; Win64; x64) AppleWebKit/537.36 (KHTML, like Gecko) Chrome/132.0.0.0 Safari/537.36 Edg/132.0.0.0"
199.185.67.156 - - [21/Jan/2025:16:39:58 +0000] "GET /wp-content/uploads/articulate_uploads/Self-Harm-CES-FINAL6/html5/data/js/5Z0vXwaLZqK.js HTTP/1.1" 200 2970 "https://ahsmore.mhcollab.ca/wp-content/uploads/articulate_uploads/Self-Harm-CES-FINAL6/story.html" "Mozilla/5.0 (Windows NT 10.0; Win64; x64) AppleWebKit/537.36 (KHTML, like Gecko) Chrome/132.0.0.0 Safari/537.36"
199.185.67.156 - - [21/Jan/2025:16:39:58 +0000] "GET /wp-content/uploads/articulate_uploads/Self-Harm-CES-FINAL6/mobile/txt__default_5mE6Bktdx2q.png HTTP/1.1" 200 1134 "https://ahsmore.mhcollab.ca/wp-content/uploads/articulate_uploads/Self-Harm-CES-FINAL6/story.html" "Mozilla/5.0 (Windows NT 10.0; Win64; x64) AppleWebKit/537.36 (KHTML, like Gecko) Chrome/132.0.0.0 Safari/537.36"
199.185.67.156 - - [21/Jan/2025:16:39:58 +0000] "GET /wp-content/uploads/articulate_uploads/Self-Harm-CES-FINAL6/mobile/txt__default_5fx6R25cjZU.png HTTP/1.1" 200 1134 "https://ahsmore.mhcollab.ca/wp-content/uploads/articulate_uploads/Self-Harm-CES-FINAL6/story.html" "Mozilla/5.0 (Windows NT 10.0; Win64; x64) AppleWebKit/537.36 (KHTML, like Gecko) Chrome/132.0.0.0 Safari/537.36"
199.185.67.156 - - [21/Jan/2025:16:39:58 +0000] "GET /wp-content/uploads/articulate_uploads/Self-Harm-CES-FINAL6/mobile/txt__default_623EYPHysTw.png HTTP/1.1" 200 1145 "https://ahsmore.mhcollab.ca/wp-content/uploads/articulate_uploads/Self-Harm-CES-FINAL6/story.html" "Mozilla/5.0 (Windows NT 10.0; Win64; x64) AppleWebKit/537.36 (KHTML, like Gecko) Chrome/132.0.0.0 Safari/537.36"
199.185.67.145 - - [21/Jan/2025:16:29:48 +0000] "GET /wp-content/uploads/articulate_uploads/Anxiety-in-the-Classroom_noTOC_access/vr/Vi4.mp4 HTTP/1.1" 206 145695116 "https://ahsmore.mhcollab.ca/wp-content/uploads/articulate_uploads/Anxiety-in-the-Classroom_noTOC_access/index.html" "Mozilla/5.0 (Windows NT 10.0; Win64; x64) AppleWebKit/537.36 (KHTML, like Gecko) Chrome/131.0.0.0 Safari/537.36"
45.56.220.125 - - [21/Jan/2025:16:40:29 +0000] "POST /wp-cron.php?doing_wp_cron=1737477629.0955901145935058593750 HTTP/1.1" 200 - "-" "WordPress/6.7.1; https://ahsmore.mhcollab.ca"
185.40.4.149 - - [21/Jan/2025:16:40:27 +0000] "POST /xmlrpc.php HTTP/1.1" 200 217 "https://www.google.com/" "Mozilla/5.0 (Macintosh; Intel Mac OS X 10_11_6) AppleWebKit/601.7.7 (KHTML, like Gecko) Version/9.1.2 Safari/601.7.7"
185.220.101.63 - - [21/Jan/2025:16:40:30 +0000] "POST /xmlrpc.php HTTP/1.1" 200 217 "https://www.google.com/" "Mozilla/5.0 (Windows NT 10.0; Win64; x64) AppleWebKit/537.36 (KHTML, like Gecko) Chrome/80.0.3987.149 Safari/537.36"
199.185.67.156 - - [21/Jan/2025:16:40:47 +0000] "GET /wp-content/uploads/articulate_uploads/Self-Harm-CES-FINAL6/html5/data/js/6Q5OI6ALwLr.js HTTP/1.1" 200 2381 "https://ahsmore.mhcollab.ca/wp-content/uploads/articulate_uploads/Self-Harm-CES-FINAL6/story.html" "Mozilla/5.0 (Windows NT 10.0; Win64; x64) AppleWebKit/537.36 (KHTML, like Gecko) Chrome/132.0.0.0 Safari/537.36"
199.185.67.156 - - [21/Jan/2025:16:40:47 +0000] "GET /wp-content/uploads/articulate_uploads/Self-Harm-CES-FINAL6/mobile/txt__default_5nIJJP4sWcX.png HTTP/1.1" 200 1139 "https://ahsmore.mhcollab.ca/wp-content/uploads/articulate_uploads/Self-Harm-CES-FINAL6/story.html" "Mozilla/5.0 (Windows NT 10.0; Win64; x64) AppleWebKit/537.36 (KHTML, like Gecko) Chrome/132.0.0.0 Safari/537.36"
199.185.67.156 - - [21/Jan/2025:16:41:02 +0000] "GET /wp-content/uploads/articulate_uploads/Self-Harm-CES-FINAL6/html5/data/js/6ivAtl04w5S.js HTTP/1.1" 200 2285 "https://ahsmore.mhcollab.ca/wp-content/uploads/articulate_uploads/Self-Harm-CES-FINAL6/story.html" "Mozilla/5.0 (Windows NT 10.0; Win64; x64) AppleWebKit/537.36 (KHTML, like Gecko) Chrome/132.0.0.0 Safari/537.36"
199.185.67.156 - - [21/Jan/2025:16:41:02 +0000] "GET /wp-content/uploads/articulate_uploads/Self-Harm-CES-FINAL6/mobile/txt__default_5sOg3zMP4ur.png HTTP/1.1" 200 1139 "https://ahsmore.mhcollab.ca/wp-content/uploads/articulate_uploads/Self-Harm-CES-FINAL6/story.html" "Mozilla/5.0 (Windows NT 10.0; Win64; x64) AppleWebKit/537.36 (KHTML, like Gecko) Chrome/132.0.0.0 Safari/537.36"
199.185.67.156 - - [21/Jan/2025:16:41:15 +0000] "GET /wp-content/uploads/articulate_uploads/Self-Harm-CES-FINAL6/html5/data/js/6UQZ9xy5RVd.js HTTP/1.1" 200 2428 "https://ahsmore.mhcollab.ca/wp-content/uploads/articulate_uploads/Self-Harm-CES-FINAL6/story.html" "Mozilla/5.0 (Windows NT 10.0; Win64; x64) AppleWebKit/537.36 (KHTML, like Gecko) Chrome/132.0.0.0 Safari/537.36"
199.185.67.156 - - [21/Jan/2025:16:41:15 +0000] "GET /wp-content/uploads/articulate_uploads/Self-Harm-CES-FINAL6/mobile/txt__default_5Ykykw4n0iX.png HTTP/1.1" 200 1139 "https://ahsmore.mhcollab.ca/wp-content/uploads/articulate_uploads/Self-Harm-CES-FINAL6/story.html" "Mozilla/5.0 (Windows NT 10.0; Win64; x64) AppleWebKit/537.36 (KHTML, like Gecko) Chrome/132.0.0.0 Safari/537.36"
192.30.99.83 - - [21/Jan/2025:16:41:16 +0000] "GET /reset-password/ HTTP/1.1" 200 24488 "https://ahsmore.mhcollab.ca/courses/nssi-protocol-point-person/?login=failed" "Mozilla/5.0 (Windows NT 10.0; Win64; x64) AppleWebKit/537.36 (KHTML, like Gecko) Chrome/132.0.0.0 Safari/537.36 Edg/132.0.0.0"
199.185.67.156 - - [21/Jan/2025:16:41:27 +0000] "GET /wp-content/uploads/articulate_uploads/Self-Harm-CES-FINAL6/html5/data/js/6bnuUazm41P.js HTTP/1.1" 200 2705 "https://ahsmore.mhcollab.ca/wp-content/uploads/articulate_uploads/Self-Harm-CES-FINAL6/story.html" "Mozilla/5.0 (Windows NT 10.0; Win64; x64) AppleWebKit/537.36 (KHTML, like Gecko) Chrome/132.0.0.0 Safari/537.36"
199.185.67.156 - - [21/Jan/2025:16:41:27 +0000] "GET /wp-content/uploads/articulate_uploads/Self-Harm-CES-FINAL6/mobile/txt__default_6G9ujdXaQzN.png HTTP/1.1" 200 1134 "https://ahsmore.mhcollab.ca/wp-content/uploads/articulate_uploads/Self-Harm-CES-FINAL6/story.html" "Mozilla/5.0 (Windows NT 10.0; Win64; x64) AppleWebKit/537.36 (KHTML, like Gecko) Chrome/132.0.0.0 Safari/537.36"
199.185.67.156 - - [21/Jan/2025:16:41:27 +0000] "GET /wp-content/uploads/articulate_uploads/Self-Harm-CES-FINAL6/mobile/txt__default_6qpwCU5WnMU.png HTTP/1.1" 200 1134 "https://ahsmore.mhcollab.ca/wp-content/uploads/articulate_uploads/Self-Harm-CES-FINAL6/story.html" "Mozilla/5.0 (Windows NT 10.0; Win64; x64) AppleWebKit/537.36 (KHTML, like Gecko) Chrome/132.0.0.0 Safari/537.36"
45.56.220.125 - - [21/Jan/2025:16:41:29 +0000] "POST /wp-cron.php?doing_wp_cron=1737477689.3728520870208740234375 HTTP/1.1" 200 - "-" "WordPress/6.7.1; https://ahsmore.mhcollab.ca"
192.30.99.83 - - [21/Jan/2025:16:41:28 +0000] "POST /reset-password/ HTTP/1.1" 200 24584 "https://ahsmore.mhcollab.ca/reset-password/" "Mozilla/5.0 (Windows NT 10.0; Win64; x64) AppleWebKit/537.36 (KHTML, like Gecko) Chrome/132.0.0.0 Safari/537.36 Edg/132.0.0.0"
199.185.67.156 - - [21/Jan/2025:16:41:35 +0000] "GET /wp-content/uploads/articulate_uploads/Self-Harm-CES-FINAL6/html5/data/js/5cYDOgidALa.js HTTP/1.1" 200 3553 "https://ahsmore.mhcollab.ca/wp-content/uploads/articulate_uploads/Self-Harm-CES-FINAL6/story.html" "Mozilla/5.0 (Windows NT 10.0; Win64; x64) AppleWebKit/537.36 (KHTML, like Gecko) Chrome/132.0.0.0 Safari/537.36"
199.185.67.156 - - [21/Jan/2025:16:41:35 +0000] "GET /wp-content/uploads/articulate_uploads/Self-Harm-CES-FINAL6/mobile/txt__default_6bKeXv6VoPR.png HTTP/1.1" 200 1134 "https://ahsmore.mhcollab.ca/wp-content/uploads/articulate_uploads/Self-Harm-CES-FINAL6/story.html" "Mozilla/5.0 (Windows NT 10.0; Win64; x64) AppleWebKit/537.36 (KHTML, like Gecko) Chrome/132.0.0.0 Safari/537.36"
199.185.67.156 - - [21/Jan/2025:16:41:35 +0000] "GET /wp-content/uploads/articulate_uploads/Self-Harm-CES-FINAL6/mobile/txt__default_6Dx8t9Gh2gP.png HTTP/1.1" 200 1134 "https://ahsmore.mhcollab.ca/wp-content/uploads/articulate_uploads/Self-Harm-CES-FINAL6/story.html" "Mozilla/5.0 (Windows NT 10.0; Win64; x64) AppleWebKit/537.36 (KHTML, like Gecko) Chrome/132.0.0.0 Safari/537.36"
199.185.67.156 - - [21/Jan/2025:16:41:35 +0000] "GET /wp-content/uploads/articulate_uploads/Self-Harm-CES-FINAL6/mobile/txt__default_6X9kewnzq9N.png HTTP/1.1" 200 1145 "https://ahsmore.mhcollab.ca/wp-content/uploads/articulate_uploads/Self-Harm-CES-FINAL6/story.html" "Mozilla/5.0 (Windows NT 10.0; Win64; x64) AppleWebKit/537.36 (KHTML, like Gecko) Chrome/132.0.0.0 Safari/537.36"
199.185.67.156 - - [21/Jan/2025:16:41:35 +0000] "GET /wp-content/uploads/articulate_uploads/Self-Harm-CES-FINAL6/mobile/txt__default_6GoEsswCte1.png HTTP/1.1" 200 2234 "https://ahsmore.mhcollab.ca/wp-content/uploads/articulate_uploads/Self-Harm-CES-FINAL6/story.html" "Mozilla/5.0 (Windows NT 10.0; Win64; x64) AppleWebKit/537.36 (KHTML, like Gecko) Chrome/132.0.0.0 Safari/537.36"
136.159.213.247 - - [21/Jan/2025:16:41:40 +0000] "GET /wp-content/plugins/user-registration/assets/images/wpspin_light-2x.gif HTTP/1.1" 200 9133 "https://ahsmore.mhcollab.ca/registration/" "Mozilla/5.0 (Macintosh; Intel Mac OS X 10_15_7) AppleWebKit/605.1.15 (KHTML, like Gecko) Version/16.6 Safari/605.1.15"
136.159.213.247 - - [21/Jan/2025:16:41:40 +0000] "POST /wp-admin/admin-ajax.php HTTP/1.1" 200 159 "https://ahsmore.mhcollab.ca/registration/" "Mozilla/5.0 (Macintosh; Intel Mac OS X 10_15_7) AppleWebKit/605.1.15 (KHTML, like Gecko) Version/16.6 Safari/605.1.15"
199.185.67.156 - - [21/Jan/2025:16:41:43 +0000] "GET /wp-content/uploads/articulate_uploads/Self-Harm-CES-FINAL6/html5/data/js/5k0vg58MRqK.js HTTP/1.1" 200 2287 "https://ahsmore.mhcollab.ca/wp-content/uploads/articulate_uploads/Self-Harm-CES-FINAL6/story.html" "Mozilla/5.0 (Windows NT 10.0; Win64; x64) AppleWebKit/537.36 (KHTML, like Gecko) Chrome/132.0.0.0 Safari/537.36"
199.185.67.156 - - [21/Jan/2025:16:41:43 +0000] "GET /wp-content/uploads/articulate_uploads/Self-Harm-CES-FINAL6/mobile/txt__default_5v5pOAs2t8G.png HTTP/1.1" 200 1139 "https://ahsmore.mhcollab.ca/wp-content/uploads/articulate_uploads/Self-Harm-CES-FINAL6/story.html" "Mozilla/5.0 (Windows NT 10.0; Win64; x64) AppleWebKit/537.36 (KHTML, like Gecko) Chrome/132.0.0.0 Safari/537.36"
45.56.220.125 - - [21/Jan/2025:16:41:46 +0000] "POST /wp-cron.php?doing_wp_cron=1737477706.3467600345611572265625 HTTP/1.1" 200 - "-" "WordPress/6.7.1; https://ahsmore.mhcollab.ca"
136.159.213.247 - - [21/Jan/2025:16:41:45 +0000] "GET /subscribe_nl/ HTTP/1.1" 200 28876 "https://ahsmore.mhcollab.ca/registration/" "Mozilla/5.0 (Macintosh; Intel Mac OS X 10_15_7) AppleWebKit/605.1.15 (KHTML, like Gecko) Version/16.6 Safari/605.1.15"
136.159.213.247 - - [21/Jan/2025:16:41:50 +0000] "GET /login2024/ HTTP/1.1" 200 27610 "https://ahsmore.mhcollab.ca/subscribe_nl/" "Mozilla/5.0 (Macintosh; Intel Mac OS X 10_15_7) AppleWebKit/605.1.15 (KHTML, like Gecko) Version/16.6 Safari/605.1.15"
199.185.67.156 - - [21/Jan/2025:16:41:52 +0000] "GET /wp-content/uploads/articulate_uploads/Self-Harm-CES-FINAL6/html5/data/js/5kv92vNsRrl.js HTTP/1.1" 200 2319 "https://ahsmore.mhcollab.ca/wp-content/uploads/articulate_uploads/Self-Harm-CES-FINAL6/story.html" "Mozilla/5.0 (Windows NT 10.0; Win64; x64) AppleWebKit/537.36 (KHTML, like Gecko) Chrome/132.0.0.0 Safari/537.36"
199.185.67.156 - - [21/Jan/2025:16:41:52 +0000] "GET /wp-content/uploads/articulate_uploads/Self-Harm-CES-FINAL6/mobile/67HeQJXcW0r_80_DX562_DY562_CX295_CY442.jpg HTTP/1.1" 200 15763 "https://ahsmore.mhcollab.ca/wp-content/uploads/articulate_uploads/Self-Harm-CES-FINAL6/story.html" "Mozilla/5.0 (Windows NT 10.0; Win64; x64) AppleWebKit/537.36 (KHTML, like Gecko) Chrome/132.0.0.0 Safari/537.36"
199.185.67.156 - - [21/Jan/2025:16:41:52 +0000] "GET /wp-content/uploads/articulate_uploads/Self-Harm-CES-FINAL6/mobile/5zYFSVCufGo_80_P_785_0_941_1364_DX864_DY864_CX298_CY432.png HTTP/1.1" 200 356131 "https://ahsmore.mhcollab.ca/wp-content/uploads/articulate_uploads/Self-Harm-CES-FINAL6/story.html" "Mozilla/5.0 (Windows NT 10.0; Win64; x64) AppleWebKit/537.36 (KHTML, like Gecko) Chrome/132.0.0.0 Safari/537.36"
136.159.213.247 - - [21/Jan/2025:16:41:53 +0000] "GET /wp-content/uploads/premium-addons-elementor/pa-frontend-fc466d2d6.min.js?ver=1737477711 HTTP/1.1" 200 554 "https://ahsmore.mhcollab.ca/login2024/" "Mozilla/5.0 (Macintosh; Intel Mac OS X 10_15_7) AppleWebKit/605.1.15 (KHTML, like Gecko) Version/16.6 Safari/605.1.15"
199.185.67.156 - - [21/Jan/2025:16:41:53 +0000] "GET /wp-content/uploads/articulate_uploads/Self-Harm-CES-FINAL6/mobile/5dt2ApP5Xen_X_80_DX562_DY562_CX295_CY442.jpg HTTP/1.1" 200 11945 "https://ahsmore.mhcollab.ca/wp-content/uploads/articulate_uploads/Self-Harm-CES-FINAL6/story.html" "Mozilla/5.0 (Windows NT 10.0; Win64; x64) AppleWebKit/537.36 (KHTML, like Gecko) Chrome/132.0.0.0 Safari/537.36"
136.159.213.247 - - [21/Jan/2025:16:41:53 +0000] "GET /wp-content/plugins/premium-addons-for-elementor/assets/frontend/min-js/TweenMax.min.js?ver=4.10.78 HTTP/1.1" 200 27729 "https://ahsmore.mhcollab.ca/login2024/" "Mozilla/5.0 (Macintosh; Intel Mac OS X 10_15_7) AppleWebKit/605.1.15 (KHTML, like Gecko) Version/16.6 Safari/605.1.15"
136.159.213.247 - - [21/Jan/2025:16:41:53 +0000] "GET /wp-content/uploads/premium-addons-elementor/pa-frontend-fc466d2d6.min.css?ver=1737477711 HTTP/1.1" 200 1929 "https://ahsmore.mhcollab.ca/login2024/" "Mozilla/5.0 (Macintosh; Intel Mac OS X 10_15_7) AppleWebKit/605.1.15 (KHTML, like Gecko) Version/16.6 Safari/605.1.15"
199.185.67.156 - - [21/Jan/2025:16:41:53 +0000] "GET /wp-content/uploads/articulate_uploads/Self-Harm-CES-FINAL6/story_content/5tGNNQ5IJhj_44100_48_0.mp3 HTTP/1.1" 200 154088 "https://ahsmore.mhcollab.ca/wp-content/uploads/articulate_uploads/Self-Harm-CES-FINAL6/story.html" "Mozilla/5.0 (Windows NT 10.0; Win64; x64) AppleWebKit/537.36 (KHTML, like Gecko) Chrome/132.0.0.0 Safari/537.36"
136.159.213.247 - - [21/Jan/2025:16:41:53 +0000] "GET /wp-content/plugins/premium-addons-for-elementor/assets/frontend/min-js/modal.min.js?ver=4.10.78 HTTP/1.1" 200 2148 "https://ahsmore.mhcollab.ca/login2024/" "Mozilla/5.0 (Macintosh; Intel Mac OS X 10_15_7) AppleWebKit/605.1.15 (KHTML, like Gecko) Version/16.6 Safari/605.1.15"
136.159.213.247 - - [21/Jan/2025:16:41:53 +0000] "GET /wp-content/plugins/premium-addons-for-elementor/assets/frontend/min-js/motionpath.min.js?ver=4.10.78 HTTP/1.1" 200 11767 "https://ahsmore.mhcollab.ca/login2024/" "Mozilla/5.0 (Macintosh; Intel Mac OS X 10_15_7) AppleWebKit/605.1.15 (KHTML, like Gecko) Version/16.6 Safari/605.1.15"
136.159.213.247 - - [21/Jan/2025:16:41:53 +0000] "GET /wp-content/plugins/premium-addons-for-elementor/assets/frontend/min-css/button-line.min.css?ver=4.10.78 HTTP/1.1" 200 2487 "https://ahsmore.mhcollab.ca/login2024/" "Mozilla/5.0 (Macintosh; Intel Mac OS X 10_15_7) AppleWebKit/605.1.15 (KHTML, like Gecko) Version/16.6 Safari/605.1.15"
136.159.213.247 - - [21/Jan/2025:16:41:53 +0000] "GET /wp-content/plugins/elementor-pro/assets/css/widget-login.min.css?ver=3.26.3 HTTP/1.1" 200 114 "https://ahsmore.mhcollab.ca/login2024/" "Mozilla/5.0 (Macintosh; Intel Mac OS X 10_15_7) AppleWebKit/605.1.15 (KHTML, like Gecko) Version/16.6 Safari/605.1.15"
136.159.213.247 - - [21/Jan/2025:16:41:53 +0000] "GET /wp-content/uploads/elementor/css/post-305.css?ver=1737146118 HTTP/1.1" 200 345 "https://ahsmore.mhcollab.ca/login2024/" "Mozilla/5.0 (Macintosh; Intel Mac OS X 10_15_7) AppleWebKit/605.1.15 (KHTML, like Gecko) Version/16.6 Safari/605.1.15"
136.159.213.247 - - [21/Jan/2025:16:41:53 +0000] "GET /wp-content/plugins/elementor-pro/assets/css/widget-form.min.css?ver=3.26.3 HTTP/1.1" 200 1581 "https://ahsmore.mhcollab.ca/login2024/" "Mozilla/5.0 (Macintosh; Intel Mac OS X 10_15_7) AppleWebKit/605.1.15 (KHTML, like Gecko) Version/16.6 Safari/605.1.15"
136.159.213.247 - - [21/Jan/2025:16:41:53 +0000] "GET /wp-content/plugins/premium-addons-for-elementor/assets/frontend/min-js/lottie.min.js?ver=4.10.78 HTTP/1.1" 200 72479 "https://ahsmore.mhcollab.ca/login2024/" "Mozilla/5.0 (Macintosh; Intel Mac OS X 10_15_7) AppleWebKit/605.1.15 (KHTML, like Gecko) Version/16.6 Safari/605.1.15"
136.159.213.247 - - [21/Jan/2025:16:41:57 +0000] "POST /wp-login.php HTTP/1.1" 200 4261 "https://ahsmore.mhcollab.ca/login2024/" "Mozilla/5.0 (Macintosh; Intel Mac OS X 10_15_7) AppleWebKit/605.1.15 (KHTML, like Gecko) Version/16.6 Safari/605.1.15"
136.159.213.247 - - [21/Jan/2025:16:41:58 +0000] "GET /wp-content/plugins/wordfence/modules/login-security/js/login.1736960042.js?ver=1.1.15 HTTP/1.1" 200 5557 "https://ahsmore.mhcollab.ca/wp-login.php" "Mozilla/5.0 (Macintosh; Intel Mac OS X 10_15_7) AppleWebKit/605.1.15 (KHTML, like Gecko) Version/16.6 Safari/605.1.15"
136.159.213.247 - - [21/Jan/2025:16:41:58 +0000] "GET /wp-content/plugins/really-simple-ssl/assets/two-fa/rtl/two-fa-assets.min.css?ver=9.1.4 HTTP/1.1" 200 670 "https://ahsmore.mhcollab.ca/wp-login.php" "Mozilla/5.0 (Macintosh; Intel Mac OS X 10_15_7) AppleWebKit/605.1.15 (KHTML, like Gecko) Version/16.6 Safari/605.1.15"
136.159.213.247 - - [21/Jan/2025:16:41:58 +0000] "GET /wp-content/plugins/really-simple-ssl/assets/two-fa/rtl/two-fa-assets.min.js?ver=9.1.4 HTTP/1.1" 200 2212 "https://ahsmore.mhcollab.ca/wp-login.php" "Mozilla/5.0 (Macintosh; Intel Mac OS X 10_15_7) AppleWebKit/605.1.15 (KHTML, like Gecko) Version/16.6 Safari/605.1.15"
136.159.213.247 - - [21/Jan/2025:16:41:58 +0000] "GET /wp-content/plugins/really-simple-ssl/assets/js/qrcode.min.js?ver=9.1.4 HTTP/1.1" 200 8847 "https://ahsmore.mhcollab.ca/wp-login.php" "Mozilla/5.0 (Macintosh; Intel Mac OS X 10_15_7) AppleWebKit/605.1.15 (KHTML, like Gecko) Version/16.6 Safari/605.1.15"
136.159.213.247 - - [21/Jan/2025:16:41:58 +0000] "GET /wp-content/plugins/wordfence/modules/login-security/css/login.1736960042.css?ver=1.1.15 HTTP/1.1" 200 888 "https://ahsmore.mhcollab.ca/wp-login.php" "Mozilla/5.0 (Macintosh; Intel Mac OS X 10_15_7) AppleWebKit/605.1.15 (KHTML, like Gecko) Version/16.6 Safari/605.1.15"
136.159.213.247 - - [21/Jan/2025:16:41:58 +0000] "GET /wp-admin/css/l10n.min.css?ver=6.7.1 HTTP/1.1" 200 767 "https://ahsmore.mhcollab.ca/wp-login.php" "Mozilla/5.0 (Macintosh; Intel Mac OS X 10_15_7) AppleWebKit/605.1.15 (KHTML, like Gecko) Version/16.6 Safari/605.1.15"
136.159.213.247 - - [21/Jan/2025:16:41:58 +0000] "GET /wp-admin/css/forms.min.css?ver=6.7.1 HTTP/1.1" 200 6694 "https://ahsmore.mhcollab.ca/wp-login.php" "Mozilla/5.0 (Macintosh; Intel Mac OS X 10_15_7) AppleWebKit/605.1.15 (KHTML, like Gecko) Version/16.6 Safari/605.1.15"
136.159.213.247 - - [21/Jan/2025:16:41:58 +0000] "GET /wp-admin/css/login.min.css?ver=6.7.1 HTTP/1.1" 200 2189 "https://ahsmore.mhcollab.ca/wp-login.php" "Mozilla/5.0 (Macintosh; Intel Mac OS X 10_15_7) AppleWebKit/605.1.15 (KHTML, like Gecko) Version/16.6 Safari/605.1.15"
136.159.213.247 - - [21/Jan/2025:16:41:58 +0000] "GET /wp-includes/css/buttons.min.css?ver=4c07a945f927cfc17b5ef0589d82cf0d HTTP/1.1" 200 1470 "https://ahsmore.mhcollab.ca/wp-login.php" "Mozilla/5.0 (Macintosh; Intel Mac OS X 10_15_7) AppleWebKit/605.1.15 (KHTML, like Gecko) Version/16.6 Safari/605.1.15"
136.159.213.247 - - [21/Jan/2025:16:41:58 +0000] "GET /wp-admin/images/spinner.gif HTTP/1.1" 200 3656 "https://ahsmore.mhcollab.ca/wp-login.php" "Mozilla/5.0 (Macintosh; Intel Mac OS X 10_15_7) AppleWebKit/605.1.15 (KHTML, like Gecko) Version/16.6 Safari/605.1.15"
136.159.213.247 - - [21/Jan/2025:16:41:59 +0000] "GET /wp-admin/images/wordpress-logo.svg?ver=20131107 HTTP/1.1" 200 818 "https://ahsmore.mhcollab.ca/wp-login.php" "Mozilla/5.0 (Macintosh; Intel Mac OS X 10_15_7) AppleWebKit/605.1.15 (KHTML, like Gecko) Version/16.6 Safari/605.1.15"
52.102.12.245 - - [21/Jan/2025:16:41:58 +0000] "HEAD /reset-password/?action=rp&key=xq4it1SViZWAc9s8xMz3&login=giggslui HTTP/1.1" 302 - "-" "-"
52.102.12.245 - - [21/Jan/2025:16:41:59 +0000] "HEAD /my-account/reset-password/?show-reset-form=true HTTP/1.1" 200 - "-" "-"
199.185.67.156 - - [21/Jan/2025:16:42:01 +0000] "GET /wp-content/uploads/articulate_uploads/Self-Harm-CES-FINAL6/html5/data/js/5fHszPuMeFF.js HTTP/1.1" 200 1662 "https://ahsmore.mhcollab.ca/wp-content/uploads/articulate_uploads/Self-Harm-CES-FINAL6/story.html" "Mozilla/5.0 (Windows NT 10.0; Win64; x64) AppleWebKit/537.36 (KHTML, like Gecko) Chrome/132.0.0.0 Safari/537.36"
192.30.99.83 - - [21/Jan/2025:16:42:01 +0000] "GET /reset-password/?action=rp&key=xq4it1SViZWAc9s8xMz3&login=giggslui HTTP/1.1" 302 - "-" "Mozilla/5.0 (Windows NT 10.0; Win64; x64) AppleWebKit/537.36 (KHTML, like Gecko) Chrome/132.0.0.0 Safari/537.36 Edg/132.0.0.0"
192.30.99.83 - - [21/Jan/2025:16:42:02 +0000] "GET /my-account/reset-password/?show-reset-form=true HTTP/1.1" 200 28744 "-" "Mozilla/5.0 (Windows NT 10.0; Win64; x64) AppleWebKit/537.36 (KHTML, like Gecko) Chrome/132.0.0.0 Safari/537.36 Edg/132.0.0.0"
192.30.99.83 - - [21/Jan/2025:16:42:04 +0000] "GET /wp-content/uploads/premium-addons-elementor/pa-frontend-2b1948ee5.min.css?ver=1737477724 HTTP/1.1" 200 1929 "https://ahsmore.mhcollab.ca/my-account/reset-password/?show-reset-form=true" "Mozilla/5.0 (Windows NT 10.0; Win64; x64) AppleWebKit/537.36 (KHTML, like Gecko) Chrome/132.0.0.0 Safari/537.36 Edg/132.0.0.0"
192.30.99.83 - - [21/Jan/2025:16:42:04 +0000] "GET /wp-content/plugins/premium-addons-for-elementor/assets/frontend/min-css/button-line.min.css?ver=4.10.78 HTTP/1.1" 200 2487 "https://ahsmore.mhcollab.ca/my-account/reset-password/?show-reset-form=true" "Mozilla/5.0 (Windows NT 10.0; Win64; x64) AppleWebKit/537.36 (KHTML, like Gecko) Chrome/132.0.0.0 Safari/537.36 Edg/132.0.0.0"
192.30.99.83 - - [21/Jan/2025:16:42:04 +0000] "GET /wp-content/plugins/elementor/assets/lib/swiper/v8/css/swiper.min.css?ver=8.4.5 HTTP/1.1" 200 4583 "https://ahsmore.mhcollab.ca/my-account/reset-password/?show-reset-form=true" "Mozilla/5.0 (Windows NT 10.0; Win64; x64) AppleWebKit/537.36 (KHTML, like Gecko) Chrome/132.0.0.0 Safari/537.36 Edg/132.0.0.0"
192.30.99.83 - - [21/Jan/2025:16:42:04 +0000] "GET /wp-content/plugins/elementor/assets/css/conditionals/e-swiper.min.css?ver=3.26.5 HTTP/1.1" 200 799 "https://ahsmore.mhcollab.ca/my-account/reset-password/?show-reset-form=true" "Mozilla/5.0 (Windows NT 10.0; Win64; x64) AppleWebKit/537.36 (KHTML, like Gecko) Chrome/132.0.0.0 Safari/537.36 Edg/132.0.0.0"
192.30.99.83 - - [21/Jan/2025:16:42:04 +0000] "GET /wp-content/uploads/elementor/css/post-3744.css?ver=1737143792 HTTP/1.1" 200 424 "https://ahsmore.mhcollab.ca/my-account/reset-password/?show-reset-form=true" "Mozilla/5.0 (Windows NT 10.0; Win64; x64) AppleWebKit/537.36 (KHTML, like Gecko) Chrome/132.0.0.0 Safari/537.36 Edg/132.0.0.0"
192.30.99.83 - - [21/Jan/2025:16:42:04 +0000] "GET /wp-content/uploads/premium-addons-elementor/pa-frontend-2b1948ee5.min.js?ver=1737477724 HTTP/1.1" 200 554 "https://ahsmore.mhcollab.ca/my-account/reset-password/?show-reset-form=true" "Mozilla/5.0 (Windows NT 10.0; Win64; x64) AppleWebKit/537.36 (KHTML, like Gecko) Chrome/132.0.0.0 Safari/537.36 Edg/132.0.0.0"
192.30.99.83 - - [21/Jan/2025:16:42:04 +0000] "GET /wp-content/plugins/elementor/assets/lib/font-awesome/css/fontawesome.min.css?ver=5.15.3 HTTP/1.1" 200 12617 "https://ahsmore.mhcollab.ca/my-account/reset-password/?show-reset-form=true" "Mozilla/5.0 (Windows NT 10.0; Win64; x64) AppleWebKit/537.36 (KHTML, like Gecko) Chrome/132.0.0.0 Safari/537.36 Edg/132.0.0.0"
192.30.99.83 - - [21/Jan/2025:16:42:04 +0000] "GET /wp-content/plugins/elementor/assets/lib/font-awesome/css/solid.min.css?ver=5.15.3 HTTP/1.1" 200 309 "https://ahsmore.mhcollab.ca/my-account/reset-password/?show-reset-form=true" "Mozilla/5.0 (Windows NT 10.0; Win64; x64) AppleWebKit/537.36 (KHTML, like Gecko) Chrome/132.0.0.0 Safari/537.36 Edg/132.0.0.0"
192.30.99.83 - - [21/Jan/2025:16:42:04 +0000] "GET /wp-content/plugins/premium-addons-for-elementor/assets/frontend/min-js/motionpath.min.js?ver=4.10.78 HTTP/1.1" 200 11767 "https://ahsmore.mhcollab.ca/my-account/reset-password/?show-reset-form=true" "Mozilla/5.0 (Windows NT 10.0; Win64; x64) AppleWebKit/537.36 (KHTML, like Gecko) Chrome/132.0.0.0 Safari/537.36 Edg/132.0.0.0"
192.30.99.83 - - [21/Jan/2025:16:42:04 +0000] "GET /wp-content/plugins/premium-addons-for-elementor/assets/frontend/min-js/TweenMax.min.js?ver=4.10.78 HTTP/1.1" 200 27729 "https://ahsmore.mhcollab.ca/my-account/reset-password/?show-reset-form=true" "Mozilla/5.0 (Windows NT 10.0; Win64; x64) AppleWebKit/537.36 (KHTML, like Gecko) Chrome/132.0.0.0 Safari/537.36 Edg/132.0.0.0"
192.30.99.83 - - [21/Jan/2025:16:42:05 +0000] "GET /wp-content/plugins/premium-addons-for-elementor/assets/frontend/min-js/modal.min.js?ver=4.10.78 HTTP/1.1" 200 2148 "https://ahsmore.mhcollab.ca/my-account/reset-password/?show-reset-form=true" "Mozilla/5.0 (Windows NT 10.0; Win64; x64) AppleWebKit/537.36 (KHTML, like Gecko) Chrome/132.0.0.0 Safari/537.36 Edg/132.0.0.0"
192.30.99.83 - - [21/Jan/2025:16:42:05 +0000] "GET /wp-content/plugins/user-registration/assets/js/frontend/ur-login.min.js?ver=3.3.5.2 HTTP/1.1" 200 675 "https://ahsmore.mhcollab.ca/my-account/reset-password/?show-reset-form=true" "Mozilla/5.0 (Windows NT 10.0; Win64; x64) AppleWebKit/537.36 (KHTML, like Gecko) Chrome/132.0.0.0 Safari/537.36 Edg/132.0.0.0"
192.30.99.83 - - [21/Jan/2025:16:42:05 +0000] "GET /wp-content/plugins/user-registration/assets/js/frontend/lost-password.min.js?ver=3.3.5.2 HTTP/1.1" 200 124 "https://ahsmore.mhcollab.ca/my-account/reset-password/?show-reset-form=true" "Mozilla/5.0 (Windows NT 10.0; Win64; x64) AppleWebKit/537.36 (KHTML, like Gecko) Chrome/132.0.0.0 Safari/537.36 Edg/132.0.0.0"
192.30.99.83 - - [21/Jan/2025:16:42:05 +0000] "GET /wp-content/plugins/premium-addons-for-elementor/assets/frontend/min-js/lottie.min.js?ver=4.10.78 HTTP/1.1" 200 72479 "https://ahsmore.mhcollab.ca/my-account/reset-password/?show-reset-form=true" "Mozilla/5.0 (Windows NT 10.0; Win64; x64) AppleWebKit/537.36 (KHTML, like Gecko) Chrome/132.0.0.0 Safari/537.36 Edg/132.0.0.0"
192.30.99.83 - - [21/Jan/2025:16:42:05 +0000] "GET /wp-content/plugins/elementor/assets/lib/font-awesome/webfonts/fa-solid-900.woff2 HTTP/1.1" 200 78099 "https://ahsmore.mhcollab.ca/wp-content/plugins/elementor/assets/lib/font-awesome/css/all.min.css?ver=4.10.78" "Mozilla/5.0 (Windows NT 10.0; Win64; x64) AppleWebKit/537.36 (KHTML, like Gecko) Chrome/132.0.0.0 Safari/537.36 Edg/132.0.0.0"
192.30.99.83 - - [21/Jan/2025:16:42:05 +0000] "GET /wp-content/plugins/user-registration/assets/js/tooltipster/tooltipster.bundle.min.js?ver=4.2.8 HTTP/1.1" 200 10064 "https://ahsmore.mhcollab.ca/my-account/reset-password/?show-reset-form=true" "Mozilla/5.0 (Windows NT 10.0; Win64; x64) AppleWebKit/537.36 (KHTML, like Gecko) Chrome/132.0.0.0 Safari/537.36 Edg/132.0.0.0"
136.159.213.247 - - [21/Jan/2025:16:42:06 +0000] "POST /wp-json/reallysimplessl/v1/two_fa/skip_onboarding HTTP/1.1" 200 51 "https://ahsmore.mhcollab.ca/wp-login.php" "Mozilla/5.0 (Macintosh; Intel Mac OS X 10_15_7) AppleWebKit/605.1.15 (KHTML, like Gecko) Version/16.6 Safari/605.1.15"
136.159.213.247 - - [21/Jan/2025:16:42:08 +0000] "GET /login2024/ HTTP/1.1" 200 33071 "https://ahsmore.mhcollab.ca/wp-login.php" "Mozilla/5.0 (Macintosh; Intel Mac OS X 10_15_7) AppleWebKit/605.1.15 (KHTML, like Gecko) Version/16.6 Safari/605.1.15"
136.159.213.247 - - [21/Jan/2025:16:42:10 +0000] "GET /wp-content/uploads/premium-addons-elementor/pa-frontend-fc466d2d6.min.css?ver=1737477729 HTTP/1.1" 200 1929 "https://ahsmore.mhcollab.ca/login2024/" "Mozilla/5.0 (Macintosh; Intel Mac OS X 10_15_7) AppleWebKit/605.1.15 (KHTML, like Gecko) Version/16.6 Safari/605.1.15"
136.159.213.247 - - [21/Jan/2025:16:42:10 +0000] "GET /wp-content/plugins/wordfence/modules/login-security/js/chart.umd.1736960042.js?ver=4.2.1 HTTP/1.1" 200 68972 "https://ahsmore.mhcollab.ca/login2024/" "Mozilla/5.0 (Macintosh; Intel Mac OS X 10_15_7) AppleWebKit/605.1.15 (KHTML, like Gecko) Version/16.6 Safari/605.1.15"
136.159.213.247 - - [21/Jan/2025:16:42:10 +0000] "GET /wp-content/plugins/wordfence/modules/login-security/js/jquery.tmpl.min.1736960042.js?ver=1.1.15 HTTP/1.1" 200 2796 "https://ahsmore.mhcollab.ca/login2024/" "Mozilla/5.0 (Macintosh; Intel Mac OS X 10_15_7) AppleWebKit/605.1.15 (KHTML, like Gecko) Version/16.6 Safari/605.1.15"
136.159.213.247 - - [21/Jan/2025:16:42:10 +0000] "GET /wp-content/plugins/wordfence/modules/login-security/js/admin.1736960042.js?ver=1.1.15 HTTP/1.1" 200 6483 "https://ahsmore.mhcollab.ca/login2024/" "Mozilla/5.0 (Macintosh; Intel Mac OS X 10_15_7) AppleWebKit/605.1.15 (KHTML, like Gecko) Version/16.6 Safari/605.1.15"
136.159.213.247 - - [21/Jan/2025:16:42:10 +0000] "GET /wp-content/plugins/wordfence/modules/login-security/js/jquery.colorbox.min.1736960042.js?ver=1.1.15 HTTP/1.1" 200 4585 "https://ahsmore.mhcollab.ca/login2024/" "Mozilla/5.0 (Macintosh; Intel Mac OS X 10_15_7) AppleWebKit/605.1.15 (KHTML, like Gecko) Version/16.6 Safari/605.1.15"
136.159.213.247 - - [21/Jan/2025:16:42:10 +0000] "GET /wp-content/plugins/wordfence/modules/login-security/js/jquery.qrcode.min.1736960042.js?ver=1.1.15 HTTP/1.1" 200 4751 "https://ahsmore.mhcollab.ca/login2024/" "Mozilla/5.0 (Macintosh; Intel Mac OS X 10_15_7) AppleWebKit/605.1.15 (KHTML, like Gecko) Version/16.6 Safari/605.1.15"
136.159.213.247 - - [21/Jan/2025:16:42:10 +0000] "GET /wp-content/uploads/premium-addons-elementor/pa-frontend-fc466d2d6.min.js?ver=1737477729 HTTP/1.1" 200 554 "https://ahsmore.mhcollab.ca/login2024/" "Mozilla/5.0 (Macintosh; Intel Mac OS X 10_15_7) AppleWebKit/605.1.15 (KHTML, like Gecko) Version/16.6 Safari/605.1.15"
45.56.220.125 - - [21/Jan/2025:16:42:11 +0000] "POST /wp-cron.php?doing_wp_cron=1737477731.9074540138244628906250 HTTP/1.1" 200 - "-" "WordPress/6.7.1; https://ahsmore.mhcollab.ca"
136.159.213.247 - - [21/Jan/2025:16:42:10 +0000] "GET /wp-content/plugins/wordfence/modules/login-security/js/wfselect2.min.1736960042.js?ver=1.1.15 HTTP/1.1" 404 24823 "https://ahsmore.mhcollab.ca/login2024/" "Mozilla/5.0 (Macintosh; Intel Mac OS X 10_15_7) AppleWebKit/605.1.15 (KHTML, like Gecko) Version/16.6 Safari/605.1.15"
136.159.213.247 - - [21/Jan/2025:16:42:12 +0000] "GET /wp-content/plugins/wordfence/modules/login-security/css/wfselect2.min.1736960042.css?ver=1.1.15 HTTP/1.1" 404 24823 "https://ahsmore.mhcollab.ca/login2024/" "Mozilla/5.0 (Macintosh; Intel Mac OS X 10_15_7) AppleWebKit/605.1.15 (KHTML, like Gecko) Version/16.6 Safari/605.1.15"
136.159.213.247 - - [21/Jan/2025:16:42:13 +0000] "GET /wp-content/plugins/wordfence/modules/login-security/css/admin.1736960042.css?ver=1.1.15 HTTP/1.1" 200 24711 "https://ahsmore.mhcollab.ca/login2024/" "Mozilla/5.0 (Macintosh; Intel Mac OS X 10_15_7) AppleWebKit/605.1.15 (KHTML, like Gecko) Version/16.6 Safari/605.1.15"
136.159.213.247 - - [21/Jan/2025:16:42:14 +0000] "GET /wp-content/plugins/wordfence/modules/login-security/css/colorbox.1736960042.css?ver=1.1.15 HTTP/1.1" 200 2110 "https://ahsmore.mhcollab.ca/login2024/" "Mozilla/5.0 (Macintosh; Intel Mac OS X 10_15_7) AppleWebKit/605.1.15 (KHTML, like Gecko) Version/16.6 Safari/605.1.15"
136.159.213.247 - - [21/Jan/2025:16:42:14 +0000] "GET /wp-content/plugins/wordfence/modules/login-security/css/ionicons.1736960042.css?ver=1.1.15 HTTP/1.1" 200 8463 "https://ahsmore.mhcollab.ca/login2024/" "Mozilla/5.0 (Macintosh; Intel Mac OS X 10_15_7) AppleWebKit/605.1.15 (KHTML, like Gecko) Version/16.6 Safari/605.1.15"
136.159.213.247 - - [21/Jan/2025:16:42:14 +0000] "GET /wp-content/plugins/wordfence/modules/login-security/css/embedded.1736960042.css?ver=1.1.15 HTTP/1.1" 200 260 "https://ahsmore.mhcollab.ca/login2024/" "Mozilla/5.0 (Macintosh; Intel Mac OS X 10_15_7) AppleWebKit/605.1.15 (KHTML, like Gecko) Version/16.6 Safari/605.1.15"
136.159.213.247 - - [21/Jan/2025:16:42:14 +0000] "GET /wp-content/plugins/wordfence/modules/login-security/css/font-awesome.1736960042.css?ver=1.1.15 HTTP/1.1" 200 7161 "https://ahsmore.mhcollab.ca/login2024/" "Mozilla/5.0 (Macintosh; Intel Mac OS X 10_15_7) AppleWebKit/605.1.15 (KHTML, like Gecko) Version/16.6 Safari/605.1.15"
199.185.67.156 - - [21/Jan/2025:16:42:16 +0000] "GET /wp-content/uploads/articulate_uploads/Self-Harm-CES-FINAL6/html5/data/js/67TasnyUYCz.js HTTP/1.1" 200 2595 "https://ahsmore.mhcollab.ca/wp-content/uploads/articulate_uploads/Self-Harm-CES-FINAL6/story.html" "Mozilla/5.0 (Windows NT 10.0; Win64; x64) AppleWebKit/537.36 (KHTML, like Gecko) Chrome/132.0.0.0 Safari/537.36"
199.185.67.156 - - [21/Jan/2025:16:42:16 +0000] "GET /wp-content/uploads/articulate_uploads/Self-Harm-CES-FINAL6/mobile/Shape6miw00A0IoQ.png HTTP/1.1" 200 1987 "https://ahsmore.mhcollab.ca/wp-content/uploads/articulate_uploads/Self-Harm-CES-FINAL6/story.html" "Mozilla/5.0 (Windows NT 10.0; Win64; x64) AppleWebKit/537.36 (KHTML, like Gecko) Chrome/132.0.0.0 Safari/537.36"
199.185.67.156 - - [21/Jan/2025:16:42:16 +0000] "GET /wp-content/uploads/articulate_uploads/Self-Harm-CES-FINAL6/mobile/poster_6Fr8J8DakqU_video_5tkLbAg7YwV_22_48_720x406.jpg HTTP/1.1" 200 83179 "https://ahsmore.mhcollab.ca/wp-content/uploads/articulate_uploads/Self-Harm-CES-FINAL6/story.html" "Mozilla/5.0 (Windows NT 10.0; Win64; x64) AppleWebKit/537.36 (KHTML, like Gecko) Chrome/132.0.0.0 Safari/537.36"
199.185.67.156 - - [21/Jan/2025:16:42:16 +0000] "GET /wp-content/uploads/articulate_uploads/Self-Harm-CES-FINAL6/story_content/video_5tkLbAg7YwV_22_48_720x406.mp4 HTTP/1.1" 206 1965744 "https://ahsmore.mhcollab.ca/wp-content/uploads/articulate_uploads/Self-Harm-CES-FINAL6/story.html" "Mozilla/5.0 (Windows NT 10.0; Win64; x64) AppleWebKit/537.36 (KHTML, like Gecko) Chrome/132.0.0.0 Safari/537.36"
136.159.213.247 - - [21/Jan/2025:16:42:20 +0000] "GET /all-courses/ HTTP/1.1" 200 30697 "https://ahsmore.mhcollab.ca/login2024/" "Mozilla/5.0 (Macintosh; Intel Mac OS X 10_15_7) AppleWebKit/605.1.15 (KHTML, like Gecko) Version/16.6 Safari/605.1.15"
136.159.213.247 - - [21/Jan/2025:16:42:22 +0000] "GET /wp-includes/css/dist/block-library/style.min.css?ver=4c07a945f927cfc17b5ef0589d82cf0d HTTP/1.1" 200 15177 "https://ahsmore.mhcollab.ca/all-courses/" "Mozilla/5.0 (Macintosh; Intel Mac OS X 10_15_7) AppleWebKit/605.1.15 (KHTML, like Gecko) Version/16.6 Safari/605.1.15"
136.159.213.247 - - [21/Jan/2025:16:42:22 +0000] "GET /wp-content/plugins/learndash-course-grid/templates/cards/grid-2/style.css?ver=2.0.10 HTTP/1.1" 200 907 "https://ahsmore.mhcollab.ca/all-courses/" "Mozilla/5.0 (Macintosh; Intel Mac OS X 10_15_7) AppleWebKit/605.1.15 (KHTML, like Gecko) Version/16.6 Safari/605.1.15"
136.159.213.247 - - [21/Jan/2025:16:42:22 +0000] "GET /wp-content/themes/kadence/assets/css/sidebar.min.css?ver=1.2.14 HTTP/1.1" 200 288 "https://ahsmore.mhcollab.ca/all-courses/" "Mozilla/5.0 (Macintosh; Intel Mac OS X 10_15_7) AppleWebKit/605.1.15 (KHTML, like Gecko) Version/16.6 Safari/605.1.15"
136.159.213.247 - - [21/Jan/2025:16:42:22 +0000] "GET /wp-content/plugins/kadence-blocks/dist/style-blocks-image.css?ver=3.4.5 HTTP/1.1" 200 1163 "https://ahsmore.mhcollab.ca/all-courses/" "Mozilla/5.0 (Macintosh; Intel Mac OS X 10_15_7) AppleWebKit/605.1.15 (KHTML, like Gecko) Version/16.6 Safari/605.1.15"
136.159.213.247 - - [21/Jan/2025:16:42:22 +0000] "GET /wp-content/plugins/learndash-course-grid/templates/skins/grid/script.js?ver=2.0.10 HTTP/1.1" 200 624 "https://ahsmore.mhcollab.ca/all-courses/" "Mozilla/5.0 (Macintosh; Intel Mac OS X 10_15_7) AppleWebKit/605.1.15 (KHTML, like Gecko) Version/16.6 Safari/605.1.15"
136.159.213.247 - - [21/Jan/2025:16:42:22 +0000] "GET /wp-content/plugins/learndash-course-grid/templates/filter/style.css?ver=2.0.10 HTTP/1.1" 200 1223 "https://ahsmore.mhcollab.ca/all-courses/" "Mozilla/5.0 (Macintosh; Intel Mac OS X 10_15_7) AppleWebKit/605.1.15 (KHTML, like Gecko) Version/16.6 Safari/605.1.15"
136.159.213.247 - - [21/Jan/2025:16:42:22 +0000] "GET /wp-content/plugins/learndash-course-grid/templates/skins/grid/style.css?ver=2.0.10 HTTP/1.1" 200 209 "https://ahsmore.mhcollab.ca/all-courses/" "Mozilla/5.0 (Macintosh; Intel Mac OS X 10_15_7) AppleWebKit/605.1.15 (KHTML, like Gecko) Version/16.6 Safari/605.1.15"
136.159.213.247 - - [21/Jan/2025:16:42:22 +0000] "GET /wp-content/plugins/learndash-course-grid/assets/css/style.css?ver=2.0.10 HTTP/1.1" 200 239 "https://ahsmore.mhcollab.ca/all-courses/" "Mozilla/5.0 (Macintosh; Intel Mac OS X 10_15_7) AppleWebKit/605.1.15 (KHTML, like Gecko) Version/16.6 Safari/605.1.15"
136.159.213.247 - - [21/Jan/2025:16:42:22 +0000] "GET /wp-content/plugins/learndash-course-grid/templates/pagination/style.css?ver=2.0.10 HTTP/1.1" 200 366 "https://ahsmore.mhcollab.ca/all-courses/" "Mozilla/5.0 (Macintosh; Intel Mac OS X 10_15_7) AppleWebKit/605.1.15 (KHTML, like Gecko) Version/16.6 Safari/605.1.15"
136.159.213.247 - - [21/Jan/2025:16:42:22 +0000] "GET /wp-content/plugins/sfwd-lms/themes/legacy/templates/learndash_pager.min.js?ver=4.20.0.3 HTTP/1.1" 200 915 "https://ahsmore.mhcollab.ca/all-courses/" "Mozilla/5.0 (Macintosh; Intel Mac OS X 10_15_7) AppleWebKit/605.1.15 (KHTML, like Gecko) Version/16.6 Safari/605.1.15"
136.159.213.247 - - [21/Jan/2025:16:42:22 +0000] "GET /wp-content/plugins/learndash-course-grid/assets/js/script.js?ver=2.0.10 HTTP/1.1" 200 2361 "https://ahsmore.mhcollab.ca/all-courses/" "Mozilla/5.0 (Macintosh; Intel Mac OS X 10_15_7) AppleWebKit/605.1.15 (KHTML, like Gecko) Version/16.6 Safari/605.1.15"
136.159.213.247 - - [21/Jan/2025:16:42:22 +0000] "GET /wp-content/plugins/sfwd-lms/themes/legacy/templates/learndash_template_script.min.js?ver=4.20.0.3 HTTP/1.1" 200 1131 "https://ahsmore.mhcollab.ca/all-courses/" "Mozilla/5.0 (Macintosh; Intel Mac OS X 10_15_7) AppleWebKit/605.1.15 (KHTML, like Gecko) Version/16.6 Safari/605.1.15"
136.159.213.247 - - [21/Jan/2025:16:42:22 +0000] "GET /wp-content/plugins/sfwd-lms/assets/js/jquery.dropdown.min.js?ver=4.20.0.3 HTTP/1.1" 200 936 "https://ahsmore.mhcollab.ca/all-courses/" "Mozilla/5.0 (Macintosh; Intel Mac OS X 10_15_7) AppleWebKit/605.1.15 (KHTML, like Gecko) Version/16.6 Safari/605.1.15"
136.159.213.247 - - [21/Jan/2025:16:42:22 +0000] "GET /wp-content/uploads/2019/07/Mental_Health.png HTTP/1.1" 200 8094 "https://ahsmore.mhcollab.ca/all-courses/" "Mozilla/5.0 (Macintosh; Intel Mac OS X 10_15_7) AppleWebKit/605.1.15 (KHTML, like Gecko) Version/16.6 Safari/605.1.15"
136.159.213.247 - - [21/Jan/2025:16:42:22 +0000] "GET /wp-content/uploads/2019/10/Special_Proj-e1569958149366.png HTTP/1.1" 200 24269 "https://ahsmore.mhcollab.ca/all-courses/" "Mozilla/5.0 (Macintosh; Intel Mac OS X 10_15_7) AppleWebKit/605.1.15 (KHTML, like Gecko) Version/16.6 Safari/605.1.15"
136.159.213.247 - - [21/Jan/2025:16:42:22 +0000] "GET /wp-content/uploads/2019/07/Sub_Use.png HTTP/1.1" 200 6574 "https://ahsmore.mhcollab.ca/all-courses/" "Mozilla/5.0 (Macintosh; Intel Mac OS X 10_15_7) AppleWebKit/605.1.15 (KHTML, like Gecko) Version/16.6 Safari/605.1.15"
136.159.213.247 - - [21/Jan/2025:16:42:22 +0000] "GET /wp-content/uploads/2019/07/CES.png HTTP/1.1" 200 6793 "https://ahsmore.mhcollab.ca/all-courses/" "Mozilla/5.0 (Macintosh; Intel Mac OS X 10_15_7) AppleWebKit/605.1.15 (KHTML, like Gecko) Version/16.6 Safari/605.1.15"
136.159.213.247 - - [21/Jan/2025:16:42:22 +0000] "GET /wp-content/uploads/2019/07/Extra-Extra.png HTTP/1.1" 200 7254 "https://ahsmore.mhcollab.ca/all-courses/" "Mozilla/5.0 (Macintosh; Intel Mac OS X 10_15_7) AppleWebKit/605.1.15 (KHTML, like Gecko) Version/16.6 Safari/605.1.15"
136.159.213.247 - - [21/Jan/2025:16:42:22 +0000] "GET /wp-content/uploads/2019/07/Special_Proj.png HTTP/1.1" 200 6552 "https://ahsmore.mhcollab.ca/all-courses/" "Mozilla/5.0 (Macintosh; Intel Mac OS X 10_15_7) AppleWebKit/605.1.15 (KHTML, like Gecko) Version/16.6 Safari/605.1.15"
136.159.213.247 - - [21/Jan/2025:16:42:22 +0000] "GET /wp-content/uploads/2020/11/cropped-logoMainBC-1320x485.png HTTP/1.1" 200 75762 "https://ahsmore.mhcollab.ca/all-courses/" "Mozilla/5.0 (Macintosh; Intel Mac OS X 10_15_7) AppleWebKit/605.1.15 (KHTML, like Gecko) Version/16.6 Safari/605.1.15"
136.159.213.247 - - [21/Jan/2025:16:42:22 +0000] "GET /wp-content/uploads/2022/05/MHC_logo.png HTTP/1.1" 200 7258 "https://ahsmore.mhcollab.ca/all-courses/" "Mozilla/5.0 (Macintosh; Intel Mac OS X 10_15_7) AppleWebKit/605.1.15 (KHTML, like Gecko) Version/16.6 Safari/605.1.15"
136.159.213.247 - - [21/Jan/2025:16:42:22 +0000] "GET /wp-content/uploads/2023/08/CES_Color.png HTTP/1.1" 200 17548 "https://ahsmore.mhcollab.ca/all-courses/" "Mozilla/5.0 (Macintosh; Intel Mac OS X 10_15_7) AppleWebKit/605.1.15 (KHTML, like Gecko) Version/16.6 Safari/605.1.15"
136.159.213.247 - - [21/Jan/2025:16:42:23 +0000] "GET /wp-content/uploads/2023/04/Logo-Mental_Health_Literacy-vertical-1320x566.png HTTP/1.1" 200 47784 "https://ahsmore.mhcollab.ca/all-courses/" "Mozilla/5.0 (Macintosh; Intel Mac OS X 10_15_7) AppleWebKit/605.1.15 (KHTML, like Gecko) Version/16.6 Safari/605.1.15"
136.159.213.247 - - [21/Jan/2025:16:42:23 +0000] "GET /wp-content/uploads/2019/07/ChildDevelopment2.png HTTP/1.1" 200 7930 "https://ahsmore.mhcollab.ca/all-courses/" "Mozilla/5.0 (Macintosh; Intel Mac OS X 10_15_7) AppleWebKit/605.1.15 (KHTML, like Gecko) Version/16.6 Safari/605.1.15"
136.159.213.247 - - [21/Jan/2025:16:42:23 +0000] "GET /wp-content/uploads/2022/09/CPD_2022-blue-1320x434.png HTTP/1.1" 200 85691 "https://ahsmore.mhcollab.ca/all-courses/" "Mozilla/5.0 (Macintosh; Intel Mac OS X 10_15_7) AppleWebKit/605.1.15 (KHTML, like Gecko) Version/16.6 Safari/605.1.15"
192.30.99.83 - - [21/Jan/2025:16:42:22 +0000] "POST /my-account/reset-password/?show-reset-form=true HTTP/1.1" 302 - "https://ahsmore.mhcollab.ca/my-account/reset-password/?show-reset-form=true" "Mozilla/5.0 (Windows NT 10.0; Win64; x64) AppleWebKit/537.36 (KHTML, like Gecko) Chrome/132.0.0.0 Safari/537.36 Edg/132.0.0.0"
192.30.99.83 - - [21/Jan/2025:16:42:24 +0000] "GET /my-account/reset-password/?show-reset-form=true&reset-link-sent=true HTTP/1.1" 200 28520 "https://ahsmore.mhcollab.ca/my-account/reset-password/?show-reset-form=true" "Mozilla/5.0 (Windows NT 10.0; Win64; x64) AppleWebKit/537.36 (KHTML, like Gecko) Chrome/132.0.0.0 Safari/537.36 Edg/132.0.0.0"
192.30.99.83 - - [21/Jan/2025:16:42:26 +0000] "GET /wp-content/uploads/premium-addons-elementor/pa-frontend-2b1948ee5.min.css?ver=1737477745 HTTP/1.1" 200 1929 "https://ahsmore.mhcollab.ca/my-account/reset-password/?show-reset-form=true&reset-link-sent=true" "Mozilla/5.0 (Windows NT 10.0; Win64; x64) AppleWebKit/537.36 (KHTML, like Gecko) Chrome/132.0.0.0 Safari/537.36 Edg/132.0.0.0"
192.30.99.83 - - [21/Jan/2025:16:42:26 +0000] "GET /wp-content/uploads/premium-addons-elementor/pa-frontend-2b1948ee5.min.js?ver=1737477745 HTTP/1.1" 200 554 "https://ahsmore.mhcollab.ca/my-account/reset-password/?show-reset-form=true&reset-link-sent=true" "Mozilla/5.0 (Windows NT 10.0; Win64; x64) AppleWebKit/537.36 (KHTML, like Gecko) Chrome/132.0.0.0 Safari/537.36 Edg/132.0.0.0"
45.56.220.125 - - [21/Jan/2025:16:42:34 +0000] "POST /wp-cron.php?doing_wp_cron=1737477754.8343269824981689453125 HTTP/1.1" 200 - "-" "WordPress/6.7.1; https://ahsmore.mhcollab.ca"
136.159.213.247 - - [21/Jan/2025:16:42:33 +0000] "GET /all-courses/ HTTP/1.1" 200 30697 "-" "Mozilla/5.0 (Macintosh; Intel Mac OS X 10_15_7) AppleWebKit/605.1.15 (KHTML, like Gecko)"
136.159.213.247 - - [21/Jan/2025:16:42:35 +0000] "GET /wp-includes/css/dist/block-library/style.min.css?ver=4c07a945f927cfc17b5ef0589d82cf0d HTTP/1.1" 200 15177 "https://ahsmore.mhcollab.ca/all-courses/" "Mozilla/5.0 (Macintosh; Intel Mac OS X 10_15_7) AppleWebKit/605.1.15 (KHTML, like Gecko)"
