142.166.29.108 - - [21/Jan/2025:16:46:17 +0000] "GET /wp-content/uploads/articulate_uploads/October-2017-ACES-and-Resiliency-Part_1-Zip4/mobile/5lUHimh6feJ_80_DX1440_DY1440_CX720_CY38.png HTTP/1.1" 200 7081 "https://ahsmore.mhcollab.ca/wp-content/uploads/articulate_uploads/October-2017-ACES-and-Resiliency-Part_1-Zip4/story_html5.html" "Mozilla/5.0 (Macintosh; Intel Mac OS X 10_15_7) AppleWebKit/605.1.15 (KHTML, like Gecko) Version/18.1.1 Safari/605.1.15"
142.166.29.108 - - [21/Jan/2025:16:46:17 +0000] "GET /wp-content/uploads/articulate_uploads/October-2017-ACES-and-Resiliency-Part_1-Zip4/mobile/5kdxCkKiYeU_80_DX1082_DY1082_CX541_CY67.png HTTP/1.1" 200 27344 "https://ahsmore.mhcollab.ca/wp-content/uploads/articulate_uploads/October-2017-ACES-and-Resiliency-Part_1-Zip4/story_html5.html" "Mozilla/5.0 (Macintosh; Intel Mac OS X 10_15_7) AppleWebKit/605.1.15 (KHTML, like Gecko) Version/18.1.1 Safari/605.1.15"
142.166.29.108 - - [21/Jan/2025:16:46:17 +0000] "GET /wp-content/uploads/articulate_uploads/October-2017-ACES-and-Resiliency-Part_1-Zip4/mobile/6BOthFoNsRm_80_DX1440_DY1440_CX720_CY38.png HTTP/1.1" 200 7081 "https://ahsmore.mhcollab.ca/wp-content/uploads/articulate_uploads/October-2017-ACES-and-Resiliency-Part_1-Zip4/story_html5.html" "Mozilla/5.0 (Macintosh; Intel Mac OS X 10_15_7) AppleWebKit/605.1.15 (KHTML, like Gecko) Version/18.1.1 Safari/605.1.15"
142.166.29.108 - - [21/Jan/2025:16:46:17 +0000] "GET /wp-content/uploads/articulate_uploads/October-2017-ACES-and-Resiliency-Part_1-Zip4/mobile/6kBIvBeb48j_80_DX1440_DY1440_CX720_CY89.jpg HTTP/1.1" 200 10961 "https://ahsmore.mhcollab.ca/wp-content/uploads/articulate_uploads/October-2017-ACES-and-Resiliency-Part_1-Zip4/story_html5.html" "Mozilla/5.0 (Macintosh; Intel Mac OS X 10_15_7) AppleWebKit/605.1.15 (KHTML, like Gecko) Version/18.1.1 Safari/605.1.15"
142.166.29.108 - - [21/Jan/2025:16:46:17 +0000] "GET /wp-content/uploads/articulate_uploads/October-2017-ACES-and-Resiliency-Part_1-Zip4/mobile/slides/5kYXn2ryZc2.js HTTP/1.1" 200 3268 "https://ahsmore.mhcollab.ca/wp-content/uploads/articulate_uploads/October-2017-ACES-and-Resiliency-Part_1-Zip4/story_html5.html" "Mozilla/5.0 (Macintosh; Intel Mac OS X 10_15_7) AppleWebKit/605.1.15 (KHTML, like Gecko) Version/18.1.1 Safari/605.1.15"
142.166.29.108 - - [21/Jan/2025:16:46:17 +0000] "GET /wp-content/uploads/articulate_uploads/October-2017-ACES-and-Resiliency-Part_1-Zip4/story_content/5ZZMMlC7bEm_22050_48.mp3 HTTP/1.1" 200 207809 "https://ahsmore.mhcollab.ca/wp-content/uploads/articulate_uploads/October-2017-ACES-and-Resiliency-Part_1-Zip4/story_html5.html" "Mozilla/5.0 (Macintosh; Intel Mac OS X 10_15_7) AppleWebKit/605.1.15 (KHTML, like Gecko) Version/18.1.1 Safari/605.1.15"
199.185.67.156 - - [21/Jan/2025:16:46:17 +0000] "GET /courses/what-is-self-harming-basics-for-parents-to-know/ HTTP/1.1" 200 26411 "https://ahsmore.mhcollab.ca/courses/what-is-self-harming-basics-for-parents-to-know/lessons/course-feedback/" "Mozilla/5.0 (Windows NT 10.0; Win64; x64) AppleWebKit/537.36 (KHTML, like Gecko) Chrome/132.0.0.0 Safari/537.36"
199.185.67.156 - - [21/Jan/2025:16:46:16 +0000] "POST /courses/what-is-self-harming-basics-for-parents-to-know/lessons/course-feedback/ HTTP/1.1" 302 - "https://ahsmore.mhcollab.ca/courses/what-is-self-harming-basics-for-parents-to-know/lessons/course-feedback/" "Mozilla/5.0 (Windows NT 10.0; Win64; x64) AppleWebKit/537.36 (KHTML, like Gecko) Chrome/132.0.0.0 Safari/537.36"
192.30.99.83 - - [21/Jan/2025:16:46:28 +0000] "GET /wp-content/uploads/2019/08/NSSI-Protocol.docx HTTP/1.1" 200 27527 "-" "Mozilla/5.0 (Windows NT 10.0; Win64; x64) AppleWebKit/537.36 (KHTML, like Gecko) Chrome/132.0.0.0 Safari/537.36 Edg/132.0.0.0"
45.56.220.125 - - [21/Jan/2025:16:46:28 +0000] "POST /wp-cron.php?doing_wp_cron=1737477988.8562920093536376953125 HTTP/1.1" 200 - "-" "WordPress/6.7.1; https://ahsmore.mhcollab.ca"
199.185.67.156 - - [21/Jan/2025:16:46:26 +0000] "GET /all-courses/ HTTP/1.1" 503 30703 "https://ahsmore.mhcollab.ca/courses/what-is-self-harming-basics-for-parents-to-know/" "Mozilla/5.0 (Windows NT 10.0; Win64; x64) AppleWebKit/537.36 (KHTML, like Gecko) Chrome/132.0.0.0 Safari/537.36"
192.30.99.83 - - [21/Jan/2025:16:46:32 +0000] "GET /wp-content/uploads/2019/08/NSSI-Appendix-A.docx HTTP/1.1" 200 16171 "-" "Mozilla/5.0 (Windows NT 10.0; Win64; x64) AppleWebKit/537.36 (KHTML, like Gecko) Chrome/132.0.0.0 Safari/537.36 Edg/132.0.0.0"
192.30.99.83 - - [21/Jan/2025:16:46:34 +0000] "GET /wp-content/uploads/2019/08/NSSI-Appendix-B.docx HTTP/1.1" 200 16322 "-" "Mozilla/5.0 (Windows NT 10.0; Win64; x64) AppleWebKit/537.36 (KHTML, like Gecko) Chrome/132.0.0.0 Safari/537.36 Edg/132.0.0.0"
192.30.99.83 - - [21/Jan/2025:16:46:37 +0000] "GET /wp-content/uploads/2019/08/NSSI-Appendix-C.docx HTTP/1.1" 200 19444 "-" "Mozilla/5.0 (Windows NT 10.0; Win64; x64) AppleWebKit/537.36 (KHTML, like Gecko) Chrome/132.0.0.0 Safari/537.36 Edg/132.0.0.0"
192.30.99.83 - - [21/Jan/2025:16:46:39 +0000] "GET /wp-content/uploads/2019/08/NSSI-Appendix-D.docx HTTP/1.1" 200 14710 "-" "Mozilla/5.0 (Windows NT 10.0; Win64; x64) AppleWebKit/537.36 (KHTML, like Gecko) Chrome/132.0.0.0 Safari/537.36 Edg/132.0.0.0"
199.185.67.145 - - [21/Jan/2025:16:46:43 +0000] "GET /wp-content/uploads/articulate_uploads/Anxiety-in-the-Classroom_noTOC_access/dr/img23.json HTTP/1.1" 200 513620 "https://ahsmore.mhcollab.ca/wp-content/uploads/articulate_uploads/Anxiety-in-the-Classroom_noTOC_access/index.html" "Mozilla/5.0 (Windows NT 10.0; Win64; x64) AppleWebKit/537.36 (KHTML, like Gecko) Chrome/131.0.0.0 Safari/537.36"
199.185.67.145 - - [21/Jan/2025:16:46:43 +0000] "GET /wp-content/uploads/articulate_uploads/Anxiety-in-the-Classroom_noTOC_access/dr/img1.json HTTP/1.1" 200 597808 "https://ahsmore.mhcollab.ca/wp-content/uploads/articulate_uploads/Anxiety-in-the-Classroom_noTOC_access/index.html" "Mozilla/5.0 (Windows NT 10.0; Win64; x64) AppleWebKit/537.36 (KHTML, like Gecko) Chrome/131.0.0.0 Safari/537.36"
199.185.67.145 - - [21/Jan/2025:16:46:43 +0000] "GET /wp-content/uploads/articulate_uploads/Anxiety-in-the-Classroom_noTOC_access/dr/img7.json HTTP/1.1" 200 693471 "https://ahsmore.mhcollab.ca/wp-content/uploads/articulate_uploads/Anxiety-in-the-Classroom_noTOC_access/index.html" "Mozilla/5.0 (Windows NT 10.0; Win64; x64) AppleWebKit/537.36 (KHTML, like Gecko) Chrome/131.0.0.0 Safari/537.36"
199.185.67.145 - - [21/Jan/2025:16:46:43 +0000] "GET /wp-content/uploads/articulate_uploads/Anxiety-in-the-Classroom_noTOC_access/dr/img8.json HTTP/1.1" 200 689264 "https://ahsmore.mhcollab.ca/wp-content/uploads/articulate_uploads/Anxiety-in-the-Classroom_noTOC_access/index.html" "Mozilla/5.0 (Windows NT 10.0; Win64; x64) AppleWebKit/537.36 (KHTML, like Gecko) Chrome/131.0.0.0 Safari/537.36"
199.185.67.145 - - [21/Jan/2025:16:46:43 +0000] "GET /wp-content/uploads/articulate_uploads/Anxiety-in-the-Classroom_noTOC_access/dr/img5.json HTTP/1.1" 200 747372 "https://ahsmore.mhcollab.ca/wp-content/uploads/articulate_uploads/Anxiety-in-the-Classroom_noTOC_access/index.html" "Mozilla/5.0 (Windows NT 10.0; Win64; x64) AppleWebKit/537.36 (KHTML, like Gecko) Chrome/131.0.0.0 Safari/537.36"
199.185.67.145 - - [21/Jan/2025:16:46:43 +0000] "GET /wp-content/uploads/articulate_uploads/Anxiety-in-the-Classroom_noTOC_access/dr/img6.json HTTP/1.1" 200 852933 "https://ahsmore.mhcollab.ca/wp-content/uploads/articulate_uploads/Anxiety-in-the-Classroom_noTOC_access/index.html" "Mozilla/5.0 (Windows NT 10.0; Win64; x64) AppleWebKit/537.36 (KHTML, like Gecko) Chrome/131.0.0.0 Safari/537.36"
192.30.99.83 - - [21/Jan/2025:16:46:53 +0000] "GET /wp-content/uploads/2019/08/NSSI-Appendix-E.pdf HTTP/1.1" 200 766430 "-" "Mozilla/5.0 (Windows NT 10.0; Win64; x64) AppleWebKit/537.36 (KHTML, like Gecko) Chrome/132.0.0.0 Safari/537.36 Edg/132.0.0.0"
199.185.67.145 - - [21/Jan/2025:16:46:59 +0000] "GET /wp-content/uploads/articulate_uploads/Anxiety-in-the-Classroom_noTOC_access/dr/img27.json HTTP/1.1" 304 - "https://ahsmore.mhcollab.ca/wp-content/uploads/articulate_uploads/Anxiety-in-the-Classroom_noTOC_access/index.html" "Mozilla/5.0 (Windows NT 10.0; Win64; x64) AppleWebKit/537.36 (KHTML, like Gecko) Chrome/131.0.0.0 Safari/537.36"
199.185.67.145 - - [21/Jan/2025:16:46:59 +0000] "GET /wp-content/uploads/articulate_uploads/Anxiety-in-the-Classroom_noTOC_access/dr/img28.json HTTP/1.1" 304 - "https://ahsmore.mhcollab.ca/wp-content/uploads/articulate_uploads/Anxiety-in-the-Classroom_noTOC_access/index.html" "Mozilla/5.0 (Windows NT 10.0; Win64; x64) AppleWebKit/537.36 (KHTML, like Gecko) Chrome/131.0.0.0 Safari/537.36"
192.30.99.83 - - [21/Jan/2025:16:47:01 +0000] "GET /wp-content/uploads/2019/08/NSSI-Appendix-F.pdf HTTP/1.1" 200 785904 "-" "Mozilla/5.0 (Windows NT 10.0; Win64; x64) AppleWebKit/537.36 (KHTML, like Gecko) Chrome/132.0.0.0 Safari/537.36 Edg/132.0.0.0"
199.185.67.145 - - [21/Jan/2025:16:47:41 +0000] "GET /wp-content/uploads/articulate_uploads/Anxiety-in-the-Classroom_noTOC_access/dr/img14.json HTTP/1.1" 200 318751 "https://ahsmore.mhcollab.ca/wp-content/uploads/articulate_uploads/Anxiety-in-the-Classroom_noTOC_access/index.html" "Mozilla/5.0 (Windows NT 10.0; Win64; x64) AppleWebKit/537.36 (KHTML, like Gecko) Chrome/131.0.0.0 Safari/537.36"
199.185.67.145 - - [21/Jan/2025:16:47:41 +0000] "GET /wp-content/uploads/articulate_uploads/Anxiety-in-the-Classroom_noTOC_access/dr/img9.json HTTP/1.1" 200 712502 "https://ahsmore.mhcollab.ca/wp-content/uploads/articulate_uploads/Anxiety-in-the-Classroom_noTOC_access/index.html" "Mozilla/5.0 (Windows NT 10.0; Win64; x64) AppleWebKit/537.36 (KHTML, like Gecko) Chrome/131.0.0.0 Safari/537.36"
199.185.67.145 - - [21/Jan/2025:16:47:53 +0000] "GET /wp-content/uploads/articulate_uploads/Anxiety-in-the-Classroom_noTOC_access/dr/img21.json HTTP/1.1" 304 - "https://ahsmore.mhcollab.ca/wp-content/uploads/articulate_uploads/Anxiety-in-the-Classroom_noTOC_access/index.html" "Mozilla/5.0 (Windows NT 10.0; Win64; x64) AppleWebKit/537.36 (KHTML, like Gecko) Chrome/131.0.0.0 Safari/537.36"
199.185.67.145 - - [21/Jan/2025:16:47:53 +0000] "GET /wp-content/uploads/articulate_uploads/Anxiety-in-the-Classroom_noTOC_access/dr/img26.json HTTP/1.1" 304 - "https://ahsmore.mhcollab.ca/wp-content/uploads/articulate_uploads/Anxiety-in-the-Classroom_noTOC_access/index.html" "Mozilla/5.0 (Windows NT 10.0; Win64; x64) AppleWebKit/537.36 (KHTML, like Gecko) Chrome/131.0.0.0 Safari/537.36"
199.185.67.145 - - [21/Jan/2025:16:47:53 +0000] "GET /wp-content/uploads/articulate_uploads/Anxiety-in-the-Classroom_noTOC_access/dr/img16.json HTTP/1.1" 200 579591 "https://ahsmore.mhcollab.ca/wp-content/uploads/articulate_uploads/Anxiety-in-the-Classroom_noTOC_access/index.html" "Mozilla/5.0 (Windows NT 10.0; Win64; x64) AppleWebKit/537.36 (KHTML, like Gecko) Chrome/131.0.0.0 Safari/537.36"
199.185.67.145 - - [21/Jan/2025:16:48:09 +0000] "GET /wp-content/uploads/articulate_uploads/Anxiety-in-the-Classroom_noTOC_access/dr/img25.json HTTP/1.1" 200 792883 "https://ahsmore.mhcollab.ca/wp-content/uploads/articulate_uploads/Anxiety-in-the-Classroom_noTOC_access/index.html" "Mozilla/5.0 (Windows NT 10.0; Win64; x64) AppleWebKit/537.36 (KHTML, like Gecko) Chrome/131.0.0.0 Safari/537.36"
199.185.67.145 - - [21/Jan/2025:16:48:48 +0000] "GET /wp-content/uploads/articulate_uploads/Anxiety-in-the-Classroom_noTOC_access/dr/img8.json HTTP/1.1" 304 - "https://ahsmore.mhcollab.ca/wp-content/uploads/articulate_uploads/Anxiety-in-the-Classroom_noTOC_access/index.html" "Mozilla/5.0 (Windows NT 10.0; Win64; x64) AppleWebKit/537.36 (KHTML, like Gecko) Chrome/131.0.0.0 Safari/537.36"
199.185.67.145 - - [21/Jan/2025:16:48:48 +0000] "GET /wp-content/uploads/articulate_uploads/Anxiety-in-the-Classroom_noTOC_access/dr/img27.json HTTP/1.1" 304 - "https://ahsmore.mhcollab.ca/wp-content/uploads/articulate_uploads/Anxiety-in-the-Classroom_noTOC_access/index.html" "Mozilla/5.0 (Windows NT 10.0; Win64; x64) AppleWebKit/537.36 (KHTML, like Gecko) Chrome/131.0.0.0 Safari/537.36"
199.185.67.145 - - [21/Jan/2025:16:48:48 +0000] "GET /wp-content/uploads/articulate_uploads/Anxiety-in-the-Classroom_noTOC_access/dr/img11.json HTTP/1.1" 200 716522 "https://ahsmore.mhcollab.ca/wp-content/uploads/articulate_uploads/Anxiety-in-the-Classroom_noTOC_access/index.html" "Mozilla/5.0 (Windows NT 10.0; Win64; x64) AppleWebKit/537.36 (KHTML, like Gecko) Chrome/131.0.0.0 Safari/537.36"
45.56.220.125 - - [21/Jan/2025:16:49:13 +0000] "POST /wp-cron.php?doing_wp_cron=1737478153.1516909599304199218750 HTTP/1.1" 200 - "-" "WordPress/6.7.1; https://ahsmore.mhcollab.ca"
136.159.213.247 - - [21/Jan/2025:16:49:11 +0000] "GET /all-courses/ HTTP/1.1" 200 30697 "https://ahsmore.mhcollab.ca/login2024/" "Mozilla/5.0 (Macintosh; Intel Mac OS X 10_15_7) AppleWebKit/605.1.15 (KHTML, like Gecko) Version/16.6 Safari/605.1.15"
199.185.67.145 - - [21/Jan/2025:16:49:24 +0000] "GET /wp-content/uploads/articulate_uploads/Anxiety-in-the-Classroom_noTOC_access/dr/img28.json HTTP/1.1" 304 - "https://ahsmore.mhcollab.ca/wp-content/uploads/articulate_uploads/Anxiety-in-the-Classroom_noTOC_access/index.html" "Mozilla/5.0 (Windows NT 10.0; Win64; x64) AppleWebKit/537.36 (KHTML, like Gecko) Chrome/131.0.0.0 Safari/537.36"
199.185.67.145 - - [21/Jan/2025:16:49:24 +0000] "GET /wp-content/uploads/articulate_uploads/Anxiety-in-the-Classroom_noTOC_access/dr/img4.json HTTP/1.1" 200 226461 "https://ahsmore.mhcollab.ca/wp-content/uploads/articulate_uploads/Anxiety-in-the-Classroom_noTOC_access/index.html" "Mozilla/5.0 (Windows NT 10.0; Win64; x64) AppleWebKit/537.36 (KHTML, like Gecko) Chrome/131.0.0.0 Safari/537.36"
45.56.220.125 - - [21/Jan/2025:16:49:26 +0000] "POST /wp-cron.php?doing_wp_cron=1737478166.1332709789276123046875 HTTP/1.1" 200 - "-" "WordPress/6.7.1; https://ahsmore.mhcollab.ca"
136.159.213.247 - - [21/Jan/2025:16:49:24 +0000] "GET /wp-admin/admin-ajax.php?action=ld_cg_load_more&nonce=beb2666049&course_grid=%7B%22page%22%3A%221%22%2C%22post_type%22%3A%22sfwd-courses%22%2C%22per_page%22%3A%2220%22%2C%22orderby%22%3A%22date%22%2C%22order%22%3A%22DESC%22%2C%22taxonomies%22%3A%22%22%2C%22enrollment_status%22%3A%22%22%2C%22progress_status%22%3A%22%22%2C%22thumbnail%22%3A%221%22%2C%22thumbnail_size%22%3A%22course-thumbnail%22%2C%22ribbon%22%3A%221%22%2C%22video%22%3A%22%22%2C%22content%22%3A%221%22%2C%22title%22%3A%221%22%2C%22title_clickable%22%3A%221%22%2C%22description%22%3A%22%22%2C%22description_char_max%22%3A%22120%22%2C%22button%22%3A%221%22%2C%22filter%22%3A%221%22%2C%22pagination%22%3A%22button%22%2C%22grid_height_equal%22%3A%221%22%2C%22progress_bar%22%3A%22%22%2C%22post_meta%22%3A%22%22%2C%22skin%22%3A%22grid%22%2C%22card%22%3A%22grid-2%22%2C%22columns%22%3A%224%22%2C%22min_column_width%22%3A%22200%22%2C%22items_per_row%22%3A%225%22%2C%22font_family_title%22%3A%22montserrat%22%2C%22font_family_description%22%3A%22%22%2C%22font_size_title%22%3A%2228%22%2C%22font_size_description%22%3A%22%22%2C%22font_color_title%22%3A%22%22%2C%22font_color_description%22%3A%22%22%2C%22background_color_title%22%3A%22%22%2C%22background_color_description%22%3A%22%22%2C%22background_color_ribbon%22%3A%22%22%2C%22font_color_ribbon%22%3A%22%22%2C%22background_color_icon%22%3A%22%22%2C%22font_color_icon%22%3A%22%22%2C%22background_color_button%22%3A%22%22%2C%22font_color_button%22%3A%22%22%2C%22class_name%22%3A%22%22%2C%22id%22%3A%22ld-cg-llpkd3sd9t%22%2C%22filter_search%22%3A%221%22%2C%22filter_taxonomies%22%3A%22ld_course_category%22%2C%22filter_price%22%3A%22%22%2C%22filter_price_min%22%3A%220%22%2C%22filter_price_max%22%3A%221000%22%2C%22new_columns%22%3A%224%22%7D&filter=%7B%22search%22%3A%22%22%2C%22price_min%22%3Anull%2C%22price_max%22%3Anull%2C%22ld_course_category%22%3A%5B%5D%7D HTTP/1.1" 200 2566 "https://ahsmore.mhcollab.ca/all-courses/" "Mozilla/5.0 (Macintosh; Intel Mac OS X 10_15_7) AppleWebKit/605.1.15 (KHTML, like Gecko) Version/16.6 Safari/605.1.15"
199.185.67.145 - - [21/Jan/2025:16:50:08 +0000] "GET /wp-content/uploads/articulate_uploads/Anxiety-in-the-Classroom_noTOC_access/dr/img3.json HTTP/1.1" 304 - "https://ahsmore.mhcollab.ca/wp-content/uploads/articulate_uploads/Anxiety-in-the-Classroom_noTOC_access/index.html" "Mozilla/5.0 (Windows NT 10.0; Win64; x64) AppleWebKit/537.36 (KHTML, like Gecko) Chrome/131.0.0.0 Safari/537.36"
199.185.67.145 - - [21/Jan/2025:16:50:08 +0000] "GET /wp-content/uploads/articulate_uploads/Anxiety-in-the-Classroom_noTOC_access/dr/img8.json HTTP/1.1" 304 - "https://ahsmore.mhcollab.ca/wp-content/uploads/articulate_uploads/Anxiety-in-the-Classroom_noTOC_access/index.html" "Mozilla/5.0 (Windows NT 10.0; Win64; x64) AppleWebKit/537.36 (KHTML, like Gecko) Chrome/131.0.0.0 Safari/537.36"
199.185.67.145 - - [21/Jan/2025:16:50:08 +0000] "GET /wp-content/uploads/articulate_uploads/Anxiety-in-the-Classroom_noTOC_access/dr/img20.json HTTP/1.1" 200 1151720 "https://ahsmore.mhcollab.ca/wp-content/uploads/articulate_uploads/Anxiety-in-the-Classroom_noTOC_access/index.html" "Mozilla/5.0 (Windows NT 10.0; Win64; x64) AppleWebKit/537.36 (KHTML, like Gecko) Chrome/131.0.0.0 Safari/537.36"
136.159.213.247 - - [21/Jan/2025:16:50:08 +0000] "GET /courses/parents-as-partners-in-mental-health/ HTTP/1.1" 200 25753 "https://ahsmore.mhcollab.ca/all-courses/" "Mozilla/5.0 (Macintosh; Intel Mac OS X 10_15_7) AppleWebKit/605.1.15 (KHTML, like Gecko) Version/16.6 Safari/605.1.15"
45.56.220.125 - - [21/Jan/2025:16:50:30 +0000] "POST /wp-cron.php?doing_wp_cron=1737478230.8932518959045410156250 HTTP/1.1" 200 - "-" "WordPress/6.7.1; https://ahsmore.mhcollab.ca"
136.159.213.247 - - [21/Jan/2025:16:50:29 +0000] "GET /all-courses/ HTTP/1.1" 200 30696 "https://ahsmore.mhcollab.ca/login2024/" "Mozilla/5.0 (Macintosh; Intel Mac OS X 10_15_7) AppleWebKit/605.1.15 (KHTML, like Gecko) Version/16.6 Safari/605.1.15"
45.56.220.125 - - [21/Jan/2025:16:50:34 +0000] "POST /staging/wp-cron.php?doing_wp_cron=1737478234.9852340221405029296875 HTTP/1.1" 200 - "-" "WordPress/6.7.1; https://ahsmore.mhcollab.ca/staging"
136.159.213.247 - - [21/Jan/2025:16:50:33 +0000] "GET /wp-admin/admin-ajax.php?action=ld_cg_load_more&nonce=beb2666049&course_grid=%7B%22page%22%3A%221%22%2C%22post_type%22%3A%22sfwd-courses%22%2C%22per_page%22%3A%2220%22%2C%22orderby%22%3A%22date%22%2C%22order%22%3A%22DESC%22%2C%22taxonomies%22%3A%22%22%2C%22enrollment_status%22%3A%22%22%2C%22progress_status%22%3A%22%22%2C%22thumbnail%22%3A%221%22%2C%22thumbnail_size%22%3A%22course-thumbnail%22%2C%22ribbon%22%3A%221%22%2C%22video%22%3A%22%22%2C%22content%22%3A%221%22%2C%22title%22%3A%221%22%2C%22title_clickable%22%3A%221%22%2C%22description%22%3A%22%22%2C%22description_char_max%22%3A%22120%22%2C%22button%22%3A%221%22%2C%22filter%22%3A%221%22%2C%22pagination%22%3A%22button%22%2C%22grid_height_equal%22%3A%221%22%2C%22progress_bar%22%3A%22%22%2C%22post_meta%22%3A%22%22%2C%22skin%22%3A%22grid%22%2C%22card%22%3A%22grid-2%22%2C%22columns%22%3A%224%22%2C%22min_column_width%22%3A%22200%22%2C%22items_per_row%22%3A%225%22%2C%22font_family_title%22%3A%22montserrat%22%2C%22font_family_description%22%3A%22%22%2C%22font_size_title%22%3A%2228%22%2C%22font_size_description%22%3A%22%22%2C%22font_color_title%22%3A%22%22%2C%22font_color_description%22%3A%22%22%2C%22background_color_title%22%3A%22%22%2C%22background_color_description%22%3A%22%22%2C%22background_color_ribbon%22%3A%22%22%2C%22font_color_ribbon%22%3A%22%22%2C%22background_color_icon%22%3A%22%22%2C%22font_color_icon%22%3A%22%22%2C%22background_color_button%22%3A%22%22%2C%22font_color_button%22%3A%22%22%2C%22class_name%22%3A%22%22%2C%22id%22%3A%22ld-cg-llpkd3sd9t%22%2C%22filter_search%22%3A%221%22%2C%22filter_taxonomies%22%3A%22ld_course_category%22%2C%22filter_price%22%3A%22%22%2C%22filter_price_min%22%3A%220%22%2C%22filter_price_max%22%3A%221000%22%2C%22new_columns%22%3A%224%22%7D&filter=%7B%22search%22%3A%22%22%2C%22price_min%22%3Anull%2C%22price_max%22%3Anull%2C%22ld_course_category%22%3A%5B%5D%7D HTTP/1.1" 200 2566 "https://ahsmore.mhcollab.ca/all-courses/" "Mozilla/5.0 (Macintosh; Intel Mac OS X 10_15_7) AppleWebKit/605.1.15 (KHTML, like Gecko) Version/16.6 Safari/605.1.15"
51.222.253.3 - - [21/Jan/2025:16:50:34 +0000] "GET /staging/courses/substance-use/cannabis-legislation-2018/ HTTP/1.1" 404 14362 "-" "Mozilla/5.0 (compatible; AhrefsBot/7.0; +http://ahrefs.com/robot/)"
136.159.213.247 - - [21/Jan/2025:16:50:51 +0000] "GET /wp-admin/admin-ajax.php?action=ld_cg_load_more&nonce=beb2666049&course_grid=%7B%22page%22%3A%222%22%2C%22post_type%22%3A%22sfwd-courses%22%2C%22per_page%22%3A%2220%22%2C%22orderby%22%3A%22date%22%2C%22order%22%3A%22DESC%22%2C%22taxonomies%22%3A%22%22%2C%22enrollment_status%22%3A%22%22%2C%22progress_status%22%3A%22%22%2C%22thumbnail%22%3A%221%22%2C%22thumbnail_size%22%3A%22course-thumbnail%22%2C%22ribbon%22%3A%221%22%2C%22video%22%3A%22%22%2C%22content%22%3A%221%22%2C%22title%22%3A%221%22%2C%22title_clickable%22%3A%221%22%2C%22description%22%3A%22%22%2C%22description_char_max%22%3A%22120%22%2C%22button%22%3A%221%22%2C%22filter%22%3A%221%22%2C%22pagination%22%3A%22button%22%2C%22grid_height_equal%22%3A%221%22%2C%22progress_bar%22%3A%22%22%2C%22post_meta%22%3A%22%22%2C%22skin%22%3A%22grid%22%2C%22card%22%3A%22grid-2%22%2C%22columns%22%3A%224%22%2C%22min_column_width%22%3A%22200%22%2C%22items_per_row%22%3A%225%22%2C%22font_family_title%22%3A%22montserrat%22%2C%22font_family_description%22%3A%22%22%2C%22font_size_title%22%3A%2228%22%2C%22font_size_description%22%3A%22%22%2C%22font_color_title%22%3A%22%22%2C%22font_color_description%22%3A%22%22%2C%22background_color_title%22%3A%22%22%2C%22background_color_description%22%3A%22%22%2C%22background_color_ribbon%22%3A%22%22%2C%22font_color_ribbon%22%3A%22%22%2C%22background_color_icon%22%3A%22%22%2C%22font_color_icon%22%3A%22%22%2C%22background_color_button%22%3A%22%22%2C%22font_color_button%22%3A%22%22%2C%22class_name%22%3A%22%22%2C%22id%22%3A%22ld-cg-llpkd3sd9t%22%2C%22filter_search%22%3A%221%22%2C%22filter_taxonomies%22%3A%22ld_course_category%22%2C%22filter_price%22%3A%22%22%2C%22filter_price_min%22%3A%220%22%2C%22filter_price_max%22%3A%221000%22%2C%22new_columns%22%3A%224%22%7D&filter=%7B%22search%22%3A%22%22%2C%22price_min%22%3Anull%2C%22price_max%22%3Anull%2C%22ld_course_category%22%3A%5B%5D%7D HTTP/1.1" 200 1755 "https://ahsmore.mhcollab.ca/all-courses/" "Mozilla/5.0 (Macintosh; Intel Mac OS X 10_15_7) AppleWebKit/605.1.15 (KHTML, like Gecko) Version/16.6 Safari/605.1.15"
136.159.213.247 - - [21/Jan/2025:16:50:53 +0000] "GET /courses/the-impact-of-social-media-on-children-and-adolescents/ HTTP/1.1" 200 25737 "https://ahsmore.mhcollab.ca/all-courses/" "Mozilla/5.0 (Macintosh; Intel Mac OS X 10_15_7) AppleWebKit/605.1.15 (KHTML, like Gecko) Version/16.6 Safari/605.1.15"
199.185.67.145 - - [21/Jan/2025:16:51:02 +0000] "GET /wp-content/uploads/articulate_uploads/Anxiety-in-the-Classroom_noTOC_access/dr/img2.json HTTP/1.1" 304 - "https://ahsmore.mhcollab.ca/wp-content/uploads/articulate_uploads/Anxiety-in-the-Classroom_noTOC_access/index.html" "Mozilla/5.0 (Windows NT 10.0; Win64; x64) AppleWebKit/537.36 (KHTML, like Gecko) Chrome/131.0.0.0 Safari/537.36"
199.185.67.145 - - [21/Jan/2025:16:51:02 +0000] "GET /wp-content/uploads/articulate_uploads/Anxiety-in-the-Classroom_noTOC_access/dr/img27.json HTTP/1.1" 304 - "https://ahsmore.mhcollab.ca/wp-content/uploads/articulate_uploads/Anxiety-in-the-Classroom_noTOC_access/index.html" "Mozilla/5.0 (Windows NT 10.0; Win64; x64) AppleWebKit/537.36 (KHTML, like Gecko) Chrome/131.0.0.0 Safari/537.36"
199.185.67.145 - - [21/Jan/2025:16:51:02 +0000] "GET /wp-content/uploads/articulate_uploads/Anxiety-in-the-Classroom_noTOC_access/dr/img19.json HTTP/1.1" 200 1162845 "https://ahsmore.mhcollab.ca/wp-content/uploads/articulate_uploads/Anxiety-in-the-Classroom_noTOC_access/index.html" "Mozilla/5.0 (Windows NT 10.0; Win64; x64) AppleWebKit/537.36 (KHTML, like Gecko) Chrome/131.0.0.0 Safari/537.36"
136.159.213.247 - - [21/Jan/2025:16:51:06 +0000] "GET /all-courses/ HTTP/1.1" 200 30695 "https://ahsmore.mhcollab.ca/login2024/" "Mozilla/5.0 (Macintosh; Intel Mac OS X 10_15_7) AppleWebKit/605.1.15 (KHTML, like Gecko) Version/16.6 Safari/605.1.15"
45.56.220.125 - - [21/Jan/2025:16:51:28 +0000] "POST /wp-cron.php?doing_wp_cron=1737478288.9887819290161132812500 HTTP/1.1" 200 - "-" "WordPress/6.7.1; https://ahsmore.mhcollab.ca"
96.53.0.46 - - [21/Jan/2025:16:51:26 +0000] "GET /courses/lgbtq2-youth-and-mental-health/lessons/1503-lgbtq2-p2/ HTTP/1.1" 503 25773 "https://ahsmore.mhcollab.ca/courses/lgbtq2-youth-and-mental-health/" "Mozilla/5.0 (Windows NT 10.0; Win64; x64) AppleWebKit/537.36 (KHTML, like Gecko) Chrome/131.0.0.0 Safari/537.36"
96.53.0.46 - - [21/Jan/2025:16:51:31 +0000] "POST /wp-admin/admin-ajax.php HTTP/1.1" 200 36 "https://ahsmore.mhcollab.ca/courses/lgbtq2-youth-and-mental-health/lessons/1503-lgbtq2-p2/" "Mozilla/5.0 (Windows NT 10.0; Win64; x64) AppleWebKit/537.36 (KHTML, like Gecko) Chrome/131.0.0.0 Safari/537.36"
96.53.0.46 - - [21/Jan/2025:16:51:33 +0000] "POST /courses/lgbtq2-youth-and-mental-health/lessons/1503-lgbtq2-p2/ HTTP/1.1" 302 - "https://ahsmore.mhcollab.ca/courses/lgbtq2-youth-and-mental-health/lessons/1503-lgbtq2-p2/" "Mozilla/5.0 (Windows NT 10.0; Win64; x64) AppleWebKit/537.36 (KHTML, like Gecko) Chrome/131.0.0.0 Safari/537.36"
96.53.0.46 - - [21/Jan/2025:16:51:32 +0000] "POST /wp-admin/admin-ajax.php HTTP/1.1" 200 37 "https://ahsmore.mhcollab.ca/courses/lgbtq2-youth-and-mental-health/lessons/1503-lgbtq2-p2/" "Mozilla/5.0 (Windows NT 10.0; Win64; x64) AppleWebKit/537.36 (KHTML, like Gecko) Chrome/131.0.0.0 Safari/537.36"
96.53.0.46 - - [21/Jan/2025:16:51:34 +0000] "GET /courses/lgbtq2-youth-and-mental-health/lessons/1503-lgbtq2-p3/ HTTP/1.1" 200 25778 "https://ahsmore.mhcollab.ca/courses/lgbtq2-youth-and-mental-health/lessons/1503-lgbtq2-p2/" "Mozilla/5.0 (Windows NT 10.0; Win64; x64) AppleWebKit/537.36 (KHTML, like Gecko) Chrome/131.0.0.0 Safari/537.36"
199.185.67.145 - - [21/Jan/2025:16:52:22 +0000] "GET /wp-content/uploads/articulate_uploads/Anxiety-in-the-Classroom_noTOC_access/dr/img8.json HTTP/1.1" 304 - "https://ahsmore.mhcollab.ca/wp-content/uploads/articulate_uploads/Anxiety-in-the-Classroom_noTOC_access/index.html" "Mozilla/5.0 (Windows NT 10.0; Win64; x64) AppleWebKit/537.36 (KHTML, like Gecko) Chrome/131.0.0.0 Safari/537.36"
199.185.67.145 - - [21/Jan/2025:16:52:22 +0000] "GET /wp-content/uploads/articulate_uploads/Anxiety-in-the-Classroom_noTOC_access/dr/img16.json HTTP/1.1" 304 - "https://ahsmore.mhcollab.ca/wp-content/uploads/articulate_uploads/Anxiety-in-the-Classroom_noTOC_access/index.html" "Mozilla/5.0 (Windows NT 10.0; Win64; x64) AppleWebKit/537.36 (KHTML, like Gecko) Chrome/131.0.0.0 Safari/537.36"
199.185.67.145 - - [21/Jan/2025:16:52:22 +0000] "GET /wp-content/uploads/articulate_uploads/Anxiety-in-the-Classroom_noTOC_access/dr/img13.json HTTP/1.1" 200 704380 "https://ahsmore.mhcollab.ca/wp-content/uploads/articulate_uploads/Anxiety-in-the-Classroom_noTOC_access/index.html" "Mozilla/5.0 (Windows NT 10.0; Win64; x64) AppleWebKit/537.36 (KHTML, like Gecko) Chrome/131.0.0.0 Safari/537.36"
199.185.67.145 - - [21/Jan/2025:16:52:48 +0000] "GET /wp-content/uploads/articulate_uploads/Anxiety-in-the-Classroom_noTOC_access/dr/img28.json HTTP/1.1" 304 - "https://ahsmore.mhcollab.ca/wp-content/uploads/articulate_uploads/Anxiety-in-the-Classroom_noTOC_access/index.html" "Mozilla/5.0 (Windows NT 10.0; Win64; x64) AppleWebKit/537.36 (KHTML, like Gecko) Chrome/131.0.0.0 Safari/537.36"
199.185.67.145 - - [21/Jan/2025:16:52:48 +0000] "GET /wp-content/uploads/articulate_uploads/Anxiety-in-the-Classroom_noTOC_access/dr/img26.json HTTP/1.1" 304 - "https://ahsmore.mhcollab.ca/wp-content/uploads/articulate_uploads/Anxiety-in-the-Classroom_noTOC_access/index.html" "Mozilla/5.0 (Windows NT 10.0; Win64; x64) AppleWebKit/537.36 (KHTML, like Gecko) Chrome/131.0.0.0 Safari/537.36"
199.185.67.145 - - [21/Jan/2025:16:52:48 +0000] "GET /wp-content/uploads/articulate_uploads/Anxiety-in-the-Classroom_noTOC_access/dr/img15.json HTTP/1.1" 200 549755 "https://ahsmore.mhcollab.ca/wp-content/uploads/articulate_uploads/Anxiety-in-the-Classroom_noTOC_access/index.html" "Mozilla/5.0 (Windows NT 10.0; Win64; x64) AppleWebKit/537.36 (KHTML, like Gecko) Chrome/131.0.0.0 Safari/537.36"
199.185.67.145 - - [21/Jan/2025:16:53:18 +0000] "GET /wp-content/uploads/articulate_uploads/Anxiety-in-the-Classroom_noTOC_access/dr/img2.json HTTP/1.1" 304 - "https://ahsmore.mhcollab.ca/wp-content/uploads/articulate_uploads/Anxiety-in-the-Classroom_noTOC_access/index.html" "Mozilla/5.0 (Windows NT 10.0; Win64; x64) AppleWebKit/537.36 (KHTML, like Gecko) Chrome/131.0.0.0 Safari/537.36"
199.185.67.145 - - [21/Jan/2025:16:53:18 +0000] "GET /wp-content/uploads/articulate_uploads/Anxiety-in-the-Classroom_noTOC_access/dr/img21.json HTTP/1.1" 304 - "https://ahsmore.mhcollab.ca/wp-content/uploads/articulate_uploads/Anxiety-in-the-Classroom_noTOC_access/index.html" "Mozilla/5.0 (Windows NT 10.0; Win64; x64) AppleWebKit/537.36 (KHTML, like Gecko) Chrome/131.0.0.0 Safari/537.36"
167.217.31.22 - - [21/Jan/2025:16:53:19 +0000] "GET /wp-content/uploads/2019/03/HO2-30Days.pdf HTTP/1.1" 200 165760 "https://www.google.com/" "Mozilla/5.0 (Macintosh; Intel Mac OS X 10_15_7) AppleWebKit/537.36 (KHTML, like Gecko) Chrome/131.0.0.0 Safari/537.36"
45.56.220.125 - - [21/Jan/2025:16:53:21 +0000] "POST /wp-cron.php?doing_wp_cron=1737478401.8575310707092285156250 HTTP/1.1" 200 - "-" "WordPress/6.7.1; https://ahsmore.mhcollab.ca"
167.217.31.22 - - [21/Jan/2025:16:53:20 +0000] "GET /favicon.ico HTTP/1.1" 302 - "https://ahsmore.mhcollab.ca/wp-content/uploads/2019/03/HO2-30Days.pdf" "Mozilla/5.0 (Macintosh; Intel Mac OS X 10_15_7) AppleWebKit/537.36 (KHTML, like Gecko) Chrome/131.0.0.0 Safari/537.36"
167.217.31.22 - - [21/Jan/2025:16:53:22 +0000] "GET /wp-content/uploads/2020/08/cropped-Copy-of-MORE-Favicon-32x32.png HTTP/1.1" 200 1241 "https://ahsmore.mhcollab.ca/wp-content/uploads/2019/03/HO2-30Days.pdf" "Mozilla/5.0 (Macintosh; Intel Mac OS X 10_15_7) AppleWebKit/537.36 (KHTML, like Gecko) Chrome/131.0.0.0 Safari/537.36"
114.119.150.65 - - [21/Jan/2025:16:56:36 +0000] "GET /wp-content/uploads/2019/01/Brochure-8.5x11-Web.pdf HTTP/1.1" 200 2616502 "-" "Mozilla/5.0 (Linux; Android 7.0;) AppleWebKit/537.36 (KHTML, like Gecko) Mobile Safari/537.36 (compatible; PetalBot;+https://webmaster.petalsearch.com/site/petalbot)"
199.185.67.145 - - [21/Jan/2025:16:57:23 +0000] "GET /wp-content/uploads/articulate_uploads/Anxiety-in-the-Classroom_noTOC_access/dr/img3.json HTTP/1.1" 304 - "https://ahsmore.mhcollab.ca/wp-content/uploads/articulate_uploads/Anxiety-in-the-Classroom_noTOC_access/index.html" "Mozilla/5.0 (Windows NT 10.0; Win64; x64) AppleWebKit/537.36 (KHTML, like Gecko) Chrome/131.0.0.0 Safari/537.36"
199.185.67.145 - - [21/Jan/2025:16:57:23 +0000] "GET /wp-content/uploads/articulate_uploads/Anxiety-in-the-Classroom_noTOC_access/dr/img19.json HTTP/1.1" 304 - "https://ahsmore.mhcollab.ca/wp-content/uploads/articulate_uploads/Anxiety-in-the-Classroom_noTOC_access/index.html" "Mozilla/5.0 (Windows NT 10.0; Win64; x64) AppleWebKit/537.36 (KHTML, like Gecko) Chrome/131.0.0.0 Safari/537.36"
199.185.67.145 - - [21/Jan/2025:16:57:23 +0000] "GET /wp-content/uploads/articulate_uploads/Anxiety-in-the-Classroom_noTOC_access/dr/img8.json HTTP/1.1" 304 - "https://ahsmore.mhcollab.ca/wp-content/uploads/articulate_uploads/Anxiety-in-the-Classroom_noTOC_access/index.html" "Mozilla/5.0 (Windows NT 10.0; Win64; x64) AppleWebKit/537.36 (KHTML, like Gecko) Chrome/131.0.0.0 Safari/537.36"
199.185.67.145 - - [21/Jan/2025:16:57:23 +0000] "GET /wp-content/uploads/articulate_uploads/Anxiety-in-the-Classroom_noTOC_access/dr/img27.json HTTP/1.1" 304 - "https://ahsmore.mhcollab.ca/wp-content/uploads/articulate_uploads/Anxiety-in-the-Classroom_noTOC_access/index.html" "Mozilla/5.0 (Windows NT 10.0; Win64; x64) AppleWebKit/537.36 (KHTML, like Gecko) Chrome/131.0.0.0 Safari/537.36"
199.185.67.145 - - [21/Jan/2025:16:57:23 +0000] "GET /wp-content/uploads/articulate_uploads/Anxiety-in-the-Classroom_noTOC_access/dr/624131.svg HTTP/1.1" 200 395 "https://ahsmore.mhcollab.ca/wp-content/uploads/articulate_uploads/Anxiety-in-the-Classroom_noTOC_access/index.html" "Mozilla/5.0 (Windows NT 10.0; Win64; x64) AppleWebKit/537.36 (KHTML, like Gecko) Chrome/131.0.0.0 Safari/537.36"
199.185.67.145 - - [21/Jan/2025:16:57:32 +0000] "GET /wp-content/uploads/articulate_uploads/Anxiety-in-the-Classroom_noTOC_access/dr/img1.json HTTP/1.1" 304 - "https://ahsmore.mhcollab.ca/wp-content/uploads/articulate_uploads/Anxiety-in-the-Classroom_noTOC_access/index.html" "Mozilla/5.0 (Windows NT 10.0; Win64; x64) AppleWebKit/537.36 (KHTML, like Gecko) Chrome/131.0.0.0 Safari/537.36"
199.185.67.145 - - [21/Jan/2025:16:57:32 +0000] "GET /wp-content/uploads/articulate_uploads/Anxiety-in-the-Classroom_noTOC_access/dr/img26.json HTTP/1.1" 304 - "https://ahsmore.mhcollab.ca/wp-content/uploads/articulate_uploads/Anxiety-in-the-Classroom_noTOC_access/index.html" "Mozilla/5.0 (Windows NT 10.0; Win64; x64) AppleWebKit/537.36 (KHTML, like Gecko) Chrome/131.0.0.0 Safari/537.36"
199.185.67.145 - - [21/Jan/2025:16:57:32 +0000] "GET /wp-content/uploads/articulate_uploads/Anxiety-in-the-Classroom_noTOC_access/dr/img28.json HTTP/1.1" 304 - "https://ahsmore.mhcollab.ca/wp-content/uploads/articulate_uploads/Anxiety-in-the-Classroom_noTOC_access/index.html" "Mozilla/5.0 (Windows NT 10.0; Win64; x64) AppleWebKit/537.36 (KHTML, like Gecko) Chrome/131.0.0.0 Safari/537.36"
45.56.220.125 - - [21/Jan/2025:16:58:31 +0000] "POST /wp-cron.php?doing_wp_cron=1737478711.6406130790710449218750 HTTP/1.1" 200 - "-" "WordPress/6.7.1; https://ahsmore.mhcollab.ca"
96.53.0.46 - - [21/Jan/2025:16:58:30 +0000] "GET / HTTP/1.1" 200 29705 "https://www.google.com/" "Mozilla/5.0 (Windows NT 10.0; Win64; x64) AppleWebKit/537.36 (KHTML, like Gecko) Chrome/131.0.0.0 Safari/537.36"
96.53.0.46 - - [21/Jan/2025:16:58:35 +0000] "GET /all-courses/ HTTP/1.1" 200 30759 "https://ahsmore.mhcollab.ca/" "Mozilla/5.0 (Windows NT 10.0; Win64; x64) AppleWebKit/537.36 (KHTML, like Gecko) Chrome/131.0.0.0 Safari/537.36"
96.53.0.46 - - [21/Jan/2025:16:58:58 +0000] "GET /wp-admin/admin-ajax.php?action=ld_cg_load_more&nonce=97b10537aa&course_grid=%7B%22page%22%3A%221%22%2C%22post_type%22%3A%22sfwd-courses%22%2C%22per_page%22%3A%2220%22%2C%22orderby%22%3A%22date%22%2C%22order%22%3A%22DESC%22%2C%22taxonomies%22%3A%22%22%2C%22enrollment_status%22%3A%22%22%2C%22progress_status%22%3A%22%22%2C%22thumbnail%22%3A%221%22%2C%22thumbnail_size%22%3A%22course-thumbnail%22%2C%22ribbon%22%3A%221%22%2C%22video%22%3A%22%22%2C%22content%22%3A%221%22%2C%22title%22%3A%221%22%2C%22title_clickable%22%3A%221%22%2C%22description%22%3A%22%22%2C%22description_char_max%22%3A%22120%22%2C%22button%22%3A%221%22%2C%22filter%22%3A%221%22%2C%22pagination%22%3A%22button%22%2C%22grid_height_equal%22%3A%221%22%2C%22progress_bar%22%3A%22%22%2C%22post_meta%22%3A%22%22%2C%22skin%22%3A%22grid%22%2C%22card%22%3A%22grid-2%22%2C%22columns%22%3A%224%22%2C%22min_column_width%22%3A%22200%22%2C%22items_per_row%22%3A%225%22%2C%22font_family_title%22%3A%22montserrat%22%2C%22font_family_description%22%3A%22%22%2C%22font_size_title%22%3A%2228%22%2C%22font_size_description%22%3A%22%22%2C%22font_color_title%22%3A%22%22%2C%22font_color_description%22%3A%22%22%2C%22background_color_title%22%3A%22%22%2C%22background_color_description%22%3A%22%22%2C%22background_color_ribbon%22%3A%22%22%2C%22font_color_ribbon%22%3A%22%22%2C%22background_color_icon%22%3A%22%22%2C%22font_color_icon%22%3A%22%22%2C%22background_color_button%22%3A%22%22%2C%22font_color_button%22%3A%22%22%2C%22class_name%22%3A%22%22%2C%22id%22%3A%22ld-cg-llpkd3sd9t%22%2C%22filter_search%22%3A%221%22%2C%22filter_taxonomies%22%3A%22ld_course_category%22%2C%22filter_price%22%3A%22%22%2C%22filter_price_min%22%3A%220%22%2C%22filter_price_max%22%3A%221000%22%2C%22new_columns%22%3A%224%22%7D&filter=%7B%22search%22%3A%22%22%2C%22price_min%22%3Anull%2C%22price_max%22%3Anull%2C%22ld_course_category%22%3A%5B%5D%7D HTTP/1.1" 200 2592 "https://ahsmore.mhcollab.ca/all-courses/" "Mozilla/5.0 (Windows NT 10.0; Win64; x64) AppleWebKit/537.36 (KHTML, like Gecko) Chrome/131.0.0.0 Safari/537.36"
45.56.220.125 - - [21/Jan/2025:16:59:29 +0000] "POST /wp-cron.php?doing_wp_cron=1737478769.0796771049499511718750 HTTP/1.1" 200 - "-" "WordPress/6.7.1; https://ahsmore.mhcollab.ca"
72.2.34.114 - - [21/Jan/2025:16:59:10 +0000] "GET /courses/tunderstanding-and-managing-students-problematic-sexual-behaviour/ HTTP/1.1" 503 25978 "-" "Mozilla/5.0 (Windows NT 10.0; Win64; x64) AppleWebKit/537.36 (KHTML, like Gecko) Chrome/131.0.0.0 Safari/537.36"
72.2.34.114 - - [21/Jan/2025:16:59:29 +0000] "GET /wp-content/plugins/learndash-propanel/includes/reports-base/includes/blocks/builds/index-date-filters.css?ver=a1d6734463bc290af9c8 HTTP/1.1" 200 1913 "https://ahsmore.mhcollab.ca/courses/tunderstanding-and-managing-students-problematic-sexual-behaviour/" "Mozilla/5.0 (Windows NT 10.0; Win64; x64) AppleWebKit/537.36 (KHTML, like Gecko) Chrome/131.0.0.0 Safari/537.36"
72.2.34.114 - - [21/Jan/2025:16:59:29 +0000] "GET /wp-content/plugins/learndash-propanel/includes/reports-base/includes/blocks/builds/index-total-revenue-earned.css?ver=f10a5618799c575867be HTTP/1.1" 200 495 "https://ahsmore.mhcollab.ca/courses/tunderstanding-and-managing-students-problematic-sexual-behaviour/" "Mozilla/5.0 (Windows NT 10.0; Win64; x64) AppleWebKit/537.36 (KHTML, like Gecko) Chrome/131.0.0.0 Safari/537.36"
72.2.34.114 - - [21/Jan/2025:16:59:29 +0000] "GET /wp-includes/css/dashicons.min.css?ver=4c07a945f927cfc17b5ef0589d82cf0d HTTP/1.1" 200 35730 "https://ahsmore.mhcollab.ca/courses/tunderstanding-and-managing-students-problematic-sexual-behaviour/" "Mozilla/5.0 (Windows NT 10.0; Win64; x64) AppleWebKit/537.36 (KHTML, like Gecko) Chrome/131.0.0.0 Safari/537.36"
72.2.34.114 - - [21/Jan/2025:16:59:29 +0000] "GET /wp-includes/css/dist/block-library/style.min.css?ver=4c07a945f927cfc17b5ef0589d82cf0d HTTP/1.1" 200 15177 "https://ahsmore.mhcollab.ca/courses/tunderstanding-and-managing-students-problematic-sexual-behaviour/" "Mozilla/5.0 (Windows NT 10.0; Win64; x64) AppleWebKit/537.36 (KHTML, like Gecko) Chrome/131.0.0.0 Safari/537.36"
72.2.34.114 - - [21/Jan/2025:16:59:29 +0000] "GET /wp-content/plugins/premium-addons-pro/assets/frontend/min-css/premium-addons.min.css?ver=2.9.29 HTTP/1.1" 200 31166 "https://ahsmore.mhcollab.ca/courses/tunderstanding-and-managing-students-problematic-sexual-behaviour/" "Mozilla/5.0 (Windows NT 10.0; Win64; x64) AppleWebKit/537.36 (KHTML, like Gecko) Chrome/131.0.0.0 Safari/537.36"
72.2.34.114 - - [21/Jan/2025:16:59:29 +0000] "GET /wp-content/plugins/premium-addons-for-elementor/assets/frontend/min-css/premium-addons.min.css?ver=4.10.78 HTTP/1.1" 200 45601 "https://ahsmore.mhcollab.ca/courses/tunderstanding-and-managing-students-problematic-sexual-behaviour/" "Mozilla/5.0 (Windows NT 10.0; Win64; x64) AppleWebKit/537.36 (KHTML, like Gecko) Chrome/131.0.0.0 Safari/537.36"
72.2.34.114 - - [21/Jan/2025:16:59:29 +0000] "GET /wp-content/plugins/learndash-propanel/includes/reports-base/includes/blocks/builds/index-total-courses.css?ver=0cefa5be8e7738864347 HTTP/1.1" 200 541 "https://ahsmore.mhcollab.ca/courses/tunderstanding-and-managing-students-problematic-sexual-behaviour/" "Mozilla/5.0 (Windows NT 10.0; Win64; x64) AppleWebKit/537.36 (KHTML, like Gecko) Chrome/131.0.0.0 Safari/537.36"
72.2.34.114 - - [21/Jan/2025:16:59:29 +0000] "GET /wp-content/plugins/learndash-propanel/includes/reports-base/includes/blocks/builds/index-total-learners.css?ver=fadd16f458306ad64b1b HTTP/1.1" 200 540 "https://ahsmore.mhcollab.ca/courses/tunderstanding-and-managing-students-problematic-sexual-behaviour/" "Mozilla/5.0 (Windows NT 10.0; Win64; x64) AppleWebKit/537.36 (KHTML, like Gecko) Chrome/131.0.0.0 Safari/537.36"
72.2.34.114 - - [21/Jan/2025:16:59:29 +0000] "GET /wp-content/plugins/learndash-propanel/includes/reports-base/includes/blocks/builds/index-pending-assignments.css?ver=1aef600d13aa5a0563ad HTTP/1.1" 200 903 "https://ahsmore.mhcollab.ca/courses/tunderstanding-and-managing-students-problematic-sexual-behaviour/" "Mozilla/5.0 (Windows NT 10.0; Win64; x64) AppleWebKit/537.36 (KHTML, like Gecko) Chrome/131.0.0.0 Safari/537.36"
72.2.34.114 - - [21/Jan/2025:16:59:29 +0000] "GET /wp-content/plugins/learndash-propanel/includes/reports-base/includes/blocks/builds/index-revenue-from-courses.css?ver=cb65027c18309c21a2ae HTTP/1.1" 200 1930 "https://ahsmore.mhcollab.ca/courses/tunderstanding-and-managing-students-problematic-sexual-behaviour/" "Mozilla/5.0 (Windows NT 10.0; Win64; x64) AppleWebKit/537.36 (KHTML, like Gecko) Chrome/131.0.0.0 Safari/537.36"
72.2.34.114 - - [21/Jan/2025:16:59:29 +0000] "GET /wp-content/plugins/learndash-propanel/includes/reports-base/includes/blocks/builds/index-daily-enrollments.css?ver=26c7a9fe543a33751dda HTTP/1.1" 200 2044 "https://ahsmore.mhcollab.ca/courses/tunderstanding-and-managing-students-problematic-sexual-behaviour/" "Mozilla/5.0 (Windows NT 10.0; Win64; x64) AppleWebKit/537.36 (KHTML, like Gecko) Chrome/131.0.0.0 Safari/537.36"
72.2.34.114 - - [21/Jan/2025:16:59:29 +0000] "GET /wp-content/plugins/learndash-propanel/includes/reports-base/includes/blocks/builds/index-report-filters.css?ver=b28fbdbc96ca0c44499b HTTP/1.1" 200 4287 "https://ahsmore.mhcollab.ca/courses/tunderstanding-and-managing-students-problematic-sexual-behaviour/" "Mozilla/5.0 (Windows NT 10.0; Win64; x64) AppleWebKit/537.36 (KHTML, like Gecko) Chrome/131.0.0.0 Safari/537.36"
72.2.34.114 - - [21/Jan/2025:16:59:29 +0000] "GET /wp-content/plugins/learndash-propanel/includes/reports-base/includes/blocks/builds/index-time-spent-on-a-course.css?ver=8367b374b08e9cf19cf6 HTTP/1.1" 200 4759 "https://ahsmore.mhcollab.ca/courses/tunderstanding-and-managing-students-problematic-sexual-behaviour/" "Mozilla/5.0 (Windows NT 10.0; Win64; x64) AppleWebKit/537.36 (KHTML, like Gecko) Chrome/131.0.0.0 Safari/537.36"
72.2.34.114 - - [21/Jan/2025:16:59:29 +0000] "GET /wp-content/plugins/learndash-propanel/includes/reports-base/includes/blocks/builds/index-quiz-completion-time-per-course.css?ver=a8accdccb915ca6ec1ef HTTP/1.1" 200 2038 "https://ahsmore.mhcollab.ca/courses/tunderstanding-and-managing-students-problematic-sexual-behaviour/" "Mozilla/5.0 (Windows NT 10.0; Win64; x64) AppleWebKit/537.36 (KHTML, like Gecko) Chrome/131.0.0.0 Safari/537.36"
72.2.34.114 - - [21/Jan/2025:16:59:29 +0000] "GET /wp-content/plugins/learndash-propanel/includes/reports-base/includes/blocks/builds/index-quiz-completion-rate-per-course.css?ver=705a7d95b6d7262c068d HTTP/1.1" 200 2352 "https://ahsmore.mhcollab.ca/courses/tunderstanding-and-managing-students-problematic-sexual-behaviour/" "Mozilla/5.0 (Windows NT 10.0; Win64; x64) AppleWebKit/537.36 (KHTML, like Gecko) Chrome/131.0.0.0 Safari/537.36"
72.2.34.114 - - [21/Jan/2025:16:59:29 +0000] "GET /wp-content/plugins/learndash-propanel/includes/reports-base/includes/blocks/builds/index-learner-pass-fail-rate-per-course.css?ver=2b452734f9ee519f964d HTTP/1.1" 200 1966 "https://ahsmore.mhcollab.ca/courses/tunderstanding-and-managing-students-problematic-sexual-behaviour/" "Mozilla/5.0 (Windows NT 10.0; Win64; x64) AppleWebKit/537.36 (KHTML, like Gecko) Chrome/131.0.0.0 Safari/537.36"
72.2.34.114 - - [21/Jan/2025:16:59:29 +0000] "GET /wp-content/plugins/learndash-propanel/includes/reports-base/includes/blocks/builds/index-course-list.css?ver=3774f861807fa4f7a67b HTTP/1.1" 200 1350 "https://ahsmore.mhcollab.ca/courses/tunderstanding-and-managing-students-problematic-sexual-behaviour/" "Mozilla/5.0 (Windows NT 10.0; Win64; x64) AppleWebKit/537.36 (KHTML, like Gecko) Chrome/131.0.0.0 Safari/537.36"
72.2.34.114 - - [21/Jan/2025:16:59:29 +0000] "GET /wp-content/plugins/learndash-propanel/includes/reports-base/includes/blocks/builds/index-course-completion-rate.css?ver=4cf632660d2f7ff5564a HTTP/1.1" 200 3076 "https://ahsmore.mhcollab.ca/courses/tunderstanding-and-managing-students-problematic-sexual-behaviour/" "Mozilla/5.0 (Windows NT 10.0; Win64; x64) AppleWebKit/537.36 (KHTML, like Gecko) Chrome/131.0.0.0 Safari/537.36"
72.2.34.114 - - [21/Jan/2025:16:59:29 +0000] "GET /wp-content/plugins/learndash-propanel/includes/reports-base/includes/blocks/builds/index-average-quiz-attempts.css?ver=ddbeb0c038fad75402f3 HTTP/1.1" 200 1952 "https://ahsmore.mhcollab.ca/courses/tunderstanding-and-managing-students-problematic-sexual-behaviour/" "Mozilla/5.0 (Windows NT 10.0; Win64; x64) AppleWebKit/537.36 (KHTML, like Gecko) Chrome/131.0.0.0 Safari/537.36"
72.2.34.114 - - [21/Jan/2025:16:59:29 +0000] "GET /wp-content/plugins/learndash-propanel/includes/reports-base/includes/blocks/builds/index-course-progress-rate.css?ver=461563202288e2a9701c HTTP/1.1" 200 3368 "https://ahsmore.mhcollab.ca/courses/tunderstanding-and-managing-students-problematic-sexual-behaviour/" "Mozilla/5.0 (Windows NT 10.0; Win64; x64) AppleWebKit/537.36 (KHTML, like Gecko) Chrome/131.0.0.0 Safari/537.36"
72.2.34.114 - - [21/Jan/2025:16:59:29 +0000] "GET /wp-content/plugins/learndash-propanel/includes/reports-base/includes/blocks/builds/index-quiz-reports.css?ver=7123469122c160660636 HTTP/1.1" 200 744 "https://ahsmore.mhcollab.ca/courses/tunderstanding-and-managing-students-problematic-sexual-behaviour/" "Mozilla/5.0 (Windows NT 10.0; Win64; x64) AppleWebKit/537.36 (KHTML, like Gecko) Chrome/131.0.0.0 Safari/537.36"
72.2.34.114 - - [21/Jan/2025:16:59:29 +0000] "GET /wp-content/plugins/learndash-propanel/includes/reports-base/includes/blocks/builds/index-inactive-users.css?ver=aa98286846b0e330eb8e HTTP/1.1" 200 1097 "https://ahsmore.mhcollab.ca/courses/tunderstanding-and-managing-students-problematic-sexual-behaviour/" "Mozilla/5.0 (Windows NT 10.0; Win64; x64) AppleWebKit/537.36 (KHTML, like Gecko) Chrome/131.0.0.0 Safari/537.36"
72.2.34.114 - - [21/Jan/2025:16:59:29 +0000] "GET /wp-content/plugins/learndash-propanel/includes/reports-base/includes/blocks/builds/index-learner-activity-log.css?ver=c1840714ffa12d9f38c0 HTTP/1.1" 200 1316 "https://ahsmore.mhcollab.ca/courses/tunderstanding-and-managing-students-problematic-sexual-behaviour/" "Mozilla/5.0 (Windows NT 10.0; Win64; x64) AppleWebKit/537.36 (KHTML, like Gecko) Chrome/131.0.0.0 Safari/537.36"
72.2.34.114 - - [21/Jan/2025:16:59:29 +0000] "GET /wp-content/plugins/learndash-propanel/includes/reports-base/includes/blocks/builds/index-student-profile.css?ver=65f5e92904e96f265cb1 HTTP/1.1" 200 298 "https://ahsmore.mhcollab.ca/courses/tunderstanding-and-managing-students-problematic-sexual-behaviour/" "Mozilla/5.0 (Windows NT 10.0; Win64; x64) AppleWebKit/537.36 (KHTML, like Gecko) Chrome/131.0.0.0 Safari/537.36"
72.2.34.114 - - [21/Jan/2025:16:59:29 +0000] "GET /wp-content/plugins/learndash-propanel/includes/reports-base/includes/blocks/builds/index-student-table.css?ver=e37af4d454fd0078ac6c HTTP/1.1" 200 2629 "https://ahsmore.mhcollab.ca/courses/tunderstanding-and-managing-students-problematic-sexual-behaviour/" "Mozilla/5.0 (Windows NT 10.0; Win64; x64) AppleWebKit/537.36 (KHTML, like Gecko) Chrome/131.0.0.0 Safari/537.36"
72.2.34.114 - - [21/Jan/2025:16:59:29 +0000] "GET /wp-content/plugins/uncanny-toolkit-pro/src/blocks/dist/index.css?ver=4.3.1 HTTP/1.1" 200 210 "https://ahsmore.mhcollab.ca/courses/tunderstanding-and-managing-students-problematic-sexual-behaviour/" "Mozilla/5.0 (Windows NT 10.0; Win64; x64) AppleWebKit/537.36 (KHTML, like Gecko) Chrome/131.0.0.0 Safari/537.36"
72.2.34.114 - - [21/Jan/2025:16:59:29 +0000] "GET /wp-content/plugins/contact-form-7/includes/css/styles.css?ver=6.0.3 HTTP/1.1" 200 1015 "https://ahsmore.mhcollab.ca/courses/tunderstanding-and-managing-students-problematic-sexual-behaviour/" "Mozilla/5.0 (Windows NT 10.0; Win64; x64) AppleWebKit/537.36 (KHTML, like Gecko) Chrome/131.0.0.0 Safari/537.36"
72.2.34.114 - - [21/Jan/2025:16:59:29 +0000] "GET /wp-content/plugins/learndash-course-grid/templates/skins/legacy-v1/style.css?ver=2.0.10 HTTP/1.1" 200 3131 "https://ahsmore.mhcollab.ca/courses/tunderstanding-and-managing-students-problematic-sexual-behaviour/" "Mozilla/5.0 (Windows NT 10.0; Win64; x64) AppleWebKit/537.36 (KHTML, like Gecko) Chrome/131.0.0.0 Safari/537.36"
72.2.34.114 - - [21/Jan/2025:16:59:29 +0000] "GET /wp-content/plugins/uncanny-learndash-toolkit/src/assets/frontend/dist/bundle.min.css?ver=3.7.0.1 HTTP/1.1" 200 3146 "https://ahsmore.mhcollab.ca/courses/tunderstanding-and-managing-students-problematic-sexual-behaviour/" "Mozilla/5.0 (Windows NT 10.0; Win64; x64) AppleWebKit/537.36 (KHTML, like Gecko) Chrome/131.0.0.0 Safari/537.36"
72.2.34.114 - - [21/Jan/2025:16:59:29 +0000] "GET /wp-content/plugins/uncanny-toolkit-pro/src/assets/dist/frontend/bundle.min.css?ver=4.3.1 HTTP/1.1" 200 4197 "https://ahsmore.mhcollab.ca/courses/tunderstanding-and-managing-students-problematic-sexual-behaviour/" "Mozilla/5.0 (Windows NT 10.0; Win64; x64) AppleWebKit/537.36 (KHTML, like Gecko) Chrome/131.0.0.0 Safari/537.36"
72.2.34.114 - - [21/Jan/2025:16:59:29 +0000] "GET /wp-content/plugins/sfwd-lms/themes/legacy/templates/learndash_quiz_front.min.css?ver=4.20.0.3 HTTP/1.1" 200 2351 "https://ahsmore.mhcollab.ca/courses/tunderstanding-and-managing-students-problematic-sexual-behaviour/" "Mozilla/5.0 (Windows NT 10.0; Win64; x64) AppleWebKit/537.36 (KHTML, like Gecko) Chrome/131.0.0.0 Safari/537.36"
72.2.34.114 - - [21/Jan/2025:16:59:29 +0000] "GET /wp-content/plugins/user-registration/assets/css/user-registration.css?ver=3.3.5.2 HTTP/1.1" 200 8719 "https://ahsmore.mhcollab.ca/courses/tunderstanding-and-managing-students-problematic-sexual-behaviour/" "Mozilla/5.0 (Windows NT 10.0; Win64; x64) AppleWebKit/537.36 (KHTML, like Gecko) Chrome/131.0.0.0 Safari/537.36"
