72.2.34.114 - - [21/Jan/2025:18:03:16 +0000] "GET /wp-content/plugins/learndash-propanel/includes/reports-base/includes/admin/dashboard/assets/js/admin-settings.js?ver=3.0.2 HTTP/1.1" 200 6701 "https://ahsmore.mhcollab.ca/courses/tunderstanding-and-managing-students-problematic-sexual-behaviour/" "Mozilla/5.0 (Windows NT 10.0; Win64; x64) AppleWebKit/537.36 (KHTML, like Gecko) Chrome/132.0.0.0 Safari/537.36 Edg/132.0.0.0"
72.2.34.114 - - [21/Jan/2025:18:03:16 +0000] "GET /wp-includes/js/dist/vendor/react.min.js?ver=18.3.1 HTTP/1.1" 200 4165 "https://ahsmore.mhcollab.ca/courses/tunderstanding-and-managing-students-problematic-sexual-behaviour/" "Mozilla/5.0 (Windows NT 10.0; Win64; x64) AppleWebKit/537.36 (KHTML, like Gecko) Chrome/132.0.0.0 Safari/537.36 Edg/132.0.0.0"
72.2.34.114 - - [21/Jan/2025:18:03:16 +0000] "GET /wp-includes/js/dist/vendor/moment.min.js?ver=2.30.1 HTTP/1.1" 200 18754 "https://ahsmore.mhcollab.ca/courses/tunderstanding-and-managing-students-problematic-sexual-behaviour/" "Mozilla/5.0 (Windows NT 10.0; Win64; x64) AppleWebKit/537.36 (KHTML, like Gecko) Chrome/132.0.0.0 Safari/537.36 Edg/132.0.0.0"
72.2.34.114 - - [21/Jan/2025:18:03:16 +0000] "GET /wp-includes/js/dist/vendor/react-dom.min.js?ver=18.3.1 HTTP/1.1" 200 41947 "https://ahsmore.mhcollab.ca/courses/tunderstanding-and-managing-students-problematic-sexual-behaviour/" "Mozilla/5.0 (Windows NT 10.0; Win64; x64) AppleWebKit/537.36 (KHTML, like Gecko) Chrome/132.0.0.0 Safari/537.36 Edg/132.0.0.0"
72.2.34.114 - - [21/Jan/2025:18:03:16 +0000] "GET /wp-includes/js/dist/escape-html.min.js?ver=6561a406d2d232a6fbd2 HTTP/1.1" 200 532 "https://ahsmore.mhcollab.ca/courses/tunderstanding-and-managing-students-problematic-sexual-behaviour/" "Mozilla/5.0 (Windows NT 10.0; Win64; x64) AppleWebKit/537.36 (KHTML, like Gecko) Chrome/132.0.0.0 Safari/537.36 Edg/132.0.0.0"
72.2.34.114 - - [21/Jan/2025:18:03:16 +0000] "GET /wp-includes/js/dist/element.min.js?ver=cb762d190aebbec25b27 HTTP/1.1" 200 4959 "https://ahsmore.mhcollab.ca/courses/tunderstanding-and-managing-students-problematic-sexual-behaviour/" "Mozilla/5.0 (Windows NT 10.0; Win64; x64) AppleWebKit/537.36 (KHTML, like Gecko) Chrome/132.0.0.0 Safari/537.36 Edg/132.0.0.0"
72.2.34.114 - - [21/Jan/2025:18:03:16 +0000] "GET /wp-includes/js/dist/hooks.min.js?ver=4d63a3d491d11ffd8ac6 HTTP/1.1" 200 1648 "https://ahsmore.mhcollab.ca/courses/tunderstanding-and-managing-students-problematic-sexual-behaviour/" "Mozilla/5.0 (Windows NT 10.0; Win64; x64) AppleWebKit/537.36 (KHTML, like Gecko) Chrome/132.0.0.0 Safari/537.36 Edg/132.0.0.0"
72.2.34.114 - - [21/Jan/2025:18:03:16 +0000] "GET /wp-includes/js/dist/i18n.min.js?ver=5e580eb46a90c2b997e6 HTTP/1.1" 200 3667 "https://ahsmore.mhcollab.ca/courses/tunderstanding-and-managing-students-problematic-sexual-behaviour/" "Mozilla/5.0 (Windows NT 10.0; Win64; x64) AppleWebKit/537.36 (KHTML, like Gecko) Chrome/132.0.0.0 Safari/537.36 Edg/132.0.0.0"
72.2.34.114 - - [21/Jan/2025:18:03:16 +0000] "GET /wp-includes/js/dist/vendor/wp-polyfill.min.js?ver=3.15.0 HTTP/1.1" 200 13501 "https://ahsmore.mhcollab.ca/courses/tunderstanding-and-managing-students-problematic-sexual-behaviour/" "Mozilla/5.0 (Windows NT 10.0; Win64; x64) AppleWebKit/537.36 (KHTML, like Gecko) Chrome/132.0.0.0 Safari/537.36 Edg/132.0.0.0"
72.2.34.114 - - [21/Jan/2025:18:03:16 +0000] "GET /wp-includes/js/dist/url.min.js?ver=e87eb76272a3a08402d2 HTTP/1.1" 200 3795 "https://ahsmore.mhcollab.ca/courses/tunderstanding-and-managing-students-problematic-sexual-behaviour/" "Mozilla/5.0 (Windows NT 10.0; Win64; x64) AppleWebKit/537.36 (KHTML, like Gecko) Chrome/132.0.0.0 Safari/537.36 Edg/132.0.0.0"
72.2.34.114 - - [21/Jan/2025:18:03:16 +0000] "GET /wp-includes/js/dist/api-fetch.min.js?ver=d387b816bc1ed2042e28 HTTP/1.1" 200 2341 "https://ahsmore.mhcollab.ca/courses/tunderstanding-and-managing-students-problematic-sexual-behaviour/" "Mozilla/5.0 (Windows NT 10.0; Win64; x64) AppleWebKit/537.36 (KHTML, like Gecko) Chrome/132.0.0.0 Safari/537.36 Edg/132.0.0.0"
72.2.34.114 - - [21/Jan/2025:18:03:16 +0000] "GET /wp-content/plugins/learndash-propanel/includes/reports-base/includes/blocks/src/commons/common-functions.js?ver=3.0.2 HTTP/1.1" 200 1585 "https://ahsmore.mhcollab.ca/courses/tunderstanding-and-managing-students-problematic-sexual-behaviour/" "Mozilla/5.0 (Windows NT 10.0; Win64; x64) AppleWebKit/537.36 (KHTML, like Gecko) Chrome/132.0.0.0 Safari/537.36 Edg/132.0.0.0"
72.2.34.114 - - [21/Jan/2025:18:03:16 +0000] "GET /wp-content/plugins/learndash-propanel/includes/reports-base/includes/blocks/builds/index-date-filters.js?ver=a1d6734463bc290af9c8 HTTP/1.1" 200 8615 "https://ahsmore.mhcollab.ca/courses/tunderstanding-and-managing-students-problematic-sexual-behaviour/" "Mozilla/5.0 (Windows NT 10.0; Win64; x64) AppleWebKit/537.36 (KHTML, like Gecko) Chrome/132.0.0.0 Safari/537.36 Edg/132.0.0.0"
72.2.34.114 - - [21/Jan/2025:18:03:16 +0000] "GET /wp-content/plugins/learndash-propanel/includes/reports-base/includes/blocks/builds/index-total-revenue-earned.js?ver=f10a5618799c575867be HTTP/1.1" 200 1720 "https://ahsmore.mhcollab.ca/courses/tunderstanding-and-managing-students-problematic-sexual-behaviour/" "Mozilla/5.0 (Windows NT 10.0; Win64; x64) AppleWebKit/537.36 (KHTML, like Gecko) Chrome/132.0.0.0 Safari/537.36 Edg/132.0.0.0"
72.2.34.114 - - [21/Jan/2025:18:03:16 +0000] "GET /wp-content/plugins/learndash-propanel/includes/reports-base/includes/blocks/builds/index-total-learners.js?ver=fadd16f458306ad64b1b HTTP/1.1" 200 1624 "https://ahsmore.mhcollab.ca/courses/tunderstanding-and-managing-students-problematic-sexual-behaviour/" "Mozilla/5.0 (Windows NT 10.0; Win64; x64) AppleWebKit/537.36 (KHTML, like Gecko) Chrome/132.0.0.0 Safari/537.36 Edg/132.0.0.0"
72.2.34.114 - - [21/Jan/2025:18:03:16 +0000] "GET /wp-content/plugins/learndash-propanel/includes/reports-base/includes/blocks/builds/index-total-courses.js?ver=0cefa5be8e7738864347 HTTP/1.1" 200 1656 "https://ahsmore.mhcollab.ca/courses/tunderstanding-and-managing-students-problematic-sexual-behaviour/" "Mozilla/5.0 (Windows NT 10.0; Win64; x64) AppleWebKit/537.36 (KHTML, like Gecko) Chrome/132.0.0.0 Safari/537.36 Edg/132.0.0.0"
72.2.34.114 - - [21/Jan/2025:18:03:16 +0000] "GET /wp-content/plugins/learndash-propanel/includes/reports-base/includes/blocks/builds/index-pending-assignments.js?ver=1aef600d13aa5a0563ad HTTP/1.1" 200 1875 "https://ahsmore.mhcollab.ca/courses/tunderstanding-and-managing-students-problematic-sexual-behaviour/" "Mozilla/5.0 (Windows NT 10.0; Win64; x64) AppleWebKit/537.36 (KHTML, like Gecko) Chrome/132.0.0.0 Safari/537.36 Edg/132.0.0.0"
72.2.34.114 - - [21/Jan/2025:18:03:16 +0000] "GET /wp-includes/js/dist/vendor/react-jsx-runtime.min.js?ver=18.3.1 HTTP/1.1" 200 552 "https://ahsmore.mhcollab.ca/courses/tunderstanding-and-managing-students-problematic-sexual-behaviour/" "Mozilla/5.0 (Windows NT 10.0; Win64; x64) AppleWebKit/537.36 (KHTML, like Gecko) Chrome/132.0.0.0 Safari/537.36 Edg/132.0.0.0"
72.2.34.114 - - [21/Jan/2025:18:03:16 +0000] "GET /wp-includes/js/dist/dom-ready.min.js?ver=f77871ff7694fffea381 HTTP/1.1" 200 320 "https://ahsmore.mhcollab.ca/courses/tunderstanding-and-managing-students-problematic-sexual-behaviour/" "Mozilla/5.0 (Windows NT 10.0; Win64; x64) AppleWebKit/537.36 (KHTML, like Gecko) Chrome/132.0.0.0 Safari/537.36 Edg/132.0.0.0"
72.2.34.114 - - [21/Jan/2025:18:03:16 +0000] "GET /wp-includes/js/dist/a11y.min.js?ver=3156534cc54473497e14 HTTP/1.1" 200 956 "https://ahsmore.mhcollab.ca/courses/tunderstanding-and-managing-students-problematic-sexual-behaviour/" "Mozilla/5.0 (Windows NT 10.0; Win64; x64) AppleWebKit/537.36 (KHTML, like Gecko) Chrome/132.0.0.0 Safari/537.36 Edg/132.0.0.0"
72.2.34.114 - - [21/Jan/2025:18:03:16 +0000] "GET /wp-includes/js/dist/deprecated.min.js?ver=e1f84915c5e8ae38964c HTTP/1.1" 200 446 "https://ahsmore.mhcollab.ca/courses/tunderstanding-and-managing-students-problematic-sexual-behaviour/" "Mozilla/5.0 (Windows NT 10.0; Win64; x64) AppleWebKit/537.36 (KHTML, like Gecko) Chrome/132.0.0.0 Safari/537.36 Edg/132.0.0.0"
72.2.34.114 - - [21/Jan/2025:18:03:16 +0000] "GET /wp-content/plugins/learndash-propanel/includes/reports-base/includes/blocks/builds/index-revenue-from-courses.js?ver=cb65027c18309c21a2ae HTTP/1.1" 200 139529 "https://ahsmore.mhcollab.ca/courses/tunderstanding-and-managing-students-problematic-sexual-behaviour/" "Mozilla/5.0 (Windows NT 10.0; Win64; x64) AppleWebKit/537.36 (KHTML, like Gecko) Chrome/132.0.0.0 Safari/537.36 Edg/132.0.0.0"
72.2.34.114 - - [21/Jan/2025:18:03:16 +0000] "GET /wp-content/plugins/learndash-propanel/includes/reports-base/includes/blocks/builds/index-daily-enrollments.js?ver=26c7a9fe543a33751dda HTTP/1.1" 200 139384 "https://ahsmore.mhcollab.ca/courses/tunderstanding-and-managing-students-problematic-sexual-behaviour/" "Mozilla/5.0 (Windows NT 10.0; Win64; x64) AppleWebKit/537.36 (KHTML, like Gecko) Chrome/132.0.0.0 Safari/537.36 Edg/132.0.0.0"
72.2.34.114 - - [21/Jan/2025:18:03:16 +0000] "GET /wp-includes/js/dist/is-shallow-equal.min.js?ver=e0f9f1d78d83f5196979 HTTP/1.1" 200 520 "https://ahsmore.mhcollab.ca/courses/tunderstanding-and-managing-students-problematic-sexual-behaviour/" "Mozilla/5.0 (Windows NT 10.0; Win64; x64) AppleWebKit/537.36 (KHTML, like Gecko) Chrome/132.0.0.0 Safari/537.36 Edg/132.0.0.0"
72.2.34.114 - - [21/Jan/2025:18:03:16 +0000] "GET /wp-includes/js/dist/keycodes.min.js?ver=034ff647a54b018581d3 HTTP/1.1" 200 1391 "https://ahsmore.mhcollab.ca/courses/tunderstanding-and-managing-students-problematic-sexual-behaviour/" "Mozilla/5.0 (Windows NT 10.0; Win64; x64) AppleWebKit/537.36 (KHTML, like Gecko) Chrome/132.0.0.0 Safari/537.36 Edg/132.0.0.0"
72.2.34.114 - - [21/Jan/2025:18:03:16 +0000] "GET /wp-includes/js/dist/dom.min.js?ver=93117dfee2692b04b770 HTTP/1.1" 200 4702 "https://ahsmore.mhcollab.ca/courses/tunderstanding-and-managing-students-problematic-sexual-behaviour/" "Mozilla/5.0 (Windows NT 10.0; Win64; x64) AppleWebKit/537.36 (KHTML, like Gecko) Chrome/132.0.0.0 Safari/537.36 Edg/132.0.0.0"
72.2.34.114 - - [21/Jan/2025:18:03:16 +0000] "GET /wp-includes/js/dist/priority-queue.min.js?ver=9c21c957c7e50ffdbf48 HTTP/1.1" 200 1525 "https://ahsmore.mhcollab.ca/courses/tunderstanding-and-managing-students-problematic-sexual-behaviour/" "Mozilla/5.0 (Windows NT 10.0; Win64; x64) AppleWebKit/537.36 (KHTML, like Gecko) Chrome/132.0.0.0 Safari/537.36 Edg/132.0.0.0"
72.2.34.114 - - [21/Jan/2025:18:03:16 +0000] "GET /wp-includes/js/dist/compose.min.js?ver=85f0708cd2e6b26addeb HTTP/1.1" 200 12852 "https://ahsmore.mhcollab.ca/courses/tunderstanding-and-managing-students-problematic-sexual-behaviour/" "Mozilla/5.0 (Windows NT 10.0; Win64; x64) AppleWebKit/537.36 (KHTML, like Gecko) Chrome/132.0.0.0 Safari/537.36 Edg/132.0.0.0"
72.2.34.114 - - [21/Jan/2025:18:03:16 +0000] "GET /wp-includes/js/dist/html-entities.min.js?ver=2cd3358363e0675638fb HTTP/1.1" 200 445 "https://ahsmore.mhcollab.ca/courses/tunderstanding-and-managing-students-problematic-sexual-behaviour/" "Mozilla/5.0 (Windows NT 10.0; Win64; x64) AppleWebKit/537.36 (KHTML, like Gecko) Chrome/132.0.0.0 Safari/537.36 Edg/132.0.0.0"
72.2.34.114 - - [21/Jan/2025:18:03:16 +0000] "GET /wp-includes/js/dist/primitives.min.js?ver=aef2543ab60c8c9bb609 HTTP/1.1" 200 828 "https://ahsmore.mhcollab.ca/courses/tunderstanding-and-managing-students-problematic-sexual-behaviour/" "Mozilla/5.0 (Windows NT 10.0; Win64; x64) AppleWebKit/537.36 (KHTML, like Gecko) Chrome/132.0.0.0 Safari/537.36 Edg/132.0.0.0"
72.2.34.114 - - [21/Jan/2025:18:03:16 +0000] "GET /wp-includes/js/dist/private-apis.min.js?ver=4b858962c15c2c7a135f HTTP/1.1" 200 1020 "https://ahsmore.mhcollab.ca/courses/tunderstanding-and-managing-students-problematic-sexual-behaviour/" "Mozilla/5.0 (Windows NT 10.0; Win64; x64) AppleWebKit/537.36 (KHTML, like Gecko) Chrome/132.0.0.0 Safari/537.36 Edg/132.0.0.0"
72.2.34.114 - - [21/Jan/2025:18:03:16 +0000] "GET /wp-includes/js/dist/redux-routine.min.js?ver=a0a172871afaeb261566 HTTP/1.1" 200 2827 "https://ahsmore.mhcollab.ca/courses/tunderstanding-and-managing-students-problematic-sexual-behaviour/" "Mozilla/5.0 (Windows NT 10.0; Win64; x64) AppleWebKit/537.36 (KHTML, like Gecko) Chrome/132.0.0.0 Safari/537.36 Edg/132.0.0.0"
72.2.34.114 - - [21/Jan/2025:18:03:16 +0000] "GET /wp-includes/js/dist/date.min.js?ver=aaca6387d1cf924acc51 HTTP/1.1" 200 43573 "https://ahsmore.mhcollab.ca/courses/tunderstanding-and-managing-students-problematic-sexual-behaviour/" "Mozilla/5.0 (Windows NT 10.0; Win64; x64) AppleWebKit/537.36 (KHTML, like Gecko) Chrome/132.0.0.0 Safari/537.36 Edg/132.0.0.0"
72.2.34.114 - - [21/Jan/2025:18:03:16 +0000] "GET /wp-includes/js/dist/data.min.js?ver=7c62e39de0308c73d50c HTTP/1.1" 200 9187 "https://ahsmore.mhcollab.ca/courses/tunderstanding-and-managing-students-problematic-sexual-behaviour/" "Mozilla/5.0 (Windows NT 10.0; Win64; x64) AppleWebKit/537.36 (KHTML, like Gecko) Chrome/132.0.0.0 Safari/537.36 Edg/132.0.0.0"
72.2.34.114 - - [21/Jan/2025:18:03:16 +0000] "GET /wp-includes/js/dist/rich-text.min.js?ver=4021b9e4e9ef4d3cd868 HTTP/1.1" 200 10044 "https://ahsmore.mhcollab.ca/courses/tunderstanding-and-managing-students-problematic-sexual-behaviour/" "Mozilla/5.0 (Windows NT 10.0; Win64; x64) AppleWebKit/537.36 (KHTML, like Gecko) Chrome/132.0.0.0 Safari/537.36 Edg/132.0.0.0"
72.2.34.114 - - [21/Jan/2025:18:03:16 +0000] "GET /wp-includes/js/dist/warning.min.js?ver=ed7c8b0940914f4fe44b HTTP/1.1" 200 245 "https://ahsmore.mhcollab.ca/courses/tunderstanding-and-managing-students-problematic-sexual-behaviour/" "Mozilla/5.0 (Windows NT 10.0; Win64; x64) AppleWebKit/537.36 (KHTML, like Gecko) Chrome/132.0.0.0 Safari/537.36 Edg/132.0.0.0"
72.2.34.114 - - [21/Jan/2025:18:03:16 +0000] "GET /wp-content/plugins/learndash-propanel/includes/reports-base/includes/blocks/builds/index-report-filters.js?ver=b28fbdbc96ca0c44499b HTTP/1.1" 200 52977 "https://ahsmore.mhcollab.ca/courses/tunderstanding-and-managing-students-problematic-sexual-behaviour/" "Mozilla/5.0 (Windows NT 10.0; Win64; x64) AppleWebKit/537.36 (KHTML, like Gecko) Chrome/132.0.0.0 Safari/537.36 Edg/132.0.0.0"
72.2.34.114 - - [21/Jan/2025:18:03:16 +0000] "GET /wp-includes/js/dist/components.min.js?ver=130172abbae720694b1f HTTP/1.1" 200 225671 "https://ahsmore.mhcollab.ca/courses/tunderstanding-and-managing-students-problematic-sexual-behaviour/" "Mozilla/5.0 (Windows NT 10.0; Win64; x64) AppleWebKit/537.36 (KHTML, like Gecko) Chrome/132.0.0.0 Safari/537.36 Edg/132.0.0.0"
72.2.34.114 - - [21/Jan/2025:18:03:16 +0000] "GET /wp-content/plugins/learndash-propanel/includes/reports-base/includes/blocks/builds/index-time-spent-on-a-course.js?ver=8367b374b08e9cf19cf6 HTTP/1.1" 200 183838 "https://ahsmore.mhcollab.ca/courses/tunderstanding-and-managing-students-problematic-sexual-behaviour/" "Mozilla/5.0 (Windows NT 10.0; Win64; x64) AppleWebKit/537.36 (KHTML, like Gecko) Chrome/132.0.0.0 Safari/537.36 Edg/132.0.0.0"
72.2.34.114 - - [21/Jan/2025:18:03:16 +0000] "GET /wp-content/plugins/learndash-propanel/includes/reports-base/includes/blocks/builds/index-learner-pass-fail-rate-per-course.js?ver=2b452734f9ee519f964d HTTP/1.1" 200 140461 "https://ahsmore.mhcollab.ca/courses/tunderstanding-and-managing-students-problematic-sexual-behaviour/" "Mozilla/5.0 (Windows NT 10.0; Win64; x64) AppleWebKit/537.36 (KHTML, like Gecko) Chrome/132.0.0.0 Safari/537.36 Edg/132.0.0.0"
72.2.34.114 - - [21/Jan/2025:18:03:16 +0000] "GET /wp-content/plugins/learndash-propanel/includes/reports-base/includes/blocks/builds/index-course-list.js?ver=3774f861807fa4f7a67b HTTP/1.1" 200 22921 "https://ahsmore.mhcollab.ca/courses/tunderstanding-and-managing-students-problematic-sexual-behaviour/" "Mozilla/5.0 (Windows NT 10.0; Win64; x64) AppleWebKit/537.36 (KHTML, like Gecko) Chrome/132.0.0.0 Safari/537.36 Edg/132.0.0.0"
72.2.34.114 - - [21/Jan/2025:18:03:16 +0000] "GET /wp-content/plugins/learndash-propanel/includes/reports-base/includes/blocks/builds/index-quiz-completion-time-per-course.js?ver=a8accdccb915ca6ec1ef HTTP/1.1" 200 140664 "https://ahsmore.mhcollab.ca/courses/tunderstanding-and-managing-students-problematic-sexual-behaviour/" "Mozilla/5.0 (Windows NT 10.0; Win64; x64) AppleWebKit/537.36 (KHTML, like Gecko) Chrome/132.0.0.0 Safari/537.36 Edg/132.0.0.0"
72.2.34.114 - - [21/Jan/2025:18:03:16 +0000] "GET /wp-content/plugins/learndash-propanel/includes/reports-base/includes/blocks/builds/index-quiz-completion-rate-per-course.js?ver=705a7d95b6d7262c068d HTTP/1.1" 200 140889 "https://ahsmore.mhcollab.ca/courses/tunderstanding-and-managing-students-problematic-sexual-behaviour/" "Mozilla/5.0 (Windows NT 10.0; Win64; x64) AppleWebKit/537.36 (KHTML, like Gecko) Chrome/132.0.0.0 Safari/537.36 Edg/132.0.0.0"
72.2.34.114 - - [21/Jan/2025:18:03:16 +0000] "GET /wp-content/plugins/learndash-propanel/includes/reports-base/includes/blocks/builds/index-course-completion-rate.js?ver=4cf632660d2f7ff5564a HTTP/1.1" 200 35715 "https://ahsmore.mhcollab.ca/courses/tunderstanding-and-managing-students-problematic-sexual-behaviour/" "Mozilla/5.0 (Windows NT 10.0; Win64; x64) AppleWebKit/537.36 (KHTML, like Gecko) Chrome/132.0.0.0 Safari/537.36 Edg/132.0.0.0"
72.2.34.114 - - [21/Jan/2025:18:03:16 +0000] "GET /wp-content/plugins/learndash-propanel/includes/reports-base/includes/blocks/builds/index-quiz-reports.js?ver=7123469122c160660636 HTTP/1.1" 200 3781 "https://ahsmore.mhcollab.ca/courses/tunderstanding-and-managing-students-problematic-sexual-behaviour/" "Mozilla/5.0 (Windows NT 10.0; Win64; x64) AppleWebKit/537.36 (KHTML, like Gecko) Chrome/132.0.0.0 Safari/537.36 Edg/132.0.0.0"
72.2.34.114 - - [21/Jan/2025:18:03:16 +0000] "GET /wp-content/plugins/learndash-propanel/includes/reports-base/includes/blocks/builds/index-inactive-users.js?ver=aa98286846b0e330eb8e HTTP/1.1" 200 49968 "https://ahsmore.mhcollab.ca/courses/tunderstanding-and-managing-students-problematic-sexual-behaviour/" "Mozilla/5.0 (Windows NT 10.0; Win64; x64) AppleWebKit/537.36 (KHTML, like Gecko) Chrome/132.0.0.0 Safari/537.36 Edg/132.0.0.0"
72.2.34.114 - - [21/Jan/2025:18:03:16 +0000] "GET /wp-content/plugins/learndash-propanel/includes/reports-base/includes/blocks/builds/index-course-progress-rate.js?ver=461563202288e2a9701c HTTP/1.1" 200 175805 "https://ahsmore.mhcollab.ca/courses/tunderstanding-and-managing-students-problematic-sexual-behaviour/" "Mozilla/5.0 (Windows NT 10.0; Win64; x64) AppleWebKit/537.36 (KHTML, like Gecko) Chrome/132.0.0.0 Safari/537.36 Edg/132.0.0.0"
72.2.34.114 - - [21/Jan/2025:18:03:16 +0000] "GET /wp-content/plugins/learndash-propanel/includes/reports-base/includes/blocks/builds/index-learner-activity-log.js?ver=c1840714ffa12d9f38c0 HTTP/1.1" 200 34000 "https://ahsmore.mhcollab.ca/courses/tunderstanding-and-managing-students-problematic-sexual-behaviour/" "Mozilla/5.0 (Windows NT 10.0; Win64; x64) AppleWebKit/537.36 (KHTML, like Gecko) Chrome/132.0.0.0 Safari/537.36 Edg/132.0.0.0"
72.2.34.114 - - [21/Jan/2025:18:03:16 +0000] "GET /wp-content/plugins/learndash-propanel/includes/reports-base/includes/blocks/builds/index-average-quiz-attempts.js?ver=ddbeb0c038fad75402f3 HTTP/1.1" 200 140147 "https://ahsmore.mhcollab.ca/courses/tunderstanding-and-managing-students-problematic-sexual-behaviour/" "Mozilla/5.0 (Windows NT 10.0; Win64; x64) AppleWebKit/537.36 (KHTML, like Gecko) Chrome/132.0.0.0 Safari/537.36 Edg/132.0.0.0"
72.2.34.114 - - [21/Jan/2025:18:03:16 +0000] "GET /wp-content/plugins/learndash-propanel/includes/reports-base/includes/blocks/builds/index-student-profile.js?ver=65f5e92904e96f265cb1 HTTP/1.1" 200 1194 "https://ahsmore.mhcollab.ca/courses/tunderstanding-and-managing-students-problematic-sexual-behaviour/" "Mozilla/5.0 (Windows NT 10.0; Win64; x64) AppleWebKit/537.36 (KHTML, like Gecko) Chrome/132.0.0.0 Safari/537.36 Edg/132.0.0.0"
72.2.34.114 - - [21/Jan/2025:18:03:16 +0000] "GET /wp-content/plugins/learndash-propanel/includes/reports-base/includes/blocks/builds/index-student-table.js?ver=e37af4d454fd0078ac6c HTTP/1.1" 200 64003 "https://ahsmore.mhcollab.ca/courses/tunderstanding-and-managing-students-problematic-sexual-behaviour/" "Mozilla/5.0 (Windows NT 10.0; Win64; x64) AppleWebKit/537.36 (KHTML, like Gecko) Chrome/132.0.0.0 Safari/537.36 Edg/132.0.0.0"
72.2.34.114 - - [21/Jan/2025:18:03:16 +0000] "GET /wp-content/plugins/contact-form-7/includes/swv/js/index.js?ver=6.0.3 HTTP/1.1" 200 3502 "https://ahsmore.mhcollab.ca/courses/tunderstanding-and-managing-students-problematic-sexual-behaviour/" "Mozilla/5.0 (Windows NT 10.0; Win64; x64) AppleWebKit/537.36 (KHTML, like Gecko) Chrome/132.0.0.0 Safari/537.36 Edg/132.0.0.0"
72.2.34.114 - - [21/Jan/2025:18:03:16 +0000] "GET /wp-content/plugins/contact-form-7/includes/js/index.js?ver=6.0.3 HTTP/1.1" 200 4265 "https://ahsmore.mhcollab.ca/courses/tunderstanding-and-managing-students-problematic-sexual-behaviour/" "Mozilla/5.0 (Windows NT 10.0; Win64; x64) AppleWebKit/537.36 (KHTML, like Gecko) Chrome/132.0.0.0 Safari/537.36 Edg/132.0.0.0"
72.2.34.114 - - [21/Jan/2025:18:03:16 +0000] "GET /wp-content/plugins/sfwd-lms/themes/legacy/templates/learndash_pager.min.js?ver=4.20.0.3 HTTP/1.1" 200 915 "https://ahsmore.mhcollab.ca/courses/tunderstanding-and-managing-students-problematic-sexual-behaviour/" "Mozilla/5.0 (Windows NT 10.0; Win64; x64) AppleWebKit/537.36 (KHTML, like Gecko) Chrome/132.0.0.0 Safari/537.36 Edg/132.0.0.0"
72.2.34.114 - - [21/Jan/2025:18:03:16 +0000] "GET /wp-content/plugins/sfwd-lms/themes/legacy/templates/learndash_template_script.min.js?ver=4.20.0.3 HTTP/1.1" 200 1131 "https://ahsmore.mhcollab.ca/courses/tunderstanding-and-managing-students-problematic-sexual-behaviour/" "Mozilla/5.0 (Windows NT 10.0; Win64; x64) AppleWebKit/537.36 (KHTML, like Gecko) Chrome/132.0.0.0 Safari/537.36 Edg/132.0.0.0"
72.2.34.114 - - [21/Jan/2025:18:03:16 +0000] "GET /wp-content/plugins/sfwd-lms/assets/js/jquery.dropdown.min.js?ver=4.20.0.3 HTTP/1.1" 200 936 "https://ahsmore.mhcollab.ca/courses/tunderstanding-and-managing-students-problematic-sexual-behaviour/" "Mozilla/5.0 (Windows NT 10.0; Win64; x64) AppleWebKit/537.36 (KHTML, like Gecko) Chrome/132.0.0.0 Safari/537.36 Edg/132.0.0.0"
72.2.34.114 - - [21/Jan/2025:18:03:16 +0000] "GET /wp-content/plugins/premium-addons-for-elementor/admin/assets/js/admin-bar.js?ver=4.10.78 HTTP/1.1" 200 446 "https://ahsmore.mhcollab.ca/courses/tunderstanding-and-managing-students-problematic-sexual-behaviour/" "Mozilla/5.0 (Windows NT 10.0; Win64; x64) AppleWebKit/537.36 (KHTML, like Gecko) Chrome/132.0.0.0 Safari/537.36 Edg/132.0.0.0"
72.2.34.114 - - [21/Jan/2025:18:03:16 +0000] "GET /wp-content/plugins/sfwd-lms/themes/ld30/assets/js/learndash.js?ver=4.20.0.3 HTTP/1.1" 200 8132 "https://ahsmore.mhcollab.ca/courses/tunderstanding-and-managing-students-problematic-sexual-behaviour/" "Mozilla/5.0 (Windows NT 10.0; Win64; x64) AppleWebKit/537.36 (KHTML, like Gecko) Chrome/132.0.0.0 Safari/537.36 Edg/132.0.0.0"
72.2.34.114 - - [21/Jan/2025:18:03:16 +0000] "GET /wp-content/plugins/learndash-integrity/assets/js/prevent-content-copy.min.js?ver=1.2.1 HTTP/1.1" 200 189 "https://ahsmore.mhcollab.ca/courses/tunderstanding-and-managing-students-problematic-sexual-behaviour/" "Mozilla/5.0 (Windows NT 10.0; Win64; x64) AppleWebKit/537.36 (KHTML, like Gecko) Chrome/132.0.0.0 Safari/537.36 Edg/132.0.0.0"
72.2.34.114 - - [21/Jan/2025:18:03:16 +0000] "GET /wp-content/plugins/tin-canny-learndash-reporting/src/uncanny-articulate-and-captivate/assets/scripts/script.js?ver=4.4.0.4 HTTP/1.1" 200 558 "https://ahsmore.mhcollab.ca/courses/tunderstanding-and-managing-students-problematic-sexual-behaviour/" "Mozilla/5.0 (Windows NT 10.0; Win64; x64) AppleWebKit/537.36 (KHTML, like Gecko) Chrome/132.0.0.0 Safari/537.36 Edg/132.0.0.0"
72.2.34.114 - - [21/Jan/2025:18:03:16 +0000] "GET /wp-content/plugins/3d-flipbook-dflip-lite/assets/js/dflip.min.js?ver=2.3.57 HTTP/1.1" 200 58942 "https://ahsmore.mhcollab.ca/courses/tunderstanding-and-managing-students-problematic-sexual-behaviour/" "Mozilla/5.0 (Windows NT 10.0; Win64; x64) AppleWebKit/537.36 (KHTML, like Gecko) Chrome/132.0.0.0 Safari/537.36 Edg/132.0.0.0"
72.2.34.114 - - [21/Jan/2025:18:03:16 +0000] "GET /wp-content/themes/kadence/assets/js/navigation.min.js?ver=1.2.14 HTTP/1.1" 200 4657 "https://ahsmore.mhcollab.ca/courses/tunderstanding-and-managing-students-problematic-sexual-behaviour/" "Mozilla/5.0 (Windows NT 10.0; Win64; x64) AppleWebKit/537.36 (KHTML, like Gecko) Chrome/132.0.0.0 Safari/537.36 Edg/132.0.0.0"
72.2.34.114 - - [21/Jan/2025:18:03:17 +0000] "GET /wp-includes/js/wp-emoji-release.min.js?ver=4c07a945f927cfc17b5ef0589d82cf0d HTTP/1.1" 200 5062 "https://ahsmore.mhcollab.ca/courses/tunderstanding-and-managing-students-problematic-sexual-behaviour/" "Mozilla/5.0 (Windows NT 10.0; Win64; x64) AppleWebKit/537.36 (KHTML, like Gecko) Chrome/132.0.0.0 Safari/537.36 Edg/132.0.0.0"
72.2.34.114 - - [21/Jan/2025:18:03:17 +0000] "GET /wp-content/uploads/2020/08/cropped-Copy-of-MORE-Favicon-32x32.png HTTP/1.1" 200 1241 "https://ahsmore.mhcollab.ca/courses/tunderstanding-and-managing-students-problematic-sexual-behaviour/" "Mozilla/5.0 (Windows NT 10.0; Win64; x64) AppleWebKit/537.36 (KHTML, like Gecko) Chrome/132.0.0.0 Safari/537.36 Edg/132.0.0.0"
45.56.220.125 - - [21/Jan/2025:18:03:30 +0000] "POST /wp-cron.php?doing_wp_cron=1737482610.6974439620971679687500 HTTP/1.1" 200 - "-" "WordPress/6.7.1; https://ahsmore.mhcollab.ca"
199.185.67.145 - - [21/Jan/2025:18:03:28 +0000] "POST /wp-admin/admin-ajax.php HTTP/1.1" 404 24687 "https://ahsmore.mhcollab.ca/courses/name-that-mental-health-disorder/lessons/lesson-19sp01-1-copy-2/" "Mozilla/5.0 (Windows NT 10.0; Win64; x64) AppleWebKit/537.36 (KHTML, like Gecko) Chrome/131.0.0.0 Safari/537.36"
199.185.67.145 - - [21/Jan/2025:18:03:35 +0000] "POST /wp-admin/admin-ajax.php HTTP/1.1" 200 36 "https://ahsmore.mhcollab.ca/courses/name-that-mental-health-disorder/lessons/lesson-19sp01-1-copy-2/" "Mozilla/5.0 (Windows NT 10.0; Win64; x64) AppleWebKit/537.36 (KHTML, like Gecko) Chrome/131.0.0.0 Safari/537.36"
199.185.67.145 - - [21/Jan/2025:18:03:35 +0000] "POST /courses/name-that-mental-health-disorder/lessons/lesson-19sp01-1-copy-2/ HTTP/1.1" 200 25699 "https://ahsmore.mhcollab.ca/courses/name-that-mental-health-disorder/lessons/lesson-19sp01-1-copy-2/" "Mozilla/5.0 (Windows NT 10.0; Win64; x64) AppleWebKit/537.36 (KHTML, like Gecko) Chrome/131.0.0.0 Safari/537.36"
199.185.67.145 - - [21/Jan/2025:18:03:37 +0000] "GET /wp-content/uploads/articulate_uploads/name-that-mental-health-disorder-scorm12-DziVspfZ/scormcontent/index.html HTTP/1.1" 200 16259 "https://ahsmore.mhcollab.ca/courses/name-that-mental-health-disorder/lessons/lesson-19sp01-1-copy-2/" "Mozilla/5.0 (Windows NT 10.0; Win64; x64) AppleWebKit/537.36 (KHTML, like Gecko) Chrome/131.0.0.0 Safari/537.36"
45.56.220.125 - - [21/Jan/2025:18:03:40 +0000] "POST /wp-cron.php?doing_wp_cron=1737482620.6020870208740234375000 HTTP/1.1" 200 - "-" "WordPress/6.7.1; https://ahsmore.mhcollab.ca"
199.185.67.145 - - [21/Jan/2025:18:03:39 +0000] "POST /wp-admin/admin-ajax.php HTTP/1.1" 200 36 "https://ahsmore.mhcollab.ca/courses/name-that-mental-health-disorder/lessons/lesson-19sp01-1-copy-2/" "Mozilla/5.0 (Windows NT 10.0; Win64; x64) AppleWebKit/537.36 (KHTML, like Gecko) Chrome/131.0.0.0 Safari/537.36"
216.208.243.212 - - [21/Jan/2025:18:03:44 +0000] "GET /all-courses/ HTTP/1.1" 200 30686 "https://ahsmore.mhcollab.ca/login2024/" "Mozilla/5.0 (iPhone; CPU iPhone OS 18_1_1 like Mac OS X) AppleWebKit/605.1.15 (KHTML, like Gecko) Version/18.1.1 Mobile/15E148 Safari/604.1"
216.208.243.212 - - [21/Jan/2025:18:03:46 +0000] "GET /wp-includes/css/dist/block-library/style.min.css?ver=4c07a945f927cfc17b5ef0589d82cf0d HTTP/1.1" 200 15177 "https://ahsmore.mhcollab.ca/all-courses/" "Mozilla/5.0 (iPhone; CPU iPhone OS 18_1_1 like Mac OS X) AppleWebKit/605.1.15 (KHTML, like Gecko) Version/18.1.1 Mobile/15E148 Safari/604.1"
216.208.243.212 - - [21/Jan/2025:18:03:46 +0000] "GET /wp-content/themes/kadence/assets/css/sidebar.min.css?ver=1.2.14 HTTP/1.1" 200 288 "https://ahsmore.mhcollab.ca/all-courses/" "Mozilla/5.0 (iPhone; CPU iPhone OS 18_1_1 like Mac OS X) AppleWebKit/605.1.15 (KHTML, like Gecko) Version/18.1.1 Mobile/15E148 Safari/604.1"
216.208.243.212 - - [21/Jan/2025:18:03:46 +0000] "GET /wp-content/plugins/kadence-blocks/dist/style-blocks-image.css?ver=3.4.5 HTTP/1.1" 200 1163 "https://ahsmore.mhcollab.ca/all-courses/" "Mozilla/5.0 (iPhone; CPU iPhone OS 18_1_1 like Mac OS X) AppleWebKit/605.1.15 (KHTML, like Gecko) Version/18.1.1 Mobile/15E148 Safari/604.1"
216.208.243.212 - - [21/Jan/2025:18:03:46 +0000] "GET /wp-content/plugins/learndash-course-grid/assets/css/style.css?ver=2.0.10 HTTP/1.1" 200 239 "https://ahsmore.mhcollab.ca/all-courses/" "Mozilla/5.0 (iPhone; CPU iPhone OS 18_1_1 like Mac OS X) AppleWebKit/605.1.15 (KHTML, like Gecko) Version/18.1.1 Mobile/15E148 Safari/604.1"
216.208.243.212 - - [21/Jan/2025:18:03:46 +0000] "GET /wp-content/plugins/learndash-course-grid/templates/skins/grid/script.js?ver=2.0.10 HTTP/1.1" 200 624 "https://ahsmore.mhcollab.ca/all-courses/" "Mozilla/5.0 (iPhone; CPU iPhone OS 18_1_1 like Mac OS X) AppleWebKit/605.1.15 (KHTML, like Gecko) Version/18.1.1 Mobile/15E148 Safari/604.1"
216.208.243.212 - - [21/Jan/2025:18:03:46 +0000] "GET /wp-content/plugins/learndash-course-grid/templates/filter/style.css?ver=2.0.10 HTTP/1.1" 200 1223 "https://ahsmore.mhcollab.ca/all-courses/" "Mozilla/5.0 (iPhone; CPU iPhone OS 18_1_1 like Mac OS X) AppleWebKit/605.1.15 (KHTML, like Gecko) Version/18.1.1 Mobile/15E148 Safari/604.1"
216.208.243.212 - - [21/Jan/2025:18:03:46 +0000] "GET /wp-content/plugins/learndash-course-grid/templates/cards/grid-2/style.css?ver=2.0.10 HTTP/1.1" 200 907 "https://ahsmore.mhcollab.ca/all-courses/" "Mozilla/5.0 (iPhone; CPU iPhone OS 18_1_1 like Mac OS X) AppleWebKit/605.1.15 (KHTML, like Gecko) Version/18.1.1 Mobile/15E148 Safari/604.1"
216.208.243.212 - - [21/Jan/2025:18:03:46 +0000] "GET /wp-content/plugins/learndash-course-grid/templates/skins/grid/style.css?ver=2.0.10 HTTP/1.1" 200 209 "https://ahsmore.mhcollab.ca/all-courses/" "Mozilla/5.0 (iPhone; CPU iPhone OS 18_1_1 like Mac OS X) AppleWebKit/605.1.15 (KHTML, like Gecko) Version/18.1.1 Mobile/15E148 Safari/604.1"
216.208.243.212 - - [21/Jan/2025:18:03:46 +0000] "GET /wp-content/plugins/learndash-course-grid/templates/pagination/style.css?ver=2.0.10 HTTP/1.1" 200 366 "https://ahsmore.mhcollab.ca/all-courses/" "Mozilla/5.0 (iPhone; CPU iPhone OS 18_1_1 like Mac OS X) AppleWebKit/605.1.15 (KHTML, like Gecko) Version/18.1.1 Mobile/15E148 Safari/604.1"
216.208.243.212 - - [21/Jan/2025:18:03:46 +0000] "GET /wp-content/plugins/learndash-course-grid/assets/js/script.js?ver=2.0.10 HTTP/1.1" 200 2361 "https://ahsmore.mhcollab.ca/all-courses/" "Mozilla/5.0 (iPhone; CPU iPhone OS 18_1_1 like Mac OS X) AppleWebKit/605.1.15 (KHTML, like Gecko) Version/18.1.1 Mobile/15E148 Safari/604.1"
216.208.243.212 - - [21/Jan/2025:18:03:46 +0000] "GET /wp-content/plugins/sfwd-lms/themes/legacy/templates/learndash_pager.min.js?ver=4.20.0.3 HTTP/1.1" 200 915 "https://ahsmore.mhcollab.ca/all-courses/" "Mozilla/5.0 (iPhone; CPU iPhone OS 18_1_1 like Mac OS X) AppleWebKit/605.1.15 (KHTML, like Gecko) Version/18.1.1 Mobile/15E148 Safari/604.1"
216.208.243.212 - - [21/Jan/2025:18:03:46 +0000] "GET /wp-content/plugins/sfwd-lms/assets/js/jquery.dropdown.min.js?ver=4.20.0.3 HTTP/1.1" 200 936 "https://ahsmore.mhcollab.ca/all-courses/" "Mozilla/5.0 (iPhone; CPU iPhone OS 18_1_1 like Mac OS X) AppleWebKit/605.1.15 (KHTML, like Gecko) Version/18.1.1 Mobile/15E148 Safari/604.1"
216.208.243.212 - - [21/Jan/2025:18:03:46 +0000] "GET /wp-content/plugins/sfwd-lms/themes/legacy/templates/learndash_template_script.min.js?ver=4.20.0.3 HTTP/1.1" 200 1131 "https://ahsmore.mhcollab.ca/all-courses/" "Mozilla/5.0 (iPhone; CPU iPhone OS 18_1_1 like Mac OS X) AppleWebKit/605.1.15 (KHTML, like Gecko) Version/18.1.1 Mobile/15E148 Safari/604.1"
216.208.243.212 - - [21/Jan/2025:18:03:46 +0000] "GET /wp-content/uploads/2019/07/Mental_Health.png HTTP/1.1" 200 8094 "https://ahsmore.mhcollab.ca/all-courses/" "Mozilla/5.0 (iPhone; CPU iPhone OS 18_1_1 like Mac OS X) AppleWebKit/605.1.15 (KHTML, like Gecko) Version/18.1.1 Mobile/15E148 Safari/604.1"
216.208.243.212 - - [21/Jan/2025:18:03:46 +0000] "GET /wp-content/uploads/2019/10/Special_Proj-e1569958149366.png HTTP/1.1" 200 24269 "https://ahsmore.mhcollab.ca/all-courses/" "Mozilla/5.0 (iPhone; CPU iPhone OS 18_1_1 like Mac OS X) AppleWebKit/605.1.15 (KHTML, like Gecko) Version/18.1.1 Mobile/15E148 Safari/604.1"
216.208.243.212 - - [21/Jan/2025:18:03:46 +0000] "GET /wp-content/uploads/2019/07/Sub_Use.png HTTP/1.1" 200 6574 "https://ahsmore.mhcollab.ca/all-courses/" "Mozilla/5.0 (iPhone; CPU iPhone OS 18_1_1 like Mac OS X) AppleWebKit/605.1.15 (KHTML, like Gecko) Version/18.1.1 Mobile/15E148 Safari/604.1"
216.208.243.212 - - [21/Jan/2025:18:03:46 +0000] "GET /wp-content/uploads/2019/07/CES.png HTTP/1.1" 200 6793 "https://ahsmore.mhcollab.ca/all-courses/" "Mozilla/5.0 (iPhone; CPU iPhone OS 18_1_1 like Mac OS X) AppleWebKit/605.1.15 (KHTML, like Gecko) Version/18.1.1 Mobile/15E148 Safari/604.1"
216.208.243.212 - - [21/Jan/2025:18:03:46 +0000] "GET /wp-content/uploads/2019/07/Extra-Extra.png HTTP/1.1" 200 7254 "https://ahsmore.mhcollab.ca/all-courses/" "Mozilla/5.0 (iPhone; CPU iPhone OS 18_1_1 like Mac OS X) AppleWebKit/605.1.15 (KHTML, like Gecko) Version/18.1.1 Mobile/15E148 Safari/604.1"
45.56.220.125 - - [21/Jan/2025:18:03:52 +0000] "POST /wp-cron.php?doing_wp_cron=1737482632.0794050693511962890625 HTTP/1.1" 200 - "-" "WordPress/6.7.1; https://ahsmore.mhcollab.ca"
199.185.67.145 - - [21/Jan/2025:18:03:50 +0000] "POST /wp-admin/admin-ajax.php HTTP/1.1" 200 36 "https://ahsmore.mhcollab.ca/courses/name-that-mental-health-disorder/lessons/lesson-19sp01-1-copy-2/" "Mozilla/5.0 (Windows NT 10.0; Win64; x64) AppleWebKit/537.36 (KHTML, like Gecko) Chrome/131.0.0.0 Safari/537.36"
199.185.67.145 - - [21/Jan/2025:18:03:52 +0000] "POST /wp-admin/admin-ajax.php HTTP/1.1" 200 37 "https://ahsmore.mhcollab.ca/courses/name-that-mental-health-disorder/lessons/lesson-19sp01-1-copy-2/" "Mozilla/5.0 (Windows NT 10.0; Win64; x64) AppleWebKit/537.36 (KHTML, like Gecko) Chrome/131.0.0.0 Safari/537.36"
199.185.67.145 - - [21/Jan/2025:18:03:52 +0000] "POST /courses/name-that-mental-health-disorder/lessons/lesson-19sp01-1-copy-2/ HTTP/1.1" 302 - "https://ahsmore.mhcollab.ca/courses/name-that-mental-health-disorder/lessons/lesson-19sp01-1-copy-2/" "Mozilla/5.0 (Windows NT 10.0; Win64; x64) AppleWebKit/537.36 (KHTML, like Gecko) Chrome/131.0.0.0 Safari/537.36"
51.222.253.13 - - [21/Jan/2025:18:03:52 +0000] "GET /courses/si-protocol-school-administrator/ HTTP/1.1" 200 26578 "-" "Mozilla/5.0 (compatible; AhrefsBot/7.0; +http://ahrefs.com/robot/)"
45.56.220.125 - - [21/Jan/2025:18:03:54 +0000] "POST /wp-cron.php?doing_wp_cron=1737482634.7647829055786132812500 HTTP/1.1" 200 - "-" "WordPress/6.7.1; https://ahsmore.mhcollab.ca"
199.185.67.145 - - [21/Jan/2025:18:03:53 +0000] "GET /courses/name-that-mental-health-disorder/lessons/related-protocol-documents-copy-5/ HTTP/1.1" 200 25765 "https://ahsmore.mhcollab.ca/courses/name-that-mental-health-disorder/lessons/lesson-19sp01-1-copy-2/" "Mozilla/5.0 (Windows NT 10.0; Win64; x64) AppleWebKit/537.36 (KHTML, like Gecko) Chrome/131.0.0.0 Safari/537.36"
199.185.67.145 - - [21/Jan/2025:18:03:53 +0000] "POST /wp-admin/admin-ajax.php HTTP/1.1" 200 36 "https://ahsmore.mhcollab.ca/courses/name-that-mental-health-disorder/lessons/lesson-19sp01-1-copy-2/" "Mozilla/5.0 (Windows NT 10.0; Win64; x64) AppleWebKit/537.36 (KHTML, like Gecko) Chrome/131.0.0.0 Safari/537.36"
199.185.67.145 - - [21/Jan/2025:18:03:53 +0000] "POST /wp-admin/admin-ajax.php HTTP/1.1" 200 36 "https://ahsmore.mhcollab.ca/courses/name-that-mental-health-disorder/lessons/lesson-19sp01-1-copy-2/" "Mozilla/5.0 (Windows NT 10.0; Win64; x64) AppleWebKit/537.36 (KHTML, like Gecko) Chrome/131.0.0.0 Safari/537.36"
199.185.67.145 - - [21/Jan/2025:18:03:53 +0000] "GET /courses/name-that-mental-health-disorder/lessons/related-protocol-documents-copy-5/ HTTP/1.1" 200 25765 "https://ahsmore.mhcollab.ca/courses/name-that-mental-health-disorder/lessons/lesson-19sp01-1-copy-2/" "Mozilla/5.0 (Windows NT 10.0; Win64; x64) AppleWebKit/537.36 (KHTML, like Gecko) Chrome/131.0.0.0 Safari/537.36"
199.185.67.145 - - [21/Jan/2025:18:04:03 +0000] "GET /1902-mhd-pre/ HTTP/1.1" 200 24670 "-" "Mozilla/5.0 (Windows NT 10.0; Win64; x64) AppleWebKit/537.36 (KHTML, like Gecko) Chrome/131.0.0.0 Safari/537.36"
199.185.67.145 - - [21/Jan/2025:18:04:05 +0000] "GET /wp-content/plugins/3d-flipbook-dflip-lite/assets/js/libs/pdf.min.js?ver=2.3.57&pdfver=default HTTP/1.1" 200 107396 "https://ahsmore.mhcollab.ca/1902-mhd-pre/" "Mozilla/5.0 (Windows NT 10.0; Win64; x64) AppleWebKit/537.36 (KHTML, like Gecko) Chrome/131.0.0.0 Safari/537.36"
199.185.67.145 - - [21/Jan/2025:18:04:05 +0000] "GET /wp-content/plugins/3d-flipbook-dflip-lite/assets/js/libs/three.min.js?ver=2.3.57 HTTP/1.1" 200 157830 "https://ahsmore.mhcollab.ca/1902-mhd-pre/" "Mozilla/5.0 (Windows NT 10.0; Win64; x64) AppleWebKit/537.36 (KHTML, like Gecko) Chrome/131.0.0.0 Safari/537.36"
199.185.67.145 - - [21/Jan/2025:18:04:06 +0000] "GET /wp-content/plugins/3d-flipbook-dflip-lite/assets/js/libs/pdf.worker.min.js?ver=2.3.57&pdfver=default HTTP/1.1" 200 305136 "https://ahsmore.mhcollab.ca/1902-mhd-pre/" "Mozilla/5.0 (Windows NT 10.0; Win64; x64) AppleWebKit/537.36 (KHTML, like Gecko) Chrome/131.0.0.0 Safari/537.36"
199.185.67.145 - - [21/Jan/2025:18:04:06 +0000] "GET /wp-content/uploads/2019/09/1902-MHD-Pre.pdf HTTP/1.1" 200 124786 "https://ahsmore.mhcollab.ca/1902-mhd-pre/" "Mozilla/5.0 (Windows NT 10.0; Win64; x64) AppleWebKit/537.36 (KHTML, like Gecko) Chrome/131.0.0.0 Safari/537.36"
199.185.67.145 - - [21/Jan/2025:18:04:06 +0000] "GET /wp-content/plugins/3d-flipbook-dflip-lite/assets/sound/turn2.mp3?ver=2.3.57 HTTP/1.1" 206 8277 "https://ahsmore.mhcollab.ca/1902-mhd-pre/" "Mozilla/5.0 (Windows NT 10.0; Win64; x64) AppleWebKit/537.36 (KHTML, like Gecko) Chrome/131.0.0.0 Safari/537.36"
216.208.243.212 - - [21/Jan/2025:18:04:13 +0000] "POST /wp-admin/admin-ajax.php HTTP/1.1" 200 1773 "https://ahsmore.mhcollab.ca/all-courses/" "Mozilla/5.0 (iPhone; CPU iPhone OS 18_1_1 like Mac OS X) AppleWebKit/605.1.15 (KHTML, like Gecko) Version/18.1.1 Mobile/15E148 Safari/604.1"
216.208.243.212 - - [21/Jan/2025:18:04:15 +0000] "GET /wp-content/uploads/2019/07/Special_Proj.png HTTP/1.1" 200 6552 "https://ahsmore.mhcollab.ca/all-courses/" "Mozilla/5.0 (iPhone; CPU iPhone OS 18_1_1 like Mac OS X) AppleWebKit/605.1.15 (KHTML, like Gecko) Version/18.1.1 Mobile/15E148 Safari/604.1"
216.208.243.212 - - [21/Jan/2025:18:04:15 +0000] "GET /wp-content/uploads/2018/08/Sexuality2.png HTTP/1.1" 200 6595 "https://ahsmore.mhcollab.ca/all-courses/" "Mozilla/5.0 (iPhone; CPU iPhone OS 18_1_1 like Mac OS X) AppleWebKit/605.1.15 (KHTML, like Gecko) Version/18.1.1 Mobile/15E148 Safari/604.1"
216.208.243.212 - - [21/Jan/2025:18:04:15 +0000] "GET /wp-content/uploads/2019/07/InclusiveEd2.png HTTP/1.1" 200 7831 "https://ahsmore.mhcollab.ca/all-courses/" "Mozilla/5.0 (iPhone; CPU iPhone OS 18_1_1 like Mac OS X) AppleWebKit/605.1.15 (KHTML, like Gecko) Version/18.1.1 Mobile/15E148 Safari/604.1"
216.208.243.212 - - [21/Jan/2025:18:04:15 +0000] "GET /wp-content/uploads/2019/07/Health_Promo.png HTTP/1.1" 200 8953 "https://ahsmore.mhcollab.ca/all-courses/" "Mozilla/5.0 (iPhone; CPU iPhone OS 18_1_1 like Mac OS X) AppleWebKit/605.1.15 (KHTML, like Gecko) Version/18.1.1 Mobile/15E148 Safari/604.1"
216.208.243.212 - - [21/Jan/2025:18:04:15 +0000] "GET /wp-content/uploads/2019/07/GriefTrauma.png HTTP/1.1" 200 8173 "https://ahsmore.mhcollab.ca/all-courses/" "Mozilla/5.0 (iPhone; CPU iPhone OS 18_1_1 like Mac OS X) AppleWebKit/605.1.15 (KHTML, like Gecko) Version/18.1.1 Mobile/15E148 Safari/604.1"
216.208.243.212 - - [21/Jan/2025:18:04:15 +0000] "GET /wp-content/uploads/2019/07/ChildDevelopment2.png HTTP/1.1" 200 7930 "https://ahsmore.mhcollab.ca/all-courses/" "Mozilla/5.0 (iPhone; CPU iPhone OS 18_1_1 like Mac OS X) AppleWebKit/605.1.15 (KHTML, like Gecko) Version/18.1.1 Mobile/15E148 Safari/604.1"
216.208.243.212 - - [21/Jan/2025:18:04:15 +0000] "GET /wp-content/uploads/2019/07/Self-Care.png HTTP/1.1" 200 10945 "https://ahsmore.mhcollab.ca/all-courses/" "Mozilla/5.0 (iPhone; CPU iPhone OS 18_1_1 like Mac OS X) AppleWebKit/605.1.15 (KHTML, like Gecko) Version/18.1.1 Mobile/15E148 Safari/604.1"
199.185.67.145 - - [21/Jan/2025:18:04:21 +0000] "GET /wp-content/uploads/2019/09/1902-MHD-Post.pdf HTTP/1.1" 200 192534 "-" "Mozilla/5.0 (Windows NT 10.0; Win64; x64) AppleWebKit/537.36 (KHTML, like Gecko) Chrome/131.0.0.0 Safari/537.36"
45.56.220.125 - - [21/Jan/2025:18:05:17 +0000] "POST /wp-cron.php?doing_wp_cron=1737482717.8991270065307617187500 HTTP/1.1" 200 - "-" "WordPress/6.7.1; https://ahsmore.mhcollab.ca"
199.185.67.145 - - [21/Jan/2025:18:05:16 +0000] "POST /wp-admin/admin-ajax.php HTTP/1.1" 200 36 "https://ahsmore.mhcollab.ca/courses/name-that-mental-health-disorder/lessons/related-protocol-documents-copy-5/" "Mozilla/5.0 (Windows NT 10.0; Win64; x64) AppleWebKit/537.36 (KHTML, like Gecko) Chrome/131.0.0.0 Safari/537.36"
199.185.67.156 - - [21/Jan/2025:18:05:18 +0000] "GET /wp-content/uploads/articulate_uploads/October-2017-ACES-and-Resiliency-Part_1-Zip4/mobile/slides/5tsAw7opsoL.js HTTP/1.1" 200 2009 "https://ahsmore.mhcollab.ca/wp-content/uploads/articulate_uploads/October-2017-ACES-and-Resiliency-Part_1-Zip4/story_html5.html" "Mozilla/5.0 (Windows NT 10.0; Win64; x64) AppleWebKit/537.36 (KHTML, like Gecko) Chrome/132.0.0.0 Safari/537.36"
199.185.67.156 - - [21/Jan/2025:18:05:18 +0000] "GET /wp-content/uploads/articulate_uploads/October-2017-ACES-and-Resiliency-Part_1-Zip4/story_content/5awmCAtEq99_22050_48.mp3 HTTP/1.1" 200 91969 "https://ahsmore.mhcollab.ca/wp-content/uploads/articulate_uploads/October-2017-ACES-and-Resiliency-Part_1-Zip4/story_html5.html" "Mozilla/5.0 (Windows NT 10.0; Win64; x64) AppleWebKit/537.36 (KHTML, like Gecko) Chrome/132.0.0.0 Safari/537.36"
199.185.67.156 - - [21/Jan/2025:18:05:18 +0000] "GET /wp-content/uploads/articulate_uploads/October-2017-ACES-and-Resiliency-Part_1-Zip4/mobile/5VyKfeGiR5o62IZF6BIjzB%7BWidth=700,%20Height=520%7DLight_80_DX1400_DY1400_CX700_CY520.jpg HTTP/1.1" 200 27709 "https://ahsmore.mhcollab.ca/wp-content/uploads/articulate_uploads/October-2017-ACES-and-Resiliency-Part_1-Zip4/story_html5.html" "Mozilla/5.0 (Windows NT 10.0; Win64; x64) AppleWebKit/537.36 (KHTML, like Gecko) Chrome/132.0.0.0 Safari/537.36"
199.185.67.156 - - [21/Jan/2025:18:05:18 +0000] "GET /wp-content/uploads/articulate_uploads/October-2017-ACES-and-Resiliency-Part_1-Zip4/story_content/5awmCAtEq99_22050_48.mp3 HTTP/1.1" 304 - "https://ahsmore.mhcollab.ca/wp-content/uploads/articulate_uploads/October-2017-ACES-and-Resiliency-Part_1-Zip4/story_html5.html" "Mozilla/5.0 (Windows NT 10.0; Win64; x64) AppleWebKit/537.36 (KHTML, like Gecko) Chrome/132.0.0.0 Safari/537.36"
199.185.67.156 - - [21/Jan/2025:18:05:18 +0000] "GET /wp-content/uploads/articulate_uploads/October-2017-ACES-and-Resiliency-Part_1-Zip4/story_content/5VyKfeGiR5o62IZF6BIjzB%7BWidth=700,%20Height=520%7DLight_80_DX1400_DY1400.jpg HTTP/1.1" 200 30726 "https://ahsmore.mhcollab.ca/wp-content/uploads/articulate_uploads/October-2017-ACES-and-Resiliency-Part_1-Zip4/story_html5.html" "Mozilla/5.0 (Windows NT 10.0; Win64; x64) AppleWebKit/537.36 (KHTML, like Gecko) Chrome/132.0.0.0 Safari/537.36"
199.185.67.145 - - [21/Jan/2025:18:05:18 +0000] "POST /wp-admin/admin-ajax.php HTTP/1.1" 200 36 "https://ahsmore.mhcollab.ca/courses/name-that-mental-health-disorder/lessons/related-protocol-documents-copy-5/" "Mozilla/5.0 (Windows NT 10.0; Win64; x64) AppleWebKit/537.36 (KHTML, like Gecko) Chrome/131.0.0.0 Safari/537.36"
216.208.243.212 - - [21/Jan/2025:18:05:24 +0000] "POST /wp-admin/admin-ajax.php HTTP/1.1" 200 2441 "https://ahsmore.mhcollab.ca/all-courses/" "Mozilla/5.0 (iPhone; CPU iPhone OS 18_1_1 like Mac OS X) AppleWebKit/605.1.15 (KHTML, like Gecko) Version/18.1.1 Mobile/15E148 Safari/604.1"
199.185.67.145 - - [21/Jan/2025:18:05:18 +0000] "POST /courses/name-that-mental-health-disorder/lessons/related-protocol-documents-copy-5/ HTTP/1.1" 302 - "https://ahsmore.mhcollab.ca/courses/name-that-mental-health-disorder/lessons/related-protocol-documents-copy-5/" "Mozilla/5.0 (Windows NT 10.0; Win64; x64) AppleWebKit/537.36 (KHTML, like Gecko) Chrome/131.0.0.0 Safari/537.36"
45.56.220.125 - - [21/Jan/2025:18:05:27 +0000] "POST /wp-cron.php?doing_wp_cron=1737482727.9112589359283447265625 HTTP/1.1" 200 - "-" "WordPress/6.7.1; https://ahsmore.mhcollab.ca"
199.185.67.145 - - [21/Jan/2025:18:05:26 +0000] "GET /courses/name-that-mental-health-disorder/ HTTP/1.1" 200 26326 "https://ahsmore.mhcollab.ca/courses/name-that-mental-health-disorder/lessons/related-protocol-documents-copy-5/" "Mozilla/5.0 (Windows NT 10.0; Win64; x64) AppleWebKit/537.36 (KHTML, like Gecko) Chrome/131.0.0.0 Safari/537.36"
45.56.220.125 - - [21/Jan/2025:18:06:00 +0000] "POST /wp-cron.php?doing_wp_cron=1737482760.2297720909118652343750 HTTP/1.1" 200 - "-" "WordPress/6.7.1; https://ahsmore.mhcollab.ca"
199.185.67.145 - - [21/Jan/2025:18:05:58 +0000] "POST /wp-admin/admin-ajax.php HTTP/1.1" 200 36 "https://ahsmore.mhcollab.ca/courses/name-that-mental-health-disorder/" "Mozilla/5.0 (Windows NT 10.0; Win64; x64) AppleWebKit/537.36 (KHTML, like Gecko) Chrome/131.0.0.0 Safari/537.36"
199.185.67.145 - - [21/Jan/2025:18:05:58 +0000] "GET /all-courses/ HTTP/1.1" 200 30720 "https://ahsmore.mhcollab.ca/courses/name-that-mental-health-disorder/" "Mozilla/5.0 (Windows NT 10.0; Win64; x64) AppleWebKit/537.36 (KHTML, like Gecko) Chrome/131.0.0.0 Safari/537.36"
199.185.67.145 - - [21/Jan/2025:18:06:12 +0000] "GET /courses/virtual-suicide-risk-assessment-what-you-need-to-know/ HTTP/1.1" 200 26942 "https://ahsmore.mhcollab.ca/all-courses/" "Mozilla/5.0 (Windows NT 10.0; Win64; x64) AppleWebKit/537.36 (KHTML, like Gecko) Chrome/131.0.0.0 Safari/537.36"
216.208.243.212 - - [21/Jan/2025:18:06:19 +0000] "GET / HTTP/1.1" 200 29235 "-" "Mozilla/5.0 (iPhone; CPU iPhone OS 18_1_1 like Mac OS X) AppleWebKit/605.1.15 (KHTML, like Gecko) EdgiOS/131.0.2903.145 Version/18.0 Mobile/15E148 Safari/604.1"
216.208.243.212 - - [21/Jan/2025:18:06:21 +0000] "GET /wp-content/plugins/premium-addons-for-elementor/assets/frontend/min-css/premium-addons.min.css?ver=4.10.78 HTTP/1.1" 200 45601 "https://ahsmore.mhcollab.ca/" "Mozilla/5.0 (iPhone; CPU iPhone OS 18_1_1 like Mac OS X) AppleWebKit/605.1.15 (KHTML, like Gecko) EdgiOS/131.0.2903.145 Version/18.0 Mobile/15E148 Safari/604.1"
216.208.243.212 - - [21/Jan/2025:18:06:21 +0000] "GET /wp-content/plugins/learndash-propanel/includes/reports-base/includes/blocks/builds/index-total-learners.css?ver=fadd16f458306ad64b1b HTTP/1.1" 200 540 "https://ahsmore.mhcollab.ca/" "Mozilla/5.0 (iPhone; CPU iPhone OS 18_1_1 like Mac OS X) AppleWebKit/605.1.15 (KHTML, like Gecko) EdgiOS/131.0.2903.145 Version/18.0 Mobile/15E148 Safari/604.1"
216.208.243.212 - - [21/Jan/2025:18:06:21 +0000] "GET /wp-content/plugins/learndash-propanel/includes/reports-base/includes/blocks/builds/index-pending-assignments.css?ver=1aef600d13aa5a0563ad HTTP/1.1" 200 903 "https://ahsmore.mhcollab.ca/" "Mozilla/5.0 (iPhone; CPU iPhone OS 18_1_1 like Mac OS X) AppleWebKit/605.1.15 (KHTML, like Gecko) EdgiOS/131.0.2903.145 Version/18.0 Mobile/15E148 Safari/604.1"
216.208.243.212 - - [21/Jan/2025:18:06:21 +0000] "GET /wp-content/plugins/learndash-propanel/includes/reports-base/includes/blocks/builds/index-revenue-from-courses.css?ver=cb65027c18309c21a2ae HTTP/1.1" 200 1930 "https://ahsmore.mhcollab.ca/" "Mozilla/5.0 (iPhone; CPU iPhone OS 18_1_1 like Mac OS X) AppleWebKit/605.1.15 (KHTML, like Gecko) EdgiOS/131.0.2903.145 Version/18.0 Mobile/15E148 Safari/604.1"
216.208.243.212 - - [21/Jan/2025:18:06:21 +0000] "GET /wp-content/plugins/learndash-propanel/includes/reports-base/includes/blocks/builds/index-total-revenue-earned.css?ver=f10a5618799c575867be HTTP/1.1" 200 495 "https://ahsmore.mhcollab.ca/" "Mozilla/5.0 (iPhone; CPU iPhone OS 18_1_1 like Mac OS X) AppleWebKit/605.1.15 (KHTML, like Gecko) EdgiOS/131.0.2903.145 Version/18.0 Mobile/15E148 Safari/604.1"
216.208.243.212 - - [21/Jan/2025:18:06:21 +0000] "GET /wp-content/plugins/learndash-propanel/includes/reports-base/includes/blocks/builds/index-date-filters.css?ver=a1d6734463bc290af9c8 HTTP/1.1" 200 1913 "https://ahsmore.mhcollab.ca/" "Mozilla/5.0 (iPhone; CPU iPhone OS 18_1_1 like Mac OS X) AppleWebKit/605.1.15 (KHTML, like Gecko) EdgiOS/131.0.2903.145 Version/18.0 Mobile/15E148 Safari/604.1"
216.208.243.212 - - [21/Jan/2025:18:06:21 +0000] "GET /wp-content/plugins/learndash-propanel/includes/reports-base/includes/blocks/builds/index-total-courses.css?ver=0cefa5be8e7738864347 HTTP/1.1" 200 541 "https://ahsmore.mhcollab.ca/" "Mozilla/5.0 (iPhone; CPU iPhone OS 18_1_1 like Mac OS X) AppleWebKit/605.1.15 (KHTML, like Gecko) EdgiOS/131.0.2903.145 Version/18.0 Mobile/15E148 Safari/604.1"
216.208.243.212 - - [21/Jan/2025:18:06:21 +0000] "GET /wp-content/plugins/premium-addons-pro/assets/frontend/min-css/premium-addons.min.css?ver=2.9.29 HTTP/1.1" 200 31166 "https://ahsmore.mhcollab.ca/" "Mozilla/5.0 (iPhone; CPU iPhone OS 18_1_1 like Mac OS X) AppleWebKit/605.1.15 (KHTML, like Gecko) EdgiOS/131.0.2903.145 Version/18.0 Mobile/15E148 Safari/604.1"
216.208.243.212 - - [21/Jan/2025:18:06:21 +0000] "GET /wp-includes/css/dashicons.min.css?ver=4c07a945f927cfc17b5ef0589d82cf0d HTTP/1.1" 200 35730 "https://ahsmore.mhcollab.ca/" "Mozilla/5.0 (iPhone; CPU iPhone OS 18_1_1 like Mac OS X) AppleWebKit/605.1.15 (KHTML, like Gecko) EdgiOS/131.0.2903.145 Version/18.0 Mobile/15E148 Safari/604.1"
