192.30.99.83 - - [21/Jan/2025:17:31:24 +0000] "GET /all-courses/ HTTP/1.1" 200 30712 "https://ahsmore.mhcollab.ca/courses/nssi-protocol-point-person/" "Mozilla/5.0 (Windows NT 10.0; Win64; x64) AppleWebKit/537.36 (KHTML, like Gecko) Chrome/132.0.0.0 Safari/537.36 Edg/132.0.0.0"
45.56.220.125 - - [21/Jan/2025:17:31:32 +0000] "POST /wp-cron.php?doing_wp_cron=1737480692.8290820121765136718750 HTTP/1.1" 200 - "-" "WordPress/6.7.1; https://ahsmore.mhcollab.ca"
192.30.99.83 - - [21/Jan/2025:17:31:31 +0000] "GET /courses/what-is-self-harming-basics-for-parents-to-know/ HTTP/1.1" 200 26413 "https://ahsmore.mhcollab.ca/all-courses/" "Mozilla/5.0 (Windows NT 10.0; Win64; x64) AppleWebKit/537.36 (KHTML, like Gecko) Chrome/132.0.0.0 Safari/537.36 Edg/132.0.0.0"
192.30.99.83 - - [21/Jan/2025:17:31:37 +0000] "GET /all-courses/ HTTP/1.1" 200 30712 "https://ahsmore.mhcollab.ca/courses/nssi-protocol-point-person/" "Mozilla/5.0 (Windows NT 10.0; Win64; x64) AppleWebKit/537.36 (KHTML, like Gecko) Chrome/132.0.0.0 Safari/537.36 Edg/132.0.0.0"
199.185.67.145 - - [21/Jan/2025:17:32:08 +0000] "POST /wp-admin/admin-ajax.php HTTP/1.1" 200 36 "https://ahsmore.mhcollab.ca/courses/anxiety-in-the-classroom/lessons/anxiety-in-the-classroom/" "Mozilla/5.0 (Windows NT 10.0; Win64; x64) AppleWebKit/537.36 (KHTML, like Gecko) Chrome/131.0.0.0 Safari/537.36"
199.185.67.145 - - [21/Jan/2025:17:32:08 +0000] "GET /courses/anxiety-in-the-classroom/lessons/supplementary-documents/ HTTP/1.1" 200 25814 "https://ahsmore.mhcollab.ca/courses/anxiety-in-the-classroom/lessons/anxiety-in-the-classroom/" "Mozilla/5.0 (Windows NT 10.0; Win64; x64) AppleWebKit/537.36 (KHTML, like Gecko) Chrome/131.0.0.0 Safari/537.36"
45.56.220.125 - - [21/Jan/2025:17:33:34 +0000] "POST /wp-cron.php?doing_wp_cron=1737480814.9532029628753662109375 HTTP/1.1" 200 - "-" "WordPress/6.7.1; https://ahsmore.mhcollab.ca"
199.185.67.145 - - [21/Jan/2025:17:33:33 +0000] "POST /wp-admin/admin-ajax.php HTTP/1.1" 200 36 "https://ahsmore.mhcollab.ca/courses/anxiety-in-the-classroom/lessons/supplementary-documents/" "Mozilla/5.0 (Windows NT 10.0; Win64; x64) AppleWebKit/537.36 (KHTML, like Gecko) Chrome/131.0.0.0 Safari/537.36"
199.185.67.145 - - [21/Jan/2025:17:33:33 +0000] "GET /courses/anxiety-in-the-classroom/lessons/evaluation-19ces03-copy/ HTTP/1.1" 200 27783 "https://ahsmore.mhcollab.ca/courses/anxiety-in-the-classroom/lessons/supplementary-documents/" "Mozilla/5.0 (Windows NT 10.0; Win64; x64) AppleWebKit/537.36 (KHTML, like Gecko) Chrome/131.0.0.0 Safari/537.36"
199.185.67.145 - - [21/Jan/2025:17:33:35 +0000] "GET /wp-content/uploads/elementor/css/post-20591.css?ver=1737320836 HTTP/1.1" 200 87 "https://ahsmore.mhcollab.ca/courses/anxiety-in-the-classroom/lessons/evaluation-19ces03-copy/" "Mozilla/5.0 (Windows NT 10.0; Win64; x64) AppleWebKit/537.36 (KHTML, like Gecko) Chrome/131.0.0.0 Safari/537.36"
199.185.67.145 - - [21/Jan/2025:17:33:41 +0000] "POST /wp-admin/admin-ajax.php HTTP/1.1" 200 36 "https://ahsmore.mhcollab.ca/courses/anxiety-in-the-classroom/lessons/evaluation-19ces03-copy/" "Mozilla/5.0 (Windows NT 10.0; Win64; x64) AppleWebKit/537.36 (KHTML, like Gecko) Chrome/131.0.0.0 Safari/537.36"
45.56.220.125 - - [21/Jan/2025:17:40:32 +0000] "POST /wp-cron.php?doing_wp_cron=1737481232.7284860610961914062500 HTTP/1.1" 200 - "-" "WordPress/6.7.1; https://ahsmore.mhcollab.ca"
199.185.67.156 - - [21/Jan/2025:17:40:31 +0000] "GET /wp-admin/admin-ajax.php?action=ld_cg_load_more&nonce=0219f4d54a&course_grid=%7B%22page%22%3A%221%22%2C%22post_type%22%3A%22sfwd-courses%22%2C%22per_page%22%3A%2220%22%2C%22orderby%22%3A%22date%22%2C%22order%22%3A%22DESC%22%2C%22taxonomies%22%3A%22%22%2C%22enrollment_status%22%3A%22%22%2C%22progress_status%22%3A%22%22%2C%22thumbnail%22%3A%221%22%2C%22thumbnail_size%22%3A%22course-thumbnail%22%2C%22ribbon%22%3A%221%22%2C%22video%22%3A%22%22%2C%22content%22%3A%221%22%2C%22title%22%3A%221%22%2C%22title_clickable%22%3A%221%22%2C%22description%22%3A%22%22%2C%22description_char_max%22%3A%22120%22%2C%22button%22%3A%221%22%2C%22filter%22%3A%221%22%2C%22pagination%22%3A%22button%22%2C%22grid_height_equal%22%3A%221%22%2C%22progress_bar%22%3A%22%22%2C%22post_meta%22%3A%22%22%2C%22skin%22%3A%22grid%22%2C%22card%22%3A%22grid-2%22%2C%22columns%22%3A%224%22%2C%22min_column_width%22%3A%22200%22%2C%22items_per_row%22%3A%225%22%2C%22font_family_title%22%3A%22montserrat%22%2C%22font_family_description%22%3A%22%22%2C%22font_size_title%22%3A%2228%22%2C%22font_size_description%22%3A%22%22%2C%22font_color_title%22%3A%22%22%2C%22font_color_description%22%3A%22%22%2C%22background_color_title%22%3A%22%22%2C%22background_color_description%22%3A%22%22%2C%22background_color_ribbon%22%3A%22%22%2C%22font_color_ribbon%22%3A%22%22%2C%22background_color_icon%22%3A%22%22%2C%22font_color_icon%22%3A%22%22%2C%22background_color_button%22%3A%22%22%2C%22font_color_button%22%3A%22%22%2C%22class_name%22%3A%22%22%2C%22id%22%3A%22ld-cg-llpkd3sd9t%22%2C%22filter_search%22%3A%221%22%2C%22filter_taxonomies%22%3A%22ld_course_category%22%2C%22filter_price%22%3A%22%22%2C%22filter_price_min%22%3A%220%22%2C%22filter_price_max%22%3A%221000%22%2C%22new_columns%22%3A%224%22%7D&filter=%7B%22search%22%3A%22%22%2C%22price_min%22%3Anull%2C%22price_max%22%3Anull%2C%22ld_course_category%22%3A%5B%5D%7D HTTP/1.1" 200 2589 "https://ahsmore.mhcollab.ca/all-courses/" "Mozilla/5.0 (Windows NT 10.0; Win64; x64) AppleWebKit/537.36 (KHTML, like Gecko) Chrome/132.0.0.0 Safari/537.36"
199.185.67.156 - - [21/Jan/2025:17:40:33 +0000] "GET /wp-content/uploads/2019/07/Health_Promo.png HTTP/1.1" 200 8953 "https://ahsmore.mhcollab.ca/all-courses/" "Mozilla/5.0 (Windows NT 10.0; Win64; x64) AppleWebKit/537.36 (KHTML, like Gecko) Chrome/132.0.0.0 Safari/537.36"
199.185.67.156 - - [21/Jan/2025:17:40:33 +0000] "GET /wp-content/uploads/2019/07/GriefTrauma.png HTTP/1.1" 200 8173 "https://ahsmore.mhcollab.ca/all-courses/" "Mozilla/5.0 (Windows NT 10.0; Win64; x64) AppleWebKit/537.36 (KHTML, like Gecko) Chrome/132.0.0.0 Safari/537.36"
199.185.67.156 - - [21/Jan/2025:17:40:33 +0000] "GET /wp-content/uploads/2019/07/InclusiveEd2.png HTTP/1.1" 200 7831 "https://ahsmore.mhcollab.ca/all-courses/" "Mozilla/5.0 (Windows NT 10.0; Win64; x64) AppleWebKit/537.36 (KHTML, like Gecko) Chrome/132.0.0.0 Safari/537.36"
199.185.67.156 - - [21/Jan/2025:17:40:33 +0000] "GET /wp-content/uploads/2018/08/Sexuality2.png HTTP/1.1" 200 6595 "https://ahsmore.mhcollab.ca/all-courses/" "Mozilla/5.0 (Windows NT 10.0; Win64; x64) AppleWebKit/537.36 (KHTML, like Gecko) Chrome/132.0.0.0 Safari/537.36"
199.185.67.156 - - [21/Jan/2025:17:40:37 +0000] "GET /courses/aces/ HTTP/1.1" 200 26274 "https://ahsmore.mhcollab.ca/all-courses/" "Mozilla/5.0 (Windows NT 10.0; Win64; x64) AppleWebKit/537.36 (KHTML, like Gecko) Chrome/132.0.0.0 Safari/537.36"
199.185.67.156 - - [21/Jan/2025:17:40:43 +0000] "GET /courses/aces/lessons/1701-aces-p1/ HTTP/1.1" 200 25664 "https://ahsmore.mhcollab.ca/courses/aces/" "Mozilla/5.0 (Windows NT 10.0; Win64; x64) AppleWebKit/537.36 (KHTML, like Gecko) Chrome/132.0.0.0 Safari/537.36"
199.185.67.156 - - [21/Jan/2025:17:40:43 +0000] "POST /wp-admin/admin-ajax.php HTTP/1.1" 200 36 "https://ahsmore.mhcollab.ca/courses/aces/" "Mozilla/5.0 (Windows NT 10.0; Win64; x64) AppleWebKit/537.36 (KHTML, like Gecko) Chrome/132.0.0.0 Safari/537.36"
199.185.67.156 - - [21/Jan/2025:17:40:45 +0000] "GET /wp-content/uploads/articulate_uploads/October-2017-ACES-and-Resiliency-Part_1-Zip4/story.html HTTP/1.1" 200 1594 "https://ahsmore.mhcollab.ca/courses/aces/lessons/1701-aces-p1/" "Mozilla/5.0 (Windows NT 10.0; Win64; x64) AppleWebKit/537.36 (KHTML, like Gecko) Chrome/132.0.0.0 Safari/537.36"
199.185.67.156 - - [21/Jan/2025:17:40:45 +0000] "GET /wp-content/uploads/articulate_uploads/October-2017-ACES-and-Resiliency-Part_1-Zip4/story_content/user.js HTTP/1.1" 200 30 "https://ahsmore.mhcollab.ca/wp-content/uploads/articulate_uploads/October-2017-ACES-and-Resiliency-Part_1-Zip4/story.html" "Mozilla/5.0 (Windows NT 10.0; Win64; x64) AppleWebKit/537.36 (KHTML, like Gecko) Chrome/132.0.0.0 Safari/537.36"
199.185.67.156 - - [21/Jan/2025:17:40:45 +0000] "GET /wp-content/uploads/articulate_uploads/October-2017-ACES-and-Resiliency-Part_1-Zip4/story_content/story.js HTTP/1.1" 200 9760 "https://ahsmore.mhcollab.ca/wp-content/uploads/articulate_uploads/October-2017-ACES-and-Resiliency-Part_1-Zip4/story.html" "Mozilla/5.0 (Windows NT 10.0; Win64; x64) AppleWebKit/537.36 (KHTML, like Gecko) Chrome/132.0.0.0 Safari/537.36"
199.185.67.156 - - [21/Jan/2025:17:40:45 +0000] "GET /wp-content/uploads/articulate_uploads/October-2017-ACES-and-Resiliency-Part_1-Zip4/story_html5.html HTTP/1.1" 200 1790 "https://ahsmore.mhcollab.ca/wp-content/uploads/articulate_uploads/October-2017-ACES-and-Resiliency-Part_1-Zip4/story.html" "Mozilla/5.0 (Windows NT 10.0; Win64; x64) AppleWebKit/537.36 (KHTML, like Gecko) Chrome/132.0.0.0 Safari/537.36"
199.185.67.156 - - [21/Jan/2025:17:40:45 +0000] "GET /wp-content/uploads/articulate_uploads/October-2017-ACES-and-Resiliency-Part_1-Zip4/mobile/player.css HTTP/1.1" 200 17121 "https://ahsmore.mhcollab.ca/wp-content/uploads/articulate_uploads/October-2017-ACES-and-Resiliency-Part_1-Zip4/story_html5.html" "Mozilla/5.0 (Windows NT 10.0; Win64; x64) AppleWebKit/537.36 (KHTML, like Gecko) Chrome/132.0.0.0 Safari/537.36"
199.185.67.156 - - [21/Jan/2025:17:40:45 +0000] "GET /wp-content/uploads/articulate_uploads/October-2017-ACES-and-Resiliency-Part_1-Zip4/mobile/player_compiled.js HTTP/1.1" 200 220391 "https://ahsmore.mhcollab.ca/wp-content/uploads/articulate_uploads/October-2017-ACES-and-Resiliency-Part_1-Zip4/story_html5.html" "Mozilla/5.0 (Windows NT 10.0; Win64; x64) AppleWebKit/537.36 (KHTML, like Gecko) Chrome/132.0.0.0 Safari/537.36"
199.185.67.156 - - [21/Jan/2025:17:40:45 +0000] "GET /wp-content/uploads/articulate_uploads/October-2017-ACES-and-Resiliency-Part_1-Zip4/story_content/frame.js HTTP/1.1" 200 4084 "https://ahsmore.mhcollab.ca/wp-content/uploads/articulate_uploads/October-2017-ACES-and-Resiliency-Part_1-Zip4/story_html5.html" "Mozilla/5.0 (Windows NT 10.0; Win64; x64) AppleWebKit/537.36 (KHTML, like Gecko) Chrome/132.0.0.0 Safari/537.36"
199.185.67.156 - - [21/Jan/2025:17:40:45 +0000] "GET /wp-content/uploads/articulate_uploads/October-2017-ACES-and-Resiliency-Part_1-Zip4/mobile/data.js HTTP/1.1" 200 24795 "https://ahsmore.mhcollab.ca/wp-content/uploads/articulate_uploads/October-2017-ACES-and-Resiliency-Part_1-Zip4/story_html5.html" "Mozilla/5.0 (Windows NT 10.0; Win64; x64) AppleWebKit/537.36 (KHTML, like Gecko) Chrome/132.0.0.0 Safari/537.36"
199.185.67.156 - - [21/Jan/2025:17:40:45 +0000] "GET /wp-content/uploads/articulate_uploads/October-2017-ACES-and-Resiliency-Part_1-Zip4/mobile/fonts.js HTTP/1.1" 200 66355 "https://ahsmore.mhcollab.ca/wp-content/uploads/articulate_uploads/October-2017-ACES-and-Resiliency-Part_1-Zip4/story_html5.html" "Mozilla/5.0 (Windows NT 10.0; Win64; x64) AppleWebKit/537.36 (KHTML, like Gecko) Chrome/132.0.0.0 Safari/537.36"
199.185.67.156 - - [21/Jan/2025:17:40:45 +0000] "GET /wp-content/uploads/articulate_uploads/October-2017-ACES-and-Resiliency-Part_1-Zip4/mobile/5kdxCkKiYeU_80_DX1082_DY1082_CX541_CY67.png HTTP/1.1" 200 27344 "https://ahsmore.mhcollab.ca/wp-content/uploads/articulate_uploads/October-2017-ACES-and-Resiliency-Part_1-Zip4/story_html5.html" "Mozilla/5.0 (Windows NT 10.0; Win64; x64) AppleWebKit/537.36 (KHTML, like Gecko) Chrome/132.0.0.0 Safari/537.36"
199.185.67.156 - - [21/Jan/2025:17:40:45 +0000] "GET /wp-content/uploads/articulate_uploads/October-2017-ACES-and-Resiliency-Part_1-Zip4/mobile/5lUHimh6feJ_80_DX1440_DY1440_CX720_CY38.png HTTP/1.1" 200 7081 "https://ahsmore.mhcollab.ca/wp-content/uploads/articulate_uploads/October-2017-ACES-and-Resiliency-Part_1-Zip4/story_html5.html" "Mozilla/5.0 (Windows NT 10.0; Win64; x64) AppleWebKit/537.36 (KHTML, like Gecko) Chrome/132.0.0.0 Safari/537.36"
199.185.67.156 - - [21/Jan/2025:17:40:45 +0000] "GET /wp-content/uploads/articulate_uploads/October-2017-ACES-and-Resiliency-Part_1-Zip4/mobile/6BOthFoNsRm_80_DX1440_DY1440_CX720_CY38.png HTTP/1.1" 200 7081 "https://ahsmore.mhcollab.ca/wp-content/uploads/articulate_uploads/October-2017-ACES-and-Resiliency-Part_1-Zip4/story_html5.html" "Mozilla/5.0 (Windows NT 10.0; Win64; x64) AppleWebKit/537.36 (KHTML, like Gecko) Chrome/132.0.0.0 Safari/537.36"
199.185.67.156 - - [21/Jan/2025:17:40:45 +0000] "GET /wp-content/uploads/articulate_uploads/October-2017-ACES-and-Resiliency-Part_1-Zip4/mobile/6kBIvBeb48j_80_DX1440_DY1440_CX720_CY89.jpg HTTP/1.1" 200 10961 "https://ahsmore.mhcollab.ca/wp-content/uploads/articulate_uploads/October-2017-ACES-and-Resiliency-Part_1-Zip4/story_html5.html" "Mozilla/5.0 (Windows NT 10.0; Win64; x64) AppleWebKit/537.36 (KHTML, like Gecko) Chrome/132.0.0.0 Safari/537.36"
199.185.67.156 - - [21/Jan/2025:17:40:46 +0000] "GET /wp-content/uploads/articulate_uploads/October-2017-ACES-and-Resiliency-Part_1-Zip4/mobile/slides/5kYXn2ryZc2.js HTTP/1.1" 200 3268 "https://ahsmore.mhcollab.ca/wp-content/uploads/articulate_uploads/October-2017-ACES-and-Resiliency-Part_1-Zip4/story_html5.html" "Mozilla/5.0 (Windows NT 10.0; Win64; x64) AppleWebKit/537.36 (KHTML, like Gecko) Chrome/132.0.0.0 Safari/537.36"
199.185.67.156 - - [21/Jan/2025:17:40:46 +0000] "GET /wp-content/uploads/articulate_uploads/October-2017-ACES-and-Resiliency-Part_1-Zip4/story_content/5ZZMMlC7bEm_22050_48.mp3 HTTP/1.1" 200 207809 "https://ahsmore.mhcollab.ca/wp-content/uploads/articulate_uploads/October-2017-ACES-and-Resiliency-Part_1-Zip4/story_html5.html" "Mozilla/5.0 (Windows NT 10.0; Win64; x64) AppleWebKit/537.36 (KHTML, like Gecko) Chrome/132.0.0.0 Safari/537.36"
199.185.67.156 - - [21/Jan/2025:17:40:50 +0000] "GET /wp-content/uploads/articulate_uploads/October-2017-ACES-and-Resiliency-Part_1-Zip4/mobile/slides/5dnG79HS089.js HTTP/1.1" 200 2580 "https://ahsmore.mhcollab.ca/wp-content/uploads/articulate_uploads/October-2017-ACES-and-Resiliency-Part_1-Zip4/story_html5.html" "Mozilla/5.0 (Windows NT 10.0; Win64; x64) AppleWebKit/537.36 (KHTML, like Gecko) Chrome/132.0.0.0 Safari/537.36"
199.185.67.156 - - [21/Jan/2025:17:40:51 +0000] "GET /wp-content/uploads/articulate_uploads/October-2017-ACES-and-Resiliency-Part_1-Zip4/mobile/5XUzCe2INjJ_80_DX1440_DY1440_CX720_CY38.png HTTP/1.1" 200 7081 "https://ahsmore.mhcollab.ca/wp-content/uploads/articulate_uploads/October-2017-ACES-and-Resiliency-Part_1-Zip4/story_html5.html" "Mozilla/5.0 (Windows NT 10.0; Win64; x64) AppleWebKit/537.36 (KHTML, like Gecko) Chrome/132.0.0.0 Safari/537.36"
199.185.67.156 - - [21/Jan/2025:17:40:51 +0000] "GET /wp-content/uploads/articulate_uploads/October-2017-ACES-and-Resiliency-Part_1-Zip4/story_content/5ckQh8SC2EK_22050_48.mp3 HTTP/1.1" 200 183002 "https://ahsmore.mhcollab.ca/wp-content/uploads/articulate_uploads/October-2017-ACES-and-Resiliency-Part_1-Zip4/story_html5.html" "Mozilla/5.0 (Windows NT 10.0; Win64; x64) AppleWebKit/537.36 (KHTML, like Gecko) Chrome/132.0.0.0 Safari/537.36"
199.185.67.156 - - [21/Jan/2025:17:40:51 +0000] "GET /wp-content/uploads/articulate_uploads/October-2017-ACES-and-Resiliency-Part_1-Zip4/mobile/6fnIA8MHQep_80_DX1488_DY1488_CX744_CY496.png HTTP/1.1" 200 248898 "https://ahsmore.mhcollab.ca/wp-content/uploads/articulate_uploads/October-2017-ACES-and-Resiliency-Part_1-Zip4/story_html5.html" "Mozilla/5.0 (Windows NT 10.0; Win64; x64) AppleWebKit/537.36 (KHTML, like Gecko) Chrome/132.0.0.0 Safari/537.36"
199.185.67.156 - - [21/Jan/2025:17:40:51 +0000] "GET /wp-content/uploads/articulate_uploads/October-2017-ACES-and-Resiliency-Part_1-Zip4/story_content/5ckQh8SC2EK_22050_48.mp3 HTTP/1.1" 304 - "https://ahsmore.mhcollab.ca/wp-content/uploads/articulate_uploads/October-2017-ACES-and-Resiliency-Part_1-Zip4/story_html5.html" "Mozilla/5.0 (Windows NT 10.0; Win64; x64) AppleWebKit/537.36 (KHTML, like Gecko) Chrome/132.0.0.0 Safari/537.36"
199.185.67.156 - - [21/Jan/2025:17:40:52 +0000] "GET /wp-content/uploads/articulate_uploads/October-2017-ACES-and-Resiliency-Part_1-Zip4/mobile/slides/6kyJ56OdtYu.js HTTP/1.1" 200 2872 "https://ahsmore.mhcollab.ca/wp-content/uploads/articulate_uploads/October-2017-ACES-and-Resiliency-Part_1-Zip4/story_html5.html" "Mozilla/5.0 (Windows NT 10.0; Win64; x64) AppleWebKit/537.36 (KHTML, like Gecko) Chrome/132.0.0.0 Safari/537.36"
199.185.67.156 - - [21/Jan/2025:17:40:52 +0000] "GET /wp-content/uploads/articulate_uploads/October-2017-ACES-and-Resiliency-Part_1-Zip4/mobile/5VqMUBU11HY_80_DX1440_DY1440_CX720_CY38.png HTTP/1.1" 200 7081 "https://ahsmore.mhcollab.ca/wp-content/uploads/articulate_uploads/October-2017-ACES-and-Resiliency-Part_1-Zip4/story_html5.html" "Mozilla/5.0 (Windows NT 10.0; Win64; x64) AppleWebKit/537.36 (KHTML, like Gecko) Chrome/132.0.0.0 Safari/537.36"
199.185.67.156 - - [21/Jan/2025:17:40:52 +0000] "GET /wp-content/uploads/articulate_uploads/October-2017-ACES-and-Resiliency-Part_1-Zip4/mobile/6MqO3GJ3WIC_80_DX1082_DY1082_CX541_CY67.png HTTP/1.1" 200 27344 "https://ahsmore.mhcollab.ca/wp-content/uploads/articulate_uploads/October-2017-ACES-and-Resiliency-Part_1-Zip4/story_html5.html" "Mozilla/5.0 (Windows NT 10.0; Win64; x64) AppleWebKit/537.36 (KHTML, like Gecko) Chrome/132.0.0.0 Safari/537.36"
199.185.67.156 - - [21/Jan/2025:17:40:52 +0000] "GET /wp-content/uploads/articulate_uploads/October-2017-ACES-and-Resiliency-Part_1-Zip4/story_content/6O6lOTP8edj_22050_48.mp3 HTTP/1.1" 200 61209 "https://ahsmore.mhcollab.ca/wp-content/uploads/articulate_uploads/October-2017-ACES-and-Resiliency-Part_1-Zip4/story_html5.html" "Mozilla/5.0 (Windows NT 10.0; Win64; x64) AppleWebKit/537.36 (KHTML, like Gecko) Chrome/132.0.0.0 Safari/537.36"
199.185.67.156 - - [21/Jan/2025:17:40:52 +0000] "GET /wp-content/uploads/articulate_uploads/October-2017-ACES-and-Resiliency-Part_1-Zip4/story_content/6O6lOTP8edj_22050_48.mp3 HTTP/1.1" 304 - "https://ahsmore.mhcollab.ca/wp-content/uploads/articulate_uploads/October-2017-ACES-and-Resiliency-Part_1-Zip4/story_html5.html" "Mozilla/5.0 (Windows NT 10.0; Win64; x64) AppleWebKit/537.36 (KHTML, like Gecko) Chrome/132.0.0.0 Safari/537.36"
199.185.67.145 - - [21/Jan/2025:17:40:52 +0000] "GET /all-courses/ HTTP/1.1" 200 30710 "-" "Mozilla/5.0 (Windows NT 10.0; Win64; x64) AppleWebKit/537.36 (KHTML, like Gecko) Chrome/131.0.0.0 Safari/537.36"
199.185.67.145 - - [21/Jan/2025:17:40:54 +0000] "GET /wp-content/uploads/2019/07/Mental_Health.png HTTP/1.1" 200 8094 "https://ahsmore.mhcollab.ca/all-courses/" "Mozilla/5.0 (Windows NT 10.0; Win64; x64) AppleWebKit/537.36 (KHTML, like Gecko) Chrome/131.0.0.0 Safari/537.36"
199.185.67.145 - - [21/Jan/2025:17:40:54 +0000] "GET /wp-content/uploads/2019/10/Special_Proj-e1569958149366.png HTTP/1.1" 200 24269 "https://ahsmore.mhcollab.ca/all-courses/" "Mozilla/5.0 (Windows NT 10.0; Win64; x64) AppleWebKit/537.36 (KHTML, like Gecko) Chrome/131.0.0.0 Safari/537.36"
199.185.67.145 - - [21/Jan/2025:17:40:54 +0000] "GET /wp-content/uploads/2019/07/Sub_Use.png HTTP/1.1" 200 6574 "https://ahsmore.mhcollab.ca/all-courses/" "Mozilla/5.0 (Windows NT 10.0; Win64; x64) AppleWebKit/537.36 (KHTML, like Gecko) Chrome/131.0.0.0 Safari/537.36"
199.185.67.145 - - [21/Jan/2025:17:40:54 +0000] "GET /wp-content/uploads/2019/07/CES.png HTTP/1.1" 200 6793 "https://ahsmore.mhcollab.ca/all-courses/" "Mozilla/5.0 (Windows NT 10.0; Win64; x64) AppleWebKit/537.36 (KHTML, like Gecko) Chrome/131.0.0.0 Safari/537.36"
199.185.67.145 - - [21/Jan/2025:17:40:54 +0000] "GET /wp-content/uploads/2019/07/Extra-Extra.png HTTP/1.1" 200 7254 "https://ahsmore.mhcollab.ca/all-courses/" "Mozilla/5.0 (Windows NT 10.0; Win64; x64) AppleWebKit/537.36 (KHTML, like Gecko) Chrome/131.0.0.0 Safari/537.36"
199.185.67.145 - - [21/Jan/2025:17:40:54 +0000] "GET /wp-content/uploads/2019/07/ChildDevelopment2.png HTTP/1.1" 200 7930 "https://ahsmore.mhcollab.ca/all-courses/" "Mozilla/5.0 (Windows NT 10.0; Win64; x64) AppleWebKit/537.36 (KHTML, like Gecko) Chrome/131.0.0.0 Safari/537.36"
199.185.67.145 - - [21/Jan/2025:17:40:54 +0000] "GET /wp-content/uploads/2019/07/Special_Proj.png HTTP/1.1" 200 6552 "https://ahsmore.mhcollab.ca/all-courses/" "Mozilla/5.0 (Windows NT 10.0; Win64; x64) AppleWebKit/537.36 (KHTML, like Gecko) Chrome/131.0.0.0 Safari/537.36"
199.185.67.145 - - [21/Jan/2025:17:40:54 +0000] "GET /wp-content/uploads/2022/05/MHC_logo.png HTTP/1.1" 200 7258 "https://ahsmore.mhcollab.ca/all-courses/" "Mozilla/5.0 (Windows NT 10.0; Win64; x64) AppleWebKit/537.36 (KHTML, like Gecko) Chrome/131.0.0.0 Safari/537.36"
199.185.67.145 - - [21/Jan/2025:17:40:54 +0000] "GET /wp-content/uploads/2023/08/CES_Color.png HTTP/1.1" 200 17548 "https://ahsmore.mhcollab.ca/all-courses/" "Mozilla/5.0 (Windows NT 10.0; Win64; x64) AppleWebKit/537.36 (KHTML, like Gecko) Chrome/131.0.0.0 Safari/537.36"
199.185.67.145 - - [21/Jan/2025:17:40:54 +0000] "GET /wp-content/uploads/2023/04/Logo-Mental_Health_Literacy-vertical-768x329.png HTTP/1.1" 200 24503 "https://ahsmore.mhcollab.ca/all-courses/" "Mozilla/5.0 (Windows NT 10.0; Win64; x64) AppleWebKit/537.36 (KHTML, like Gecko) Chrome/131.0.0.0 Safari/537.36"
199.185.67.145 - - [21/Jan/2025:17:40:54 +0000] "GET /wp-content/uploads/2022/09/CPD_2022-blue-768x252.png HTTP/1.1" 200 43616 "https://ahsmore.mhcollab.ca/all-courses/" "Mozilla/5.0 (Windows NT 10.0; Win64; x64) AppleWebKit/537.36 (KHTML, like Gecko) Chrome/131.0.0.0 Safari/537.36"
199.185.67.156 - - [21/Jan/2025:17:40:54 +0000] "GET /wp-content/uploads/articulate_uploads/October-2017-ACES-and-Resiliency-Part_1-Zip4/mobile/slides/5aTXfFnEh3e.js HTTP/1.1" 200 2869 "https://ahsmore.mhcollab.ca/wp-content/uploads/articulate_uploads/October-2017-ACES-and-Resiliency-Part_1-Zip4/story_html5.html" "Mozilla/5.0 (Windows NT 10.0; Win64; x64) AppleWebKit/537.36 (KHTML, like Gecko) Chrome/132.0.0.0 Safari/537.36"
199.185.67.156 - - [21/Jan/2025:17:40:54 +0000] "GET /wp-content/uploads/articulate_uploads/October-2017-ACES-and-Resiliency-Part_1-Zip4/story_content/5l8AZo68DVh_22050_48.mp3 HTTP/1.1" 200 91380 "https://ahsmore.mhcollab.ca/wp-content/uploads/articulate_uploads/October-2017-ACES-and-Resiliency-Part_1-Zip4/story_html5.html" "Mozilla/5.0 (Windows NT 10.0; Win64; x64) AppleWebKit/537.36 (KHTML, like Gecko) Chrome/132.0.0.0 Safari/537.36"
85.208.98.23 - - [21/Jan/2025:17:40:54 +0000] "GET /robots.txt HTTP/1.1" 200 116 "http://ahsmore.mhcollab.ca/robots.txt" "Mozilla/5.0 (compatible; SemrushBot-BA; +http://www.semrush.com/bot.html)"
199.185.67.145 - - [21/Jan/2025:17:40:56 +0000] "GET /wp-content/uploads/2019/07/Self-Care.png HTTP/1.1" 200 10945 "https://ahsmore.mhcollab.ca/all-courses/" "Mozilla/5.0 (Windows NT 10.0; Win64; x64) AppleWebKit/537.36 (KHTML, like Gecko) Chrome/131.0.0.0 Safari/537.36"
199.185.67.145 - - [21/Jan/2025:17:40:58 +0000] "GET /courses/anxiety-in-the-classroom/ HTTP/1.1" 200 27036 "https://ahsmore.mhcollab.ca/all-courses/" "Mozilla/5.0 (Windows NT 10.0; Win64; x64) AppleWebKit/537.36 (KHTML, like Gecko) Chrome/131.0.0.0 Safari/537.36"
199.185.67.156 - - [21/Jan/2025:17:41:00 +0000] "GET /wp-content/uploads/articulate_uploads/October-2017-ACES-and-Resiliency-Part_1-Zip4/mobile/slides/5ddXkSnOXHK.js HTTP/1.1" 200 2393 "https://ahsmore.mhcollab.ca/wp-content/uploads/articulate_uploads/October-2017-ACES-and-Resiliency-Part_1-Zip4/story_html5.html" "Mozilla/5.0 (Windows NT 10.0; Win64; x64) AppleWebKit/537.36 (KHTML, like Gecko) Chrome/132.0.0.0 Safari/537.36"
199.185.67.156 - - [21/Jan/2025:17:41:00 +0000] "GET /wp-content/uploads/articulate_uploads/October-2017-ACES-and-Resiliency-Part_1-Zip4/mobile/5xBFUX2nj5k_80_DX1440_DY1440_CX720_CY38.png HTTP/1.1" 200 7081 "https://ahsmore.mhcollab.ca/wp-content/uploads/articulate_uploads/October-2017-ACES-and-Resiliency-Part_1-Zip4/story_html5.html" "Mozilla/5.0 (Windows NT 10.0; Win64; x64) AppleWebKit/537.36 (KHTML, like Gecko) Chrome/132.0.0.0 Safari/537.36"
199.185.67.156 - - [21/Jan/2025:17:41:00 +0000] "GET /wp-content/uploads/articulate_uploads/October-2017-ACES-and-Resiliency-Part_1-Zip4/story_content/5zOWwAb7rfa_22050_48.mp3 HTTP/1.1" 200 202593 "https://ahsmore.mhcollab.ca/wp-content/uploads/articulate_uploads/October-2017-ACES-and-Resiliency-Part_1-Zip4/story_html5.html" "Mozilla/5.0 (Windows NT 10.0; Win64; x64) AppleWebKit/537.36 (KHTML, like Gecko) Chrome/132.0.0.0 Safari/537.36"
199.185.67.156 - - [21/Jan/2025:17:41:00 +0000] "GET /wp-content/uploads/articulate_uploads/October-2017-ACES-and-Resiliency-Part_1-Zip4/mobile/6Er1cwCNvO8_80_DX1242_DY1242_CX621_CY343.png HTTP/1.1" 200 254444 "https://ahsmore.mhcollab.ca/wp-content/uploads/articulate_uploads/October-2017-ACES-and-Resiliency-Part_1-Zip4/story_html5.html" "Mozilla/5.0 (Windows NT 10.0; Win64; x64) AppleWebKit/537.36 (KHTML, like Gecko) Chrome/132.0.0.0 Safari/537.36"
199.185.67.156 - - [21/Jan/2025:17:41:00 +0000] "GET /wp-content/uploads/articulate_uploads/October-2017-ACES-and-Resiliency-Part_1-Zip4/story_content/5zOWwAb7rfa_22050_48.mp3 HTTP/1.1" 304 - "https://ahsmore.mhcollab.ca/wp-content/uploads/articulate_uploads/October-2017-ACES-and-Resiliency-Part_1-Zip4/story_html5.html" "Mozilla/5.0 (Windows NT 10.0; Win64; x64) AppleWebKit/537.36 (KHTML, like Gecko) Chrome/132.0.0.0 Safari/537.36"
45.56.220.125 - - [21/Jan/2025:17:41:26 +0000] "POST /wp-cron.php?doing_wp_cron=1737481286.2300300598144531250000 HTTP/1.1" 200 - "-" "WordPress/6.7.1; https://ahsmore.mhcollab.ca"
199.185.67.145 - - [21/Jan/2025:17:41:24 +0000] "POST /wp-admin/admin-ajax.php HTTP/1.1" 200 36 "https://ahsmore.mhcollab.ca/courses/anxiety-in-the-classroom/" "Mozilla/5.0 (Windows NT 10.0; Win64; x64) AppleWebKit/537.36 (KHTML, like Gecko) Chrome/131.0.0.0 Safari/537.36"
199.185.67.145 - - [21/Jan/2025:17:41:24 +0000] "GET /courses/anxiety-in-the-classroom/lessons/fight-flight-fear-origins-of-fear-anxiety-video/ HTTP/1.1" 200 27105 "https://ahsmore.mhcollab.ca/courses/anxiety-in-the-classroom/" "Mozilla/5.0 (Windows NT 10.0; Win64; x64) AppleWebKit/537.36 (KHTML, like Gecko) Chrome/131.0.0.0 Safari/537.36"
199.185.67.145 - - [21/Jan/2025:17:41:26 +0000] "GET /wp-content/uploads/2021/04/FightFlightFreezeOrigins_course_version.mp4?_=1 HTTP/1.1" 206 387681 "https://ahsmore.mhcollab.ca/courses/anxiety-in-the-classroom/lessons/fight-flight-fear-origins-of-fear-anxiety-video/" "Mozilla/5.0 (Windows NT 10.0; Win64; x64) AppleWebKit/537.36 (KHTML, like Gecko) Chrome/131.0.0.0 Safari/537.36"
199.185.67.145 - - [21/Jan/2025:17:41:32 +0000] "POST /wp-admin/admin-ajax.php HTTP/1.1" 200 36 "https://ahsmore.mhcollab.ca/courses/anxiety-in-the-classroom/lessons/fight-flight-fear-origins-of-fear-anxiety-video/" "Mozilla/5.0 (Windows NT 10.0; Win64; x64) AppleWebKit/537.36 (KHTML, like Gecko) Chrome/131.0.0.0 Safari/537.36"
199.185.67.145 - - [21/Jan/2025:17:41:34 +0000] "POST /wp-admin/admin-ajax.php HTTP/1.1" 200 37 "https://ahsmore.mhcollab.ca/courses/anxiety-in-the-classroom/lessons/fight-flight-fear-origins-of-fear-anxiety-video/" "Mozilla/5.0 (Windows NT 10.0; Win64; x64) AppleWebKit/537.36 (KHTML, like Gecko) Chrome/131.0.0.0 Safari/537.36"
199.185.67.145 - - [21/Jan/2025:17:41:34 +0000] "POST /courses/anxiety-in-the-classroom/lessons/fight-flight-fear-origins-of-fear-anxiety-video/ HTTP/1.1" 302 - "https://ahsmore.mhcollab.ca/courses/anxiety-in-the-classroom/lessons/fight-flight-fear-origins-of-fear-anxiety-video/" "Mozilla/5.0 (Windows NT 10.0; Win64; x64) AppleWebKit/537.36 (KHTML, like Gecko) Chrome/131.0.0.0 Safari/537.36"
199.185.67.145 - - [21/Jan/2025:17:41:36 +0000] "GET /courses/anxiety-in-the-classroom/lessons/anxiety-in-the-classroom/ HTTP/1.1" 200 25704 "https://ahsmore.mhcollab.ca/courses/anxiety-in-the-classroom/lessons/fight-flight-fear-origins-of-fear-anxiety-video/" "Mozilla/5.0 (Windows NT 10.0; Win64; x64) AppleWebKit/537.36 (KHTML, like Gecko) Chrome/131.0.0.0 Safari/537.36"
199.185.67.145 - - [21/Jan/2025:17:41:37 +0000] "POST /wp-admin/admin-ajax.php HTTP/1.1" 200 36 "https://ahsmore.mhcollab.ca/courses/anxiety-in-the-classroom/lessons/fight-flight-fear-origins-of-fear-anxiety-video/" "Mozilla/5.0 (Windows NT 10.0; Win64; x64) AppleWebKit/537.36 (KHTML, like Gecko) Chrome/131.0.0.0 Safari/537.36"
199.185.67.145 - - [21/Jan/2025:17:41:37 +0000] "GET /courses/anxiety-in-the-classroom/lessons/anxiety-in-the-classroom/ HTTP/1.1" 200 25704 "https://ahsmore.mhcollab.ca/courses/anxiety-in-the-classroom/lessons/fight-flight-fear-origins-of-fear-anxiety-video/" "Mozilla/5.0 (Windows NT 10.0; Win64; x64) AppleWebKit/537.36 (KHTML, like Gecko) Chrome/131.0.0.0 Safari/537.36"
45.56.220.125 - - [21/Jan/2025:17:41:41 +0000] "POST /staging/wp-cron.php?doing_wp_cron=1737481301.2066390514373779296875 HTTP/1.1" 200 - "-" "WordPress/6.7.1; https://ahsmore.mhcollab.ca/staging"
85.208.98.19 - - [21/Jan/2025:17:41:40 +0000] "GET /staging/bell-lets-talk-day/ HTTP/1.1" 200 15587 "-" "Mozilla/5.0 (compatible; SemrushBot-BA; +http://www.semrush.com/bot.html)"
199.185.67.145 - - [21/Jan/2025:17:41:44 +0000] "POST /wp-admin/admin-ajax.php HTTP/1.1" 200 36 "https://ahsmore.mhcollab.ca/courses/anxiety-in-the-classroom/lessons/anxiety-in-the-classroom/" "Mozilla/5.0 (Windows NT 10.0; Win64; x64) AppleWebKit/537.36 (KHTML, like Gecko) Chrome/131.0.0.0 Safari/537.36"
45.56.220.125 - - [21/Jan/2025:17:41:46 +0000] "POST /wp-cron.php?doing_wp_cron=1737481306.7269489765167236328125 HTTP/1.1" 200 - "-" "WordPress/6.7.1; https://ahsmore.mhcollab.ca"
199.185.67.145 - - [21/Jan/2025:17:41:45 +0000] "POST /wp-admin/admin-ajax.php HTTP/1.1" 200 37 "https://ahsmore.mhcollab.ca/courses/anxiety-in-the-classroom/lessons/anxiety-in-the-classroom/" "Mozilla/5.0 (Windows NT 10.0; Win64; x64) AppleWebKit/537.36 (KHTML, like Gecko) Chrome/131.0.0.0 Safari/537.36"
199.185.67.145 - - [21/Jan/2025:17:41:45 +0000] "POST /courses/anxiety-in-the-classroom/lessons/anxiety-in-the-classroom/ HTTP/1.1" 302 - "https://ahsmore.mhcollab.ca/courses/anxiety-in-the-classroom/lessons/anxiety-in-the-classroom/" "Mozilla/5.0 (Windows NT 10.0; Win64; x64) AppleWebKit/537.36 (KHTML, like Gecko) Chrome/131.0.0.0 Safari/537.36"
199.185.67.145 - - [21/Jan/2025:17:41:47 +0000] "GET /courses/anxiety-in-the-classroom/lessons/supplementary-documents/ HTTP/1.1" 200 25815 "https://ahsmore.mhcollab.ca/courses/anxiety-in-the-classroom/lessons/anxiety-in-the-classroom/" "Mozilla/5.0 (Windows NT 10.0; Win64; x64) AppleWebKit/537.36 (KHTML, like Gecko) Chrome/131.0.0.0 Safari/537.36"
199.185.67.145 - - [21/Jan/2025:17:41:53 +0000] "POST /wp-admin/admin-ajax.php HTTP/1.1" 200 36 "https://ahsmore.mhcollab.ca/courses/anxiety-in-the-classroom/lessons/supplementary-documents/" "Mozilla/5.0 (Windows NT 10.0; Win64; x64) AppleWebKit/537.36 (KHTML, like Gecko) Chrome/131.0.0.0 Safari/537.36"
199.185.67.145 - - [21/Jan/2025:17:41:54 +0000] "POST /wp-admin/admin-ajax.php HTTP/1.1" 200 37 "https://ahsmore.mhcollab.ca/courses/anxiety-in-the-classroom/lessons/supplementary-documents/" "Mozilla/5.0 (Windows NT 10.0; Win64; x64) AppleWebKit/537.36 (KHTML, like Gecko) Chrome/131.0.0.0 Safari/537.36"
199.185.67.145 - - [21/Jan/2025:17:41:54 +0000] "POST /courses/anxiety-in-the-classroom/lessons/supplementary-documents/ HTTP/1.1" 302 - "https://ahsmore.mhcollab.ca/courses/anxiety-in-the-classroom/lessons/supplementary-documents/" "Mozilla/5.0 (Windows NT 10.0; Win64; x64) AppleWebKit/537.36 (KHTML, like Gecko) Chrome/131.0.0.0 Safari/537.36"
199.185.67.145 - - [21/Jan/2025:17:41:55 +0000] "POST /wp-admin/admin-ajax.php HTTP/1.1" 200 37 "https://ahsmore.mhcollab.ca/courses/anxiety-in-the-classroom/lessons/supplementary-documents/" "Mozilla/5.0 (Windows NT 10.0; Win64; x64) AppleWebKit/537.36 (KHTML, like Gecko) Chrome/131.0.0.0 Safari/537.36"
199.185.67.145 - - [21/Jan/2025:17:41:55 +0000] "POST /courses/anxiety-in-the-classroom/lessons/supplementary-documents/ HTTP/1.1" 302 - "https://ahsmore.mhcollab.ca/courses/anxiety-in-the-classroom/lessons/supplementary-documents/" "Mozilla/5.0 (Windows NT 10.0; Win64; x64) AppleWebKit/537.36 (KHTML, like Gecko) Chrome/131.0.0.0 Safari/537.36"
199.185.67.145 - - [21/Jan/2025:17:41:56 +0000] "GET /courses/anxiety-in-the-classroom/lessons/evaluation-19ces03-copy/ HTTP/1.1" 200 27783 "https://ahsmore.mhcollab.ca/courses/anxiety-in-the-classroom/lessons/supplementary-documents/" "Mozilla/5.0 (Windows NT 10.0; Win64; x64) AppleWebKit/537.36 (KHTML, like Gecko) Chrome/131.0.0.0 Safari/537.36"
85.208.98.31 - - [21/Jan/2025:17:42:03 +0000] "GET /bell-lets-talk-day/ HTTP/1.1" 200 25569 "-" "Mozilla/5.0 (compatible; SemrushBot-BA; +http://www.semrush.com/bot.html)"
199.185.67.145 - - [21/Jan/2025:17:42:04 +0000] "POST /wp-admin/admin-ajax.php HTTP/1.1" 200 36 "https://ahsmore.mhcollab.ca/courses/anxiety-in-the-classroom/lessons/evaluation-19ces03-copy/" "Mozilla/5.0 (Windows NT 10.0; Win64; x64) AppleWebKit/537.36 (KHTML, like Gecko) Chrome/131.0.0.0 Safari/537.36"
199.185.67.145 - - [21/Jan/2025:17:42:05 +0000] "POST /wp-admin/admin-ajax.php HTTP/1.1" 200 37 "https://ahsmore.mhcollab.ca/courses/anxiety-in-the-classroom/lessons/evaluation-19ces03-copy/" "Mozilla/5.0 (Windows NT 10.0; Win64; x64) AppleWebKit/537.36 (KHTML, like Gecko) Chrome/131.0.0.0 Safari/537.36"
199.185.67.145 - - [21/Jan/2025:17:42:06 +0000] "POST /courses/anxiety-in-the-classroom/lessons/evaluation-19ces03-copy/ HTTP/1.1" 302 - "https://ahsmore.mhcollab.ca/courses/anxiety-in-the-classroom/lessons/evaluation-19ces03-copy/" "Mozilla/5.0 (Windows NT 10.0; Win64; x64) AppleWebKit/537.36 (KHTML, like Gecko) Chrome/131.0.0.0 Safari/537.36"
199.185.67.156 - - [21/Jan/2025:17:42:12 +0000] "GET /wp-content/uploads/articulate_uploads/October-2017-ACES-and-Resiliency-Part_1-Zip4/mobile/slides/6KlJgWdHvNE.js HTTP/1.1" 200 3676 "https://ahsmore.mhcollab.ca/wp-content/uploads/articulate_uploads/October-2017-ACES-and-Resiliency-Part_1-Zip4/story_html5.html" "Mozilla/5.0 (Windows NT 10.0; Win64; x64) AppleWebKit/537.36 (KHTML, like Gecko) Chrome/132.0.0.0 Safari/537.36"
199.185.67.156 - - [21/Jan/2025:17:42:12 +0000] "GET /wp-content/uploads/articulate_uploads/October-2017-ACES-and-Resiliency-Part_1-Zip4/story_content/6TS2TTqKPMk_22050_48.mp3 HTTP/1.1" 200 299448 "https://ahsmore.mhcollab.ca/wp-content/uploads/articulate_uploads/October-2017-ACES-and-Resiliency-Part_1-Zip4/story_html5.html" "Mozilla/5.0 (Windows NT 10.0; Win64; x64) AppleWebKit/537.36 (KHTML, like Gecko) Chrome/132.0.0.0 Safari/537.36"
199.185.67.156 - - [21/Jan/2025:17:42:12 +0000] "GET /wp-content/uploads/articulate_uploads/October-2017-ACES-and-Resiliency-Part_1-Zip4/mobile/6BagBpmz7ci_80_DX960_DY960_CX480_CY160.png HTTP/1.1" 200 22948 "https://ahsmore.mhcollab.ca/wp-content/uploads/articulate_uploads/October-2017-ACES-and-Resiliency-Part_1-Zip4/story_html5.html" "Mozilla/5.0 (Windows NT 10.0; Win64; x64) AppleWebKit/537.36 (KHTML, like Gecko) Chrome/132.0.0.0 Safari/537.36"
199.185.67.156 - - [21/Jan/2025:17:42:12 +0000] "GET /wp-content/uploads/articulate_uploads/October-2017-ACES-and-Resiliency-Part_1-Zip4/mobile/5mg1BGMRYKM_80_DX760_DY760_CX380_CY176.png HTTP/1.1" 200 27067 "https://ahsmore.mhcollab.ca/wp-content/uploads/articulate_uploads/October-2017-ACES-and-Resiliency-Part_1-Zip4/story_html5.html" "Mozilla/5.0 (Windows NT 10.0; Win64; x64) AppleWebKit/537.36 (KHTML, like Gecko) Chrome/132.0.0.0 Safari/537.36"
45.56.220.125 - - [21/Jan/2025:17:42:12 +0000] "POST /wp-cron.php?doing_wp_cron=1737481332.8278288841247558593750 HTTP/1.1" 200 - "-" "WordPress/6.7.1; https://ahsmore.mhcollab.ca"
199.185.67.145 - - [21/Jan/2025:17:42:11 +0000] "GET /courses/anxiety-in-the-classroom/ HTTP/1.1" 200 27229 "https://ahsmore.mhcollab.ca/courses/anxiety-in-the-classroom/lessons/evaluation-19ces03-copy/" "Mozilla/5.0 (Windows NT 10.0; Win64; x64) AppleWebKit/537.36 (KHTML, like Gecko) Chrome/131.0.0.0 Safari/537.36"
45.56.220.125 - - [21/Jan/2025:17:42:20 +0000] "GET /wp-content/uploads/2024/09/2024-25Cert.png HTTP/1.1" 200 120853 "https://ahsmore.mhcollab.ca/courses/anxiety-in-the-classroom/" "Mozilla/5.0 (X11; Ubuntu; Linux x86_64; rv:108.0) Gecko/20100101 Firefox/108.0"
199.185.67.145 - - [21/Jan/2025:17:42:19 +0000] "GET /certificates/24-25_cert-2/?course_id=20291&cert-nonce=daef21eaad HTTP/1.1" 200 155092 "https://ahsmore.mhcollab.ca/courses/anxiety-in-the-classroom/" "Mozilla/5.0 (Windows NT 10.0; Win64; x64) AppleWebKit/537.36 (KHTML, like Gecko) Chrome/131.0.0.0 Safari/537.36"
199.216.41.77 - - [21/Jan/2025:17:42:41 +0000] "GET /wp-content/uploads/2020/08/cropped-Copy-of-MORE-Favicon-192x192.png HTTP/1.1" 200 15682 "https://ahsmore.mhcollab.ca/courses/anxiety-in-the-classroom/lessons/fight-flight-fear-origins-of-fear-anxiety-video/" "Mozilla/5.0 (Windows NT 10.0; Win64; x64) AppleWebKit/537.36 (KHTML, like Gecko) Chrome/131.0.0.0 Safari/537.36"
45.56.220.125 - - [21/Jan/2025:17:45:49 +0000] "POST /staging/wp-cron.php?doing_wp_cron=1737481549.2162458896636962890625 HTTP/1.1" 200 - "-" "WordPress/6.7.1; https://ahsmore.mhcollab.ca/staging"
51.222.253.5 - - [21/Jan/2025:17:45:48 +0000] "GET /staging/self-registration-is-here/ HTTP/1.1" 200 15236 "-" "Mozilla/5.0 (compatible; AhrefsBot/7.0; +http://ahrefs.com/robot/)"
45.56.220.125 - - [21/Jan/2025:17:49:08 +0000] "POST /wp-cron.php?doing_wp_cron=1737481748.2831048965454101562500 HTTP/1.1" 200 - "-" "WordPress/6.7.1; https://ahsmore.mhcollab.ca"
199.185.67.145 - - [21/Jan/2025:17:49:06 +0000] "POST /wp-admin/admin-ajax.php HTTP/1.1" 200 36 "https://ahsmore.mhcollab.ca/courses/anxiety-in-the-classroom/" "Mozilla/5.0 (Windows NT 10.0; Win64; x64) AppleWebKit/537.36 (KHTML, like Gecko) Chrome/131.0.0.0 Safari/537.36"
199.185.67.145 - - [21/Jan/2025:17:49:06 +0000] "GET /all-courses/ HTTP/1.1" 200 30723 "https://ahsmore.mhcollab.ca/courses/anxiety-in-the-classroom/" "Mozilla/5.0 (Windows NT 10.0; Win64; x64) AppleWebKit/537.36 (KHTML, like Gecko) Chrome/131.0.0.0 Safari/537.36"
45.56.220.125 - - [21/Jan/2025:17:50:03 +0000] "POST /wp-cron.php?doing_wp_cron=1737481803.6127281188964843750000 HTTP/1.1" 200 - "-" "WordPress/6.7.1; https://ahsmore.mhcollab.ca"
199.185.67.145 - - [21/Jan/2025:17:50:02 +0000] "GET /courses/name-that-mental-health-disorder/ HTTP/1.1" 200 25915 "https://ahsmore.mhcollab.ca/all-courses/" "Mozilla/5.0 (Windows NT 10.0; Win64; x64) AppleWebKit/537.36 (KHTML, like Gecko) Chrome/131.0.0.0 Safari/537.36"
199.185.67.145 - - [21/Jan/2025:17:50:04 +0000] "GET /wp-content/plugins/sfwd-lms/assets/js/learndash-payments.min.js?ver=4.20.0.3 HTTP/1.1" 200 408 "https://ahsmore.mhcollab.ca/courses/name-that-mental-health-disorder/" "Mozilla/5.0 (Windows NT 10.0; Win64; x64) AppleWebKit/537.36 (KHTML, like Gecko) Chrome/131.0.0.0 Safari/537.36"
199.185.67.145 - - [21/Jan/2025:17:50:06 +0000] "POST /courses/name-that-mental-health-disorder/ HTTP/1.1" 200 26268 "https://ahsmore.mhcollab.ca/courses/name-that-mental-health-disorder/" "Mozilla/5.0 (Windows NT 10.0; Win64; x64) AppleWebKit/537.36 (KHTML, like Gecko) Chrome/131.0.0.0 Safari/537.36"
199.185.67.145 - - [21/Jan/2025:17:50:23 +0000] "POST /wp-admin/admin-ajax.php HTTP/1.1" 200 36 "https://ahsmore.mhcollab.ca/courses/name-that-mental-health-disorder/" "Mozilla/5.0 (Windows NT 10.0; Win64; x64) AppleWebKit/537.36 (KHTML, like Gecko) Chrome/131.0.0.0 Safari/537.36"
199.185.67.145 - - [21/Jan/2025:17:50:23 +0000] "GET /courses/name-that-mental-health-disorder/lessons/lesson-19sp01-1-copy-2/ HTTP/1.1" 200 25699 "https://ahsmore.mhcollab.ca/courses/name-that-mental-health-disorder/" "Mozilla/5.0 (Windows NT 10.0; Win64; x64) AppleWebKit/537.36 (KHTML, like Gecko) Chrome/131.0.0.0 Safari/537.36"
199.185.67.145 - - [21/Jan/2025:17:50:25 +0000] "GET /wp-content/uploads/articulate_uploads/name-that-mental-health-disorder-scorm12-DziVspfZ/scormcontent/index.html HTTP/1.1" 200 16259 "https://ahsmore.mhcollab.ca/courses/name-that-mental-health-disorder/lessons/lesson-19sp01-1-copy-2/" "Mozilla/5.0 (Windows NT 10.0; Win64; x64) AppleWebKit/537.36 (KHTML, like Gecko) Chrome/131.0.0.0 Safari/537.36"
199.185.67.145 - - [21/Jan/2025:17:50:25 +0000] "GET /wp-content/uploads/articulate_uploads/name-that-mental-health-disorder-scorm12-DziVspfZ/scormcontent/lib/icomoon.css HTTP/1.1" 200 1460 "https://ahsmore.mhcollab.ca/wp-content/uploads/articulate_uploads/name-that-mental-health-disorder-scorm12-DziVspfZ/scormcontent/index.html" "Mozilla/5.0 (Windows NT 10.0; Win64; x64) AppleWebKit/537.36 (KHTML, like Gecko) Chrome/131.0.0.0 Safari/537.36"
199.185.67.145 - - [21/Jan/2025:17:50:25 +0000] "GET /wp-content/uploads/articulate_uploads/name-that-mental-health-disorder-scorm12-DziVspfZ/scormcontent/lib/main.bundle.css HTTP/1.1" 200 61393 "https://ahsmore.mhcollab.ca/wp-content/uploads/articulate_uploads/name-that-mental-health-disorder-scorm12-DziVspfZ/scormcontent/index.html" "Mozilla/5.0 (Windows NT 10.0; Win64; x64) AppleWebKit/537.36 (KHTML, like Gecko) Chrome/131.0.0.0 Safari/537.36"
199.185.67.145 - - [21/Jan/2025:17:50:25 +0000] "GET /wp-content/uploads/articulate_uploads/name-that-mental-health-disorder-scorm12-DziVspfZ/scormcontent/lib/player-0.0.11.min.js HTTP/1.1" 200 3998 "https://ahsmore.mhcollab.ca/wp-content/uploads/articulate_uploads/name-that-mental-health-disorder-scorm12-DziVspfZ/scormcontent/index.html" "Mozilla/5.0 (Windows NT 10.0; Win64; x64) AppleWebKit/537.36 (KHTML, like Gecko) Chrome/131.0.0.0 Safari/537.36"
199.185.67.145 - - [21/Jan/2025:17:50:25 +0000] "GET /wp-content/uploads/articulate_uploads/name-that-mental-health-disorder-scorm12-DziVspfZ/scormcontent/lib/lzwcompress.js HTTP/1.1" 200 2355 "https://ahsmore.mhcollab.ca/wp-content/uploads/articulate_uploads/name-that-mental-health-disorder-scorm12-DziVspfZ/scormcontent/index.html" "Mozilla/5.0 (Windows NT 10.0; Win64; x64) AppleWebKit/537.36 (KHTML, like Gecko) Chrome/131.0.0.0 Safari/537.36"
199.185.67.145 - - [21/Jan/2025:17:50:25 +0000] "GET /wp-content/uploads/articulate_uploads/name-that-mental-health-disorder-scorm12-DziVspfZ/scormcontent/lib/main.bundle.js HTTP/1.1" 200 830542 "https://ahsmore.mhcollab.ca/wp-content/uploads/articulate_uploads/name-that-mental-health-disorder-scorm12-DziVspfZ/scormcontent/index.html" "Mozilla/5.0 (Windows NT 10.0; Win64; x64) AppleWebKit/537.36 (KHTML, like Gecko) Chrome/131.0.0.0 Safari/537.36"
199.185.67.145 - - [21/Jan/2025:17:50:26 +0000] "GET /wp-content/uploads/articulate_uploads/name-that-mental-health-disorder-scorm12-DziVspfZ/scormcontent/assets/X2Q8P0PAMV4JLow__u8qDGl5lYggrQJbf-stock-image.jpg HTTP/1.1" 200 132473 "https://ahsmore.mhcollab.ca/wp-content/uploads/articulate_uploads/name-that-mental-health-disorder-scorm12-DziVspfZ/scormcontent/index.html" "Mozilla/5.0 (Windows NT 10.0; Win64; x64) AppleWebKit/537.36 (KHTML, like Gecko) Chrome/131.0.0.0 Safari/537.36"
199.185.67.145 - - [21/Jan/2025:17:50:26 +0000] "GET /wp-content/uploads/articulate_uploads/name-that-mental-health-disorder-scorm12-DziVspfZ/scormcontent/lib/fonts/Lato-Regular.woff HTTP/1.1" 200 33089 "https://ahsmore.mhcollab.ca/wp-content/uploads/articulate_uploads/name-that-mental-health-disorder-scorm12-DziVspfZ/scormcontent/index.html" "Mozilla/5.0 (Windows NT 10.0; Win64; x64) AppleWebKit/537.36 (KHTML, like Gecko) Chrome/131.0.0.0 Safari/537.36"
199.185.67.145 - - [21/Jan/2025:17:50:26 +0000] "GET /wp-content/uploads/articulate_uploads/name-that-mental-health-disorder-scorm12-DziVspfZ/scormcontent/lib/fonts/Lato-Light.woff HTTP/1.1" 200 32667 "https://ahsmore.mhcollab.ca/wp-content/uploads/articulate_uploads/name-that-mental-health-disorder-scorm12-DziVspfZ/scormcontent/index.html" "Mozilla/5.0 (Windows NT 10.0; Win64; x64) AppleWebKit/537.36 (KHTML, like Gecko) Chrome/131.0.0.0 Safari/537.36"
199.185.67.145 - - [21/Jan/2025:17:50:26 +0000] "GET /wp-content/uploads/articulate_uploads/name-that-mental-health-disorder-scorm12-DziVspfZ/scormcontent/lib/fonts/Lato-Italic.woff HTTP/1.1" 200 34332 "https://ahsmore.mhcollab.ca/wp-content/uploads/articulate_uploads/name-that-mental-health-disorder-scorm12-DziVspfZ/scormcontent/index.html" "Mozilla/5.0 (Windows NT 10.0; Win64; x64) AppleWebKit/537.36 (KHTML, like Gecko) Chrome/131.0.0.0 Safari/537.36"
199.185.67.145 - - [21/Jan/2025:17:50:26 +0000] "GET /wp-content/uploads/articulate_uploads/name-that-mental-health-disorder-scorm12-DziVspfZ/scormcontent/lib/fonts/Lato-Bold.woff HTTP/1.1" 200 32904 "https://ahsmore.mhcollab.ca/wp-content/uploads/articulate_uploads/name-that-mental-health-disorder-scorm12-DziVspfZ/scormcontent/index.html" "Mozilla/5.0 (Windows NT 10.0; Win64; x64) AppleWebKit/537.36 (KHTML, like Gecko) Chrome/131.0.0.0 Safari/537.36"
199.185.67.145 - - [21/Jan/2025:17:50:26 +0000] "GET /wp-content/uploads/articulate_uploads/name-that-mental-health-disorder-scorm12-DziVspfZ/scormcontent/lib/fonts/Lato-Black.woff HTTP/1.1" 200 32195 "https://ahsmore.mhcollab.ca/wp-content/uploads/articulate_uploads/name-that-mental-health-disorder-scorm12-DziVspfZ/scormcontent/index.html" "Mozilla/5.0 (Windows NT 10.0; Win64; x64) AppleWebKit/537.36 (KHTML, like Gecko) Chrome/131.0.0.0 Safari/537.36"
199.185.67.145 - - [21/Jan/2025:17:50:26 +0000] "GET /wp-content/uploads/articulate_uploads/name-that-mental-health-disorder-scorm12-DziVspfZ/scormcontent/lib/fonts/Merriweather-Regular.woff HTTP/1.1" 200 23000 "https://ahsmore.mhcollab.ca/wp-content/uploads/articulate_uploads/name-that-mental-health-disorder-scorm12-DziVspfZ/scormcontent/index.html" "Mozilla/5.0 (Windows NT 10.0; Win64; x64) AppleWebKit/537.36 (KHTML, like Gecko) Chrome/131.0.0.0 Safari/537.36"
199.185.67.145 - - [21/Jan/2025:17:50:26 +0000] "GET /wp-content/uploads/articulate_uploads/name-that-mental-health-disorder-scorm12-DziVspfZ/scormcontent/lib/fonts/Merriweather-Light.woff HTTP/1.1" 200 23194 "https://ahsmore.mhcollab.ca/wp-content/uploads/articulate_uploads/name-that-mental-health-disorder-scorm12-DziVspfZ/scormcontent/index.html" "Mozilla/5.0 (Windows NT 10.0; Win64; x64) AppleWebKit/537.36 (KHTML, like Gecko) Chrome/131.0.0.0 Safari/537.36"
199.185.67.145 - - [21/Jan/2025:17:50:26 +0000] "GET /wp-content/uploads/articulate_uploads/name-that-mental-health-disorder-scorm12-DziVspfZ/scormcontent/lib/fonts/Merriweather-Italic.woff HTTP/1.1" 200 23865 "https://ahsmore.mhcollab.ca/wp-content/uploads/articulate_uploads/name-that-mental-health-disorder-scorm12-DziVspfZ/scormcontent/index.html" "Mozilla/5.0 (Windows NT 10.0; Win64; x64) AppleWebKit/537.36 (KHTML, like Gecko) Chrome/131.0.0.0 Safari/537.36"
199.185.67.145 - - [21/Jan/2025:17:50:26 +0000] "GET /wp-content/uploads/articulate_uploads/name-that-mental-health-disorder-scorm12-DziVspfZ/scormcontent/lib/fonts/Merriweather-Bold.woff HTTP/1.1" 200 22988 "https://ahsmore.mhcollab.ca/wp-content/uploads/articulate_uploads/name-that-mental-health-disorder-scorm12-DziVspfZ/scormcontent/index.html" "Mozilla/5.0 (Windows NT 10.0; Win64; x64) AppleWebKit/537.36 (KHTML, like Gecko) Chrome/131.0.0.0 Safari/537.36"
199.185.67.145 - - [21/Jan/2025:17:50:26 +0000] "GET /wp-content/uploads/articulate_uploads/name-that-mental-health-disorder-scorm12-DziVspfZ/scormcontent/lib/fonts/Merriweather-Black.woff HTTP/1.1" 200 23019 "https://ahsmore.mhcollab.ca/wp-content/uploads/articulate_uploads/name-that-mental-health-disorder-scorm12-DziVspfZ/scormcontent/index.html" "Mozilla/5.0 (Windows NT 10.0; Win64; x64) AppleWebKit/537.36 (KHTML, like Gecko) Chrome/131.0.0.0 Safari/537.36"
199.185.67.145 - - [21/Jan/2025:17:50:26 +0000] "GET /wp-content/uploads/articulate_uploads/name-that-mental-health-disorder-scorm12-DziVspfZ/scormcontent/assets/nwLn8cpexCiwD44k_small.png HTTP/1.1" 200 3064 "https://ahsmore.mhcollab.ca/wp-content/uploads/articulate_uploads/name-that-mental-health-disorder-scorm12-DziVspfZ/scormcontent/index.html" "Mozilla/5.0 (Windows NT 10.0; Win64; x64) AppleWebKit/537.36 (KHTML, like Gecko) Chrome/131.0.0.0 Safari/537.36"
199.216.41.77 - - [21/Jan/2025:17:42:41 +0000] "GET /wp-content/uploads/2021/04/FightFlightFreezeOrigins_course_version.mp4?_=1 HTTP/1.1" 206 302428959 "https://ahsmore.mhcollab.ca/courses/anxiety-in-the-classroom/lessons/fight-flight-fear-origins-of-fear-anxiety-video/" "Mozilla/5.0 (Windows NT 10.0; Win64; x64) AppleWebKit/537.36 (KHTML, like Gecko) Chrome/131.0.0.0 Safari/537.36"
199.185.67.145 - - [21/Jan/2025:17:50:33 +0000] "GET /wp-content/uploads/articulate_uploads/name-that-mental-health-disorder-scorm12-DziVspfZ/scormcontent/assets/7hYaluajWOYgNX8Z/story.html?rise=true HTTP/1.1" 200 3108 "https://ahsmore.mhcollab.ca/wp-content/uploads/articulate_uploads/name-that-mental-health-disorder-scorm12-DziVspfZ/scormcontent/index.html" "Mozilla/5.0 (Windows NT 10.0; Win64; x64) AppleWebKit/537.36 (KHTML, like Gecko) Chrome/131.0.0.0 Safari/537.36"
199.185.67.145 - - [21/Jan/2025:17:50:33 +0000] "GET /wp-content/uploads/articulate_uploads/name-that-mental-health-disorder-scorm12-DziVspfZ/scormcontent/lib/fonts/icomoon.ttf HTTP/1.1" 200 14948 "https://ahsmore.mhcollab.ca/wp-content/uploads/articulate_uploads/name-that-mental-health-disorder-scorm12-DziVspfZ/scormcontent/lib/icomoon.css" "Mozilla/5.0 (Windows NT 10.0; Win64; x64) AppleWebKit/537.36 (KHTML, like Gecko) Chrome/131.0.0.0 Safari/537.36"
199.185.67.145 - - [21/Jan/2025:17:50:33 +0000] "GET /wp-content/uploads/articulate_uploads/name-that-mental-health-disorder-scorm12-DziVspfZ/scormcontent/assets/7hYaluajWOYgNX8Z/story_html5.html?rise=true HTTP/1.1" 200 6346 "https://ahsmore.mhcollab.ca/wp-content/uploads/articulate_uploads/name-that-mental-health-disorder-scorm12-DziVspfZ/scormcontent/assets/7hYaluajWOYgNX8Z/story.html?rise=true" "Mozilla/5.0 (Windows NT 10.0; Win64; x64) AppleWebKit/537.36 (KHTML, like Gecko) Chrome/131.0.0.0 Safari/537.36"
