199.216.41.77 - - [21/Jan/2025:16:10:52 +0000] "GET /wp-content/plugins/elementor/assets/lib/font-awesome/webfonts/fa-solid-900.woff2 HTTP/1.1" 200 78099 "https://ahsmore.mhcollab.ca/wp-content/plugins/elementor/assets/lib/font-awesome/css/all.min.css?ver=4.10.78" "Mozilla/5.0 (Windows NT 10.0; Win64; x64) AppleWebKit/537.36 (KHTML, like Gecko) Chrome/131.0.0.0 Safari/537.36"
199.216.41.77 - - [21/Jan/2025:16:10:55 +0000] "POST /my-account/ HTTP/1.1" 200 3994 "https://ahsmore.mhcollab.ca/my-account/" "Mozilla/5.0 (Windows NT 10.0; Win64; x64) AppleWebKit/537.36 (KHTML, like Gecko) Chrome/131.0.0.0 Safari/537.36"
199.216.41.77 - - [21/Jan/2025:16:11:00 +0000] "POST /wp-json/reallysimplessl/v1/two_fa/save_default_method_email HTTP/1.1" 403 6628 "https://ahsmore.mhcollab.ca/my-account/" "Mozilla/5.0 (Windows NT 10.0; Win64; x64) AppleWebKit/537.36 (KHTML, like Gecko) Chrome/131.0.0.0 Safari/537.36"
199.216.41.77 - - [21/Jan/2025:16:11:10 +0000] "POST /wp-json/reallysimplessl/v1/two_fa/save_default_method_email HTTP/1.1" 403 6629 "https://ahsmore.mhcollab.ca/my-account/" "Mozilla/5.0 (Windows NT 10.0; Win64; x64) AppleWebKit/537.36 (KHTML, like Gecko) Chrome/131.0.0.0 Safari/537.36"
199.216.41.77 - - [21/Jan/2025:16:11:21 +0000] "POST /wp-json/reallysimplessl/v1/two_fa/save_default_method_email HTTP/1.1" 403 6628 "https://ahsmore.mhcollab.ca/my-account/" "Mozilla/5.0 (Windows NT 10.0; Win64; x64) AppleWebKit/537.36 (KHTML, like Gecko) Chrome/131.0.0.0 Safari/537.36"
199.216.41.77 - - [21/Jan/2025:16:11:27 +0000] "POST /wp-json/reallysimplessl/v1/two_fa/save_default_method_email HTTP/1.1" 403 6629 "https://ahsmore.mhcollab.ca/my-account/" "Mozilla/5.0 (Windows NT 10.0; Win64; x64) AppleWebKit/537.36 (KHTML, like Gecko) Chrome/131.0.0.0 Safari/537.36"
199.216.41.77 - - [21/Jan/2025:16:11:27 +0000] "POST /wp-json/reallysimplessl/v1/two_fa/save_default_method_email HTTP/1.1" 403 6629 "https://ahsmore.mhcollab.ca/my-account/" "Mozilla/5.0 (Windows NT 10.0; Win64; x64) AppleWebKit/537.36 (KHTML, like Gecko) Chrome/131.0.0.0 Safari/537.36"
199.216.41.77 - - [21/Jan/2025:16:11:28 +0000] "POST /wp-json/reallysimplessl/v1/two_fa/save_default_method_email HTTP/1.1" 403 6629 "https://ahsmore.mhcollab.ca/my-account/" "Mozilla/5.0 (Windows NT 10.0; Win64; x64) AppleWebKit/537.36 (KHTML, like Gecko) Chrome/131.0.0.0 Safari/537.36"
45.56.220.125 - - [21/Jan/2025:16:11:33 +0000] "POST /?wordfence_syncAttackData=1737475893.6879 HTTP/1.1" 200 - "-" "WordPress/6.7.1; https://ahsmore.mhcollab.ca"
45.56.220.125 - - [21/Jan/2025:16:11:35 +0000] "POST /wp-cron.php?doing_wp_cron=1737475895.1687319278717041015625 HTTP/1.1" 200 - "-" "WordPress/6.7.1; https://ahsmore.mhcollab.ca"
199.216.41.77 - - [21/Jan/2025:16:11:32 +0000] "GET /my-account/ HTTP/1.1" 200 34725 "https://ahsmore.mhcollab.ca/registration/" "Mozilla/5.0 (Windows NT 10.0; Win64; x64) AppleWebKit/537.36 (KHTML, like Gecko) Chrome/131.0.0.0 Safari/537.36"
199.216.41.77 - - [21/Jan/2025:16:11:36 +0000] "GET /wp-content/uploads/premium-addons-elementor/pa-frontend-2b1948ee5.min.css?ver=1737475895 HTTP/1.1" 200 1929 "https://ahsmore.mhcollab.ca/my-account/" "Mozilla/5.0 (Windows NT 10.0; Win64; x64) AppleWebKit/537.36 (KHTML, like Gecko) Chrome/131.0.0.0 Safari/537.36"
199.216.41.77 - - [21/Jan/2025:16:11:36 +0000] "GET /wp-content/plugins/wordfence/modules/login-security/js/jquery.qrcode.min.1736960042.js?ver=1.1.15 HTTP/1.1" 200 4751 "https://ahsmore.mhcollab.ca/my-account/" "Mozilla/5.0 (Windows NT 10.0; Win64; x64) AppleWebKit/537.36 (KHTML, like Gecko) Chrome/131.0.0.0 Safari/537.36"
199.216.41.77 - - [21/Jan/2025:16:11:36 +0000] "GET /wp-content/plugins/wordfence/modules/login-security/js/jquery.tmpl.min.1736960042.js?ver=1.1.15 HTTP/1.1" 200 2796 "https://ahsmore.mhcollab.ca/my-account/" "Mozilla/5.0 (Windows NT 10.0; Win64; x64) AppleWebKit/537.36 (KHTML, like Gecko) Chrome/131.0.0.0 Safari/537.36"
199.216.41.77 - - [21/Jan/2025:16:11:36 +0000] "GET /wp-content/plugins/wordfence/modules/login-security/js/jquery.colorbox.min.1736960042.js?ver=1.1.15 HTTP/1.1" 200 4585 "https://ahsmore.mhcollab.ca/my-account/" "Mozilla/5.0 (Windows NT 10.0; Win64; x64) AppleWebKit/537.36 (KHTML, like Gecko) Chrome/131.0.0.0 Safari/537.36"
199.216.41.77 - - [21/Jan/2025:16:11:36 +0000] "GET /wp-content/plugins/wordfence/modules/login-security/js/admin.1736960042.js?ver=1.1.15 HTTP/1.1" 200 6483 "https://ahsmore.mhcollab.ca/my-account/" "Mozilla/5.0 (Windows NT 10.0; Win64; x64) AppleWebKit/537.36 (KHTML, like Gecko) Chrome/131.0.0.0 Safari/537.36"
199.216.41.77 - - [21/Jan/2025:16:11:36 +0000] "GET /wp-content/plugins/wordfence/modules/login-security/js/chart.umd.1736960042.js?ver=4.2.1 HTTP/1.1" 200 68972 "https://ahsmore.mhcollab.ca/my-account/" "Mozilla/5.0 (Windows NT 10.0; Win64; x64) AppleWebKit/537.36 (KHTML, like Gecko) Chrome/131.0.0.0 Safari/537.36"
199.216.41.77 - - [21/Jan/2025:16:11:36 +0000] "GET /wp-content/plugins/user-registration/assets/css/my-account-layout.css?ver=3.3.5.2 HTTP/1.1" 200 5261 "https://ahsmore.mhcollab.ca/my-account/" "Mozilla/5.0 (Windows NT 10.0; Win64; x64) AppleWebKit/537.36 (KHTML, like Gecko) Chrome/131.0.0.0 Safari/537.36"
199.216.41.77 - - [21/Jan/2025:16:11:36 +0000] "GET /wp-content/uploads/premium-addons-elementor/pa-frontend-2b1948ee5.min.js?ver=1737475895 HTTP/1.1" 200 554 "https://ahsmore.mhcollab.ca/my-account/" "Mozilla/5.0 (Windows NT 10.0; Win64; x64) AppleWebKit/537.36 (KHTML, like Gecko) Chrome/131.0.0.0 Safari/537.36"
199.216.41.77 - - [21/Jan/2025:16:11:36 +0000] "GET /wp-content/plugins/user-registration/assets/js/sweetalert2/sweetalert2.min.js?ver=10.16.7 HTTP/1.1" 200 15048 "https://ahsmore.mhcollab.ca/my-account/" "Mozilla/5.0 (Windows NT 10.0; Win64; x64) AppleWebKit/537.36 (KHTML, like Gecko) Chrome/131.0.0.0 Safari/537.36"
199.216.41.77 - - [21/Jan/2025:16:11:36 +0000] "GET /wp-content/plugins/user-registration/assets/js/frontend/my-account.min.js?ver=3.3.5.2 HTTP/1.1" 200 1616 "https://ahsmore.mhcollab.ca/my-account/" "Mozilla/5.0 (Windows NT 10.0; Win64; x64) AppleWebKit/537.36 (KHTML, like Gecko) Chrome/131.0.0.0 Safari/537.36"
199.216.41.77 - - [21/Jan/2025:16:11:36 +0000] "GET /wp-content/plugins/wordfence/modules/login-security/js/wfselect2.min.1736960042.js?ver=1.1.15 HTTP/1.1" 404 24821 "https://ahsmore.mhcollab.ca/my-account/" "Mozilla/5.0 (Windows NT 10.0; Win64; x64) AppleWebKit/537.36 (KHTML, like Gecko) Chrome/131.0.0.0 Safari/537.36"
199.216.41.77 - - [21/Jan/2025:16:11:38 +0000] "GET /wp-content/plugins/wordfence/modules/login-security/css/colorbox.1736960042.css?ver=1.1.15 HTTP/1.1" 200 2110 "https://ahsmore.mhcollab.ca/my-account/" "Mozilla/5.0 (Windows NT 10.0; Win64; x64) AppleWebKit/537.36 (KHTML, like Gecko) Chrome/131.0.0.0 Safari/537.36"
199.216.41.77 - - [21/Jan/2025:16:11:38 +0000] "GET /wp-content/plugins/wordfence/modules/login-security/css/ionicons.1736960042.css?ver=1.1.15 HTTP/1.1" 200 8463 "https://ahsmore.mhcollab.ca/my-account/" "Mozilla/5.0 (Windows NT 10.0; Win64; x64) AppleWebKit/537.36 (KHTML, like Gecko) Chrome/131.0.0.0 Safari/537.36"
199.216.41.77 - - [21/Jan/2025:16:11:38 +0000] "GET /wp-content/plugins/wordfence/modules/login-security/css/embedded.1736960042.css?ver=1.1.15 HTTP/1.1" 200 260 "https://ahsmore.mhcollab.ca/my-account/" "Mozilla/5.0 (Windows NT 10.0; Win64; x64) AppleWebKit/537.36 (KHTML, like Gecko) Chrome/131.0.0.0 Safari/537.36"
199.216.41.77 - - [21/Jan/2025:16:11:38 +0000] "GET /wp-content/plugins/wordfence/modules/login-security/css/font-awesome.1736960042.css?ver=1.1.15 HTTP/1.1" 200 7161 "https://ahsmore.mhcollab.ca/my-account/" "Mozilla/5.0 (Windows NT 10.0; Win64; x64) AppleWebKit/537.36 (KHTML, like Gecko) Chrome/131.0.0.0 Safari/537.36"
199.216.41.77 - - [21/Jan/2025:16:11:38 +0000] "GET /wp-content/plugins/wordfence/modules/login-security/css/admin.1736960042.css?ver=1.1.15 HTTP/1.1" 200 24711 "https://ahsmore.mhcollab.ca/my-account/" "Mozilla/5.0 (Windows NT 10.0; Win64; x64) AppleWebKit/537.36 (KHTML, like Gecko) Chrome/131.0.0.0 Safari/537.36"
199.216.41.77 - - [21/Jan/2025:16:11:38 +0000] "GET /wp-content/plugins/user-registration/assets/css/user-registration-smallscreen.css?ver=3.3.5.2 HTTP/1.1" 200 740 "https://ahsmore.mhcollab.ca/my-account/" "Mozilla/5.0 (Windows NT 10.0; Win64; x64) AppleWebKit/537.36 (KHTML, like Gecko) Chrome/131.0.0.0 Safari/537.36"
199.216.41.77 - - [21/Jan/2025:16:11:38 +0000] "GET /wp-content/plugins/wordfence/modules/login-security/css/wfselect2.min.1736960042.css?ver=1.1.15 HTTP/1.1" 404 24821 "https://ahsmore.mhcollab.ca/my-account/" "Mozilla/5.0 (Windows NT 10.0; Win64; x64) AppleWebKit/537.36 (KHTML, like Gecko) Chrome/131.0.0.0 Safari/537.36"
199.216.41.77 - - [21/Jan/2025:16:11:46 +0000] "GET /my-account/edit-profile/ HTTP/1.1" 200 52846 "https://ahsmore.mhcollab.ca/my-account/" "Mozilla/5.0 (Windows NT 10.0; Win64; x64) AppleWebKit/537.36 (KHTML, like Gecko) Chrome/131.0.0.0 Safari/537.36"
199.216.41.77 - - [21/Jan/2025:16:11:48 +0000] "GET /wp-content/uploads/premium-addons-elementor/pa-frontend-2b1948ee5.min.css?ver=1737475908 HTTP/1.1" 200 1929 "https://ahsmore.mhcollab.ca/my-account/edit-profile/" "Mozilla/5.0 (Windows NT 10.0; Win64; x64) AppleWebKit/537.36 (KHTML, like Gecko) Chrome/131.0.0.0 Safari/537.36"
199.216.41.77 - - [21/Jan/2025:16:11:49 +0000] "GET /wp-includes/js/mediaelement/mediaelementplayer-legacy.min.css?ver=4.2.17 HTTP/1.1" 200 2592 "https://ahsmore.mhcollab.ca/my-account/edit-profile/" "Mozilla/5.0 (Windows NT 10.0; Win64; x64) AppleWebKit/537.36 (KHTML, like Gecko) Chrome/131.0.0.0 Safari/537.36"
199.216.41.77 - - [21/Jan/2025:16:11:49 +0000] "GET /wp-includes/js/mediaelement/wp-mediaelement.min.css?ver=4c07a945f927cfc17b5ef0589d82cf0d HTTP/1.1" 200 1156 "https://ahsmore.mhcollab.ca/my-account/edit-profile/" "Mozilla/5.0 (Windows NT 10.0; Win64; x64) AppleWebKit/537.36 (KHTML, like Gecko) Chrome/131.0.0.0 Safari/537.36"
199.216.41.77 - - [21/Jan/2025:16:11:49 +0000] "GET /wp-includes/css/media-views.min.css?ver=4c07a945f927cfc17b5ef0589d82cf0d HTTP/1.1" 200 8712 "https://ahsmore.mhcollab.ca/my-account/edit-profile/" "Mozilla/5.0 (Windows NT 10.0; Win64; x64) AppleWebKit/537.36 (KHTML, like Gecko) Chrome/131.0.0.0 Safari/537.36"
199.216.41.77 - - [21/Jan/2025:16:11:49 +0000] "GET /wp-includes/js/imgareaselect/imgareaselect.css?ver=0.9.8 HTTP/1.1" 200 265 "https://ahsmore.mhcollab.ca/my-account/edit-profile/" "Mozilla/5.0 (Windows NT 10.0; Win64; x64) AppleWebKit/537.36 (KHTML, like Gecko) Chrome/131.0.0.0 Safari/537.36"
199.216.41.77 - - [21/Jan/2025:16:11:49 +0000] "GET /wp-content/uploads/premium-addons-elementor/pa-frontend-2b1948ee5.min.js?ver=1737475908 HTTP/1.1" 200 554 "https://ahsmore.mhcollab.ca/my-account/edit-profile/" "Mozilla/5.0 (Windows NT 10.0; Win64; x64) AppleWebKit/537.36 (KHTML, like Gecko) Chrome/131.0.0.0 Safari/537.36"
199.216.41.77 - - [21/Jan/2025:16:11:49 +0000] "GET /wp-includes/js/underscore.min.js?ver=1.13.7 HTTP/1.1" 200 7336 "https://ahsmore.mhcollab.ca/my-account/edit-profile/" "Mozilla/5.0 (Windows NT 10.0; Win64; x64) AppleWebKit/537.36 (KHTML, like Gecko) Chrome/131.0.0.0 Safari/537.36"
199.216.41.77 - - [21/Jan/2025:16:11:49 +0000] "GET /wp-includes/js/shortcode.min.js?ver=4c07a945f927cfc17b5ef0589d82cf0d HTTP/1.1" 200 1145 "https://ahsmore.mhcollab.ca/my-account/edit-profile/" "Mozilla/5.0 (Windows NT 10.0; Win64; x64) AppleWebKit/537.36 (KHTML, like Gecko) Chrome/131.0.0.0 Safari/537.36"
199.216.41.77 - - [21/Jan/2025:16:11:49 +0000] "GET /wp-includes/js/utils.min.js?ver=4c07a945f927cfc17b5ef0589d82cf0d HTTP/1.1" 200 819 "https://ahsmore.mhcollab.ca/my-account/edit-profile/" "Mozilla/5.0 (Windows NT 10.0; Win64; x64) AppleWebKit/537.36 (KHTML, like Gecko) Chrome/131.0.0.0 Safari/537.36"
199.216.41.77 - - [21/Jan/2025:16:11:49 +0000] "GET /wp-includes/js/backbone.min.js?ver=1.6.0 HTTP/1.1" 200 8015 "https://ahsmore.mhcollab.ca/my-account/edit-profile/" "Mozilla/5.0 (Windows NT 10.0; Win64; x64) AppleWebKit/537.36 (KHTML, like Gecko) Chrome/131.0.0.0 Safari/537.36"
199.216.41.77 - - [21/Jan/2025:16:11:49 +0000] "GET /wp-includes/js/wp-util.min.js?ver=4c07a945f927cfc17b5ef0589d82cf0d HTTP/1.1" 200 756 "https://ahsmore.mhcollab.ca/my-account/edit-profile/" "Mozilla/5.0 (Windows NT 10.0; Win64; x64) AppleWebKit/537.36 (KHTML, like Gecko) Chrome/131.0.0.0 Safari/537.36"
199.216.41.77 - - [21/Jan/2025:16:11:49 +0000] "GET /wp-includes/js/wp-backbone.min.js?ver=4c07a945f927cfc17b5ef0589d82cf0d HTTP/1.1" 200 1175 "https://ahsmore.mhcollab.ca/my-account/edit-profile/" "Mozilla/5.0 (Windows NT 10.0; Win64; x64) AppleWebKit/537.36 (KHTML, like Gecko) Chrome/131.0.0.0 Safari/537.36"
199.216.41.77 - - [21/Jan/2025:16:11:49 +0000] "GET /wp-includes/js/media-models.min.js?ver=4c07a945f927cfc17b5ef0589d82cf0d HTTP/1.1" 200 4098 "https://ahsmore.mhcollab.ca/my-account/edit-profile/" "Mozilla/5.0 (Windows NT 10.0; Win64; x64) AppleWebKit/537.36 (KHTML, like Gecko) Chrome/131.0.0.0 Safari/537.36"
199.216.41.77 - - [21/Jan/2025:16:11:49 +0000] "GET /wp-includes/js/plupload/moxie.min.js?ver=1.3.5 HTTP/1.1" 200 27378 "https://ahsmore.mhcollab.ca/my-account/edit-profile/" "Mozilla/5.0 (Windows NT 10.0; Win64; x64) AppleWebKit/537.36 (KHTML, like Gecko) Chrome/131.0.0.0 Safari/537.36"
199.216.41.77 - - [21/Jan/2025:16:11:49 +0000] "GET /wp-includes/js/plupload/wp-plupload.min.js?ver=4c07a945f927cfc17b5ef0589d82cf0d HTTP/1.1" 200 2338 "https://ahsmore.mhcollab.ca/my-account/edit-profile/" "Mozilla/5.0 (Windows NT 10.0; Win64; x64) AppleWebKit/537.36 (KHTML, like Gecko) Chrome/131.0.0.0 Safari/537.36"
199.216.41.77 - - [21/Jan/2025:16:11:49 +0000] "GET /wp-includes/js/plupload/plupload.min.js?ver=2.1.9 HTTP/1.1" 200 5587 "https://ahsmore.mhcollab.ca/my-account/edit-profile/" "Mozilla/5.0 (Windows NT 10.0; Win64; x64) AppleWebKit/537.36 (KHTML, like Gecko) Chrome/131.0.0.0 Safari/537.36"
199.216.41.77 - - [21/Jan/2025:16:11:49 +0000] "GET /wp-includes/js/jquery/ui/mouse.min.js?ver=1.13.3 HTTP/1.1" 200 1098 "https://ahsmore.mhcollab.ca/my-account/edit-profile/" "Mozilla/5.0 (Windows NT 10.0; Win64; x64) AppleWebKit/537.36 (KHTML, like Gecko) Chrome/131.0.0.0 Safari/537.36"
199.216.41.77 - - [21/Jan/2025:16:11:49 +0000] "GET /wp-includes/js/jquery/ui/sortable.min.js?ver=1.13.3 HTTP/1.1" 200 6586 "https://ahsmore.mhcollab.ca/my-account/edit-profile/" "Mozilla/5.0 (Windows NT 10.0; Win64; x64) AppleWebKit/537.36 (KHTML, like Gecko) Chrome/131.0.0.0 Safari/537.36"
199.216.41.77 - - [21/Jan/2025:16:11:49 +0000] "GET /wp-includes/js/mediaelement/mediaelement-migrate.min.js?ver=4c07a945f927cfc17b5ef0589d82cf0d HTTP/1.1" 200 540 "https://ahsmore.mhcollab.ca/my-account/edit-profile/" "Mozilla/5.0 (Windows NT 10.0; Win64; x64) AppleWebKit/537.36 (KHTML, like Gecko) Chrome/131.0.0.0 Safari/537.36"
199.216.41.77 - - [21/Jan/2025:16:11:49 +0000] "GET /wp-includes/js/mediaelement/wp-mediaelement.min.js?ver=4c07a945f927cfc17b5ef0589d82cf0d HTTP/1.1" 200 538 "https://ahsmore.mhcollab.ca/my-account/edit-profile/" "Mozilla/5.0 (Windows NT 10.0; Win64; x64) AppleWebKit/537.36 (KHTML, like Gecko) Chrome/131.0.0.0 Safari/537.36"
199.216.41.77 - - [21/Jan/2025:16:11:49 +0000] "GET /wp-includes/js/mediaelement/mediaelement-and-player.min.js?ver=4.2.17 HTTP/1.1" 200 38789 "https://ahsmore.mhcollab.ca/my-account/edit-profile/" "Mozilla/5.0 (Windows NT 10.0; Win64; x64) AppleWebKit/537.36 (KHTML, like Gecko) Chrome/131.0.0.0 Safari/537.36"
199.216.41.77 - - [21/Jan/2025:16:11:49 +0000] "GET /wp-includes/js/api-request.min.js?ver=4c07a945f927cfc17b5ef0589d82cf0d HTTP/1.1" 200 590 "https://ahsmore.mhcollab.ca/my-account/edit-profile/" "Mozilla/5.0 (Windows NT 10.0; Win64; x64) AppleWebKit/537.36 (KHTML, like Gecko) Chrome/131.0.0.0 Safari/537.36"
199.216.41.77 - - [21/Jan/2025:16:11:49 +0000] "GET /wp-includes/js/clipboard.min.js?ver=2.0.11 HTTP/1.1" 200 3150 "https://ahsmore.mhcollab.ca/my-account/edit-profile/" "Mozilla/5.0 (Windows NT 10.0; Win64; x64) AppleWebKit/537.36 (KHTML, like Gecko) Chrome/131.0.0.0 Safari/537.36"
199.216.41.77 - - [21/Jan/2025:16:11:49 +0000] "GET /wp-includes/js/media-views.min.js?ver=4c07a945f927cfc17b5ef0589d82cf0d HTTP/1.1" 200 25967 "https://ahsmore.mhcollab.ca/my-account/edit-profile/" "Mozilla/5.0 (Windows NT 10.0; Win64; x64) AppleWebKit/537.36 (KHTML, like Gecko) Chrome/131.0.0.0 Safari/537.36"
199.216.41.77 - - [21/Jan/2025:16:11:49 +0000] "GET /wp-includes/js/media-editor.min.js?ver=4c07a945f927cfc17b5ef0589d82cf0d HTTP/1.1" 200 3603 "https://ahsmore.mhcollab.ca/my-account/edit-profile/" "Mozilla/5.0 (Windows NT 10.0; Win64; x64) AppleWebKit/537.36 (KHTML, like Gecko) Chrome/131.0.0.0 Safari/537.36"
199.216.41.77 - - [21/Jan/2025:16:11:49 +0000] "GET /wp-includes/js/media-audiovideo.min.js?ver=4c07a945f927cfc17b5ef0589d82cf0d HTTP/1.1" 200 3363 "https://ahsmore.mhcollab.ca/my-account/edit-profile/" "Mozilla/5.0 (Windows NT 10.0; Win64; x64) AppleWebKit/537.36 (KHTML, like Gecko) Chrome/131.0.0.0 Safari/537.36"
199.185.67.145 - - [21/Jan/2025:16:06:50 +0000] "GET /wp-content/uploads/2021/04/FightFlightFreezeOrigins_course_version.mp4?_=1 HTTP/1.1" 206 304734960 "https://ahsmore.mhcollab.ca/courses/anxiety-in-the-classroom/lessons/fight-flight-fear-origins-of-fear-anxiety-video/" "Mozilla/5.0 (Windows NT 10.0; Win64; x64) AppleWebKit/537.36 (KHTML, like Gecko) Chrome/131.0.0.0 Safari/537.36"
199.216.41.77 - - [21/Jan/2025:16:11:49 +0000] "GET /wp-content/plugins/wordfence/modules/login-security/js/wfselect2.min.1736960042.js?ver=1.1.15 HTTP/1.1" 404 24820 "https://ahsmore.mhcollab.ca/my-account/edit-profile/" "Mozilla/5.0 (Windows NT 10.0; Win64; x64) AppleWebKit/537.36 (KHTML, like Gecko) Chrome/131.0.0.0 Safari/537.36"
199.216.41.77 - - [21/Jan/2025:16:11:50 +0000] "GET /wp-content/plugins/wordfence/modules/login-security/css/wfselect2.min.1736960042.css?ver=1.1.15 HTTP/1.1" 404 24820 "https://ahsmore.mhcollab.ca/my-account/edit-profile/" "Mozilla/5.0 (Windows NT 10.0; Win64; x64) AppleWebKit/537.36 (KHTML, like Gecko) Chrome/131.0.0.0 Safari/537.36"
199.185.67.145 - - [21/Jan/2025:16:06:51 +0000] "GET /wp-content/uploads/2021/04/FightFlightFreezeOrigins_course_version.mp4?_=1 HTTP/1.1" 206 303460742 "https://ahsmore.mhcollab.ca/courses/anxiety-in-the-classroom/lessons/fight-flight-fear-origins-of-fear-anxiety-video/" "Mozilla/5.0 (Windows NT 10.0; Win64; x64) AppleWebKit/537.36 (KHTML, like Gecko) Chrome/131.0.0.0 Safari/537.36"
199.216.41.77 - - [21/Jan/2025:16:12:01 +0000] "POST /my-account/edit-profile/ HTTP/1.1" 302 - "https://ahsmore.mhcollab.ca/my-account/edit-profile/" "Mozilla/5.0 (Windows NT 10.0; Win64; x64) AppleWebKit/537.36 (KHTML, like Gecko) Chrome/131.0.0.0 Safari/537.36"
199.216.41.77 - - [21/Jan/2025:16:12:03 +0000] "GET /my-account/edit-profile/ HTTP/1.1" 200 52827 "https://ahsmore.mhcollab.ca/my-account/edit-profile/" "Mozilla/5.0 (Windows NT 10.0; Win64; x64) AppleWebKit/537.36 (KHTML, like Gecko) Chrome/131.0.0.0 Safari/537.36"
199.216.41.77 - - [21/Jan/2025:16:12:05 +0000] "GET /wp-content/uploads/premium-addons-elementor/pa-frontend-2b1948ee5.min.css?ver=1737475924 HTTP/1.1" 200 1929 "https://ahsmore.mhcollab.ca/my-account/edit-profile/" "Mozilla/5.0 (Windows NT 10.0; Win64; x64) AppleWebKit/537.36 (KHTML, like Gecko) Chrome/131.0.0.0 Safari/537.36"
199.216.41.77 - - [21/Jan/2025:16:12:05 +0000] "GET /wp-content/uploads/premium-addons-elementor/pa-frontend-2b1948ee5.min.js?ver=1737475924 HTTP/1.1" 200 554 "https://ahsmore.mhcollab.ca/my-account/edit-profile/" "Mozilla/5.0 (Windows NT 10.0; Win64; x64) AppleWebKit/537.36 (KHTML, like Gecko) Chrome/131.0.0.0 Safari/537.36"
199.216.41.77 - - [21/Jan/2025:16:12:05 +0000] "GET /wp-content/plugins/wordfence/modules/login-security/js/wfselect2.min.1736960042.js?ver=1.1.15 HTTP/1.1" 404 24821 "https://ahsmore.mhcollab.ca/my-account/edit-profile/" "Mozilla/5.0 (Windows NT 10.0; Win64; x64) AppleWebKit/537.36 (KHTML, like Gecko) Chrome/131.0.0.0 Safari/537.36"
199.216.41.77 - - [21/Jan/2025:16:12:07 +0000] "GET /wp-content/plugins/wordfence/modules/login-security/css/wfselect2.min.1736960042.css?ver=1.1.15 HTTP/1.1" 404 24820 "https://ahsmore.mhcollab.ca/my-account/edit-profile/" "Mozilla/5.0 (Windows NT 10.0; Win64; x64) AppleWebKit/537.36 (KHTML, like Gecko) Chrome/131.0.0.0 Safari/537.36"
45.56.220.125 - - [21/Jan/2025:16:12:18 +0000] "POST /wp-cron.php?doing_wp_cron=1737475938.0662848949432373046875 HTTP/1.1" 200 - "-" "WordPress/6.7.1; https://ahsmore.mhcollab.ca"
199.216.41.77 - - [21/Jan/2025:16:12:16 +0000] "GET /all-courses/ HTTP/1.1" 200 30710 "https://ahsmore.mhcollab.ca/my-account/edit-profile/" "Mozilla/5.0 (Windows NT 10.0; Win64; x64) AppleWebKit/537.36 (KHTML, like Gecko) Chrome/131.0.0.0 Safari/537.36"
45.56.220.125 - - [21/Jan/2025:16:12:31 +0000] "POST /wp-cron.php?doing_wp_cron=1737475951.4770948886871337890625 HTTP/1.1" 200 - "-" "WordPress/6.7.1; https://ahsmore.mhcollab.ca"
199.216.41.77 - - [21/Jan/2025:16:12:29 +0000] "GET /courses/anxiety-in-the-classroom/ HTTP/1.1" 200 27082 "https://ahsmore.mhcollab.ca/all-courses/" "Mozilla/5.0 (Windows NT 10.0; Win64; x64) AppleWebKit/537.36 (KHTML, like Gecko) Chrome/131.0.0.0 Safari/537.36"
199.216.41.77 - - [21/Jan/2025:16:12:32 +0000] "GET /wp-content/plugins/learndash-propanel/includes/reports-base/assets/js/time-tracking/index.js?ver=3.0.2 HTTP/1.1" 200 1729 "https://ahsmore.mhcollab.ca/courses/anxiety-in-the-classroom/" "Mozilla/5.0 (Windows NT 10.0; Win64; x64) AppleWebKit/537.36 (KHTML, like Gecko) Chrome/131.0.0.0 Safari/537.36"
199.216.41.77 - - [21/Jan/2025:16:13:16 +0000] "POST /wp-admin/admin-ajax.php HTTP/1.1" 200 36 "https://ahsmore.mhcollab.ca/courses/anxiety-in-the-classroom/" "Mozilla/5.0 (Windows NT 10.0; Win64; x64) AppleWebKit/537.36 (KHTML, like Gecko) Chrome/131.0.0.0 Safari/537.36"
199.216.41.77 - - [21/Jan/2025:16:13:16 +0000] "GET /courses/anxiety-in-the-classroom/lessons/fight-flight-fear-origins-of-fear-anxiety-video/ HTTP/1.1" 200 27110 "https://ahsmore.mhcollab.ca/courses/anxiety-in-the-classroom/" "Mozilla/5.0 (Windows NT 10.0; Win64; x64) AppleWebKit/537.36 (KHTML, like Gecko) Chrome/131.0.0.0 Safari/537.36"
199.216.41.77 - - [21/Jan/2025:16:13:18 +0000] "GET /wp-includes/js/mediaelement/renderers/vimeo.min.js?ver=4.2.17 HTTP/1.1" 200 2284 "https://ahsmore.mhcollab.ca/courses/anxiety-in-the-classroom/lessons/fight-flight-fear-origins-of-fear-anxiety-video/" "Mozilla/5.0 (Windows NT 10.0; Win64; x64) AppleWebKit/537.36 (KHTML, like Gecko) Chrome/131.0.0.0 Safari/537.36"
199.216.41.77 - - [21/Jan/2025:16:13:18 +0000] "GET /wp-includes/js/mediaelement/mejs-controls.svg HTTP/1.1" 200 1413 "https://ahsmore.mhcollab.ca/wp-includes/js/mediaelement/mediaelementplayer-legacy.min.css?ver=4.2.17" "Mozilla/5.0 (Windows NT 10.0; Win64; x64) AppleWebKit/537.36 (KHTML, like Gecko) Chrome/131.0.0.0 Safari/537.36"
199.216.41.77 - - [21/Jan/2025:16:13:18 +0000] "GET /wp-content/uploads/2021/04/FightFlightFreezeOrigins_course_version.mp4?_=1 HTTP/1.1" 206 304734960 "https://ahsmore.mhcollab.ca/courses/anxiety-in-the-classroom/lessons/fight-flight-fear-origins-of-fear-anxiety-video/" "Mozilla/5.0 (Windows NT 10.0; Win64; x64) AppleWebKit/537.36 (KHTML, like Gecko) Chrome/131.0.0.0 Safari/537.36"
199.216.41.77 - - [21/Jan/2025:16:13:18 +0000] "GET /wp-content/uploads/2021/04/FightFlightFreezeOrigins_course_version.mp4?_=1 HTTP/1.1" 206 304734960 "https://ahsmore.mhcollab.ca/courses/anxiety-in-the-classroom/lessons/fight-flight-fear-origins-of-fear-anxiety-video/" "Mozilla/5.0 (Windows NT 10.0; Win64; x64) AppleWebKit/537.36 (KHTML, like Gecko) Chrome/131.0.0.0 Safari/537.36"
199.216.41.77 - - [21/Jan/2025:16:13:18 +0000] "GET /wp-content/uploads/2021/04/FightFlightFreezeOrigins_course_version.mp4?_=1 HTTP/1.1" 206 303948528 "https://ahsmore.mhcollab.ca/courses/anxiety-in-the-classroom/lessons/fight-flight-fear-origins-of-fear-anxiety-video/" "Mozilla/5.0 (Windows NT 10.0; Win64; x64) AppleWebKit/537.36 (KHTML, like Gecko) Chrome/131.0.0.0 Safari/537.36"
199.216.41.77 - - [21/Jan/2025:16:13:21 +0000] "GET /wp-content/uploads/2021/04/FightFlightFreezeOrigins_course_version.mp4?_=1 HTTP/1.1" 206 303532743 "https://ahsmore.mhcollab.ca/courses/anxiety-in-the-classroom/lessons/fight-flight-fear-origins-of-fear-anxiety-video/" "Mozilla/5.0 (Windows NT 10.0; Win64; x64) AppleWebKit/537.36 (KHTML, like Gecko) Chrome/131.0.0.0 Safari/537.36"
199.185.67.145 - - [21/Jan/2025:16:07:02 +0000] "GET /wp-content/uploads/2021/04/FightFlightFreezeOrigins_course_version.mp4?_=1 HTTP/1.1" 206 302420958 "https://ahsmore.mhcollab.ca/courses/anxiety-in-the-classroom/lessons/fight-flight-fear-origins-of-fear-anxiety-video/" "Mozilla/5.0 (Windows NT 10.0; Win64; x64) AppleWebKit/537.36 (KHTML, like Gecko) Chrome/131.0.0.0 Safari/537.36"
45.56.220.125 - - [21/Jan/2025:16:17:48 +0000] "POST /wp-cron.php?doing_wp_cron=1737476268.0284340381622314453125 HTTP/1.1" 200 - "-" "WordPress/6.7.1; https://ahsmore.mhcollab.ca"
114.119.143.119 - - [21/Jan/2025:16:17:46 +0000] "GET /special-project-updates/ HTTP/1.1" 200 26957 "https://ahsmore.mhcollab.ca/school-based-suicidal-ideation-si-response-protocol/" "Mozilla/5.0 (Linux; Android 7.0;) AppleWebKit/537.36 (KHTML, like Gecko) Mobile Safari/537.36 (compatible; PetalBot;+https://webmaster.petalsearch.com/site/petalbot)"
96.53.0.46 - - [21/Jan/2025:16:19:40 +0000] "GET /wp-content/uploads/2020/11/cropped-logoMainBC.png HTTP/1.1" 200 72571 "-" "Mozilla/4.0 (compatible; ms-office; MSOffice 16)"
96.53.0.46 - - [21/Jan/2025:16:19:40 +0000] "GET /wp-content/uploads/2022/05/MHC_logo.png HTTP/1.1" 200 7258 "-" "Mozilla/4.0 (compatible; ms-office; MSOffice 16)"
96.53.0.46 - - [21/Jan/2025:16:19:40 +0000] "GET /wp-content/uploads/2024/09/comm-vis-logo-ra.png HTTP/1.1" 200 9862 "-" "Mozilla/4.0 (compatible; ms-office; MSOffice 16)"
96.53.0.46 - - [21/Jan/2025:16:20:03 +0000] "GET /wp-content/uploads/2020/11/cropped-logoMainBC.png HTTP/1.1" 304 - "-" "Mozilla/4.0 (compatible; ms-office; MSOffice 16)"
96.53.0.46 - - [21/Jan/2025:16:20:03 +0000] "GET /wp-content/uploads/2024/09/comm-vis-logo-ra.png HTTP/1.1" 304 - "-" "Mozilla/4.0 (compatible; ms-office; MSOffice 16)"
96.53.0.46 - - [21/Jan/2025:16:20:03 +0000] "GET /wp-content/uploads/2022/05/MHC_logo.png HTTP/1.1" 304 - "-" "Mozilla/4.0 (compatible; ms-office; MSOffice 16)"
96.53.0.46 - - [21/Jan/2025:16:20:03 +0000] "GET /wp-content/uploads/2020/11/cropped-logoMainBC.png HTTP/1.1" 304 - "-" "Mozilla/4.0 (compatible; ms-office; MSOffice 16)"
96.53.0.46 - - [21/Jan/2025:16:20:03 +0000] "GET /wp-content/uploads/2024/09/comm-vis-logo-ra.png HTTP/1.1" 304 - "-" "Mozilla/4.0 (compatible; ms-office; MSOffice 16)"
96.53.0.46 - - [21/Jan/2025:16:20:03 +0000] "GET /wp-content/uploads/2022/05/MHC_logo.png HTTP/1.1" 304 - "-" "Mozilla/4.0 (compatible; ms-office; MSOffice 16)"
96.53.0.46 - - [21/Jan/2025:16:20:23 +0000] "GET /wp-content/uploads/2022/05/MHC_logo.png HTTP/1.1" 304 - "-" "Mozilla/4.0 (compatible; ms-office; MSOffice 16)"
96.53.0.46 - - [21/Jan/2025:16:20:23 +0000] "GET /wp-content/uploads/2024/09/comm-vis-logo-ra.png HTTP/1.1" 304 - "-" "Mozilla/4.0 (compatible; ms-office; MSOffice 16)"
96.53.0.46 - - [21/Jan/2025:16:20:23 +0000] "GET /wp-content/uploads/2020/11/cropped-logoMainBC.png HTTP/1.1" 304 - "-" "Mozilla/4.0 (compatible; ms-office; MSOffice 16)"
45.56.220.125 - - [21/Jan/2025:16:20:48 +0000] "POST /wp-cron.php?doing_wp_cron=1737476448.5976459980010986328125 HTTP/1.1" 200 - "-" "WordPress/6.7.1; https://ahsmore.mhcollab.ca"
96.53.0.46 - - [21/Jan/2025:16:20:47 +0000] "GET / HTTP/1.1" 200 29705 "https://www.google.com/" "Mozilla/5.0 (Windows NT 10.0; Win64; x64) AppleWebKit/537.36 (KHTML, like Gecko) Chrome/131.0.0.0 Safari/537.36"
45.56.220.125 - - [21/Jan/2025:16:22:10 +0000] "POST /wp-cron.php?doing_wp_cron=1737476530.7396769523620605468750 HTTP/1.1" 200 - "-" "WordPress/6.7.1; https://ahsmore.mhcollab.ca"
96.53.0.46 - - [21/Jan/2025:16:22:09 +0000] "GET /my-account/ HTTP/1.1" 200 35523 "https://ahsmore.mhcollab.ca/" "Mozilla/5.0 (Windows NT 10.0; Win64; x64) AppleWebKit/537.36 (KHTML, like Gecko) Chrome/131.0.0.0 Safari/537.36"
96.53.0.46 - - [21/Jan/2025:16:22:11 +0000] "GET /wp-content/uploads/premium-addons-elementor/pa-frontend-2b1948ee5.min.css?ver=1737476530 HTTP/1.1" 200 1929 "https://ahsmore.mhcollab.ca/my-account/" "Mozilla/5.0 (Windows NT 10.0; Win64; x64) AppleWebKit/537.36 (KHTML, like Gecko) Chrome/131.0.0.0 Safari/537.36"
96.53.0.46 - - [21/Jan/2025:16:22:12 +0000] "GET /wp-content/uploads/premium-addons-elementor/pa-frontend-2b1948ee5.min.js?ver=1737476530 HTTP/1.1" 200 554 "https://ahsmore.mhcollab.ca/my-account/" "Mozilla/5.0 (Windows NT 10.0; Win64; x64) AppleWebKit/537.36 (KHTML, like Gecko) Chrome/131.0.0.0 Safari/537.36"
96.53.0.46 - - [21/Jan/2025:16:22:11 +0000] "GET /wp-content/plugins/wordfence/modules/login-security/js/wfselect2.min.1736960042.js?ver=1.1.15 HTTP/1.1" 404 24877 "https://ahsmore.mhcollab.ca/my-account/" "Mozilla/5.0 (Windows NT 10.0; Win64; x64) AppleWebKit/537.36 (KHTML, like Gecko) Chrome/131.0.0.0 Safari/537.36"
96.53.0.46 - - [21/Jan/2025:16:22:13 +0000] "GET /wp-content/plugins/wordfence/modules/login-security/css/wfselect2.min.1736960042.css?ver=1.1.15 HTTP/1.1" 404 24877 "https://ahsmore.mhcollab.ca/my-account/" "Mozilla/5.0 (Windows NT 10.0; Win64; x64) AppleWebKit/537.36 (KHTML, like Gecko) Chrome/131.0.0.0 Safari/537.36"
96.53.0.46 - - [21/Jan/2025:16:22:19 +0000] "GET /all-courses/ HTTP/1.1" 200 30759 "https://ahsmore.mhcollab.ca/my-account/" "Mozilla/5.0 (Windows NT 10.0; Win64; x64) AppleWebKit/537.36 (KHTML, like Gecko) Chrome/131.0.0.0 Safari/537.36"
96.53.0.46 - - [21/Jan/2025:16:22:22 +0000] "GET /wp-content/uploads/2022/05/MHC_logo-524x96.png HTTP/1.1" 200 12519 "https://ahsmore.mhcollab.ca/all-courses/" "Mozilla/5.0 (Windows NT 10.0; Win64; x64) AppleWebKit/537.36 (KHTML, like Gecko) Chrome/131.0.0.0 Safari/537.36"
96.53.0.46 - - [21/Jan/2025:16:22:22 +0000] "GET /wp-content/uploads/2023/04/Logo-Mental_Health_Literacy-vertical-524x225.png HTTP/1.1" 200 15610 "https://ahsmore.mhcollab.ca/all-courses/" "Mozilla/5.0 (Windows NT 10.0; Win64; x64) AppleWebKit/537.36 (KHTML, like Gecko) Chrome/131.0.0.0 Safari/537.36"
96.53.0.46 - - [21/Jan/2025:16:22:22 +0000] "GET /wp-content/uploads/2022/09/CPD_2022-blue-524x172.png HTTP/1.1" 200 27641 "https://ahsmore.mhcollab.ca/all-courses/" "Mozilla/5.0 (Windows NT 10.0; Win64; x64) AppleWebKit/537.36 (KHTML, like Gecko) Chrome/131.0.0.0 Safari/537.36"
45.56.220.125 - - [21/Jan/2025:16:22:29 +0000] "POST /wp-cron.php?doing_wp_cron=1737476549.0474131107330322265625 HTTP/1.1" 200 - "-" "WordPress/6.7.1; https://ahsmore.mhcollab.ca"
96.53.0.46 - - [21/Jan/2025:16:22:27 +0000] "GET /?post_type=sfwd-certificates&p=48224&course_id=1574&cert-nonce=659c1e107f HTTP/1.1" 404 24732 "https://ahsmore.mhcollab.ca/my-account/" "Mozilla/5.0 (Windows NT 10.0; Win64; x64) AppleWebKit/537.36 (KHTML, like Gecko) Chrome/131.0.0.0 Safari/537.36"
96.53.0.46 - - [21/Jan/2025:16:22:43 +0000] "GET /?post_type=sfwd-certificates&p=48224&course_id=1666&cert-nonce=0390b2a181 HTTP/1.1" 404 24732 "https://ahsmore.mhcollab.ca/my-account/" "Mozilla/5.0 (Windows NT 10.0; Win64; x64) AppleWebKit/537.36 (KHTML, like Gecko) Chrome/131.0.0.0 Safari/537.36"
96.53.0.46 - - [21/Jan/2025:16:22:52 +0000] "GET /my-account/edit-profile/ HTTP/1.1" 200 53668 "https://ahsmore.mhcollab.ca/my-account/" "Mozilla/5.0 (Windows NT 10.0; Win64; x64) AppleWebKit/537.36 (KHTML, like Gecko) Chrome/131.0.0.0 Safari/537.36"
96.53.0.46 - - [21/Jan/2025:16:22:54 +0000] "GET /wp-content/uploads/premium-addons-elementor/pa-frontend-2b1948ee5.min.css?ver=1737476573 HTTP/1.1" 200 1929 "https://ahsmore.mhcollab.ca/my-account/edit-profile/" "Mozilla/5.0 (Windows NT 10.0; Win64; x64) AppleWebKit/537.36 (KHTML, like Gecko) Chrome/131.0.0.0 Safari/537.36"
96.53.0.46 - - [21/Jan/2025:16:22:54 +0000] "GET /wp-includes/js/mediaelement/mediaelementplayer-legacy.min.css?ver=4.2.17 HTTP/1.1" 200 2592 "https://ahsmore.mhcollab.ca/my-account/edit-profile/" "Mozilla/5.0 (Windows NT 10.0; Win64; x64) AppleWebKit/537.36 (KHTML, like Gecko) Chrome/131.0.0.0 Safari/537.36"
96.53.0.46 - - [21/Jan/2025:16:22:54 +0000] "GET /wp-includes/js/mediaelement/wp-mediaelement.min.css?ver=4c07a945f927cfc17b5ef0589d82cf0d HTTP/1.1" 200 1156 "https://ahsmore.mhcollab.ca/my-account/edit-profile/" "Mozilla/5.0 (Windows NT 10.0; Win64; x64) AppleWebKit/537.36 (KHTML, like Gecko) Chrome/131.0.0.0 Safari/537.36"
96.53.0.46 - - [21/Jan/2025:16:22:54 +0000] "GET /wp-includes/css/media-views.min.css?ver=4c07a945f927cfc17b5ef0589d82cf0d HTTP/1.1" 200 8712 "https://ahsmore.mhcollab.ca/my-account/edit-profile/" "Mozilla/5.0 (Windows NT 10.0; Win64; x64) AppleWebKit/537.36 (KHTML, like Gecko) Chrome/131.0.0.0 Safari/537.36"
96.53.0.46 - - [21/Jan/2025:16:22:54 +0000] "GET /wp-includes/js/imgareaselect/imgareaselect.css?ver=0.9.8 HTTP/1.1" 200 265 "https://ahsmore.mhcollab.ca/my-account/edit-profile/" "Mozilla/5.0 (Windows NT 10.0; Win64; x64) AppleWebKit/537.36 (KHTML, like Gecko) Chrome/131.0.0.0 Safari/537.36"
96.53.0.46 - - [21/Jan/2025:16:22:54 +0000] "GET /wp-content/uploads/premium-addons-elementor/pa-frontend-2b1948ee5.min.js?ver=1737476573 HTTP/1.1" 200 554 "https://ahsmore.mhcollab.ca/my-account/edit-profile/" "Mozilla/5.0 (Windows NT 10.0; Win64; x64) AppleWebKit/537.36 (KHTML, like Gecko) Chrome/131.0.0.0 Safari/537.36"
96.53.0.46 - - [21/Jan/2025:16:22:55 +0000] "GET /wp-includes/js/utils.min.js?ver=4c07a945f927cfc17b5ef0589d82cf0d HTTP/1.1" 200 819 "https://ahsmore.mhcollab.ca/my-account/edit-profile/" "Mozilla/5.0 (Windows NT 10.0; Win64; x64) AppleWebKit/537.36 (KHTML, like Gecko) Chrome/131.0.0.0 Safari/537.36"
96.53.0.46 - - [21/Jan/2025:16:22:55 +0000] "GET /wp-includes/js/shortcode.min.js?ver=4c07a945f927cfc17b5ef0589d82cf0d HTTP/1.1" 200 1145 "https://ahsmore.mhcollab.ca/my-account/edit-profile/" "Mozilla/5.0 (Windows NT 10.0; Win64; x64) AppleWebKit/537.36 (KHTML, like Gecko) Chrome/131.0.0.0 Safari/537.36"
96.53.0.46 - - [21/Jan/2025:16:22:55 +0000] "GET /wp-includes/js/backbone.min.js?ver=1.6.0 HTTP/1.1" 200 8015 "https://ahsmore.mhcollab.ca/my-account/edit-profile/" "Mozilla/5.0 (Windows NT 10.0; Win64; x64) AppleWebKit/537.36 (KHTML, like Gecko) Chrome/131.0.0.0 Safari/537.36"
96.53.0.46 - - [21/Jan/2025:16:22:55 +0000] "GET /wp-includes/js/underscore.min.js?ver=1.13.7 HTTP/1.1" 200 7336 "https://ahsmore.mhcollab.ca/my-account/edit-profile/" "Mozilla/5.0 (Windows NT 10.0; Win64; x64) AppleWebKit/537.36 (KHTML, like Gecko) Chrome/131.0.0.0 Safari/537.36"
96.53.0.46 - - [21/Jan/2025:16:22:55 +0000] "GET /wp-includes/js/wp-util.min.js?ver=4c07a945f927cfc17b5ef0589d82cf0d HTTP/1.1" 200 756 "https://ahsmore.mhcollab.ca/my-account/edit-profile/" "Mozilla/5.0 (Windows NT 10.0; Win64; x64) AppleWebKit/537.36 (KHTML, like Gecko) Chrome/131.0.0.0 Safari/537.36"
96.53.0.46 - - [21/Jan/2025:16:22:55 +0000] "GET /wp-includes/js/wp-backbone.min.js?ver=4c07a945f927cfc17b5ef0589d82cf0d HTTP/1.1" 200 1175 "https://ahsmore.mhcollab.ca/my-account/edit-profile/" "Mozilla/5.0 (Windows NT 10.0; Win64; x64) AppleWebKit/537.36 (KHTML, like Gecko) Chrome/131.0.0.0 Safari/537.36"
96.53.0.46 - - [21/Jan/2025:16:22:55 +0000] "GET /wp-includes/js/plupload/wp-plupload.min.js?ver=4c07a945f927cfc17b5ef0589d82cf0d HTTP/1.1" 200 2338 "https://ahsmore.mhcollab.ca/my-account/edit-profile/" "Mozilla/5.0 (Windows NT 10.0; Win64; x64) AppleWebKit/537.36 (KHTML, like Gecko) Chrome/131.0.0.0 Safari/537.36"
96.53.0.46 - - [21/Jan/2025:16:22:55 +0000] "GET /wp-includes/js/media-models.min.js?ver=4c07a945f927cfc17b5ef0589d82cf0d HTTP/1.1" 200 4098 "https://ahsmore.mhcollab.ca/my-account/edit-profile/" "Mozilla/5.0 (Windows NT 10.0; Win64; x64) AppleWebKit/537.36 (KHTML, like Gecko) Chrome/131.0.0.0 Safari/537.36"
96.53.0.46 - - [21/Jan/2025:16:22:55 +0000] "GET /wp-includes/js/plupload/plupload.min.js?ver=2.1.9 HTTP/1.1" 200 5587 "https://ahsmore.mhcollab.ca/my-account/edit-profile/" "Mozilla/5.0 (Windows NT 10.0; Win64; x64) AppleWebKit/537.36 (KHTML, like Gecko) Chrome/131.0.0.0 Safari/537.36"
96.53.0.46 - - [21/Jan/2025:16:22:55 +0000] "GET /wp-includes/js/plupload/moxie.min.js?ver=1.3.5 HTTP/1.1" 200 27378 "https://ahsmore.mhcollab.ca/my-account/edit-profile/" "Mozilla/5.0 (Windows NT 10.0; Win64; x64) AppleWebKit/537.36 (KHTML, like Gecko) Chrome/131.0.0.0 Safari/537.36"
96.53.0.46 - - [21/Jan/2025:16:22:55 +0000] "GET /wp-includes/js/jquery/ui/mouse.min.js?ver=1.13.3 HTTP/1.1" 200 1098 "https://ahsmore.mhcollab.ca/my-account/edit-profile/" "Mozilla/5.0 (Windows NT 10.0; Win64; x64) AppleWebKit/537.36 (KHTML, like Gecko) Chrome/131.0.0.0 Safari/537.36"
96.53.0.46 - - [21/Jan/2025:16:22:55 +0000] "GET /wp-includes/js/mediaelement/mediaelement-migrate.min.js?ver=4c07a945f927cfc17b5ef0589d82cf0d HTTP/1.1" 200 540 "https://ahsmore.mhcollab.ca/my-account/edit-profile/" "Mozilla/5.0 (Windows NT 10.0; Win64; x64) AppleWebKit/537.36 (KHTML, like Gecko) Chrome/131.0.0.0 Safari/537.36"
96.53.0.46 - - [21/Jan/2025:16:22:55 +0000] "GET /wp-includes/js/jquery/ui/sortable.min.js?ver=1.13.3 HTTP/1.1" 200 6586 "https://ahsmore.mhcollab.ca/my-account/edit-profile/" "Mozilla/5.0 (Windows NT 10.0; Win64; x64) AppleWebKit/537.36 (KHTML, like Gecko) Chrome/131.0.0.0 Safari/537.36"
96.53.0.46 - - [21/Jan/2025:16:22:55 +0000] "GET /wp-includes/js/mediaelement/mediaelement-and-player.min.js?ver=4.2.17 HTTP/1.1" 200 38789 "https://ahsmore.mhcollab.ca/my-account/edit-profile/" "Mozilla/5.0 (Windows NT 10.0; Win64; x64) AppleWebKit/537.36 (KHTML, like Gecko) Chrome/131.0.0.0 Safari/537.36"
96.53.0.46 - - [21/Jan/2025:16:22:55 +0000] "GET /wp-includes/js/mediaelement/wp-mediaelement.min.js?ver=4c07a945f927cfc17b5ef0589d82cf0d HTTP/1.1" 200 538 "https://ahsmore.mhcollab.ca/my-account/edit-profile/" "Mozilla/5.0 (Windows NT 10.0; Win64; x64) AppleWebKit/537.36 (KHTML, like Gecko) Chrome/131.0.0.0 Safari/537.36"
96.53.0.46 - - [21/Jan/2025:16:22:55 +0000] "GET /wp-includes/js/api-request.min.js?ver=4c07a945f927cfc17b5ef0589d82cf0d HTTP/1.1" 200 590 "https://ahsmore.mhcollab.ca/my-account/edit-profile/" "Mozilla/5.0 (Windows NT 10.0; Win64; x64) AppleWebKit/537.36 (KHTML, like Gecko) Chrome/131.0.0.0 Safari/537.36"
96.53.0.46 - - [21/Jan/2025:16:22:55 +0000] "GET /wp-includes/js/clipboard.min.js?ver=2.0.11 HTTP/1.1" 200 3150 "https://ahsmore.mhcollab.ca/my-account/edit-profile/" "Mozilla/5.0 (Windows NT 10.0; Win64; x64) AppleWebKit/537.36 (KHTML, like Gecko) Chrome/131.0.0.0 Safari/537.36"
96.53.0.46 - - [21/Jan/2025:16:22:55 +0000] "GET /wp-includes/js/media-views.min.js?ver=4c07a945f927cfc17b5ef0589d82cf0d HTTP/1.1" 200 25967 "https://ahsmore.mhcollab.ca/my-account/edit-profile/" "Mozilla/5.0 (Windows NT 10.0; Win64; x64) AppleWebKit/537.36 (KHTML, like Gecko) Chrome/131.0.0.0 Safari/537.36"
96.53.0.46 - - [21/Jan/2025:16:22:55 +0000] "GET /wp-includes/js/media-editor.min.js?ver=4c07a945f927cfc17b5ef0589d82cf0d HTTP/1.1" 200 3603 "https://ahsmore.mhcollab.ca/my-account/edit-profile/" "Mozilla/5.0 (Windows NT 10.0; Win64; x64) AppleWebKit/537.36 (KHTML, like Gecko) Chrome/131.0.0.0 Safari/537.36"
96.53.0.46 - - [21/Jan/2025:16:22:55 +0000] "GET /wp-includes/js/media-audiovideo.min.js?ver=4c07a945f927cfc17b5ef0589d82cf0d HTTP/1.1" 200 3363 "https://ahsmore.mhcollab.ca/my-account/edit-profile/" "Mozilla/5.0 (Windows NT 10.0; Win64; x64) AppleWebKit/537.36 (KHTML, like Gecko) Chrome/131.0.0.0 Safari/537.36"
96.53.0.46 - - [21/Jan/2025:16:22:55 +0000] "GET /wp-content/plugins/user-registration/assets/js/frontend/user-registration-form-validator.min.js?ver=3.3.5.2 HTTP/1.1" 200 2969 "https://ahsmore.mhcollab.ca/my-account/edit-profile/" "Mozilla/5.0 (Windows NT 10.0; Win64; x64) AppleWebKit/537.36 (KHTML, like Gecko) Chrome/131.0.0.0 Safari/537.36"
96.53.0.46 - - [21/Jan/2025:16:22:54 +0000] "GET /wp-content/plugins/wordfence/modules/login-security/js/wfselect2.min.1736960042.js?ver=1.1.15 HTTP/1.1" 404 24877 "https://ahsmore.mhcollab.ca/my-account/edit-profile/" "Mozilla/5.0 (Windows NT 10.0; Win64; x64) AppleWebKit/537.36 (KHTML, like Gecko) Chrome/131.0.0.0 Safari/537.36"
96.53.0.46 - - [21/Jan/2025:16:22:56 +0000] "GET /wp-content/plugins/wordfence/modules/login-security/css/wfselect2.min.1736960042.css?ver=1.1.15 HTTP/1.1" 404 24877 "https://ahsmore.mhcollab.ca/my-account/edit-profile/" "Mozilla/5.0 (Windows NT 10.0; Win64; x64) AppleWebKit/537.36 (KHTML, like Gecko) Chrome/131.0.0.0 Safari/537.36"
96.53.0.46 - - [21/Jan/2025:16:23:06 +0000] "GET /all-courses/ HTTP/1.1" 200 30759 "https://ahsmore.mhcollab.ca/my-account/edit-profile/" "Mozilla/5.0 (Windows NT 10.0; Win64; x64) AppleWebKit/537.36 (KHTML, like Gecko) Chrome/131.0.0.0 Safari/537.36"
199.185.67.156 - - [21/Jan/2025:16:23:13 +0000] "GET / HTTP/1.1" 200 29642 "-" "Mozilla/5.0 (Windows NT 10.0; Win64; x64) AppleWebKit/537.36 (KHTML, like Gecko) Chrome/132.0.0.0 Safari/537.36"
96.53.0.46 - - [21/Jan/2025:16:23:19 +0000] "GET /wp-admin/admin-ajax.php?action=ld_cg_load_more&nonce=97b10537aa&course_grid=%7B%22page%22%3A%221%22%2C%22post_type%22%3A%22sfwd-courses%22%2C%22per_page%22%3A%2220%22%2C%22orderby%22%3A%22date%22%2C%22order%22%3A%22DESC%22%2C%22taxonomies%22%3A%22%22%2C%22enrollment_status%22%3A%22%22%2C%22progress_status%22%3A%22%22%2C%22thumbnail%22%3A%221%22%2C%22thumbnail_size%22%3A%22course-thumbnail%22%2C%22ribbon%22%3A%221%22%2C%22video%22%3A%22%22%2C%22content%22%3A%221%22%2C%22title%22%3A%221%22%2C%22title_clickable%22%3A%221%22%2C%22description%22%3A%22%22%2C%22description_char_max%22%3A%22120%22%2C%22button%22%3A%221%22%2C%22filter%22%3A%221%22%2C%22pagination%22%3A%22button%22%2C%22grid_height_equal%22%3A%221%22%2C%22progress_bar%22%3A%22%22%2C%22post_meta%22%3A%22%22%2C%22skin%22%3A%22grid%22%2C%22card%22%3A%22grid-2%22%2C%22columns%22%3A%224%22%2C%22min_column_width%22%3A%22200%22%2C%22items_per_row%22%3A%225%22%2C%22font_family_title%22%3A%22montserrat%22%2C%22font_family_description%22%3A%22%22%2C%22font_size_title%22%3A%2228%22%2C%22font_size_description%22%3A%22%22%2C%22font_color_title%22%3A%22%22%2C%22font_color_description%22%3A%22%22%2C%22background_color_title%22%3A%22%22%2C%22background_color_description%22%3A%22%22%2C%22background_color_ribbon%22%3A%22%22%2C%22font_color_ribbon%22%3A%22%22%2C%22background_color_icon%22%3A%22%22%2C%22font_color_icon%22%3A%22%22%2C%22background_color_button%22%3A%22%22%2C%22font_color_button%22%3A%22%22%2C%22class_name%22%3A%22%22%2C%22id%22%3A%22ld-cg-llpkd3sd9t%22%2C%22filter_search%22%3A%221%22%2C%22filter_taxonomies%22%3A%22ld_course_category%22%2C%22filter_price%22%3A%22%22%2C%22filter_price_min%22%3A%220%22%2C%22filter_price_max%22%3A%221000%22%2C%22new_columns%22%3A%224%22%7D&filter=%7B%22search%22%3A%22%22%2C%22price_min%22%3Anull%2C%22price_max%22%3Anull%2C%22ld_course_category%22%3A%5B%5D%7D HTTP/1.1" 200 2592 "https://ahsmore.mhcollab.ca/all-courses/" "Mozilla/5.0 (Windows NT 10.0; Win64; x64) AppleWebKit/537.36 (KHTML, like Gecko) Chrome/131.0.0.0 Safari/537.36"
199.185.67.156 - - [21/Jan/2025:16:23:22 +0000] "GET /login2024/ HTTP/1.1" 200 33063 "https://ahsmore.mhcollab.ca/" "Mozilla/5.0 (Windows NT 10.0; Win64; x64) AppleWebKit/537.36 (KHTML, like Gecko) Chrome/132.0.0.0 Safari/537.36"
199.185.67.156 - - [21/Jan/2025:16:23:23 +0000] "GET /my-account/ HTTP/1.1" 200 34869 "https://ahsmore.mhcollab.ca/" "Mozilla/5.0 (Windows NT 10.0; Win64; x64) AppleWebKit/537.36 (KHTML, like Gecko) Chrome/132.0.0.0 Safari/537.36"
199.185.67.156 - - [21/Jan/2025:16:23:25 +0000] "GET /wp-content/uploads/premium-addons-elementor/pa-frontend-2b1948ee5.min.css?ver=1737476605 HTTP/1.1" 200 1929 "https://ahsmore.mhcollab.ca/my-account/" "Mozilla/5.0 (Windows NT 10.0; Win64; x64) AppleWebKit/537.36 (KHTML, like Gecko) Chrome/132.0.0.0 Safari/537.36"
199.185.67.156 - - [21/Jan/2025:16:23:26 +0000] "GET /wp-content/uploads/premium-addons-elementor/pa-frontend-2b1948ee5.min.js?ver=1737476605 HTTP/1.1" 200 554 "https://ahsmore.mhcollab.ca/my-account/" "Mozilla/5.0 (Windows NT 10.0; Win64; x64) AppleWebKit/537.36 (KHTML, like Gecko) Chrome/132.0.0.0 Safari/537.36"
45.56.220.125 - - [21/Jan/2025:16:23:28 +0000] "POST /wp-cron.php?doing_wp_cron=1737476608.2614469528198242187500 HTTP/1.1" 200 - "-" "WordPress/6.7.1; https://ahsmore.mhcollab.ca"
199.185.67.156 - - [21/Jan/2025:16:23:26 +0000] "GET /wp-content/plugins/wordfence/modules/login-security/js/wfselect2.min.1736960042.js?ver=1.1.15 HTTP/1.1" 404 24820 "https://ahsmore.mhcollab.ca/my-account/" "Mozilla/5.0 (Windows NT 10.0; Win64; x64) AppleWebKit/537.36 (KHTML, like Gecko) Chrome/132.0.0.0 Safari/537.36"
199.185.67.156 - - [21/Jan/2025:16:23:28 +0000] "GET /wp-content/plugins/wordfence/modules/login-security/css/wfselect2.min.1736960042.css?ver=1.1.15 HTTP/1.1" 404 24820 "https://ahsmore.mhcollab.ca/my-account/" "Mozilla/5.0 (Windows NT 10.0; Win64; x64) AppleWebKit/537.36 (KHTML, like Gecko) Chrome/132.0.0.0 Safari/537.36"
199.185.67.156 - - [21/Jan/2025:16:23:30 +0000] "GET /all-courses/ HTTP/1.1" 200 30716 "https://ahsmore.mhcollab.ca/my-account/" "Mozilla/5.0 (Windows NT 10.0; Win64; x64) AppleWebKit/537.36 (KHTML, like Gecko) Chrome/132.0.0.0 Safari/537.36"
96.53.0.46 - - [21/Jan/2025:16:23:46 +0000] "GET /wp-admin/admin-ajax.php?action=ld_cg_load_more&nonce=97b10537aa&course_grid=%7B%22page%22%3A%222%22%2C%22post_type%22%3A%22sfwd-courses%22%2C%22per_page%22%3A%2220%22%2C%22orderby%22%3A%22date%22%2C%22order%22%3A%22DESC%22%2C%22taxonomies%22%3A%22%22%2C%22enrollment_status%22%3A%22%22%2C%22progress_status%22%3A%22%22%2C%22thumbnail%22%3A%221%22%2C%22thumbnail_size%22%3A%22course-thumbnail%22%2C%22ribbon%22%3A%221%22%2C%22video%22%3A%22%22%2C%22content%22%3A%221%22%2C%22title%22%3A%221%22%2C%22title_clickable%22%3A%221%22%2C%22description%22%3A%22%22%2C%22description_char_max%22%3A%22120%22%2C%22button%22%3A%221%22%2C%22filter%22%3A%221%22%2C%22pagination%22%3A%22button%22%2C%22grid_height_equal%22%3A%221%22%2C%22progress_bar%22%3A%22%22%2C%22post_meta%22%3A%22%22%2C%22skin%22%3A%22grid%22%2C%22card%22%3A%22grid-2%22%2C%22columns%22%3A%224%22%2C%22min_column_width%22%3A%22200%22%2C%22items_per_row%22%3A%225%22%2C%22font_family_title%22%3A%22montserrat%22%2C%22font_family_description%22%3A%22%22%2C%22font_size_title%22%3A%2228%22%2C%22font_size_description%22%3A%22%22%2C%22font_color_title%22%3A%22%22%2C%22font_color_description%22%3A%22%22%2C%22background_color_title%22%3A%22%22%2C%22background_color_description%22%3A%22%22%2C%22background_color_ribbon%22%3A%22%22%2C%22font_color_ribbon%22%3A%22%22%2C%22background_color_icon%22%3A%22%22%2C%22font_color_icon%22%3A%22%22%2C%22background_color_button%22%3A%22%22%2C%22font_color_button%22%3A%22%22%2C%22class_name%22%3A%22%22%2C%22id%22%3A%22ld-cg-llpkd3sd9t%22%2C%22filter_search%22%3A%221%22%2C%22filter_taxonomies%22%3A%22ld_course_category%22%2C%22filter_price%22%3A%22%22%2C%22filter_price_min%22%3A%220%22%2C%22filter_price_max%22%3A%221000%22%2C%22new_columns%22%3A%224%22%7D&filter=%7B%22search%22%3A%22%22%2C%22price_min%22%3Anull%2C%22price_max%22%3Anull%2C%22ld_course_category%22%3A%5B%5D%7D HTTP/1.1" 200 1792 "https://ahsmore.mhcollab.ca/all-courses/" "Mozilla/5.0 (Windows NT 10.0; Win64; x64) AppleWebKit/537.36 (KHTML, like Gecko) Chrome/131.0.0.0 Safari/537.36"
199.185.67.156 - - [21/Jan/2025:16:23:52 +0000] "GET /courses/what-is-self-harming-basics-for-parents-to-know/ HTTP/1.1" 200 26354 "https://ahsmore.mhcollab.ca/all-courses/" "Mozilla/5.0 (Windows NT 10.0; Win64; x64) AppleWebKit/537.36 (KHTML, like Gecko) Chrome/132.0.0.0 Safari/537.36"
96.53.0.46 - - [21/Jan/2025:16:23:59 +0000] "GET /courses/fostering-resiliency-and-a-growth-mindset-in-students/ HTTP/1.1" 200 26486 "https://ahsmore.mhcollab.ca/all-courses/" "Mozilla/5.0 (Windows NT 10.0; Win64; x64) AppleWebKit/537.36 (KHTML, like Gecko) Chrome/131.0.0.0 Safari/537.36"
96.53.0.46 - - [21/Jan/2025:16:24:03 +0000] "GET /?post_type=sfwd-certificates&p=48224&course_id=1574&cert-nonce=659c1e107f HTTP/1.1" 404 24732 "https://ahsmore.mhcollab.ca/courses/fostering-resiliency-and-a-growth-mindset-in-students/" "Mozilla/5.0 (Windows NT 10.0; Win64; x64) AppleWebKit/537.36 (KHTML, like Gecko) Chrome/131.0.0.0 Safari/537.36"
199.185.67.156 - - [21/Jan/2025:16:24:06 +0000] "GET /courses/what-is-self-harming-basics-for-parents-to-know/lessons/lesson-19ces03/ HTTP/1.1" 200 25630 "https://ahsmore.mhcollab.ca/courses/what-is-self-harming-basics-for-parents-to-know/" "Mozilla/5.0 (Windows NT 10.0; Win64; x64) AppleWebKit/537.36 (KHTML, like Gecko) Chrome/132.0.0.0 Safari/537.36"
199.185.67.156 - - [21/Jan/2025:16:24:07 +0000] "GET /wp-content/uploads/articulate_uploads/Self-Harm-CES-FINAL6/story.html HTTP/1.1" 200 2557 "https://ahsmore.mhcollab.ca/courses/what-is-self-harming-basics-for-parents-to-know/lessons/lesson-19ces03/" "Mozilla/5.0 (Windows NT 10.0; Win64; x64) AppleWebKit/537.36 (KHTML, like Gecko) Chrome/132.0.0.0 Safari/537.36"
199.185.67.156 - - [21/Jan/2025:16:24:07 +0000] "GET /wp-content/uploads/articulate_uploads/Self-Harm-CES-FINAL6/story_content/user.js HTTP/1.1" 200 67 "https://ahsmore.mhcollab.ca/wp-content/uploads/articulate_uploads/Self-Harm-CES-FINAL6/story.html" "Mozilla/5.0 (Windows NT 10.0; Win64; x64) AppleWebKit/537.36 (KHTML, like Gecko) Chrome/132.0.0.0 Safari/537.36"
199.185.67.156 - - [21/Jan/2025:16:24:07 +0000] "GET /wp-content/uploads/articulate_uploads/Self-Harm-CES-FINAL6/html5/lib/scripts/ds-bootstrap.min.js HTTP/1.1" 200 169157 "https://ahsmore.mhcollab.ca/wp-content/uploads/articulate_uploads/Self-Harm-CES-FINAL6/story.html" "Mozilla/5.0 (Windows NT 10.0; Win64; x64) AppleWebKit/537.36 (KHTML, like Gecko) Chrome/132.0.0.0 Safari/537.36"
