142.166.29.108 - - [21/Jan/2025:12:22:18 +0000] "GET /wp-content/uploads/articulate_uploads/October-2017-ACES-and-Resiliency-Part-23/mobile/5uJ6o1XMr7B_80_DX1440_DY1440_CX720_CY89.jpg HTTP/1.1" 200 10961 "https://ahsmore.mhcollab.ca/wp-content/uploads/articulate_uploads/October-2017-ACES-and-Resiliency-Part-23/story_html5.html?lms=1" "Mozilla/5.0 (Windows NT 10.0; Win64; x64) AppleWebKit/537.36 (KHTML, like Gecko) Chrome/132.0.0.0 Safari/537.36 Edg/132.0.0.0"
142.166.29.108 - - [21/Jan/2025:12:22:18 +0000] "GET /wp-content/uploads/articulate_uploads/October-2017-ACES-and-Resiliency-Part-23/mobile/slides/5fYvWDYv2F2.js HTTP/1.1" 200 3212 "https://ahsmore.mhcollab.ca/wp-content/uploads/articulate_uploads/October-2017-ACES-and-Resiliency-Part-23/story_html5.html?lms=1" "Mozilla/5.0 (Windows NT 10.0; Win64; x64) AppleWebKit/537.36 (KHTML, like Gecko) Chrome/132.0.0.0 Safari/537.36 Edg/132.0.0.0"
142.166.29.108 - - [21/Jan/2025:12:22:18 +0000] "GET /wp-content/uploads/articulate_uploads/October-2017-ACES-and-Resiliency-Part-23/story_content/6bCB0D9Iipj_22050_48.mp3 HTTP/1.1" 200 77961 "https://ahsmore.mhcollab.ca/wp-content/uploads/articulate_uploads/October-2017-ACES-and-Resiliency-Part-23/story_html5.html?lms=1" "Mozilla/5.0 (Windows NT 10.0; Win64; x64) AppleWebKit/537.36 (KHTML, like Gecko) Chrome/132.0.0.0 Safari/537.36 Edg/132.0.0.0"
45.56.220.125 - - [21/Jan/2025:12:32:16 +0000] "POST /staging/wp-cron.php?doing_wp_cron=1737462736.2985789775848388671875 HTTP/1.1" 200 - "-" "WordPress/6.7.1; https://ahsmore.mhcollab.ca/staging"
51.222.253.12 - - [21/Jan/2025:12:32:15 +0000] "GET /staging/courses/teaching-sexuality/ HTTP/1.1" 200 16364 "-" "Mozilla/5.0 (compatible; AhrefsBot/7.0; +http://ahrefs.com/robot/)"
45.56.220.125 - - [21/Jan/2025:12:32:24 +0000] "POST /wp-cron.php?doing_wp_cron=1737462744.3050780296325683593750 HTTP/1.1" 200 - "-" "WordPress/6.7.1; https://ahsmore.mhcollab.ca"
142.166.29.108 - - [21/Jan/2025:12:32:23 +0000] "POST /wp-admin/admin-ajax.php HTTP/1.1" 200 36 "https://ahsmore.mhcollab.ca/courses/aces/lessons/1701-aces-p2/" "Mozilla/5.0 (Windows NT 10.0; Win64; x64) AppleWebKit/537.36 (KHTML, like Gecko) Chrome/132.0.0.0 Safari/537.36 Edg/132.0.0.0"
45.56.220.125 - - [21/Jan/2025:12:36:42 +0000] "POST /wp-cron.php?doing_wp_cron=1737463002.8847351074218750000000 HTTP/1.1" 200 - "-" "WordPress/6.7.1; https://ahsmore.mhcollab.ca"
185.100.85.24 - - [21/Jan/2025:12:36:41 +0000] "POST /xmlrpc.php HTTP/1.1" 200 217 "https://www.google.com/" "Mozilla/5.0 (X11; Ubuntu; Linux x86_64; rv:65.0) Gecko/20100101 Firefox/65.0"
185.220.101.21 - - [21/Jan/2025:12:36:44 +0000] "POST /xmlrpc.php HTTP/1.1" 200 217 "https://www.google.com/" "Mozilla/5.0 (Windows NT 10.0; Win64; x64) AppleWebKit/537.36 (KHTML, like Gecko) Chrome/67.0.3396.99 Safari/537.36"
45.56.220.125 - - [21/Jan/2025:12:44:44 +0000] "POST /wp-cron.php?doing_wp_cron=1737463484.0828750133514404296875 HTTP/1.1" 200 - "-" "WordPress/6.7.1; https://ahsmore.mhcollab.ca"
51.222.253.17 - - [21/Jan/2025:12:44:42 +0000] "GET /staging/ HTTP/1.1" 404 24279 "-" "Mozilla/5.0 (compatible; AhrefsBot/7.0; +http://ahrefs.com/robot/)"
45.56.220.125 - - [21/Jan/2025:12:45:57 +0000] "POST /wp-cron.php?doing_wp_cron=1737463556.9934949874877929687500 HTTP/1.1" 200 - "-" "WordPress/6.7.1; https://ahsmore.mhcollab.ca"
80.67.167.81 - - [21/Jan/2025:12:45:55 +0000] "POST /xmlrpc.php HTTP/1.1" 200 217 "https://www.google.com/" "Mozilla/5.0 (X11; Linux x86_64) AppleWebKit/537.36 (KHTML, like Gecko) Chrome/77.0.3865.120 Safari/537.36"
192.42.116.192 - - [21/Jan/2025:12:45:58 +0000] "POST /xmlrpc.php HTTP/1.1" 200 217 "https://www.google.com/" "Mozilla/5.0 (Windows NT 10.0; Win64; x64) AppleWebKit/537.36 (KHTML, like Gecko) Chrome/88.0.4324.182 Safari/537.36 Edg/88.0.705.81"
45.56.220.125 - - [21/Jan/2025:12:48:24 +0000] "POST /wp-cron.php?doing_wp_cron=1737463704.2540779113769531250000 HTTP/1.1" 200 - "-" "WordPress/6.7.1; https://ahsmore.mhcollab.ca"
5.255.102.89 - - [21/Jan/2025:12:48:22 +0000] "POST /xmlrpc.php HTTP/1.1" 200 217 "https://www.google.com/" "Mozilla/5.0 (Windows NT 10.0; Win64; x64) AppleWebKit/537.36 (KHTML, like Gecko) Chrome/88.0.4324.104 Safari/537.36"
45.56.220.125 - - [21/Jan/2025:12:48:26 +0000] "POST /wp-cron.php?doing_wp_cron=1737463706.9410989284515380859375 HTTP/1.1" 200 - "-" "WordPress/6.7.1; https://ahsmore.mhcollab.ca"
45.141.215.97 - - [21/Jan/2025:12:48:25 +0000] "POST /xmlrpc.php HTTP/1.1" 200 217 "https://www.google.com/" "Mozilla/5.0 (Macintosh; Intel Mac OS X 10_10_5) AppleWebKit/603.3.8 (KHTML, like Gecko) Version/10.1.2 Safari/603.3.8"
45.56.220.125 - - [21/Jan/2025:12:53:17 +0000] "POST /wp-cron.php?doing_wp_cron=1737463997.0071270465850830078125 HTTP/1.1" 200 - "-" "WordPress/6.7.1; https://ahsmore.mhcollab.ca"
192.42.116.181 - - [21/Jan/2025:12:53:15 +0000] "POST /xmlrpc.php HTTP/1.1" 200 217 "https://www.google.com/" "Mozilla/5.0 (Macintosh; Intel Mac OS X 10_11_6) AppleWebKit/601.7.7 (KHTML, like Gecko) Version/9.1.2 Safari/601.7.7"
185.220.100.244 - - [21/Jan/2025:12:53:18 +0000] "POST /xmlrpc.php HTTP/1.1" 200 217 "https://www.google.com/" "Mozilla/5.0 (Windows NT 10.0; Win64; x64) AppleWebKit/537.36 (KHTML, like Gecko) Chrome/74.0.3729.157 Safari/537.36"
45.56.220.125 - - [21/Jan/2025:12:56:10 +0000] "POST /staging/wp-cron.php?doing_wp_cron=1737464170.2091679573059082031250 HTTP/1.1" 200 - "-" "WordPress/6.7.1; https://ahsmore.mhcollab.ca/staging"
51.222.253.11 - - [21/Jan/2025:12:56:08 +0000] "GET /staging/courses/substance-use/curious-about-cannabis/ HTTP/1.1" 404 14362 "-" "Mozilla/5.0 (compatible; AhrefsBot/7.0; +http://ahrefs.com/robot/)"
45.56.220.125 - - [21/Jan/2025:12:56:56 +0000] "POST /wp-cron.php?doing_wp_cron=1737464216.0875480175018310546875 HTTP/1.1" 200 - "-" "WordPress/6.7.1; https://ahsmore.mhcollab.ca"
45.84.107.101 - - [21/Jan/2025:12:56:54 +0000] "POST /xmlrpc.php HTTP/1.1" 200 217 "https://www.google.com/" "Mozilla/5.0 (Windows NT 10.0; Win64; x64) AppleWebKit/537.36 (KHTML, like Gecko) Chrome/70.0.3538.102 Safari/537.36 Edge/18.18362"
192.42.116.182 - - [21/Jan/2025:12:56:57 +0000] "POST /xmlrpc.php HTTP/1.1" 200 217 "https://www.google.com/" "Mozilla/5.0 (Windows NT 10.0; Win64; x64) AppleWebKit/537.36 (KHTML, like Gecko) Chrome/85.0.4183.121 Safari/537.36"
45.56.220.125 - - [21/Jan/2025:13:06:21 +0000] "POST /wp-cron.php?doing_wp_cron=1737464781.9052269458770751953125 HTTP/1.1" 200 - "-" "WordPress/6.7.1; https://ahsmore.mhcollab.ca"
217.182.175.38 - - [21/Jan/2025:13:06:20 +0000] "GET /robots.txt HTTP/1.1" 200 120 "-" "Mozilla/5.0 (compatible; MJ12bot/v1.4.8; http://mj12bot.com/)"
45.56.220.125 - - [21/Jan/2025:13:06:26 +0000] "POST /staging/wp-cron.php?doing_wp_cron=1737464786.9482738971710205078125 HTTP/1.1" 200 - "-" "WordPress/6.7.1; https://ahsmore.mhcollab.ca/staging"
217.182.175.38 - - [21/Jan/2025:13:06:26 +0000] "GET /staging/cannabis-edibles-101/ HTTP/1.1" 200 15337 "-" "Mozilla/5.0 (compatible; MJ12bot/v1.4.8; http://mj12bot.com/)"
217.182.175.38 - - [21/Jan/2025:13:06:31 +0000] "GET /staging/meet-an-expert-school-based-suicidal-ideation-response-protocol-committee/feed/ HTTP/1.1" 200 490 "-" "Mozilla/5.0 (compatible; MJ12bot/v1.4.8; http://mj12bot.com/)"
23.137.253.110 - - [21/Jan/2025:13:06:31 +0000] "POST /xmlrpc.php HTTP/1.1" 200 217 "https://www.google.com/" "Mozilla/5.0 (Macintosh; Intel Mac OS X 10_10_5) AppleWebKit/603.3.8 (KHTML, like Gecko) Version/10.1.2 Safari/603.3.8"
192.42.116.196 - - [21/Jan/2025:13:06:34 +0000] "POST /xmlrpc.php HTTP/1.1" 200 217 "https://www.google.com/" "Mozilla/5.0 (X11; Linux x86_64) AppleWebKit/537.36 (KHTML, like Gecko) Chrome/64.0.3282.24 Safari/537.36"
45.56.220.125 - - [21/Jan/2025:13:14:02 +0000] "POST /wp-cron.php?doing_wp_cron=1737465242.6715888977050781250000 HTTP/1.1" 200 - "-" "WordPress/6.7.1; https://ahsmore.mhcollab.ca"
85.208.96.212 - - [21/Jan/2025:13:14:01 +0000] "GET /robots.txt HTTP/1.1" 200 116 "-" "Mozilla/5.0 (compatible; SemrushBot/7~bl; +http://www.semrush.com/bot.html)"
45.56.220.125 - - [21/Jan/2025:13:14:04 +0000] "POST /staging/wp-cron.php?doing_wp_cron=1737465244.0668139457702636718750 HTTP/1.1" 200 - "-" "WordPress/6.7.1; https://ahsmore.mhcollab.ca/staging"
185.191.171.5 - - [21/Jan/2025:13:14:03 +0000] "GET /staging/profile-3/ HTTP/1.1" 200 14127 "-" "Mozilla/5.0 (compatible; SemrushBot/7~bl; +http://www.semrush.com/bot.html)"
185.220.101.27 - - [21/Jan/2025:13:14:12 +0000] "POST /xmlrpc.php HTTP/1.1" 200 217 "https://www.google.com/" "Mozilla/5.0 (Windows NT 10.0; Win64; x64) AppleWebKit/537.36 (KHTML, like Gecko) Chrome/74.0.3729.169 Safari/537.36"
185.246.188.73 - - [21/Jan/2025:13:14:15 +0000] "POST /xmlrpc.php HTTP/1.1" 200 217 "https://www.google.com/" "Mozilla/5.0 (Macintosh; Intel Mac OS X 10_10; rv:33.0) Gecko/20100101 Firefox/33.0"
45.56.220.125 - - [21/Jan/2025:13:14:40 +0000] "POST /staging/wp-cron.php?doing_wp_cron=1737465280.5268580913543701171875 HTTP/1.1" 200 - "-" "WordPress/6.7.1; https://ahsmore.mhcollab.ca/staging"
185.191.171.1 - - [21/Jan/2025:13:14:39 +0000] "GET /staging/meet-an-expert-julie-van-wensem/ HTTP/1.1" 200 15557 "-" "Mozilla/5.0 (compatible; SemrushBot/7~bl; +http://www.semrush.com/bot.html)"
45.56.220.125 - - [21/Jan/2025:13:17:05 +0000] "POST /wp-cron.php?doing_wp_cron=1737465425.2440929412841796875000 HTTP/1.1" 200 - "-" "WordPress/6.7.1; https://ahsmore.mhcollab.ca"
5.255.120.219 - - [21/Jan/2025:13:17:03 +0000] "POST /xmlrpc.php HTTP/1.1" 200 217 "https://www.google.com/" "Mozilla/5.0 (Windows NT 10.0; Win64; x64) AppleWebKit/537.36 (KHTML, like Gecko) Chrome/74.0.3729.131 Safari/537.36"
45.84.107.76 - - [21/Jan/2025:13:17:06 +0000] "POST /xmlrpc.php HTTP/1.1" 200 217 "https://www.google.com/" "Mozilla/5.0 (Windows NT 5.1; Win64; x64) AppleWebKit/537.36 (KHTML, like Gecko) Chrome/60.0.3112.90 Safari/537.36"
45.56.220.125 - - [21/Jan/2025:13:19:45 +0000] "POST /staging/wp-cron.php?doing_wp_cron=1737465585.5497159957885742187500 HTTP/1.1" 200 - "-" "WordPress/6.7.1; https://ahsmore.mhcollab.ca/staging"
185.191.171.12 - - [21/Jan/2025:13:19:44 +0000] "GET /staging/school-based-suicidal-ideation-si-response-protocol/ HTTP/1.1" 200 15661 "-" "Mozilla/5.0 (compatible; SemrushBot/7~bl; +http://www.semrush.com/bot.html)"
45.56.220.125 - - [21/Jan/2025:13:21:33 +0000] "POST /wp-cron.php?doing_wp_cron=1737465693.0089249610900878906250 HTTP/1.1" 200 - "-" "WordPress/6.7.1; https://ahsmore.mhcollab.ca"
51.222.253.8 - - [21/Jan/2025:13:21:31 +0000] "GET /staging/?page_id=40323 HTTP/1.1" 302 28857 "-" "Mozilla/5.0 (compatible; AhrefsBot/7.0; +http://ahrefs.com/robot/)"
45.56.220.125 - - [21/Jan/2025:13:27:15 +0000] "POST /wp-cron.php?doing_wp_cron=1737466035.0585489273071289062500 HTTP/1.1" 200 - "-" "WordPress/6.7.1; https://ahsmore.mhcollab.ca"
193.189.100.200 - - [21/Jan/2025:13:27:13 +0000] "POST /xmlrpc.php HTTP/1.1" 200 217 "https://www.google.com/" "Mozilla/5.0 (Windows NT 10.0; Win64; x64) AppleWebKit/537.36 (KHTML, like Gecko) Chrome/78.0.3904.108 Safari/537.36"
185.220.101.24 - - [21/Jan/2025:13:27:16 +0000] "POST /xmlrpc.php HTTP/1.1" 200 217 "https://www.google.com/" "Mozilla/5.0 (Windows NT 10.0; Win64; x64) AppleWebKit/537.36 (KHTML, like Gecko) Chrome/74.0.3729.157 Safari/537.36"
45.56.220.125 - - [21/Jan/2025:13:40:47 +0000] "POST /staging/wp-cron.php?doing_wp_cron=1737466847.6441099643707275390625 HTTP/1.1" 200 - "-" "WordPress/6.7.1; https://ahsmore.mhcollab.ca/staging"
51.222.253.16 - - [21/Jan/2025:13:40:46 +0000] "GET /staging/my-account/lost-password/ HTTP/1.1" 200 17784 "-" "Mozilla/5.0 (compatible; AhrefsBot/7.0; +http://ahrefs.com/robot/)"
45.56.220.125 - - [21/Jan/2025:13:48:52 +0000] "POST /wp-cron.php?doing_wp_cron=1737467332.0162980556488037109375 HTTP/1.1" 200 - "-" "WordPress/6.7.1; https://ahsmore.mhcollab.ca"
52.201.182.91 - - [21/Jan/2025:13:48:50 +0000] "GET / HTTP/1.1" 200 29236 "http://ahsmore.mhcollab.ca" "Mediapartners-Google"
52.201.182.91 - - [21/Jan/2025:13:48:52 +0000] "GET / HTTP/1.1" 200 29236 "http://ahsmore.mhcollab.ca" "Mozilla/6.0 (Windows NT 5.0; U; Linux x86; de-DE; ver:2.3) Iron/72.9.1 AppleWebKit/55.6.5 AppleWebKit/7.9.6"
52.201.182.91 - - [21/Jan/2025:13:48:55 +0000] "GET / HTTP/1.1" 200 29236 "http://ahsmore.mhcollab.ca" "Go-http-client/1.1"
52.201.182.91 - - [21/Jan/2025:13:49:10 +0000] "GET / HTTP/1.1" 200 29236 "http://ahsmore.mhcollab.ca" "Go-http-client/1.1"
45.56.220.125 - - [21/Jan/2025:13:54:55 +0000] "POST /wp-cron.php?doing_wp_cron=1737467695.2078258991241455078125 HTTP/1.1" 200 - "-" "WordPress/6.7.1; https://ahsmore.mhcollab.ca"
51.222.253.10 - - [21/Jan/2025:13:54:53 +0000] "GET /courses/wellness-bio-psycho-social-spiritual/ HTTP/1.1" 200 26037 "-" "Mozilla/5.0 (compatible; AhrefsBot/7.0; +http://ahrefs.com/robot/)"
185.220.101.15 - - [21/Jan/2025:13:54:57 +0000] "POST /xmlrpc.php HTTP/1.1" 200 217 "https://www.google.com/" "Mozilla/5.0 (Windows NT 10.0; Win64; x64) AppleWebKit/537.36 (KHTML, like Gecko) Chrome/88.0.4324.104 Safari/537.36"
109.70.100.6 - - [21/Jan/2025:13:54:59 +0000] "POST /xmlrpc.php HTTP/1.1" 200 217 "https://www.google.com/" "Mozilla/5.0 (Windows NT 10.0; Win64; x64) AppleWebKit/537.36 (KHTML, like Gecko) Chrome/79.0.3945.130 Safari/537.36"
45.56.220.125 - - [21/Jan/2025:13:56:53 +0000] "POST /wp-cron.php?doing_wp_cron=1737467813.0955879688262939453125 HTTP/1.1" 200 - "-" "WordPress/6.7.1; https://ahsmore.mhcollab.ca"
185.220.100.241 - - [21/Jan/2025:13:56:51 +0000] "POST /xmlrpc.php HTTP/1.1" 200 217 "https://www.google.com/" "Mozilla/5.0 (X11; Linux x86_64) AppleWebKit/537.36 (KHTML, like Gecko) Chrome/80.0.3987.87 Safari/537.36"
185.117.215.9 - - [21/Jan/2025:13:56:54 +0000] "POST /xmlrpc.php HTTP/1.1" 200 217 "https://www.google.com/" "Mozilla/5.0 (Windows NT 10.0; Win64; x64) AppleWebKit/537.36 (KHTML, like Gecko) Chrome/80.0.3987.149 Safari/537.36"
45.56.220.125 - - [21/Jan/2025:14:02:57 +0000] "POST /wp-cron.php?doing_wp_cron=1737468177.0819649696350097656250 HTTP/1.1" 200 - "-" "WordPress/6.7.1; https://ahsmore.mhcollab.ca"
185.220.100.251 - - [21/Jan/2025:14:02:55 +0000] "POST /xmlrpc.php HTTP/1.1" 200 217 "https://www.google.com/" "Mozilla/5.0 (Windows NT 10.0) AppleWebKit/537.36 (KHTML, like Gecko) Chrome/72.0.3626.121 Safari/537.36"
192.42.116.217 - - [21/Jan/2025:14:02:58 +0000] "POST /xmlrpc.php HTTP/1.1" 200 217 "https://www.google.com/" "Mozilla/5.0 (Windows NT 6.1; Win64; x64) AppleWebKit/537.36 (KHTML, like Gecko) Chrome/60.0.3112.90 Safari/537.36"
45.56.220.125 - - [21/Jan/2025:14:03:46 +0000] "POST /staging/wp-cron.php?doing_wp_cron=1737468226.3649508953094482421875 HTTP/1.1" 200 - "-" "WordPress/6.7.1; https://ahsmore.mhcollab.ca/staging"
85.208.96.199 - - [21/Jan/2025:14:03:45 +0000] "GET /staging/category/design-branding/ HTTP/1.1" 200 14546 "-" "Mozilla/5.0 (compatible; SemrushBot/7~bl; +http://www.semrush.com/bot.html)"
45.56.220.125 - - [21/Jan/2025:14:11:49 +0000] "POST /staging/wp-cron.php?doing_wp_cron=1737468709.0239350795745849609375 HTTP/1.1" 200 - "-" "WordPress/6.7.1; https://ahsmore.mhcollab.ca/staging"
114.119.140.4 - - [21/Jan/2025:14:11:48 +0000] "GET /staging/courses/substance-use/cannabis-what-is-it/ HTTP/1.1" 301 - "https://ahsmore.mhcollab.ca/staging/cannabis-what-is-it/" "Mozilla/5.0 (Linux; Android 7.0;) AppleWebKit/537.36 (KHTML, like Gecko) Mobile Safari/537.36 (compatible; PetalBot;+https://webmaster.petalsearch.com/site/petalbot)"
114.119.140.4 - - [21/Jan/2025:14:11:50 +0000] "GET /staging/cannabis-what-is-it/ HTTP/1.1" 200 15487 "https://ahsmore.mhcollab.ca/staging/cannabis-what-is-it/" "Mozilla/5.0 (Linux; Android 7.0;) AppleWebKit/537.36 (KHTML, like Gecko) Mobile Safari/537.36 (compatible; PetalBot;+https://webmaster.petalsearch.com/site/petalbot)"
45.56.220.125 - - [21/Jan/2025:14:15:17 +0000] "POST /wp-cron.php?doing_wp_cron=1737468917.9519460201263427734375 HTTP/1.1" 200 - "-" "WordPress/6.7.1; https://ahsmore.mhcollab.ca"
66.249.77.98 - - [21/Jan/2025:14:15:11 +0000] "GET /robots.txt HTTP/1.1" 200 116 "-" "Mozilla/5.0 (compatible; Googlebot/2.1; +http://www.google.com/bot.html)"
66.249.77.99 - - [21/Jan/2025:14:15:18 +0000] "GET /courses/aces/ HTTP/1.1" 200 25901 "-" "Mozilla/5.0 (Linux; Android 6.0.1; Nexus 5X Build/MMB29P) AppleWebKit/537.36 (KHTML, like Gecko) Chrome/99.0.4844.84 Mobile Safari/537.36 (compatible; Googlebot/2.1; +http://www.google.com/bot.html)"
66.249.77.98 - - [21/Jan/2025:14:15:18 +0000] "GET /courses/aces/ HTTP/1.1" 200 25901 "-" "Mozilla/5.0 (compatible; Googlebot/2.1; +http://www.google.com/bot.html)"
66.249.77.98 - - [21/Jan/2025:14:15:20 +0000] "GET /wp-content/plugins/uncanny-learndash-toolkit/src/assets/frontend/dist/bundle.min.js?ver=3.7.0.1 HTTP/1.1" 200 11838 "https://ahsmore.mhcollab.ca/courses/aces/" "Mozilla/5.0 (Linux; Android 6.0.1; Nexus 5X Build/MMB29P) AppleWebKit/537.36 (KHTML, like Gecko) Chrome/131.0.6778.264 Mobile Safari/537.36 (compatible; Googlebot/2.1; +http://www.google.com/bot.html)"
66.249.77.99 - - [21/Jan/2025:14:15:20 +0000] "GET /wp-content/plugins/uncanny-learndash-toolkit/src/assets/frontend/dist/bundle.min.js?ver=3.7.0.1 HTTP/1.1" 200 11838 "https://ahsmore.mhcollab.ca/courses/aces/" "Mozilla/5.0 AppleWebKit/537.36 (KHTML, like Gecko; compatible; Googlebot/2.1; +http://www.google.com/bot.html) Chrome/131.0.6778.264 Safari/537.36"
45.56.220.125 - - [21/Jan/2025:14:15:12 +0000] "POST /?mailpoet_router&endpoint=cron_daemon&action=run&data=eyJ0b2tlbiI6IjFscGU3In0 HTTP/1.1" 503 29236 "-" "MailPoet Cron"
45.56.220.125 - - [21/Jan/2025:14:23:14 +0000] "POST /wp-cron.php?doing_wp_cron=1737469394.2230260372161865234375 HTTP/1.1" 200 - "-" "WordPress/6.7.1; https://ahsmore.mhcollab.ca"
66.249.77.100 - - [21/Jan/2025:14:23:07 +0000] "GET /registration/ HTTP/1.1" 200 32667 "-" "Mozilla/5.0 (Linux; Android 6.0.1; Nexus 5X Build/MMB29P) AppleWebKit/537.36 (KHTML, like Gecko) Chrome/132.0.6834.83 Mobile Safari/537.36 (compatible; Googlebot/2.1; +http://www.google.com/bot.html)"
66.249.77.98 - - [21/Jan/2025:14:23:15 +0000] "GET /wp-content/uploads/elementor/css/post-3745.css?ver=1736640000 HTTP/1.1" 200 202 "https://ahsmore.mhcollab.ca/registration/" "Mozilla/5.0 (Linux; Android 6.0.1; Nexus 5X Build/MMB29P) AppleWebKit/537.36 (KHTML, like Gecko) Chrome/131.0.6778.264 Mobile Safari/537.36 (compatible; Googlebot/2.1; +http://www.google.com/bot.html)"
66.249.77.99 - - [21/Jan/2025:14:23:15 +0000] "GET /wp-content/plugins/user-registration/assets/css/sweetalert2/sweetalert2.min.css?ver=10.16.7 HTTP/1.1" 200 4232 "https://ahsmore.mhcollab.ca/registration/" "Mozilla/5.0 (Linux; Android 6.0.1; Nexus 5X Build/MMB29P) AppleWebKit/537.36 (KHTML, like Gecko) Chrome/131.0.6778.264 Mobile Safari/537.36 (compatible; Googlebot/2.1; +http://www.google.com/bot.html)"
66.249.77.99 - - [21/Jan/2025:14:23:16 +0000] "GET /wp-content/plugins/elementor/assets/css/widget-alert.min.css?ver=3.26.5 HTTP/1.1" 200 545 "https://ahsmore.mhcollab.ca/registration/" "Mozilla/5.0 (Linux; Android 6.0.1; Nexus 5X Build/MMB29P) AppleWebKit/537.36 (KHTML, like Gecko) Chrome/131.0.6778.264 Mobile Safari/537.36 (compatible; Googlebot/2.1; +http://www.google.com/bot.html)"
66.249.77.99 - - [21/Jan/2025:14:23:16 +0000] "GET /wp-content/plugins/user-registration/assets/js/frontend/jquery.validate.min.js?ver=1.19.5 HTTP/1.1" 200 7917 "https://ahsmore.mhcollab.ca/registration/" "Mozilla/5.0 (Linux; Android 6.0.1; Nexus 5X Build/MMB29P) AppleWebKit/537.36 (KHTML, like Gecko) Chrome/131.0.6778.264 Mobile Safari/537.36 (compatible; Googlebot/2.1; +http://www.google.com/bot.html)"
66.249.77.99 - - [21/Jan/2025:14:23:16 +0000] "GET /wp-content/plugins/user-registration/assets/js/inputmask/jquery.inputmask.bundle.min.js?ver=4.0.0-beta.58 HTTP/1.1" 200 23163 "https://ahsmore.mhcollab.ca/registration/" "Mozilla/5.0 (Linux; Android 6.0.1; Nexus 5X Build/MMB29P) AppleWebKit/537.36 (KHTML, like Gecko) Chrome/131.0.6778.264 Mobile Safari/537.36 (compatible; Googlebot/2.1; +http://www.google.com/bot.html)"
66.249.77.99 - - [21/Jan/2025:14:23:16 +0000] "GET /wp-includes/js/zxcvbn-async.min.js?ver=1.0 HTTP/1.1" 200 256 "https://ahsmore.mhcollab.ca/registration/" "Mozilla/5.0 (Linux; Android 6.0.1; Nexus 5X Build/MMB29P) AppleWebKit/537.36 (KHTML, like Gecko) Chrome/131.0.6778.264 Mobile Safari/537.36 (compatible; Googlebot/2.1; +http://www.google.com/bot.html)"
66.249.77.99 - - [21/Jan/2025:14:23:16 +0000] "GET /wp-content/plugins/user-registration/assets/js/frontend/ur-common.min.js?ver=3.3.5.2 HTTP/1.1" 200 399 "https://ahsmore.mhcollab.ca/registration/" "Mozilla/5.0 (Linux; Android 6.0.1; Nexus 5X Build/MMB29P) AppleWebKit/537.36 (KHTML, like Gecko) Chrome/131.0.6778.264 Mobile Safari/537.36 (compatible; Googlebot/2.1; +http://www.google.com/bot.html)"
66.249.77.98 - - [21/Jan/2025:14:23:16 +0000] "GET /wp-content/plugins/user-registration/assets/js/frontend/user-registration-form-validator.min.js?ver=3.3.5.2 HTTP/1.1" 200 2969 "https://ahsmore.mhcollab.ca/registration/" "Mozilla/5.0 (Linux; Android 6.0.1; Nexus 5X Build/MMB29P) AppleWebKit/537.36 (KHTML, like Gecko) Chrome/131.0.6778.264 Mobile Safari/537.36 (compatible; Googlebot/2.1; +http://www.google.com/bot.html)"
66.249.77.99 - - [21/Jan/2025:14:23:16 +0000] "GET /wp-content/plugins/user-registration/assets/js/frontend/password-strength-meter.min.js?ver=3.3.5.2 HTTP/1.1" 200 1041 "https://ahsmore.mhcollab.ca/registration/" "Mozilla/5.0 (Linux; Android 6.0.1; Nexus 5X Build/MMB29P) AppleWebKit/537.36 (KHTML, like Gecko) Chrome/131.0.6778.264 Mobile Safari/537.36 (compatible; Googlebot/2.1; +http://www.google.com/bot.html)"
66.249.77.99 - - [21/Jan/2025:14:23:16 +0000] "GET /wp-content/plugins/user-registration/assets/js/frontend/user-registration.min.js?ver=3.3.5.2 HTTP/1.1" 200 6685 "https://ahsmore.mhcollab.ca/registration/" "Mozilla/5.0 (Linux; Android 6.0.1; Nexus 5X Build/MMB29P) AppleWebKit/537.36 (KHTML, like Gecko) Chrome/131.0.6778.264 Mobile Safari/537.36 (compatible; Googlebot/2.1; +http://www.google.com/bot.html)"
66.249.77.98 - - [21/Jan/2025:14:23:17 +0000] "GET /wp-includes/js/zxcvbn.min.js HTTP/1.1" 200 399661 "https://ahsmore.mhcollab.ca/registration/" "Mozilla/5.0 (Linux; Android 6.0.1; Nexus 5X Build/MMB29P) AppleWebKit/537.36 (KHTML, like Gecko) Chrome/131.0.6778.264 Mobile Safari/537.36 (compatible; Googlebot/2.1; +http://www.google.com/bot.html)"
66.249.77.98 - - [21/Jan/2025:14:23:17 +0000] "GET /wp-content/plugins/elementor/assets/js/alert.85807a41381e8ed665b0.bundle.min.js HTTP/1.1" 200 370 "https://ahsmore.mhcollab.ca/registration/" "Mozilla/5.0 (Linux; Android 6.0.1; Nexus 5X Build/MMB29P) AppleWebKit/537.36 (KHTML, like Gecko) Chrome/131.0.6778.264 Mobile Safari/537.36 (compatible; Googlebot/2.1; +http://www.google.com/bot.html)"
45.56.220.125 - - [21/Jan/2025:14:23:09 +0000] "POST /?mailpoet_router&endpoint=cron_daemon&action=run&data=eyJ0b2tlbiI6IjIzeXh0In0 HTTP/1.1" 503 29236 "-" "MailPoet Cron"
45.56.220.125 - - [21/Jan/2025:14:24:02 +0000] "POST /wp-cron.php?doing_wp_cron=1737469442.2750689983367919921875 HTTP/1.1" 200 - "-" "WordPress/6.7.1; https://ahsmore.mhcollab.ca"
185.220.101.50 - - [21/Jan/2025:14:23:55 +0000] "POST /xmlrpc.php HTTP/1.1" 200 217 "https://www.google.com/" "Mozilla/5.0 (Windows NT 10.0; Win64; x64) AppleWebKit/537.36 (KHTML, like Gecko) Chrome/87.0.4280.88 Safari/537.36"
92.243.24.163 - - [21/Jan/2025:14:24:03 +0000] "POST /xmlrpc.php HTTP/1.1" 200 217 "https://www.google.com/" "Mozilla/5.0 (X11; Linux x86_64) AppleWebKit/537.36 (KHTML, like Gecko) Chrome/77.0.3865.120 Safari/537.36"
45.56.220.125 - - [21/Jan/2025:14:23:57 +0000] "POST /?mailpoet_router&endpoint=cron_daemon&action=run&data=eyJ0b2tlbiI6ImdvcnF0In0 HTTP/1.1" 200 - "-" "MailPoet Cron"
45.56.220.125 - - [21/Jan/2025:14:27:51 +0000] "POST /wp-cron.php?doing_wp_cron=1737469671.1823949813842773437500 HTTP/1.1" 200 - "-" "WordPress/6.7.1; https://ahsmore.mhcollab.ca"
66.249.77.99 - - [21/Jan/2025:14:27:49 +0000] "GET / HTTP/1.1" 200 29236 "-" "Mozilla/5.0 (compatible; Googlebot/2.1; +http://www.google.com/bot.html)"
45.56.220.125 - - [21/Jan/2025:14:27:52 +0000] "POST /wp-cron.php HTTP/1.1" 200 - "-" "WordPress/6.7.1; https://ahsmore.mhcollab.ca"
45.56.220.125 - - [21/Jan/2025:14:27:52 +0000] "GET / HTTP/1.1" 200 29236 "-" "WordPress/6.7.1; https://ahsmore.mhcollab.ca"
66.249.77.99 - - [21/Jan/2025:14:27:54 +0000] "GET /wp-includes/js/dist/warning.min.js?ver=ed7c8b0940914f4fe44b HTTP/1.1" 200 245 "https://ahsmore.mhcollab.ca/" "Mozilla/5.0 AppleWebKit/537.36 (KHTML, like Gecko; compatible; Googlebot/2.1; +http://www.google.com/bot.html) Chrome/131.0.6778.204 Safari/537.36"
45.56.220.125 - - [21/Jan/2025:14:27:54 +0000] "GET / HTTP/1.1" 200 29236 "-" "WordPress/6.7.1; https://ahsmore.mhcollab.ca"
45.56.220.125 - - [21/Jan/2025:14:27:56 +0000] "GET / HTTP/1.1" 200 29236 "-" "WordPress/6.7.1; https://ahsmore.mhcollab.ca"
45.56.220.125 - - [21/Jan/2025:14:27:58 +0000] "GET /?timestamp=1737469678 HTTP/1.1" 200 29236 "-" "WordPress/6.7.1; https://ahsmore.mhcollab.ca"
45.56.220.125 - - [21/Jan/2025:14:40:55 +0000] "POST /wp-cron.php?doing_wp_cron=1737470455.6878790855407714843750 HTTP/1.1" 200 - "-" "WordPress/6.7.1; https://ahsmore.mhcollab.ca"
178.175.134.93 - - [21/Jan/2025:14:40:54 +0000] "POST /xmlrpc.php HTTP/1.1" 200 217 "https://www.google.com/" "Mozilla/5.0 (Windows NT 10.0; Win64; x64) AppleWebKit/537.36 (KHTML, like Gecko) Chrome/70.0.3538.102 Safari/537.36 Edge/18.18362"
192.42.116.185 - - [21/Jan/2025:14:40:57 +0000] "POST /xmlrpc.php HTTP/1.1" 200 217 "https://www.google.com/" "Mozilla/5.0 (Windows NT 10.0; Win64; x64) AppleWebKit/537.36 (KHTML, like Gecko) Chrome/78.0.3904.108 Safari/537.36"
45.56.220.125 - - [21/Jan/2025:15:02:38 +0000] "POST /wp-cron.php?doing_wp_cron=1737471758.3308200836181640625000 HTTP/1.1" 200 - "-" "WordPress/6.7.1; https://ahsmore.mhcollab.ca"
51.222.253.10 - - [21/Jan/2025:15:02:37 +0000] "GET /courses/si-protocol-school-staff/ HTTP/1.1" 200 26308 "-" "Mozilla/5.0 (compatible; AhrefsBot/7.0; +http://ahrefs.com/robot/)"
45.56.220.125 - - [21/Jan/2025:15:07:45 +0000] "POST /wp-cron.php?doing_wp_cron=1737472065.3051209449768066406250 HTTP/1.1" 200 - "-" "WordPress/6.7.1; https://ahsmore.mhcollab.ca"
114.119.157.111 - - [21/Jan/2025:15:07:44 +0000] "GET /wellness-hitting-the-happiness-button/ HTTP/1.1" 200 27512 "https://ahsmore.mhcollab.ca/author/lbicek/page/2/" "Mozilla/5.0 (Linux; Android 7.0;) AppleWebKit/537.36 (KHTML, like Gecko) Mobile Safari/537.36 (compatible; PetalBot;+https://webmaster.petalsearch.com/site/petalbot)"
104.157.120.120 - - [21/Jan/2025:15:08:20 +0000] "GET /all-courses/ HTTP/1.1" 200 30286 "https://www.google.com/" "Mozilla/5.0 (Macintosh; Intel Mac OS X 10_15_7) AppleWebKit/537.36 (KHTML, like Gecko) Chrome/130.0.0.0 Safari/537.36"
104.157.120.120 - - [21/Jan/2025:15:08:22 +0000] "GET /wp-content/plugins/premium-addons-for-elementor/assets/frontend/min-css/premium-addons.min.css?ver=4.10.78 HTTP/1.1" 200 45601 "https://ahsmore.mhcollab.ca/all-courses/" "Mozilla/5.0 (Macintosh; Intel Mac OS X 10_15_7) AppleWebKit/537.36 (KHTML, like Gecko) Chrome/130.0.0.0 Safari/537.36"
104.157.120.120 - - [21/Jan/2025:15:08:22 +0000] "GET /wp-content/plugins/premium-addons-pro/assets/frontend/min-css/premium-addons.min.css?ver=2.9.29 HTTP/1.1" 200 31166 "https://ahsmore.mhcollab.ca/all-courses/" "Mozilla/5.0 (Macintosh; Intel Mac OS X 10_15_7) AppleWebKit/537.36 (KHTML, like Gecko) Chrome/130.0.0.0 Safari/537.36"
104.157.120.120 - - [21/Jan/2025:15:08:22 +0000] "GET /wp-includes/css/dist/block-library/style.min.css?ver=4c07a945f927cfc17b5ef0589d82cf0d HTTP/1.1" 200 15177 "https://ahsmore.mhcollab.ca/all-courses/" "Mozilla/5.0 (Macintosh; Intel Mac OS X 10_15_7) AppleWebKit/537.36 (KHTML, like Gecko) Chrome/130.0.0.0 Safari/537.36"
104.157.120.120 - - [21/Jan/2025:15:08:22 +0000] "GET /wp-includes/css/dashicons.min.css?ver=4c07a945f927cfc17b5ef0589d82cf0d HTTP/1.1" 200 35730 "https://ahsmore.mhcollab.ca/all-courses/" "Mozilla/5.0 (Macintosh; Intel Mac OS X 10_15_7) AppleWebKit/537.36 (KHTML, like Gecko) Chrome/130.0.0.0 Safari/537.36"
104.157.120.120 - - [21/Jan/2025:15:08:22 +0000] "GET /wp-content/plugins/learndash-propanel/includes/reports-base/includes/blocks/builds/index-date-filters.css?ver=a1d6734463bc290af9c8 HTTP/1.1" 200 1913 "https://ahsmore.mhcollab.ca/all-courses/" "Mozilla/5.0 (Macintosh; Intel Mac OS X 10_15_7) AppleWebKit/537.36 (KHTML, like Gecko) Chrome/130.0.0.0 Safari/537.36"
104.157.120.120 - - [21/Jan/2025:15:08:22 +0000] "GET /wp-content/plugins/learndash-propanel/includes/reports-base/includes/blocks/builds/index-total-revenue-earned.css?ver=f10a5618799c575867be HTTP/1.1" 200 495 "https://ahsmore.mhcollab.ca/all-courses/" "Mozilla/5.0 (Macintosh; Intel Mac OS X 10_15_7) AppleWebKit/537.36 (KHTML, like Gecko) Chrome/130.0.0.0 Safari/537.36"
104.157.120.120 - - [21/Jan/2025:15:08:22 +0000] "GET /wp-content/plugins/learndash-propanel/includes/reports-base/includes/blocks/builds/index-total-courses.css?ver=0cefa5be8e7738864347 HTTP/1.1" 200 541 "https://ahsmore.mhcollab.ca/all-courses/" "Mozilla/5.0 (Macintosh; Intel Mac OS X 10_15_7) AppleWebKit/537.36 (KHTML, like Gecko) Chrome/130.0.0.0 Safari/537.36"
104.157.120.120 - - [21/Jan/2025:15:08:22 +0000] "GET /wp-content/plugins/learndash-propanel/includes/reports-base/includes/blocks/builds/index-pending-assignments.css?ver=1aef600d13aa5a0563ad HTTP/1.1" 200 903 "https://ahsmore.mhcollab.ca/all-courses/" "Mozilla/5.0 (Macintosh; Intel Mac OS X 10_15_7) AppleWebKit/537.36 (KHTML, like Gecko) Chrome/130.0.0.0 Safari/537.36"
104.157.120.120 - - [21/Jan/2025:15:08:22 +0000] "GET /wp-content/plugins/learndash-propanel/includes/reports-base/includes/blocks/builds/index-total-learners.css?ver=fadd16f458306ad64b1b HTTP/1.1" 200 540 "https://ahsmore.mhcollab.ca/all-courses/" "Mozilla/5.0 (Macintosh; Intel Mac OS X 10_15_7) AppleWebKit/537.36 (KHTML, like Gecko) Chrome/130.0.0.0 Safari/537.36"
104.157.120.120 - - [21/Jan/2025:15:08:22 +0000] "GET /wp-content/plugins/learndash-propanel/includes/reports-base/includes/blocks/builds/index-revenue-from-courses.css?ver=cb65027c18309c21a2ae HTTP/1.1" 200 1930 "https://ahsmore.mhcollab.ca/all-courses/" "Mozilla/5.0 (Macintosh; Intel Mac OS X 10_15_7) AppleWebKit/537.36 (KHTML, like Gecko) Chrome/130.0.0.0 Safari/537.36"
104.157.120.120 - - [21/Jan/2025:15:08:22 +0000] "GET /wp-content/plugins/learndash-propanel/includes/reports-base/includes/blocks/builds/index-daily-enrollments.css?ver=26c7a9fe543a33751dda HTTP/1.1" 200 2044 "https://ahsmore.mhcollab.ca/all-courses/" "Mozilla/5.0 (Macintosh; Intel Mac OS X 10_15_7) AppleWebKit/537.36 (KHTML, like Gecko) Chrome/130.0.0.0 Safari/537.36"
104.157.120.120 - - [21/Jan/2025:15:08:22 +0000] "GET /wp-content/plugins/learndash-propanel/includes/reports-base/includes/blocks/builds/index-report-filters.css?ver=b28fbdbc96ca0c44499b HTTP/1.1" 200 4287 "https://ahsmore.mhcollab.ca/all-courses/" "Mozilla/5.0 (Macintosh; Intel Mac OS X 10_15_7) AppleWebKit/537.36 (KHTML, like Gecko) Chrome/130.0.0.0 Safari/537.36"
104.157.120.120 - - [21/Jan/2025:15:08:22 +0000] "GET /wp-content/plugins/learndash-propanel/includes/reports-base/includes/blocks/builds/index-time-spent-on-a-course.css?ver=8367b374b08e9cf19cf6 HTTP/1.1" 200 4759 "https://ahsmore.mhcollab.ca/all-courses/" "Mozilla/5.0 (Macintosh; Intel Mac OS X 10_15_7) AppleWebKit/537.36 (KHTML, like Gecko) Chrome/130.0.0.0 Safari/537.36"
104.157.120.120 - - [21/Jan/2025:15:08:22 +0000] "GET /wp-content/plugins/learndash-propanel/includes/reports-base/includes/blocks/builds/index-quiz-completion-time-per-course.css?ver=a8accdccb915ca6ec1ef HTTP/1.1" 200 2038 "https://ahsmore.mhcollab.ca/all-courses/" "Mozilla/5.0 (Macintosh; Intel Mac OS X 10_15_7) AppleWebKit/537.36 (KHTML, like Gecko) Chrome/130.0.0.0 Safari/537.36"
104.157.120.120 - - [21/Jan/2025:15:08:22 +0000] "GET /wp-content/plugins/learndash-propanel/includes/reports-base/includes/blocks/builds/index-quiz-completion-rate-per-course.css?ver=705a7d95b6d7262c068d HTTP/1.1" 200 2352 "https://ahsmore.mhcollab.ca/all-courses/" "Mozilla/5.0 (Macintosh; Intel Mac OS X 10_15_7) AppleWebKit/537.36 (KHTML, like Gecko) Chrome/130.0.0.0 Safari/537.36"
104.157.120.120 - - [21/Jan/2025:15:08:22 +0000] "GET /wp-content/plugins/learndash-propanel/includes/reports-base/includes/blocks/builds/index-learner-pass-fail-rate-per-course.css?ver=2b452734f9ee519f964d HTTP/1.1" 200 1966 "https://ahsmore.mhcollab.ca/all-courses/" "Mozilla/5.0 (Macintosh; Intel Mac OS X 10_15_7) AppleWebKit/537.36 (KHTML, like Gecko) Chrome/130.0.0.0 Safari/537.36"
104.157.120.120 - - [21/Jan/2025:15:08:22 +0000] "GET /wp-content/plugins/learndash-propanel/includes/reports-base/includes/blocks/builds/index-course-list.css?ver=3774f861807fa4f7a67b HTTP/1.1" 200 1350 "https://ahsmore.mhcollab.ca/all-courses/" "Mozilla/5.0 (Macintosh; Intel Mac OS X 10_15_7) AppleWebKit/537.36 (KHTML, like Gecko) Chrome/130.0.0.0 Safari/537.36"
104.157.120.120 - - [21/Jan/2025:15:08:22 +0000] "GET /wp-content/plugins/learndash-propanel/includes/reports-base/includes/blocks/builds/index-course-completion-rate.css?ver=4cf632660d2f7ff5564a HTTP/1.1" 200 3076 "https://ahsmore.mhcollab.ca/all-courses/" "Mozilla/5.0 (Macintosh; Intel Mac OS X 10_15_7) AppleWebKit/537.36 (KHTML, like Gecko) Chrome/130.0.0.0 Safari/537.36"
104.157.120.120 - - [21/Jan/2025:15:08:22 +0000] "GET /wp-content/plugins/learndash-propanel/includes/reports-base/includes/blocks/builds/index-quiz-reports.css?ver=7123469122c160660636 HTTP/1.1" 200 744 "https://ahsmore.mhcollab.ca/all-courses/" "Mozilla/5.0 (Macintosh; Intel Mac OS X 10_15_7) AppleWebKit/537.36 (KHTML, like Gecko) Chrome/130.0.0.0 Safari/537.36"
104.157.120.120 - - [21/Jan/2025:15:08:22 +0000] "GET /wp-content/plugins/learndash-propanel/includes/reports-base/includes/blocks/builds/index-course-progress-rate.css?ver=461563202288e2a9701c HTTP/1.1" 200 3368 "https://ahsmore.mhcollab.ca/all-courses/" "Mozilla/5.0 (Macintosh; Intel Mac OS X 10_15_7) AppleWebKit/537.36 (KHTML, like Gecko) Chrome/130.0.0.0 Safari/537.36"
104.157.120.120 - - [21/Jan/2025:15:08:22 +0000] "GET /wp-content/plugins/learndash-propanel/includes/reports-base/includes/blocks/builds/index-average-quiz-attempts.css?ver=ddbeb0c038fad75402f3 HTTP/1.1" 200 1952 "https://ahsmore.mhcollab.ca/all-courses/" "Mozilla/5.0 (Macintosh; Intel Mac OS X 10_15_7) AppleWebKit/537.36 (KHTML, like Gecko) Chrome/130.0.0.0 Safari/537.36"
104.157.120.120 - - [21/Jan/2025:15:08:22 +0000] "GET /wp-content/plugins/learndash-propanel/includes/reports-base/includes/blocks/builds/index-inactive-users.css?ver=aa98286846b0e330eb8e HTTP/1.1" 200 1097 "https://ahsmore.mhcollab.ca/all-courses/" "Mozilla/5.0 (Macintosh; Intel Mac OS X 10_15_7) AppleWebKit/537.36 (KHTML, like Gecko) Chrome/130.0.0.0 Safari/537.36"
104.157.120.120 - - [21/Jan/2025:15:08:22 +0000] "GET /wp-content/plugins/learndash-propanel/includes/reports-base/includes/blocks/builds/index-learner-activity-log.css?ver=c1840714ffa12d9f38c0 HTTP/1.1" 200 1316 "https://ahsmore.mhcollab.ca/all-courses/" "Mozilla/5.0 (Macintosh; Intel Mac OS X 10_15_7) AppleWebKit/537.36 (KHTML, like Gecko) Chrome/130.0.0.0 Safari/537.36"
104.157.120.120 - - [21/Jan/2025:15:08:22 +0000] "GET /wp-content/plugins/learndash-propanel/includes/reports-base/includes/blocks/builds/index-student-profile.css?ver=65f5e92904e96f265cb1 HTTP/1.1" 200 298 "https://ahsmore.mhcollab.ca/all-courses/" "Mozilla/5.0 (Macintosh; Intel Mac OS X 10_15_7) AppleWebKit/537.36 (KHTML, like Gecko) Chrome/130.0.0.0 Safari/537.36"
104.157.120.120 - - [21/Jan/2025:15:08:22 +0000] "GET /wp-content/plugins/learndash-propanel/includes/reports-base/includes/blocks/builds/index-student-table.css?ver=e37af4d454fd0078ac6c HTTP/1.1" 200 2629 "https://ahsmore.mhcollab.ca/all-courses/" "Mozilla/5.0 (Macintosh; Intel Mac OS X 10_15_7) AppleWebKit/537.36 (KHTML, like Gecko) Chrome/130.0.0.0 Safari/537.36"
104.157.120.120 - - [21/Jan/2025:15:08:22 +0000] "GET /wp-content/plugins/contact-form-7/includes/css/styles.css?ver=6.0.3 HTTP/1.1" 200 1015 "https://ahsmore.mhcollab.ca/all-courses/" "Mozilla/5.0 (Macintosh; Intel Mac OS X 10_15_7) AppleWebKit/537.36 (KHTML, like Gecko) Chrome/130.0.0.0 Safari/537.36"
104.157.120.120 - - [21/Jan/2025:15:08:22 +0000] "GET /wp-content/plugins/uncanny-toolkit-pro/src/blocks/dist/index.css?ver=4.3.1 HTTP/1.1" 200 210 "https://ahsmore.mhcollab.ca/all-courses/" "Mozilla/5.0 (Macintosh; Intel Mac OS X 10_15_7) AppleWebKit/537.36 (KHTML, like Gecko) Chrome/130.0.0.0 Safari/537.36"
104.157.120.120 - - [21/Jan/2025:15:08:22 +0000] "GET /wp-content/plugins/learndash-course-grid/templates/skins/legacy-v1/style.css?ver=2.0.10 HTTP/1.1" 200 3131 "https://ahsmore.mhcollab.ca/all-courses/" "Mozilla/5.0 (Macintosh; Intel Mac OS X 10_15_7) AppleWebKit/537.36 (KHTML, like Gecko) Chrome/130.0.0.0 Safari/537.36"
104.157.120.120 - - [21/Jan/2025:15:08:22 +0000] "GET /wp-content/plugins/learndash-course-grid/templates/skins/grid/style.css?ver=2.0.10 HTTP/1.1" 200 209 "https://ahsmore.mhcollab.ca/all-courses/" "Mozilla/5.0 (Macintosh; Intel Mac OS X 10_15_7) AppleWebKit/537.36 (KHTML, like Gecko) Chrome/130.0.0.0 Safari/537.36"
104.157.120.120 - - [21/Jan/2025:15:08:22 +0000] "GET /wp-content/plugins/learndash-course-grid/assets/css/style.css?ver=2.0.10 HTTP/1.1" 200 239 "https://ahsmore.mhcollab.ca/all-courses/" "Mozilla/5.0 (Macintosh; Intel Mac OS X 10_15_7) AppleWebKit/537.36 (KHTML, like Gecko) Chrome/130.0.0.0 Safari/537.36"
104.157.120.120 - - [21/Jan/2025:15:08:22 +0000] "GET /wp-content/plugins/learndash-course-grid/templates/filter/style.css?ver=2.0.10 HTTP/1.1" 200 1223 "https://ahsmore.mhcollab.ca/all-courses/" "Mozilla/5.0 (Macintosh; Intel Mac OS X 10_15_7) AppleWebKit/537.36 (KHTML, like Gecko) Chrome/130.0.0.0 Safari/537.36"
104.157.120.120 - - [21/Jan/2025:15:08:22 +0000] "GET /wp-content/plugins/learndash-course-grid/templates/cards/grid-2/style.css?ver=2.0.10 HTTP/1.1" 200 907 "https://ahsmore.mhcollab.ca/all-courses/" "Mozilla/5.0 (Macintosh; Intel Mac OS X 10_15_7) AppleWebKit/537.36 (KHTML, like Gecko) Chrome/130.0.0.0 Safari/537.36"
104.157.120.120 - - [21/Jan/2025:15:08:22 +0000] "GET /wp-content/plugins/learndash-course-grid/templates/pagination/style.css?ver=2.0.10 HTTP/1.1" 200 366 "https://ahsmore.mhcollab.ca/all-courses/" "Mozilla/5.0 (Macintosh; Intel Mac OS X 10_15_7) AppleWebKit/537.36 (KHTML, like Gecko) Chrome/130.0.0.0 Safari/537.36"
104.157.120.120 - - [21/Jan/2025:15:08:22 +0000] "GET /wp-content/plugins/uncanny-learndash-toolkit/src/assets/frontend/dist/bundle.min.css?ver=3.7.0.1 HTTP/1.1" 200 3146 "https://ahsmore.mhcollab.ca/all-courses/" "Mozilla/5.0 (Macintosh; Intel Mac OS X 10_15_7) AppleWebKit/537.36 (KHTML, like Gecko) Chrome/130.0.0.0 Safari/537.36"
104.157.120.120 - - [21/Jan/2025:15:08:22 +0000] "GET /wp-content/plugins/uncanny-toolkit-pro/src/assets/dist/frontend/bundle.min.css?ver=4.3.1 HTTP/1.1" 200 4197 "https://ahsmore.mhcollab.ca/all-courses/" "Mozilla/5.0 (Macintosh; Intel Mac OS X 10_15_7) AppleWebKit/537.36 (KHTML, like Gecko) Chrome/130.0.0.0 Safari/537.36"
104.157.120.120 - - [21/Jan/2025:15:08:22 +0000] "GET /wp-content/plugins/user-registration/assets/css/user-registration.css?ver=3.3.5.2 HTTP/1.1" 200 8719 "https://ahsmore.mhcollab.ca/all-courses/" "Mozilla/5.0 (Macintosh; Intel Mac OS X 10_15_7) AppleWebKit/537.36 (KHTML, like Gecko) Chrome/130.0.0.0 Safari/537.36"
104.157.120.120 - - [21/Jan/2025:15:08:22 +0000] "GET /wp-content/plugins/sfwd-lms/assets/css/jquery.dropdown.min.css?ver=4.20.0.3 HTTP/1.1" 200 516 "https://ahsmore.mhcollab.ca/all-courses/" "Mozilla/5.0 (Macintosh; Intel Mac OS X 10_15_7) AppleWebKit/537.36 (KHTML, like Gecko) Chrome/130.0.0.0 Safari/537.36"
104.157.120.120 - - [21/Jan/2025:15:08:22 +0000] "GET /wp-content/plugins/sfwd-lms/themes/legacy/templates/learndash_quiz_front.min.css?ver=4.20.0.3 HTTP/1.1" 200 2351 "https://ahsmore.mhcollab.ca/all-courses/" "Mozilla/5.0 (Macintosh; Intel Mac OS X 10_15_7) AppleWebKit/537.36 (KHTML, like Gecko) Chrome/130.0.0.0 Safari/537.36"
104.157.120.120 - - [21/Jan/2025:15:08:22 +0000] "GET /wp-content/plugins/sfwd-lms/src/assets/dist/css/styles.css?ver=4.20.0.3 HTTP/1.1" 200 2681 "https://ahsmore.mhcollab.ca/all-courses/" "Mozilla/5.0 (Macintosh; Intel Mac OS X 10_15_7) AppleWebKit/537.36 (KHTML, like Gecko) Chrome/130.0.0.0 Safari/537.36"
104.157.120.120 - - [21/Jan/2025:15:08:22 +0000] "GET /wp-content/plugins/sfwd-lms/src/assets/dist/css/admin-bar/styles.css?ver=4.20.0.3 HTTP/1.1" 200 239 "https://ahsmore.mhcollab.ca/all-courses/" "Mozilla/5.0 (Macintosh; Intel Mac OS X 10_15_7) AppleWebKit/537.36 (KHTML, like Gecko) Chrome/130.0.0.0 Safari/537.36"
104.157.120.120 - - [21/Jan/2025:15:08:22 +0000] "GET /wp-content/plugins/sfwd-lms/themes/legacy/templates/learndash_lesson_video.min.css?ver=4.20.0.3 HTTP/1.1" 200 366 "https://ahsmore.mhcollab.ca/all-courses/" "Mozilla/5.0 (Macintosh; Intel Mac OS X 10_15_7) AppleWebKit/537.36 (KHTML, like Gecko) Chrome/130.0.0.0 Safari/537.36"
104.157.120.120 - - [21/Jan/2025:15:08:22 +0000] "GET /wp-content/plugins/insert-or-embed-articulate-content-into-wordpress-premium/css/frontend.css?ver=4c07a945f927cfc17b5ef0589d82cf0d HTTP/1.1" 200 273 "https://ahsmore.mhcollab.ca/all-courses/" "Mozilla/5.0 (Macintosh; Intel Mac OS X 10_15_7) AppleWebKit/537.36 (KHTML, like Gecko) Chrome/130.0.0.0 Safari/537.36"
104.157.120.120 - - [21/Jan/2025:15:08:23 +0000] "GET /wp-content/plugins/premium-addons-for-elementor/admin/assets/css/admin-bar.css?ver=4.10.78 HTTP/1.1" 200 322 "https://ahsmore.mhcollab.ca/all-courses/" "Mozilla/5.0 (Macintosh; Intel Mac OS X 10_15_7) AppleWebKit/537.36 (KHTML, like Gecko) Chrome/130.0.0.0 Safari/537.36"
104.157.120.120 - - [21/Jan/2025:15:08:23 +0000] "GET /wp-content/plugins/tin-canny-learndash-reporting/src/assets/admin/css/datatables.min.css?ver=4c07a945f927cfc17b5ef0589d82cf0d HTTP/1.1" 200 5895 "https://ahsmore.mhcollab.ca/all-courses/" "Mozilla/5.0 (Macintosh; Intel Mac OS X 10_15_7) AppleWebKit/537.36 (KHTML, like Gecko) Chrome/130.0.0.0 Safari/537.36"
104.157.120.120 - - [21/Jan/2025:15:08:23 +0000] "GET /wp-content/plugins/tin-canny-learndash-reporting/src/assets/admin/css/group-quiz-report-module.css?ver=0.0.1 HTTP/1.1" 200 2881 "https://ahsmore.mhcollab.ca/all-courses/" "Mozilla/5.0 (Macintosh; Intel Mac OS X 10_15_7) AppleWebKit/537.36 (KHTML, like Gecko) Chrome/130.0.0.0 Safari/537.36"
104.157.120.120 - - [21/Jan/2025:15:08:23 +0000] "GET /wp-content/plugins/learndash-propanel/assets/dist/css/common.css?ver=3.0.2 HTTP/1.1" 200 - "https://ahsmore.mhcollab.ca/all-courses/" "Mozilla/5.0 (Macintosh; Intel Mac OS X 10_15_7) AppleWebKit/537.36 (KHTML, like Gecko) Chrome/130.0.0.0 Safari/537.36"
104.157.120.120 - - [21/Jan/2025:15:08:23 +0000] "GET /wp-includes/css/dist/components/style.min.css?ver=4c07a945f927cfc17b5ef0589d82cf0d HTTP/1.1" 200 12418 "https://ahsmore.mhcollab.ca/all-courses/" "Mozilla/5.0 (Macintosh; Intel Mac OS X 10_15_7) AppleWebKit/537.36 (KHTML, like Gecko) Chrome/130.0.0.0 Safari/537.36"
104.157.120.120 - - [21/Jan/2025:15:08:23 +0000] "GET /wp-content/plugins/learndash-propanel/includes/reports-base/assets/css/style.css?ver=3.0.2 HTTP/1.1" 200 5861 "https://ahsmore.mhcollab.ca/all-courses/" "Mozilla/5.0 (Macintosh; Intel Mac OS X 10_15_7) AppleWebKit/537.36 (KHTML, like Gecko) Chrome/130.0.0.0 Safari/537.36"
104.157.120.120 - - [21/Jan/2025:15:08:23 +0000] "GET /wp-content/themes/kadence/assets/css/global.min.css?ver=1.2.14 HTTP/1.1" 200 5061 "https://ahsmore.mhcollab.ca/all-courses/" "Mozilla/5.0 (Macintosh; Intel Mac OS X 10_15_7) AppleWebKit/537.36 (KHTML, like Gecko) Chrome/130.0.0.0 Safari/537.36"
104.157.120.120 - - [21/Jan/2025:15:08:23 +0000] "GET /wp-content/themes/kadence/assets/css/header.min.css?ver=1.2.14 HTTP/1.1" 200 4529 "https://ahsmore.mhcollab.ca/all-courses/" "Mozilla/5.0 (Macintosh; Intel Mac OS X 10_15_7) AppleWebKit/537.36 (KHTML, like Gecko) Chrome/130.0.0.0 Safari/537.36"
104.157.120.120 - - [21/Jan/2025:15:08:23 +0000] "GET /wp-content/themes/kadence/assets/css/content.min.css?ver=1.2.14 HTTP/1.1" 200 6101 "https://ahsmore.mhcollab.ca/all-courses/" "Mozilla/5.0 (Macintosh; Intel Mac OS X 10_15_7) AppleWebKit/537.36 (KHTML, like Gecko) Chrome/130.0.0.0 Safari/537.36"
104.157.120.120 - - [21/Jan/2025:15:08:23 +0000] "GET /wp-content/themes/kadence/assets/css/sidebar.min.css?ver=1.2.14 HTTP/1.1" 200 288 "https://ahsmore.mhcollab.ca/all-courses/" "Mozilla/5.0 (Macintosh; Intel Mac OS X 10_15_7) AppleWebKit/537.36 (KHTML, like Gecko) Chrome/130.0.0.0 Safari/537.36"
104.157.120.120 - - [21/Jan/2025:15:08:23 +0000] "GET /wp-content/themes/kadence/assets/css/footer.min.css?ver=1.2.14 HTTP/1.1" 200 1891 "https://ahsmore.mhcollab.ca/all-courses/" "Mozilla/5.0 (Macintosh; Intel Mac OS X 10_15_7) AppleWebKit/537.36 (KHTML, like Gecko) Chrome/130.0.0.0 Safari/537.36"
104.157.120.120 - - [21/Jan/2025:15:08:23 +0000] "GET /wp-content/plugins/tin-canny-learndash-reporting/src/h5p-xapi/wp-h5p-xapi.css?ver=4.4.0.4 HTTP/1.1" 200 211 "https://ahsmore.mhcollab.ca/all-courses/" "Mozilla/5.0 (Macintosh; Intel Mac OS X 10_15_7) AppleWebKit/537.36 (KHTML, like Gecko) Chrome/130.0.0.0 Safari/537.36"
104.157.120.120 - - [21/Jan/2025:15:08:23 +0000] "GET /wp-content/themes/kadence/assets/css/learndash.min.css?ver=1.2.14 HTTP/1.1" 200 1251 "https://ahsmore.mhcollab.ca/all-courses/" "Mozilla/5.0 (Macintosh; Intel Mac OS X 10_15_7) AppleWebKit/537.36 (KHTML, like Gecko) Chrome/130.0.0.0 Safari/537.36"
104.157.120.120 - - [21/Jan/2025:15:08:23 +0000] "GET /wp-content/plugins/3d-flipbook-dflip-lite/assets/css/dflip.min.css?ver=2.3.57 HTTP/1.1" 200 12878 "https://ahsmore.mhcollab.ca/all-courses/" "Mozilla/5.0 (Macintosh; Intel Mac OS X 10_15_7) AppleWebKit/537.36 (KHTML, like Gecko) Chrome/130.0.0.0 Safari/537.36"
104.157.120.120 - - [21/Jan/2025:15:08:23 +0000] "GET /wp-content/plugins/sfwd-lms/themes/ld30/assets/css/learndash.min.css?ver=4.20.0.3 HTTP/1.1" 200 19712 "https://ahsmore.mhcollab.ca/all-courses/" "Mozilla/5.0 (Macintosh; Intel Mac OS X 10_15_7) AppleWebKit/537.36 (KHTML, like Gecko) Chrome/130.0.0.0 Safari/537.36"
104.157.120.120 - - [21/Jan/2025:15:08:23 +0000] "GET /wp-content/plugins/tin-canny-learndash-reporting/src/uncanny-articulate-and-captivate/assets/css/style.min.css?ver=4.4.0.4 HTTP/1.1" 200 566 "https://ahsmore.mhcollab.ca/all-courses/" "Mozilla/5.0 (Macintosh; Intel Mac OS X 10_15_7) AppleWebKit/537.36 (KHTML, like Gecko) Chrome/130.0.0.0 Safari/537.36"
104.157.120.120 - - [21/Jan/2025:15:08:23 +0000] "GET /wp-includes/js/jquery/jquery.min.js?ver=3.7.1 HTTP/1.1" 200 30368 "https://ahsmore.mhcollab.ca/all-courses/" "Mozilla/5.0 (Macintosh; Intel Mac OS X 10_15_7) AppleWebKit/537.36 (KHTML, like Gecko) Chrome/130.0.0.0 Safari/537.36"
104.157.120.120 - - [21/Jan/2025:15:08:23 +0000] "GET /wp-includes/js/jquery/jquery-migrate.min.js?ver=3.4.1 HTTP/1.1" 200 4872 "https://ahsmore.mhcollab.ca/all-courses/" "Mozilla/5.0 (Macintosh; Intel Mac OS X 10_15_7) AppleWebKit/537.36 (KHTML, like Gecko) Chrome/130.0.0.0 Safari/537.36"
104.157.120.120 - - [21/Jan/2025:15:08:23 +0000] "GET /wp-content/plugins/uncanny-learndash-toolkit/src/assets/frontend/dist/bundle.min.js?ver=3.7.0.1 HTTP/1.1" 200 11838 "https://ahsmore.mhcollab.ca/all-courses/" "Mozilla/5.0 (Macintosh; Intel Mac OS X 10_15_7) AppleWebKit/537.36 (KHTML, like Gecko) Chrome/130.0.0.0 Safari/537.36"
104.157.120.120 - - [21/Jan/2025:15:08:23 +0000] "GET /wp-content/plugins/uncanny-toolkit-pro/src/assets/dist/frontend/bundle.min.js?ver=4.3.1 HTTP/1.1" 200 9439 "https://ahsmore.mhcollab.ca/all-courses/" "Mozilla/5.0 (Macintosh; Intel Mac OS X 10_15_7) AppleWebKit/537.36 (KHTML, like Gecko) Chrome/130.0.0.0 Safari/537.36"
104.157.120.120 - - [21/Jan/2025:15:08:23 +0000] "GET /wp-content/plugins/insert-or-embed-articulate-content-into-wordpress-premium/js/frontend.js?ver=4c07a945f927cfc17b5ef0589d82cf0d HTTP/1.1" 200 612 "https://ahsmore.mhcollab.ca/all-courses/" "Mozilla/5.0 (Macintosh; Intel Mac OS X 10_15_7) AppleWebKit/537.36 (KHTML, like Gecko) Chrome/130.0.0.0 Safari/537.36"
104.157.120.120 - - [21/Jan/2025:15:08:23 +0000] "GET /wp-content/plugins/learndash-propanel/assets/dist/js/common.js?ver=3.0.2 HTTP/1.1" 200 2404 "https://ahsmore.mhcollab.ca/all-courses/" "Mozilla/5.0 (Macintosh; Intel Mac OS X 10_15_7) AppleWebKit/537.36 (KHTML, like Gecko) Chrome/130.0.0.0 Safari/537.36"
104.157.120.120 - - [21/Jan/2025:15:08:23 +0000] "GET /wp-content/plugins/tin-canny-learndash-reporting/src/h5p-xapi/wp-h5p-xapi.js?ver=4.4.0.4 HTTP/1.1" 200 1197 "https://ahsmore.mhcollab.ca/all-courses/" "Mozilla/5.0 (Macintosh; Intel Mac OS X 10_15_7) AppleWebKit/537.36 (KHTML, like Gecko) Chrome/130.0.0.0 Safari/537.36"
104.157.120.120 - - [21/Jan/2025:15:08:23 +0000] "GET /wp-content/uploads/2020/11/cropped-logoMainBC.png HTTP/1.1" 200 72571 "https://ahsmore.mhcollab.ca/all-courses/" "Mozilla/5.0 (Macintosh; Intel Mac OS X 10_15_7) AppleWebKit/537.36 (KHTML, like Gecko) Chrome/130.0.0.0 Safari/537.36"
104.157.120.120 - - [21/Jan/2025:15:08:23 +0000] "GET /wp-content/uploads/2024/09/RA-MHC_partner-pair_web-e1725342879514.png HTTP/1.1" 200 24537 "https://ahsmore.mhcollab.ca/all-courses/" "Mozilla/5.0 (Macintosh; Intel Mac OS X 10_15_7) AppleWebKit/537.36 (KHTML, like Gecko) Chrome/130.0.0.0 Safari/537.36"
104.157.120.120 - - [21/Jan/2025:15:08:23 +0000] "GET /wp-content/uploads/2019/07/Mental_Health.png HTTP/1.1" 200 8094 "https://ahsmore.mhcollab.ca/all-courses/" "Mozilla/5.0 (Macintosh; Intel Mac OS X 10_15_7) AppleWebKit/537.36 (KHTML, like Gecko) Chrome/130.0.0.0 Safari/537.36"
104.157.120.120 - - [21/Jan/2025:15:08:23 +0000] "GET /wp-content/plugins/kadence-blocks/dist/style-blocks-image.css?ver=3.4.5 HTTP/1.1" 200 1163 "https://ahsmore.mhcollab.ca/all-courses/" "Mozilla/5.0 (Macintosh; Intel Mac OS X 10_15_7) AppleWebKit/537.36 (KHTML, like Gecko) Chrome/130.0.0.0 Safari/537.36"
