199.185.67.79 - - [21/Jan/2025:17:00:04 +0000] "GET /wp-content/plugins/tin-canny-learndash-reporting/src/assets/admin/css/datatables.min.css?ver=4c07a945f927cfc17b5ef0589d82cf0d HTTP/1.1" 200 5895 "https://ahsmore.mhcollab.ca/courses/anxiety-in-the-classroom/" "Mozilla/5.0 (Windows NT 10.0; Win64; x64) AppleWebKit/537.36 (KHTML, like Gecko) Chrome/131.0.0.0 Safari/537.36"
199.185.67.79 - - [21/Jan/2025:17:00:04 +0000] "GET /wp-content/plugins/premium-addons-for-elementor/admin/assets/css/admin-bar.css?ver=4.10.78 HTTP/1.1" 200 322 "https://ahsmore.mhcollab.ca/courses/anxiety-in-the-classroom/" "Mozilla/5.0 (Windows NT 10.0; Win64; x64) AppleWebKit/537.36 (KHTML, like Gecko) Chrome/131.0.0.0 Safari/537.36"
199.185.67.79 - - [21/Jan/2025:17:00:04 +0000] "GET /wp-content/plugins/tin-canny-learndash-reporting/src/assets/admin/css/group-quiz-report-module.css?ver=0.0.1 HTTP/1.1" 200 2881 "https://ahsmore.mhcollab.ca/courses/anxiety-in-the-classroom/" "Mozilla/5.0 (Windows NT 10.0; Win64; x64) AppleWebKit/537.36 (KHTML, like Gecko) Chrome/131.0.0.0 Safari/537.36"
199.185.67.79 - - [21/Jan/2025:17:00:04 +0000] "GET /wp-includes/css/dist/components/style.min.css?ver=4c07a945f927cfc17b5ef0589d82cf0d HTTP/1.1" 200 12418 "https://ahsmore.mhcollab.ca/courses/anxiety-in-the-classroom/" "Mozilla/5.0 (Windows NT 10.0; Win64; x64) AppleWebKit/537.36 (KHTML, like Gecko) Chrome/131.0.0.0 Safari/537.36"
199.185.67.79 - - [21/Jan/2025:17:00:04 +0000] "GET /wp-content/plugins/learndash-propanel/assets/dist/css/common.css?ver=3.0.2 HTTP/1.1" 200 - "https://ahsmore.mhcollab.ca/courses/anxiety-in-the-classroom/" "Mozilla/5.0 (Windows NT 10.0; Win64; x64) AppleWebKit/537.36 (KHTML, like Gecko) Chrome/131.0.0.0 Safari/537.36"
199.185.67.79 - - [21/Jan/2025:17:00:04 +0000] "GET /wp-content/plugins/learndash-propanel/includes/reports-base/assets/css/style.css?ver=3.0.2 HTTP/1.1" 200 5861 "https://ahsmore.mhcollab.ca/courses/anxiety-in-the-classroom/" "Mozilla/5.0 (Windows NT 10.0; Win64; x64) AppleWebKit/537.36 (KHTML, like Gecko) Chrome/131.0.0.0 Safari/537.36"
199.185.67.79 - - [21/Jan/2025:17:00:04 +0000] "GET /wp-content/themes/kadence/assets/css/header.min.css?ver=1.2.14 HTTP/1.1" 200 4529 "https://ahsmore.mhcollab.ca/courses/anxiety-in-the-classroom/" "Mozilla/5.0 (Windows NT 10.0; Win64; x64) AppleWebKit/537.36 (KHTML, like Gecko) Chrome/131.0.0.0 Safari/537.36"
199.185.67.79 - - [21/Jan/2025:17:00:04 +0000] "GET /wp-content/themes/kadence/assets/css/global.min.css?ver=1.2.14 HTTP/1.1" 200 5061 "https://ahsmore.mhcollab.ca/courses/anxiety-in-the-classroom/" "Mozilla/5.0 (Windows NT 10.0; Win64; x64) AppleWebKit/537.36 (KHTML, like Gecko) Chrome/131.0.0.0 Safari/537.36"
199.185.67.79 - - [21/Jan/2025:17:00:04 +0000] "GET /wp-content/themes/kadence/assets/css/content.min.css?ver=1.2.14 HTTP/1.1" 200 6101 "https://ahsmore.mhcollab.ca/courses/anxiety-in-the-classroom/" "Mozilla/5.0 (Windows NT 10.0; Win64; x64) AppleWebKit/537.36 (KHTML, like Gecko) Chrome/131.0.0.0 Safari/537.36"
199.185.67.79 - - [21/Jan/2025:17:00:04 +0000] "GET /wp-content/themes/kadence/assets/css/footer.min.css?ver=1.2.14 HTTP/1.1" 200 1891 "https://ahsmore.mhcollab.ca/courses/anxiety-in-the-classroom/" "Mozilla/5.0 (Windows NT 10.0; Win64; x64) AppleWebKit/537.36 (KHTML, like Gecko) Chrome/131.0.0.0 Safari/537.36"
199.185.67.79 - - [21/Jan/2025:17:00:04 +0000] "GET /wp-content/plugins/sfwd-lms/themes/ld30/assets/css/learndash.min.css?ver=4.20.0.3 HTTP/1.1" 200 19712 "https://ahsmore.mhcollab.ca/courses/anxiety-in-the-classroom/" "Mozilla/5.0 (Windows NT 10.0; Win64; x64) AppleWebKit/537.36 (KHTML, like Gecko) Chrome/131.0.0.0 Safari/537.36"
199.185.67.79 - - [21/Jan/2025:17:00:04 +0000] "GET /wp-content/plugins/3d-flipbook-dflip-lite/assets/css/dflip.min.css?ver=2.3.57 HTTP/1.1" 200 12878 "https://ahsmore.mhcollab.ca/courses/anxiety-in-the-classroom/" "Mozilla/5.0 (Windows NT 10.0; Win64; x64) AppleWebKit/537.36 (KHTML, like Gecko) Chrome/131.0.0.0 Safari/537.36"
199.185.67.79 - - [21/Jan/2025:17:00:04 +0000] "GET /wp-content/plugins/tin-canny-learndash-reporting/src/h5p-xapi/wp-h5p-xapi.css?ver=4.4.0.4 HTTP/1.1" 200 211 "https://ahsmore.mhcollab.ca/courses/anxiety-in-the-classroom/" "Mozilla/5.0 (Windows NT 10.0; Win64; x64) AppleWebKit/537.36 (KHTML, like Gecko) Chrome/131.0.0.0 Safari/537.36"
199.185.67.79 - - [21/Jan/2025:17:00:04 +0000] "GET /wp-content/themes/kadence/assets/css/learndash.min.css?ver=1.2.14 HTTP/1.1" 200 1251 "https://ahsmore.mhcollab.ca/courses/anxiety-in-the-classroom/" "Mozilla/5.0 (Windows NT 10.0; Win64; x64) AppleWebKit/537.36 (KHTML, like Gecko) Chrome/131.0.0.0 Safari/537.36"
199.185.67.79 - - [21/Jan/2025:17:00:04 +0000] "GET /wp-content/plugins/tin-canny-learndash-reporting/src/uncanny-articulate-and-captivate/assets/css/style.min.css?ver=4.4.0.4 HTTP/1.1" 200 566 "https://ahsmore.mhcollab.ca/courses/anxiety-in-the-classroom/" "Mozilla/5.0 (Windows NT 10.0; Win64; x64) AppleWebKit/537.36 (KHTML, like Gecko) Chrome/131.0.0.0 Safari/537.36"
199.185.67.79 - - [21/Jan/2025:17:00:04 +0000] "GET /wp-includes/js/jquery/jquery.min.js?ver=3.7.1 HTTP/1.1" 200 30368 "https://ahsmore.mhcollab.ca/courses/anxiety-in-the-classroom/" "Mozilla/5.0 (Windows NT 10.0; Win64; x64) AppleWebKit/537.36 (KHTML, like Gecko) Chrome/131.0.0.0 Safari/537.36"
199.185.67.79 - - [21/Jan/2025:17:00:04 +0000] "GET /wp-includes/js/jquery/jquery-migrate.min.js?ver=3.4.1 HTTP/1.1" 200 4872 "https://ahsmore.mhcollab.ca/courses/anxiety-in-the-classroom/" "Mozilla/5.0 (Windows NT 10.0; Win64; x64) AppleWebKit/537.36 (KHTML, like Gecko) Chrome/131.0.0.0 Safari/537.36"
199.185.67.79 - - [21/Jan/2025:17:00:04 +0000] "GET /wp-content/plugins/uncanny-learndash-toolkit/src/assets/frontend/dist/bundle.min.js?ver=3.7.0.1 HTTP/1.1" 200 11838 "https://ahsmore.mhcollab.ca/courses/anxiety-in-the-classroom/" "Mozilla/5.0 (Windows NT 10.0; Win64; x64) AppleWebKit/537.36 (KHTML, like Gecko) Chrome/131.0.0.0 Safari/537.36"
199.185.67.79 - - [21/Jan/2025:17:00:04 +0000] "GET /wp-content/plugins/uncanny-toolkit-pro/src/assets/dist/frontend/bundle.min.js?ver=4.3.1 HTTP/1.1" 200 9439 "https://ahsmore.mhcollab.ca/courses/anxiety-in-the-classroom/" "Mozilla/5.0 (Windows NT 10.0; Win64; x64) AppleWebKit/537.36 (KHTML, like Gecko) Chrome/131.0.0.0 Safari/537.36"
199.185.67.79 - - [21/Jan/2025:17:00:04 +0000] "GET /wp-content/plugins/insert-or-embed-articulate-content-into-wordpress-premium/js/frontend.js?ver=4c07a945f927cfc17b5ef0589d82cf0d HTTP/1.1" 200 612 "https://ahsmore.mhcollab.ca/courses/anxiety-in-the-classroom/" "Mozilla/5.0 (Windows NT 10.0; Win64; x64) AppleWebKit/537.36 (KHTML, like Gecko) Chrome/131.0.0.0 Safari/537.36"
199.185.67.79 - - [21/Jan/2025:17:00:04 +0000] "GET /wp-content/plugins/learndash-propanel/assets/dist/js/common.js?ver=3.0.2 HTTP/1.1" 200 2404 "https://ahsmore.mhcollab.ca/courses/anxiety-in-the-classroom/" "Mozilla/5.0 (Windows NT 10.0; Win64; x64) AppleWebKit/537.36 (KHTML, like Gecko) Chrome/131.0.0.0 Safari/537.36"
199.185.67.79 - - [21/Jan/2025:17:00:04 +0000] "GET /wp-content/plugins/tin-canny-learndash-reporting/src/h5p-xapi/wp-h5p-xapi.js?ver=4.4.0.4 HTTP/1.1" 200 1197 "https://ahsmore.mhcollab.ca/courses/anxiety-in-the-classroom/" "Mozilla/5.0 (Windows NT 10.0; Win64; x64) AppleWebKit/537.36 (KHTML, like Gecko) Chrome/131.0.0.0 Safari/537.36"
199.185.67.79 - - [21/Jan/2025:17:00:04 +0000] "GET /wp-content/uploads/2020/11/cropped-logoMainBC.png HTTP/1.1" 200 72571 "https://ahsmore.mhcollab.ca/courses/anxiety-in-the-classroom/" "Mozilla/5.0 (Windows NT 10.0; Win64; x64) AppleWebKit/537.36 (KHTML, like Gecko) Chrome/131.0.0.0 Safari/537.36"
199.185.67.79 - - [21/Jan/2025:17:00:04 +0000] "GET /wp-content/uploads/2024/09/RA-MHC_partner-pair_web-e1725342879514.png HTTP/1.1" 200 24537 "https://ahsmore.mhcollab.ca/courses/anxiety-in-the-classroom/" "Mozilla/5.0 (Windows NT 10.0; Win64; x64) AppleWebKit/537.36 (KHTML, like Gecko) Chrome/131.0.0.0 Safari/537.36"
199.185.67.79 - - [21/Jan/2025:17:00:04 +0000] "GET /wp-content/plugins/learndash-propanel/includes/reports-base/includes/admin/dashboard/assets/js/multi-select.js?ver=3.0.2 HTTP/1.1" 200 5566 "https://ahsmore.mhcollab.ca/courses/anxiety-in-the-classroom/" "Mozilla/5.0 (Windows NT 10.0; Win64; x64) AppleWebKit/537.36 (KHTML, like Gecko) Chrome/131.0.0.0 Safari/537.36"
199.185.67.79 - - [21/Jan/2025:17:00:04 +0000] "GET /wp-includes/js/dist/vendor/moment.min.js?ver=2.30.1 HTTP/1.1" 200 18754 "https://ahsmore.mhcollab.ca/courses/anxiety-in-the-classroom/" "Mozilla/5.0 (Windows NT 10.0; Win64; x64) AppleWebKit/537.36 (KHTML, like Gecko) Chrome/131.0.0.0 Safari/537.36"
199.185.67.79 - - [21/Jan/2025:17:00:04 +0000] "GET /wp-includes/js/dist/vendor/react.min.js?ver=18.3.1 HTTP/1.1" 200 4165 "https://ahsmore.mhcollab.ca/courses/anxiety-in-the-classroom/" "Mozilla/5.0 (Windows NT 10.0; Win64; x64) AppleWebKit/537.36 (KHTML, like Gecko) Chrome/131.0.0.0 Safari/537.36"
199.185.67.79 - - [21/Jan/2025:17:00:04 +0000] "GET /wp-content/plugins/learndash-propanel/includes/reports-base/includes/admin/dashboard/assets/js/admin-settings.js?ver=3.0.2 HTTP/1.1" 200 6701 "https://ahsmore.mhcollab.ca/courses/anxiety-in-the-classroom/" "Mozilla/5.0 (Windows NT 10.0; Win64; x64) AppleWebKit/537.36 (KHTML, like Gecko) Chrome/131.0.0.0 Safari/537.36"
199.185.67.79 - - [21/Jan/2025:17:00:04 +0000] "GET /wp-includes/js/dist/element.min.js?ver=cb762d190aebbec25b27 HTTP/1.1" 200 4959 "https://ahsmore.mhcollab.ca/courses/anxiety-in-the-classroom/" "Mozilla/5.0 (Windows NT 10.0; Win64; x64) AppleWebKit/537.36 (KHTML, like Gecko) Chrome/131.0.0.0 Safari/537.36"
199.185.67.79 - - [21/Jan/2025:17:00:04 +0000] "GET /wp-includes/js/dist/escape-html.min.js?ver=6561a406d2d232a6fbd2 HTTP/1.1" 200 532 "https://ahsmore.mhcollab.ca/courses/anxiety-in-the-classroom/" "Mozilla/5.0 (Windows NT 10.0; Win64; x64) AppleWebKit/537.36 (KHTML, like Gecko) Chrome/131.0.0.0 Safari/537.36"
199.185.67.79 - - [21/Jan/2025:17:00:04 +0000] "GET /wp-includes/js/dist/vendor/react-dom.min.js?ver=18.3.1 HTTP/1.1" 200 41947 "https://ahsmore.mhcollab.ca/courses/anxiety-in-the-classroom/" "Mozilla/5.0 (Windows NT 10.0; Win64; x64) AppleWebKit/537.36 (KHTML, like Gecko) Chrome/131.0.0.0 Safari/537.36"
199.185.67.79 - - [21/Jan/2025:17:00:04 +0000] "GET /wp-includes/js/dist/i18n.min.js?ver=5e580eb46a90c2b997e6 HTTP/1.1" 200 3667 "https://ahsmore.mhcollab.ca/courses/anxiety-in-the-classroom/" "Mozilla/5.0 (Windows NT 10.0; Win64; x64) AppleWebKit/537.36 (KHTML, like Gecko) Chrome/131.0.0.0 Safari/537.36"
199.185.67.79 - - [21/Jan/2025:17:00:04 +0000] "GET /wp-includes/js/dist/hooks.min.js?ver=4d63a3d491d11ffd8ac6 HTTP/1.1" 200 1648 "https://ahsmore.mhcollab.ca/courses/anxiety-in-the-classroom/" "Mozilla/5.0 (Windows NT 10.0; Win64; x64) AppleWebKit/537.36 (KHTML, like Gecko) Chrome/131.0.0.0 Safari/537.36"
199.185.67.79 - - [21/Jan/2025:17:00:05 +0000] "GET /wp-includes/js/dist/vendor/wp-polyfill.min.js?ver=3.15.0 HTTP/1.1" 200 13501 "https://ahsmore.mhcollab.ca/courses/anxiety-in-the-classroom/" "Mozilla/5.0 (Windows NT 10.0; Win64; x64) AppleWebKit/537.36 (KHTML, like Gecko) Chrome/131.0.0.0 Safari/537.36"
199.185.67.79 - - [21/Jan/2025:17:00:05 +0000] "GET /wp-includes/js/dist/url.min.js?ver=e87eb76272a3a08402d2 HTTP/1.1" 200 3795 "https://ahsmore.mhcollab.ca/courses/anxiety-in-the-classroom/" "Mozilla/5.0 (Windows NT 10.0; Win64; x64) AppleWebKit/537.36 (KHTML, like Gecko) Chrome/131.0.0.0 Safari/537.36"
199.185.67.79 - - [21/Jan/2025:17:00:05 +0000] "GET /wp-includes/js/dist/api-fetch.min.js?ver=d387b816bc1ed2042e28 HTTP/1.1" 200 2341 "https://ahsmore.mhcollab.ca/courses/anxiety-in-the-classroom/" "Mozilla/5.0 (Windows NT 10.0; Win64; x64) AppleWebKit/537.36 (KHTML, like Gecko) Chrome/131.0.0.0 Safari/537.36"
199.185.67.79 - - [21/Jan/2025:17:00:05 +0000] "GET /wp-content/plugins/learndash-propanel/includes/reports-base/includes/blocks/src/commons/common-functions.js?ver=3.0.2 HTTP/1.1" 200 1585 "https://ahsmore.mhcollab.ca/courses/anxiety-in-the-classroom/" "Mozilla/5.0 (Windows NT 10.0; Win64; x64) AppleWebKit/537.36 (KHTML, like Gecko) Chrome/131.0.0.0 Safari/537.36"
199.185.67.79 - - [21/Jan/2025:17:00:05 +0000] "GET /wp-content/plugins/learndash-propanel/includes/reports-base/includes/blocks/builds/index-total-revenue-earned.js?ver=f10a5618799c575867be HTTP/1.1" 200 1720 "https://ahsmore.mhcollab.ca/courses/anxiety-in-the-classroom/" "Mozilla/5.0 (Windows NT 10.0; Win64; x64) AppleWebKit/537.36 (KHTML, like Gecko) Chrome/131.0.0.0 Safari/537.36"
199.185.67.79 - - [21/Jan/2025:17:00:05 +0000] "GET /wp-content/plugins/learndash-propanel/includes/reports-base/includes/blocks/builds/index-date-filters.js?ver=a1d6734463bc290af9c8 HTTP/1.1" 200 8615 "https://ahsmore.mhcollab.ca/courses/anxiety-in-the-classroom/" "Mozilla/5.0 (Windows NT 10.0; Win64; x64) AppleWebKit/537.36 (KHTML, like Gecko) Chrome/131.0.0.0 Safari/537.36"
199.185.67.79 - - [21/Jan/2025:17:00:05 +0000] "GET /wp-content/plugins/learndash-propanel/includes/reports-base/includes/blocks/builds/index-total-courses.js?ver=0cefa5be8e7738864347 HTTP/1.1" 200 1656 "https://ahsmore.mhcollab.ca/courses/anxiety-in-the-classroom/" "Mozilla/5.0 (Windows NT 10.0; Win64; x64) AppleWebKit/537.36 (KHTML, like Gecko) Chrome/131.0.0.0 Safari/537.36"
199.185.67.79 - - [21/Jan/2025:17:00:05 +0000] "GET /wp-content/plugins/learndash-propanel/includes/reports-base/includes/blocks/builds/index-total-learners.js?ver=fadd16f458306ad64b1b HTTP/1.1" 200 1624 "https://ahsmore.mhcollab.ca/courses/anxiety-in-the-classroom/" "Mozilla/5.0 (Windows NT 10.0; Win64; x64) AppleWebKit/537.36 (KHTML, like Gecko) Chrome/131.0.0.0 Safari/537.36"
199.185.67.79 - - [21/Jan/2025:17:00:05 +0000] "GET /wp-content/plugins/learndash-propanel/includes/reports-base/includes/blocks/builds/index-pending-assignments.js?ver=1aef600d13aa5a0563ad HTTP/1.1" 200 1875 "https://ahsmore.mhcollab.ca/courses/anxiety-in-the-classroom/" "Mozilla/5.0 (Windows NT 10.0; Win64; x64) AppleWebKit/537.36 (KHTML, like Gecko) Chrome/131.0.0.0 Safari/537.36"
199.185.67.79 - - [21/Jan/2025:17:00:05 +0000] "GET /wp-includes/js/dist/vendor/react-jsx-runtime.min.js?ver=18.3.1 HTTP/1.1" 200 552 "https://ahsmore.mhcollab.ca/courses/anxiety-in-the-classroom/" "Mozilla/5.0 (Windows NT 10.0; Win64; x64) AppleWebKit/537.36 (KHTML, like Gecko) Chrome/131.0.0.0 Safari/537.36"
199.185.67.79 - - [21/Jan/2025:17:00:05 +0000] "GET /wp-content/plugins/learndash-propanel/includes/reports-base/includes/blocks/builds/index-revenue-from-courses.js?ver=cb65027c18309c21a2ae HTTP/1.1" 200 139529 "https://ahsmore.mhcollab.ca/courses/anxiety-in-the-classroom/" "Mozilla/5.0 (Windows NT 10.0; Win64; x64) AppleWebKit/537.36 (KHTML, like Gecko) Chrome/131.0.0.0 Safari/537.36"
199.185.67.79 - - [21/Jan/2025:17:00:05 +0000] "GET /wp-includes/js/dist/dom-ready.min.js?ver=f77871ff7694fffea381 HTTP/1.1" 200 320 "https://ahsmore.mhcollab.ca/courses/anxiety-in-the-classroom/" "Mozilla/5.0 (Windows NT 10.0; Win64; x64) AppleWebKit/537.36 (KHTML, like Gecko) Chrome/131.0.0.0 Safari/537.36"
199.185.67.79 - - [21/Jan/2025:17:00:05 +0000] "GET /wp-content/plugins/learndash-propanel/includes/reports-base/includes/blocks/builds/index-daily-enrollments.js?ver=26c7a9fe543a33751dda HTTP/1.1" 200 139384 "https://ahsmore.mhcollab.ca/courses/anxiety-in-the-classroom/" "Mozilla/5.0 (Windows NT 10.0; Win64; x64) AppleWebKit/537.36 (KHTML, like Gecko) Chrome/131.0.0.0 Safari/537.36"
199.185.67.79 - - [21/Jan/2025:17:00:05 +0000] "GET /wp-includes/js/dist/a11y.min.js?ver=3156534cc54473497e14 HTTP/1.1" 200 956 "https://ahsmore.mhcollab.ca/courses/anxiety-in-the-classroom/" "Mozilla/5.0 (Windows NT 10.0; Win64; x64) AppleWebKit/537.36 (KHTML, like Gecko) Chrome/131.0.0.0 Safari/537.36"
199.185.67.79 - - [21/Jan/2025:17:00:05 +0000] "GET /wp-includes/js/dist/deprecated.min.js?ver=e1f84915c5e8ae38964c HTTP/1.1" 200 446 "https://ahsmore.mhcollab.ca/courses/anxiety-in-the-classroom/" "Mozilla/5.0 (Windows NT 10.0; Win64; x64) AppleWebKit/537.36 (KHTML, like Gecko) Chrome/131.0.0.0 Safari/537.36"
199.185.67.79 - - [21/Jan/2025:17:00:05 +0000] "GET /wp-includes/js/dist/dom.min.js?ver=93117dfee2692b04b770 HTTP/1.1" 200 4702 "https://ahsmore.mhcollab.ca/courses/anxiety-in-the-classroom/" "Mozilla/5.0 (Windows NT 10.0; Win64; x64) AppleWebKit/537.36 (KHTML, like Gecko) Chrome/131.0.0.0 Safari/537.36"
199.185.67.79 - - [21/Jan/2025:17:00:05 +0000] "GET /wp-includes/js/dist/is-shallow-equal.min.js?ver=e0f9f1d78d83f5196979 HTTP/1.1" 200 520 "https://ahsmore.mhcollab.ca/courses/anxiety-in-the-classroom/" "Mozilla/5.0 (Windows NT 10.0; Win64; x64) AppleWebKit/537.36 (KHTML, like Gecko) Chrome/131.0.0.0 Safari/537.36"
199.185.67.79 - - [21/Jan/2025:17:00:05 +0000] "GET /wp-includes/js/dist/keycodes.min.js?ver=034ff647a54b018581d3 HTTP/1.1" 200 1391 "https://ahsmore.mhcollab.ca/courses/anxiety-in-the-classroom/" "Mozilla/5.0 (Windows NT 10.0; Win64; x64) AppleWebKit/537.36 (KHTML, like Gecko) Chrome/131.0.0.0 Safari/537.36"
199.185.67.79 - - [21/Jan/2025:17:00:05 +0000] "GET /wp-includes/js/dist/priority-queue.min.js?ver=9c21c957c7e50ffdbf48 HTTP/1.1" 200 1525 "https://ahsmore.mhcollab.ca/courses/anxiety-in-the-classroom/" "Mozilla/5.0 (Windows NT 10.0; Win64; x64) AppleWebKit/537.36 (KHTML, like Gecko) Chrome/131.0.0.0 Safari/537.36"
199.185.67.79 - - [21/Jan/2025:17:00:05 +0000] "GET /wp-includes/js/dist/compose.min.js?ver=85f0708cd2e6b26addeb HTTP/1.1" 200 12852 "https://ahsmore.mhcollab.ca/courses/anxiety-in-the-classroom/" "Mozilla/5.0 (Windows NT 10.0; Win64; x64) AppleWebKit/537.36 (KHTML, like Gecko) Chrome/131.0.0.0 Safari/537.36"
199.185.67.79 - - [21/Jan/2025:17:00:05 +0000] "GET /wp-includes/js/dist/date.min.js?ver=aaca6387d1cf924acc51 HTTP/1.1" 200 43573 "https://ahsmore.mhcollab.ca/courses/anxiety-in-the-classroom/" "Mozilla/5.0 (Windows NT 10.0; Win64; x64) AppleWebKit/537.36 (KHTML, like Gecko) Chrome/131.0.0.0 Safari/537.36"
199.185.67.79 - - [21/Jan/2025:17:00:05 +0000] "GET /wp-includes/js/dist/html-entities.min.js?ver=2cd3358363e0675638fb HTTP/1.1" 200 445 "https://ahsmore.mhcollab.ca/courses/anxiety-in-the-classroom/" "Mozilla/5.0 (Windows NT 10.0; Win64; x64) AppleWebKit/537.36 (KHTML, like Gecko) Chrome/131.0.0.0 Safari/537.36"
199.185.67.79 - - [21/Jan/2025:17:00:05 +0000] "GET /wp-includes/js/dist/primitives.min.js?ver=aef2543ab60c8c9bb609 HTTP/1.1" 200 828 "https://ahsmore.mhcollab.ca/courses/anxiety-in-the-classroom/" "Mozilla/5.0 (Windows NT 10.0; Win64; x64) AppleWebKit/537.36 (KHTML, like Gecko) Chrome/131.0.0.0 Safari/537.36"
199.185.67.79 - - [21/Jan/2025:17:00:05 +0000] "GET /wp-includes/js/dist/private-apis.min.js?ver=4b858962c15c2c7a135f HTTP/1.1" 200 1020 "https://ahsmore.mhcollab.ca/courses/anxiety-in-the-classroom/" "Mozilla/5.0 (Windows NT 10.0; Win64; x64) AppleWebKit/537.36 (KHTML, like Gecko) Chrome/131.0.0.0 Safari/537.36"
199.185.67.79 - - [21/Jan/2025:17:00:05 +0000] "GET /wp-includes/js/dist/redux-routine.min.js?ver=a0a172871afaeb261566 HTTP/1.1" 200 2827 "https://ahsmore.mhcollab.ca/courses/anxiety-in-the-classroom/" "Mozilla/5.0 (Windows NT 10.0; Win64; x64) AppleWebKit/537.36 (KHTML, like Gecko) Chrome/131.0.0.0 Safari/537.36"
199.185.67.79 - - [21/Jan/2025:17:00:05 +0000] "GET /wp-includes/js/dist/data.min.js?ver=7c62e39de0308c73d50c HTTP/1.1" 200 9187 "https://ahsmore.mhcollab.ca/courses/anxiety-in-the-classroom/" "Mozilla/5.0 (Windows NT 10.0; Win64; x64) AppleWebKit/537.36 (KHTML, like Gecko) Chrome/131.0.0.0 Safari/537.36"
199.185.67.79 - - [21/Jan/2025:17:00:05 +0000] "GET /wp-includes/js/dist/rich-text.min.js?ver=4021b9e4e9ef4d3cd868 HTTP/1.1" 200 10044 "https://ahsmore.mhcollab.ca/courses/anxiety-in-the-classroom/" "Mozilla/5.0 (Windows NT 10.0; Win64; x64) AppleWebKit/537.36 (KHTML, like Gecko) Chrome/131.0.0.0 Safari/537.36"
199.185.67.79 - - [21/Jan/2025:17:00:05 +0000] "GET /wp-includes/js/dist/warning.min.js?ver=ed7c8b0940914f4fe44b HTTP/1.1" 200 245 "https://ahsmore.mhcollab.ca/courses/anxiety-in-the-classroom/" "Mozilla/5.0 (Windows NT 10.0; Win64; x64) AppleWebKit/537.36 (KHTML, like Gecko) Chrome/131.0.0.0 Safari/537.36"
199.185.67.79 - - [21/Jan/2025:17:00:05 +0000] "GET /wp-content/plugins/learndash-propanel/includes/reports-base/includes/blocks/builds/index-report-filters.js?ver=b28fbdbc96ca0c44499b HTTP/1.1" 200 52977 "https://ahsmore.mhcollab.ca/courses/anxiety-in-the-classroom/" "Mozilla/5.0 (Windows NT 10.0; Win64; x64) AppleWebKit/537.36 (KHTML, like Gecko) Chrome/131.0.0.0 Safari/537.36"
199.185.67.79 - - [21/Jan/2025:17:00:05 +0000] "GET /wp-includes/js/dist/components.min.js?ver=130172abbae720694b1f HTTP/1.1" 200 225671 "https://ahsmore.mhcollab.ca/courses/anxiety-in-the-classroom/" "Mozilla/5.0 (Windows NT 10.0; Win64; x64) AppleWebKit/537.36 (KHTML, like Gecko) Chrome/131.0.0.0 Safari/537.36"
199.185.67.79 - - [21/Jan/2025:17:00:05 +0000] "GET /wp-content/plugins/learndash-propanel/includes/reports-base/includes/blocks/builds/index-time-spent-on-a-course.js?ver=8367b374b08e9cf19cf6 HTTP/1.1" 200 183838 "https://ahsmore.mhcollab.ca/courses/anxiety-in-the-classroom/" "Mozilla/5.0 (Windows NT 10.0; Win64; x64) AppleWebKit/537.36 (KHTML, like Gecko) Chrome/131.0.0.0 Safari/537.36"
199.185.67.79 - - [21/Jan/2025:17:00:05 +0000] "GET /wp-content/plugins/learndash-propanel/includes/reports-base/includes/blocks/builds/index-quiz-completion-time-per-course.js?ver=a8accdccb915ca6ec1ef HTTP/1.1" 200 140664 "https://ahsmore.mhcollab.ca/courses/anxiety-in-the-classroom/" "Mozilla/5.0 (Windows NT 10.0; Win64; x64) AppleWebKit/537.36 (KHTML, like Gecko) Chrome/131.0.0.0 Safari/537.36"
199.185.67.79 - - [21/Jan/2025:17:00:05 +0000] "GET /wp-content/plugins/learndash-propanel/includes/reports-base/includes/blocks/builds/index-quiz-completion-rate-per-course.js?ver=705a7d95b6d7262c068d HTTP/1.1" 200 140889 "https://ahsmore.mhcollab.ca/courses/anxiety-in-the-classroom/" "Mozilla/5.0 (Windows NT 10.0; Win64; x64) AppleWebKit/537.36 (KHTML, like Gecko) Chrome/131.0.0.0 Safari/537.36"
199.185.67.79 - - [21/Jan/2025:17:00:05 +0000] "GET /wp-content/plugins/learndash-propanel/includes/reports-base/includes/blocks/builds/index-course-list.js?ver=3774f861807fa4f7a67b HTTP/1.1" 200 22921 "https://ahsmore.mhcollab.ca/courses/anxiety-in-the-classroom/" "Mozilla/5.0 (Windows NT 10.0; Win64; x64) AppleWebKit/537.36 (KHTML, like Gecko) Chrome/131.0.0.0 Safari/537.36"
199.185.67.79 - - [21/Jan/2025:17:00:05 +0000] "GET /wp-content/plugins/learndash-propanel/includes/reports-base/includes/blocks/builds/index-learner-pass-fail-rate-per-course.js?ver=2b452734f9ee519f964d HTTP/1.1" 200 140461 "https://ahsmore.mhcollab.ca/courses/anxiety-in-the-classroom/" "Mozilla/5.0 (Windows NT 10.0; Win64; x64) AppleWebKit/537.36 (KHTML, like Gecko) Chrome/131.0.0.0 Safari/537.36"
199.185.67.79 - - [21/Jan/2025:17:00:05 +0000] "GET /wp-content/plugins/learndash-propanel/includes/reports-base/includes/blocks/builds/index-course-completion-rate.js?ver=4cf632660d2f7ff5564a HTTP/1.1" 200 35715 "https://ahsmore.mhcollab.ca/courses/anxiety-in-the-classroom/" "Mozilla/5.0 (Windows NT 10.0; Win64; x64) AppleWebKit/537.36 (KHTML, like Gecko) Chrome/131.0.0.0 Safari/537.36"
199.185.67.79 - - [21/Jan/2025:17:00:05 +0000] "GET /wp-content/plugins/learndash-propanel/includes/reports-base/includes/blocks/builds/index-quiz-reports.js?ver=7123469122c160660636 HTTP/1.1" 200 3781 "https://ahsmore.mhcollab.ca/courses/anxiety-in-the-classroom/" "Mozilla/5.0 (Windows NT 10.0; Win64; x64) AppleWebKit/537.36 (KHTML, like Gecko) Chrome/131.0.0.0 Safari/537.36"
199.185.67.79 - - [21/Jan/2025:17:00:05 +0000] "GET /wp-content/plugins/learndash-propanel/includes/reports-base/includes/blocks/builds/index-course-progress-rate.js?ver=461563202288e2a9701c HTTP/1.1" 200 175805 "https://ahsmore.mhcollab.ca/courses/anxiety-in-the-classroom/" "Mozilla/5.0 (Windows NT 10.0; Win64; x64) AppleWebKit/537.36 (KHTML, like Gecko) Chrome/131.0.0.0 Safari/537.36"
199.185.67.79 - - [21/Jan/2025:17:00:05 +0000] "GET /wp-content/plugins/learndash-propanel/includes/reports-base/includes/blocks/builds/index-average-quiz-attempts.js?ver=ddbeb0c038fad75402f3 HTTP/1.1" 200 140147 "https://ahsmore.mhcollab.ca/courses/anxiety-in-the-classroom/" "Mozilla/5.0 (Windows NT 10.0; Win64; x64) AppleWebKit/537.36 (KHTML, like Gecko) Chrome/131.0.0.0 Safari/537.36"
199.185.67.79 - - [21/Jan/2025:17:00:06 +0000] "GET /wp-content/plugins/learndash-propanel/includes/reports-base/includes/blocks/builds/index-inactive-users.js?ver=aa98286846b0e330eb8e HTTP/1.1" 200 49968 "https://ahsmore.mhcollab.ca/courses/anxiety-in-the-classroom/" "Mozilla/5.0 (Windows NT 10.0; Win64; x64) AppleWebKit/537.36 (KHTML, like Gecko) Chrome/131.0.0.0 Safari/537.36"
199.185.67.79 - - [21/Jan/2025:17:00:06 +0000] "GET /wp-content/plugins/learndash-propanel/includes/reports-base/includes/blocks/builds/index-learner-activity-log.js?ver=c1840714ffa12d9f38c0 HTTP/1.1" 200 34000 "https://ahsmore.mhcollab.ca/courses/anxiety-in-the-classroom/" "Mozilla/5.0 (Windows NT 10.0; Win64; x64) AppleWebKit/537.36 (KHTML, like Gecko) Chrome/131.0.0.0 Safari/537.36"
199.185.67.79 - - [21/Jan/2025:17:00:06 +0000] "GET /wp-content/plugins/learndash-propanel/includes/reports-base/includes/blocks/builds/index-student-profile.js?ver=65f5e92904e96f265cb1 HTTP/1.1" 200 1194 "https://ahsmore.mhcollab.ca/courses/anxiety-in-the-classroom/" "Mozilla/5.0 (Windows NT 10.0; Win64; x64) AppleWebKit/537.36 (KHTML, like Gecko) Chrome/131.0.0.0 Safari/537.36"
199.185.67.79 - - [21/Jan/2025:17:00:06 +0000] "GET /wp-content/plugins/learndash-propanel/includes/reports-base/includes/blocks/builds/index-student-table.js?ver=e37af4d454fd0078ac6c HTTP/1.1" 200 64003 "https://ahsmore.mhcollab.ca/courses/anxiety-in-the-classroom/" "Mozilla/5.0 (Windows NT 10.0; Win64; x64) AppleWebKit/537.36 (KHTML, like Gecko) Chrome/131.0.0.0 Safari/537.36"
199.185.67.79 - - [21/Jan/2025:17:00:06 +0000] "GET /wp-content/plugins/contact-form-7/includes/swv/js/index.js?ver=6.0.3 HTTP/1.1" 200 3502 "https://ahsmore.mhcollab.ca/courses/anxiety-in-the-classroom/" "Mozilla/5.0 (Windows NT 10.0; Win64; x64) AppleWebKit/537.36 (KHTML, like Gecko) Chrome/131.0.0.0 Safari/537.36"
199.185.67.79 - - [21/Jan/2025:17:00:06 +0000] "GET /wp-content/plugins/contact-form-7/includes/js/index.js?ver=6.0.3 HTTP/1.1" 200 4265 "https://ahsmore.mhcollab.ca/courses/anxiety-in-the-classroom/" "Mozilla/5.0 (Windows NT 10.0; Win64; x64) AppleWebKit/537.36 (KHTML, like Gecko) Chrome/131.0.0.0 Safari/537.36"
199.185.67.79 - - [21/Jan/2025:17:00:06 +0000] "GET /wp-content/plugins/sfwd-lms/themes/legacy/templates/learndash_pager.min.js?ver=4.20.0.3 HTTP/1.1" 200 915 "https://ahsmore.mhcollab.ca/courses/anxiety-in-the-classroom/" "Mozilla/5.0 (Windows NT 10.0; Win64; x64) AppleWebKit/537.36 (KHTML, like Gecko) Chrome/131.0.0.0 Safari/537.36"
199.185.67.79 - - [21/Jan/2025:17:00:06 +0000] "GET /wp-content/plugins/sfwd-lms/themes/legacy/templates/learndash_template_script.min.js?ver=4.20.0.3 HTTP/1.1" 200 1131 "https://ahsmore.mhcollab.ca/courses/anxiety-in-the-classroom/" "Mozilla/5.0 (Windows NT 10.0; Win64; x64) AppleWebKit/537.36 (KHTML, like Gecko) Chrome/131.0.0.0 Safari/537.36"
199.185.67.79 - - [21/Jan/2025:17:00:06 +0000] "GET /wp-content/plugins/sfwd-lms/assets/js/jquery.dropdown.min.js?ver=4.20.0.3 HTTP/1.1" 200 936 "https://ahsmore.mhcollab.ca/courses/anxiety-in-the-classroom/" "Mozilla/5.0 (Windows NT 10.0; Win64; x64) AppleWebKit/537.36 (KHTML, like Gecko) Chrome/131.0.0.0 Safari/537.36"
199.185.67.79 - - [21/Jan/2025:17:00:06 +0000] "GET /wp-content/plugins/premium-addons-for-elementor/admin/assets/js/admin-bar.js?ver=4.10.78 HTTP/1.1" 200 446 "https://ahsmore.mhcollab.ca/courses/anxiety-in-the-classroom/" "Mozilla/5.0 (Windows NT 10.0; Win64; x64) AppleWebKit/537.36 (KHTML, like Gecko) Chrome/131.0.0.0 Safari/537.36"
199.185.67.79 - - [21/Jan/2025:17:00:06 +0000] "GET /wp-content/plugins/sfwd-lms/themes/ld30/assets/js/learndash.js?ver=4.20.0.3 HTTP/1.1" 200 8132 "https://ahsmore.mhcollab.ca/courses/anxiety-in-the-classroom/" "Mozilla/5.0 (Windows NT 10.0; Win64; x64) AppleWebKit/537.36 (KHTML, like Gecko) Chrome/131.0.0.0 Safari/537.36"
199.185.67.79 - - [21/Jan/2025:17:00:06 +0000] "GET /wp-content/plugins/3d-flipbook-dflip-lite/assets/js/dflip.min.js?ver=2.3.57 HTTP/1.1" 200 58942 "https://ahsmore.mhcollab.ca/courses/anxiety-in-the-classroom/" "Mozilla/5.0 (Windows NT 10.0; Win64; x64) AppleWebKit/537.36 (KHTML, like Gecko) Chrome/131.0.0.0 Safari/537.36"
199.185.67.79 - - [21/Jan/2025:17:00:06 +0000] "GET /wp-content/plugins/learndash-integrity/assets/js/prevent-content-copy.min.js?ver=1.2.1 HTTP/1.1" 200 189 "https://ahsmore.mhcollab.ca/courses/anxiety-in-the-classroom/" "Mozilla/5.0 (Windows NT 10.0; Win64; x64) AppleWebKit/537.36 (KHTML, like Gecko) Chrome/131.0.0.0 Safari/537.36"
199.185.67.79 - - [21/Jan/2025:17:00:06 +0000] "GET /wp-content/plugins/tin-canny-learndash-reporting/src/uncanny-articulate-and-captivate/assets/scripts/script.js?ver=4.4.0.4 HTTP/1.1" 200 558 "https://ahsmore.mhcollab.ca/courses/anxiety-in-the-classroom/" "Mozilla/5.0 (Windows NT 10.0; Win64; x64) AppleWebKit/537.36 (KHTML, like Gecko) Chrome/131.0.0.0 Safari/537.36"
199.185.67.79 - - [21/Jan/2025:17:00:06 +0000] "GET /wp-content/themes/kadence/assets/js/navigation.min.js?ver=1.2.14 HTTP/1.1" 200 4657 "https://ahsmore.mhcollab.ca/courses/anxiety-in-the-classroom/" "Mozilla/5.0 (Windows NT 10.0; Win64; x64) AppleWebKit/537.36 (KHTML, like Gecko) Chrome/131.0.0.0 Safari/537.36"
199.185.67.145 - - [21/Jan/2025:17:00:26 +0000] "GET /wp-content/uploads/articulate_uploads/Anxiety-in-the-Classroom_noTOC_access/dr/img8.json HTTP/1.1" 304 - "https://ahsmore.mhcollab.ca/wp-content/uploads/articulate_uploads/Anxiety-in-the-Classroom_noTOC_access/index.html" "Mozilla/5.0 (Windows NT 10.0; Win64; x64) AppleWebKit/537.36 (KHTML, like Gecko) Chrome/131.0.0.0 Safari/537.36"
199.185.67.145 - - [21/Jan/2025:17:00:26 +0000] "GET /wp-content/uploads/articulate_uploads/Anxiety-in-the-Classroom_noTOC_access/dr/img29.json HTTP/1.1" 200 2612 "https://ahsmore.mhcollab.ca/wp-content/uploads/articulate_uploads/Anxiety-in-the-Classroom_noTOC_access/index.html" "Mozilla/5.0 (Windows NT 10.0; Win64; x64) AppleWebKit/537.36 (KHTML, like Gecko) Chrome/131.0.0.0 Safari/537.36"
199.185.67.145 - - [21/Jan/2025:17:00:26 +0000] "GET /wp-content/uploads/articulate_uploads/Anxiety-in-the-Classroom_noTOC_access/dr/img12.json HTTP/1.1" 304 - "https://ahsmore.mhcollab.ca/wp-content/uploads/articulate_uploads/Anxiety-in-the-Classroom_noTOC_access/index.html" "Mozilla/5.0 (Windows NT 10.0; Win64; x64) AppleWebKit/537.36 (KHTML, like Gecko) Chrome/131.0.0.0 Safari/537.36"
199.185.67.145 - - [21/Jan/2025:17:00:26 +0000] "GET /wp-content/uploads/articulate_uploads/Anxiety-in-the-Classroom_noTOC_access/dr/img24.json HTTP/1.1" 200 511805 "https://ahsmore.mhcollab.ca/wp-content/uploads/articulate_uploads/Anxiety-in-the-Classroom_noTOC_access/index.html" "Mozilla/5.0 (Windows NT 10.0; Win64; x64) AppleWebKit/537.36 (KHTML, like Gecko) Chrome/131.0.0.0 Safari/537.36"
199.185.67.145 - - [21/Jan/2025:17:00:26 +0000] "GET /wp-content/uploads/articulate_uploads/Anxiety-in-the-Classroom_noTOC_access/vr/Vi6.mp4 HTTP/1.1" 206 104998311 "https://ahsmore.mhcollab.ca/wp-content/uploads/articulate_uploads/Anxiety-in-the-Classroom_noTOC_access/index.html" "Mozilla/5.0 (Windows NT 10.0; Win64; x64) AppleWebKit/537.36 (KHTML, like Gecko) Chrome/131.0.0.0 Safari/537.36"
45.56.220.125 - - [21/Jan/2025:17:01:20 +0000] "POST /wp-cron.php?doing_wp_cron=1737478880.7172970771789550781250 HTTP/1.1" 200 - "-" "WordPress/6.7.1; https://ahsmore.mhcollab.ca"
72.2.34.114 - - [21/Jan/2025:17:01:02 +0000] "GET /resources/ HTTP/1.1" 200 30794 "https://ahsmore.mhcollab.ca/courses/tunderstanding-and-managing-students-problematic-sexual-behaviour/" "Mozilla/5.0 (Windows NT 10.0; Win64; x64) AppleWebKit/537.36 (KHTML, like Gecko) Chrome/131.0.0.0 Safari/537.36"
199.185.67.145 - - [21/Jan/2025:17:01:38 +0000] "GET /wp-content/uploads/articulate_uploads/Anxiety-in-the-Classroom_noTOC_access/dr/img27.json HTTP/1.1" 304 - "https://ahsmore.mhcollab.ca/wp-content/uploads/articulate_uploads/Anxiety-in-the-Classroom_noTOC_access/index.html" "Mozilla/5.0 (Windows NT 10.0; Win64; x64) AppleWebKit/537.36 (KHTML, like Gecko) Chrome/131.0.0.0 Safari/537.36"
199.185.67.145 - - [21/Jan/2025:17:01:38 +0000] "GET /wp-content/uploads/articulate_uploads/Anxiety-in-the-Classroom_noTOC_access/dr/img28.json HTTP/1.1" 304 - "https://ahsmore.mhcollab.ca/wp-content/uploads/articulate_uploads/Anxiety-in-the-Classroom_noTOC_access/index.html" "Mozilla/5.0 (Windows NT 10.0; Win64; x64) AppleWebKit/537.36 (KHTML, like Gecko) Chrome/131.0.0.0 Safari/537.36"
199.185.67.145 - - [21/Jan/2025:17:01:38 +0000] "GET /wp-content/uploads/articulate_uploads/Anxiety-in-the-Classroom_noTOC_access/vr/Vi6.mp4 HTTP/1.1" 206 104334520 "https://ahsmore.mhcollab.ca/wp-content/uploads/articulate_uploads/Anxiety-in-the-Classroom_noTOC_access/index.html" "Mozilla/5.0 (Windows NT 10.0; Win64; x64) AppleWebKit/537.36 (KHTML, like Gecko) Chrome/131.0.0.0 Safari/537.36"
45.56.220.125 - - [21/Jan/2025:17:01:39 +0000] "POST /wp-cron.php?doing_wp_cron=1737478899.9830420017242431640625 HTTP/1.1" 200 - "-" "WordPress/6.7.1; https://ahsmore.mhcollab.ca"
114.119.143.119 - - [21/Jan/2025:17:01:38 +0000] "GET /courses/ces-parent-modules/what-is-self-harming-basics-for-parents-to-know/ HTTP/1.1" 301 - "https://ahsmore.mhcollab.ca/courses/substance-use/youth-medication-use-misuse-and-abuse/" "Mozilla/5.0 (Linux; Android 7.0;) AppleWebKit/537.36 (KHTML, like Gecko) Mobile Safari/537.36 (compatible; PetalBot;+https://webmaster.petalsearch.com/site/petalbot)"
114.119.143.119 - - [21/Jan/2025:17:01:41 +0000] "GET /courses/what-is-self-harming-basics-for-parents-to-know/ HTTP/1.1" 200 26468 "https://ahsmore.mhcollab.ca/courses/substance-use/youth-medication-use-misuse-and-abuse/" "Mozilla/5.0 (Linux; Android 7.0;) AppleWebKit/537.36 (KHTML, like Gecko) Mobile Safari/537.36 (compatible; PetalBot;+https://webmaster.petalsearch.com/site/petalbot)"
45.56.220.125 - - [21/Jan/2025:17:04:04 +0000] "POST /wp-cron.php?doing_wp_cron=1737479044.7461280822753906250000 HTTP/1.1" 200 - "-" "WordPress/6.7.1; https://ahsmore.mhcollab.ca"
147.185.132.57 - - [21/Jan/2025:17:04:02 +0000] "GET / HTTP/1.1" 200 161440 "-" "Expanse, a Palo Alto Networks company, searches across the global IPv4 space multiple times per day to identify customers' presences on the Internet. If you would like to be excluded from our scans, please send IP addresses/domains to: scaninfo@paloaltonetworks.com"
199.185.67.145 - - [21/Jan/2025:17:01:43 +0000] "GET /wp-content/uploads/articulate_uploads/Anxiety-in-the-Classroom_noTOC_access/vr/Vi6.mp4 HTTP/1.1" 206 103934735 "https://ahsmore.mhcollab.ca/wp-content/uploads/articulate_uploads/Anxiety-in-the-Classroom_noTOC_access/index.html" "Mozilla/5.0 (Windows NT 10.0; Win64; x64) AppleWebKit/537.36 (KHTML, like Gecko) Chrome/131.0.0.0 Safari/537.36"
199.185.67.145 - - [21/Jan/2025:17:06:03 +0000] "GET /wp-content/uploads/articulate_uploads/Anxiety-in-the-Classroom_noTOC_access/dr/img29.json HTTP/1.1" 304 - "https://ahsmore.mhcollab.ca/wp-content/uploads/articulate_uploads/Anxiety-in-the-Classroom_noTOC_access/index.html" "Mozilla/5.0 (Windows NT 10.0; Win64; x64) AppleWebKit/537.36 (KHTML, like Gecko) Chrome/131.0.0.0 Safari/537.36"
199.185.67.145 - - [21/Jan/2025:17:06:03 +0000] "GET /wp-content/uploads/articulate_uploads/Anxiety-in-the-Classroom_noTOC_access/dr/img26.json HTTP/1.1" 304 - "https://ahsmore.mhcollab.ca/wp-content/uploads/articulate_uploads/Anxiety-in-the-Classroom_noTOC_access/index.html" "Mozilla/5.0 (Windows NT 10.0; Win64; x64) AppleWebKit/537.36 (KHTML, like Gecko) Chrome/131.0.0.0 Safari/537.36"
199.185.67.145 - - [21/Jan/2025:17:06:03 +0000] "GET /wp-content/uploads/articulate_uploads/Anxiety-in-the-Classroom_noTOC_access/vr/Vi8.mp4 HTTP/1.1" 206 46684843 "https://ahsmore.mhcollab.ca/wp-content/uploads/articulate_uploads/Anxiety-in-the-Classroom_noTOC_access/index.html" "Mozilla/5.0 (Windows NT 10.0; Win64; x64) AppleWebKit/537.36 (KHTML, like Gecko) Chrome/131.0.0.0 Safari/537.36"
45.56.220.125 - - [21/Jan/2025:17:10:01 +0000] "POST /wp-cron.php?doing_wp_cron=1737479401.6313250064849853515625 HTTP/1.1" 200 - "-" "WordPress/6.7.1; https://ahsmore.mhcollab.ca"
51.222.253.13 - - [21/Jan/2025:17:09:59 +0000] "GET /staging/?page_id=3745 HTTP/1.1" 302 32642 "-" "Mozilla/5.0 (compatible; AhrefsBot/7.0; +http://ahrefs.com/robot/)"
45.56.220.125 - - [21/Jan/2025:17:10:54 +0000] "POST /wp-cron.php?doing_wp_cron=1737479454.2458829879760742187500 HTTP/1.1" 200 - "-" "WordPress/6.7.1; https://ahsmore.mhcollab.ca"
192.30.99.83 - - [21/Jan/2025:17:10:52 +0000] "POST /wp-admin/admin-ajax.php HTTP/1.1" 200 36 "https://ahsmore.mhcollab.ca/courses/nssi-protocol-point-person/lessons/related-protocol-documents-copy-4/" "Mozilla/5.0 (Windows NT 10.0; Win64; x64) AppleWebKit/537.36 (KHTML, like Gecko) Chrome/132.0.0.0 Safari/537.36 Edg/132.0.0.0"
192.30.99.83 - - [21/Jan/2025:17:10:52 +0000] "GET /all-courses/ HTTP/1.1" 200 30716 "https://ahsmore.mhcollab.ca/courses/nssi-protocol-point-person/lessons/related-protocol-documents-copy-4/" "Mozilla/5.0 (Windows NT 10.0; Win64; x64) AppleWebKit/537.36 (KHTML, like Gecko) Chrome/132.0.0.0 Safari/537.36 Edg/132.0.0.0"
199.185.67.145 - - [21/Jan/2025:17:10:54 +0000] "GET /wp-content/uploads/articulate_uploads/Anxiety-in-the-Classroom_noTOC_access/vr/Vi8.mp4 HTTP/1.1" 206 46141050 "https://ahsmore.mhcollab.ca/wp-content/uploads/articulate_uploads/Anxiety-in-the-Classroom_noTOC_access/index.html" "Mozilla/5.0 (Windows NT 10.0; Win64; x64) AppleWebKit/537.36 (KHTML, like Gecko) Chrome/131.0.0.0 Safari/537.36"
192.30.99.83 - - [21/Jan/2025:17:10:59 +0000] "GET /courses/anxiety-in-the-classroom/ HTTP/1.1" 200 26549 "https://ahsmore.mhcollab.ca/all-courses/" "Mozilla/5.0 (Windows NT 10.0; Win64; x64) AppleWebKit/537.36 (KHTML, like Gecko) Chrome/132.0.0.0 Safari/537.36 Edg/132.0.0.0"
192.30.99.83 - - [21/Jan/2025:17:11:01 +0000] "GET /wp-content/plugins/sfwd-lms/assets/js/learndash-payments.min.js?ver=4.20.0.3 HTTP/1.1" 200 408 "https://ahsmore.mhcollab.ca/courses/anxiety-in-the-classroom/" "Mozilla/5.0 (Windows NT 10.0; Win64; x64) AppleWebKit/537.36 (KHTML, like Gecko) Chrome/132.0.0.0 Safari/537.36 Edg/132.0.0.0"
199.185.67.145 - - [21/Jan/2025:17:11:07 +0000] "GET / HTTP/1.1" 200 29652 "https://www.google.com/" "Mozilla/5.0 (Windows NT 10.0; Win64; x64) AppleWebKit/537.36 (KHTML, like Gecko) Chrome/131.0.0.0 Safari/537.36 Edg/131.0.0.0"
192.30.99.83 - - [21/Jan/2025:17:11:03 +0000] "POST /courses/anxiety-in-the-classroom/ HTTP/1.1" 200 27009 "https://ahsmore.mhcollab.ca/courses/anxiety-in-the-classroom/" "Mozilla/5.0 (Windows NT 10.0; Win64; x64) AppleWebKit/537.36 (KHTML, like Gecko) Chrome/132.0.0.0 Safari/537.36 Edg/132.0.0.0"
199.185.67.145 - - [21/Jan/2025:17:11:14 +0000] "GET /all-courses/ HTTP/1.1" 200 30722 "https://ahsmore.mhcollab.ca/" "Mozilla/5.0 (Windows NT 10.0; Win64; x64) AppleWebKit/537.36 (KHTML, like Gecko) Chrome/131.0.0.0 Safari/537.36 Edg/131.0.0.0"
45.56.220.125 - - [21/Jan/2025:17:12:04 +0000] "POST /wp-cron.php?doing_wp_cron=1737479524.2477550506591796875000 HTTP/1.1" 200 - "-" "WordPress/6.7.1; https://ahsmore.mhcollab.ca"
192.30.99.83 - - [21/Jan/2025:17:12:02 +0000] "POST /wp-admin/admin-ajax.php HTTP/1.1" 200 36 "https://ahsmore.mhcollab.ca/courses/anxiety-in-the-classroom/" "Mozilla/5.0 (Windows NT 10.0; Win64; x64) AppleWebKit/537.36 (KHTML, like Gecko) Chrome/132.0.0.0 Safari/537.36 Edg/132.0.0.0"
192.30.99.83 - - [21/Jan/2025:17:12:02 +0000] "GET /courses/anxiety-in-the-classroom/lessons/fight-flight-fear-origins-of-fear-anxiety-video/ HTTP/1.1" 200 27100 "https://ahsmore.mhcollab.ca/courses/anxiety-in-the-classroom/" "Mozilla/5.0 (Windows NT 10.0; Win64; x64) AppleWebKit/537.36 (KHTML, like Gecko) Chrome/132.0.0.0 Safari/537.36 Edg/132.0.0.0"
192.30.99.83 - - [21/Jan/2025:17:12:04 +0000] "GET /wp-includes/js/mediaelement/mediaelementplayer-legacy.min.css?ver=4.2.17 HTTP/1.1" 200 2592 "https://ahsmore.mhcollab.ca/courses/anxiety-in-the-classroom/lessons/fight-flight-fear-origins-of-fear-anxiety-video/" "Mozilla/5.0 (Windows NT 10.0; Win64; x64) AppleWebKit/537.36 (KHTML, like Gecko) Chrome/132.0.0.0 Safari/537.36 Edg/132.0.0.0"
192.30.99.83 - - [21/Jan/2025:17:12:04 +0000] "GET /wp-includes/js/mediaelement/wp-mediaelement.min.css?ver=4c07a945f927cfc17b5ef0589d82cf0d HTTP/1.1" 200 1156 "https://ahsmore.mhcollab.ca/courses/anxiety-in-the-classroom/lessons/fight-flight-fear-origins-of-fear-anxiety-video/" "Mozilla/5.0 (Windows NT 10.0; Win64; x64) AppleWebKit/537.36 (KHTML, like Gecko) Chrome/132.0.0.0 Safari/537.36 Edg/132.0.0.0"
192.30.99.83 - - [21/Jan/2025:17:12:04 +0000] "GET /wp-includes/js/mediaelement/mediaelement-migrate.min.js?ver=4c07a945f927cfc17b5ef0589d82cf0d HTTP/1.1" 200 540 "https://ahsmore.mhcollab.ca/courses/anxiety-in-the-classroom/lessons/fight-flight-fear-origins-of-fear-anxiety-video/" "Mozilla/5.0 (Windows NT 10.0; Win64; x64) AppleWebKit/537.36 (KHTML, like Gecko) Chrome/132.0.0.0 Safari/537.36 Edg/132.0.0.0"
192.30.99.83 - - [21/Jan/2025:17:12:04 +0000] "GET /wp-includes/js/mediaelement/mediaelement-and-player.min.js?ver=4.2.17 HTTP/1.1" 200 38789 "https://ahsmore.mhcollab.ca/courses/anxiety-in-the-classroom/lessons/fight-flight-fear-origins-of-fear-anxiety-video/" "Mozilla/5.0 (Windows NT 10.0; Win64; x64) AppleWebKit/537.36 (KHTML, like Gecko) Chrome/132.0.0.0 Safari/537.36 Edg/132.0.0.0"
192.30.99.83 - - [21/Jan/2025:17:12:04 +0000] "GET /wp-includes/js/mediaelement/wp-mediaelement.min.js?ver=4c07a945f927cfc17b5ef0589d82cf0d HTTP/1.1" 200 538 "https://ahsmore.mhcollab.ca/courses/anxiety-in-the-classroom/lessons/fight-flight-fear-origins-of-fear-anxiety-video/" "Mozilla/5.0 (Windows NT 10.0; Win64; x64) AppleWebKit/537.36 (KHTML, like Gecko) Chrome/132.0.0.0 Safari/537.36 Edg/132.0.0.0"
192.30.99.83 - - [21/Jan/2025:17:12:05 +0000] "GET /wp-includes/js/mediaelement/renderers/vimeo.min.js?ver=4.2.17 HTTP/1.1" 200 2284 "https://ahsmore.mhcollab.ca/courses/anxiety-in-the-classroom/lessons/fight-flight-fear-origins-of-fear-anxiety-video/" "Mozilla/5.0 (Windows NT 10.0; Win64; x64) AppleWebKit/537.36 (KHTML, like Gecko) Chrome/132.0.0.0 Safari/537.36 Edg/132.0.0.0"
192.30.99.83 - - [21/Jan/2025:17:12:05 +0000] "GET /wp-content/uploads/2021/04/FightFlightFreezeOrigins_course_version.mp4?_=1 HTTP/1.1" 206 304734960 "https://ahsmore.mhcollab.ca/courses/anxiety-in-the-classroom/lessons/fight-flight-fear-origins-of-fear-anxiety-video/" "Mozilla/5.0 (Windows NT 10.0; Win64; x64) AppleWebKit/537.36 (KHTML, like Gecko) Chrome/132.0.0.0 Safari/537.36 Edg/132.0.0.0"
192.30.99.83 - - [21/Jan/2025:17:12:05 +0000] "GET /wp-includes/js/mediaelement/mejs-controls.svg HTTP/1.1" 200 1413 "https://ahsmore.mhcollab.ca/wp-includes/js/mediaelement/mediaelementplayer-legacy.min.css?ver=4.2.17" "Mozilla/5.0 (Windows NT 10.0; Win64; x64) AppleWebKit/537.36 (KHTML, like Gecko) Chrome/132.0.0.0 Safari/537.36 Edg/132.0.0.0"
192.30.99.83 - - [21/Jan/2025:17:12:05 +0000] "GET /wp-content/uploads/2021/04/FightFlightFreezeOrigins_course_version.mp4?_=1 HTTP/1.1" 206 304734960 "https://ahsmore.mhcollab.ca/courses/anxiety-in-the-classroom/lessons/fight-flight-fear-origins-of-fear-anxiety-video/" "Mozilla/5.0 (Windows NT 10.0; Win64; x64) AppleWebKit/537.36 (KHTML, like Gecko) Chrome/132.0.0.0 Safari/537.36 Edg/132.0.0.0"
192.30.99.83 - - [21/Jan/2025:17:12:05 +0000] "GET /wp-content/uploads/2021/04/FightFlightFreezeOrigins_course_version.mp4?_=1 HTTP/1.1" 206 303948528 "https://ahsmore.mhcollab.ca/courses/anxiety-in-the-classroom/lessons/fight-flight-fear-origins-of-fear-anxiety-video/" "Mozilla/5.0 (Windows NT 10.0; Win64; x64) AppleWebKit/537.36 (KHTML, like Gecko) Chrome/132.0.0.0 Safari/537.36 Edg/132.0.0.0"
199.185.67.145 - - [21/Jan/2025:17:10:56 +0000] "GET /wp-content/uploads/articulate_uploads/Anxiety-in-the-Classroom_noTOC_access/vr/Vi8.mp4 HTTP/1.1" 206 45533262 "https://ahsmore.mhcollab.ca/wp-content/uploads/articulate_uploads/Anxiety-in-the-Classroom_noTOC_access/index.html" "Mozilla/5.0 (Windows NT 10.0; Win64; x64) AppleWebKit/537.36 (KHTML, like Gecko) Chrome/131.0.0.0 Safari/537.36"
199.185.67.145 - - [21/Jan/2025:17:12:54 +0000] "GET /wp-content/uploads/articulate_uploads/Anxiety-in-the-Classroom_noTOC_access/dr/img2.json HTTP/1.1" 304 - "https://ahsmore.mhcollab.ca/wp-content/uploads/articulate_uploads/Anxiety-in-the-Classroom_noTOC_access/index.html" "Mozilla/5.0 (Windows NT 10.0; Win64; x64) AppleWebKit/537.36 (KHTML, like Gecko) Chrome/131.0.0.0 Safari/537.36"
199.185.67.145 - - [21/Jan/2025:17:12:54 +0000] "GET /wp-content/uploads/articulate_uploads/Anxiety-in-the-Classroom_noTOC_access/dr/img21.json HTTP/1.1" 304 - "https://ahsmore.mhcollab.ca/wp-content/uploads/articulate_uploads/Anxiety-in-the-Classroom_noTOC_access/index.html" "Mozilla/5.0 (Windows NT 10.0; Win64; x64) AppleWebKit/537.36 (KHTML, like Gecko) Chrome/131.0.0.0 Safari/537.36"
199.185.67.145 - - [21/Jan/2025:17:14:24 +0000] "GET /wp-content/uploads/articulate_uploads/Anxiety-in-the-Classroom_noTOC_access/dr/img15.json HTTP/1.1" 304 - "https://ahsmore.mhcollab.ca/wp-content/uploads/articulate_uploads/Anxiety-in-the-Classroom_noTOC_access/index.html" "Mozilla/5.0 (Windows NT 10.0; Win64; x64) AppleWebKit/537.36 (KHTML, like Gecko) Chrome/131.0.0.0 Safari/537.36"
199.185.67.145 - - [21/Jan/2025:17:14:24 +0000] "GET /wp-content/uploads/articulate_uploads/Anxiety-in-the-Classroom_noTOC_access/dr/img28.json HTTP/1.1" 304 - "https://ahsmore.mhcollab.ca/wp-content/uploads/articulate_uploads/Anxiety-in-the-Classroom_noTOC_access/index.html" "Mozilla/5.0 (Windows NT 10.0; Win64; x64) AppleWebKit/537.36 (KHTML, like Gecko) Chrome/131.0.0.0 Safari/537.36"
199.185.67.145 - - [21/Jan/2025:17:14:24 +0000] "GET /wp-content/uploads/articulate_uploads/Anxiety-in-the-Classroom_noTOC_access/dr/img8.json HTTP/1.1" 304 - "https://ahsmore.mhcollab.ca/wp-content/uploads/articulate_uploads/Anxiety-in-the-Classroom_noTOC_access/index.html" "Mozilla/5.0 (Windows NT 10.0; Win64; x64) AppleWebKit/537.36 (KHTML, like Gecko) Chrome/131.0.0.0 Safari/537.36"
199.185.67.145 - - [21/Jan/2025:17:14:24 +0000] "GET /wp-content/uploads/articulate_uploads/Anxiety-in-the-Classroom_noTOC_access/dr/img3.json HTTP/1.1" 304 - "https://ahsmore.mhcollab.ca/wp-content/uploads/articulate_uploads/Anxiety-in-the-Classroom_noTOC_access/index.html" "Mozilla/5.0 (Windows NT 10.0; Win64; x64) AppleWebKit/537.36 (KHTML, like Gecko) Chrome/131.0.0.0 Safari/537.36"
199.185.67.145 - - [21/Jan/2025:17:14:24 +0000] "GET /wp-content/uploads/articulate_uploads/Anxiety-in-the-Classroom_noTOC_access/dr/img19.json HTTP/1.1" 304 - "https://ahsmore.mhcollab.ca/wp-content/uploads/articulate_uploads/Anxiety-in-the-Classroom_noTOC_access/index.html" "Mozilla/5.0 (Windows NT 10.0; Win64; x64) AppleWebKit/537.36 (KHTML, like Gecko) Chrome/131.0.0.0 Safari/537.36"
199.185.67.145 - - [21/Jan/2025:17:14:34 +0000] "GET /wp-content/uploads/articulate_uploads/Anxiety-in-the-Classroom_noTOC_access/dr/img26.json HTTP/1.1" 304 - "https://ahsmore.mhcollab.ca/wp-content/uploads/articulate_uploads/Anxiety-in-the-Classroom_noTOC_access/index.html" "Mozilla/5.0 (Windows NT 10.0; Win64; x64) AppleWebKit/537.36 (KHTML, like Gecko) Chrome/131.0.0.0 Safari/537.36"
199.185.67.145 - - [21/Jan/2025:17:14:34 +0000] "GET /wp-content/uploads/articulate_uploads/Anxiety-in-the-Classroom_noTOC_access/dr/img1.json HTTP/1.1" 304 - "https://ahsmore.mhcollab.ca/wp-content/uploads/articulate_uploads/Anxiety-in-the-Classroom_noTOC_access/index.html" "Mozilla/5.0 (Windows NT 10.0; Win64; x64) AppleWebKit/537.36 (KHTML, like Gecko) Chrome/131.0.0.0 Safari/537.36"
192.30.99.83 - - [21/Jan/2025:17:12:13 +0000] "GET /wp-content/uploads/2021/04/FightFlightFreezeOrigins_course_version.mp4?_=1 HTTP/1.1" 206 302428743 "https://ahsmore.mhcollab.ca/courses/anxiety-in-the-classroom/lessons/fight-flight-fear-origins-of-fear-anxiety-video/" "Mozilla/5.0 (Windows NT 10.0; Win64; x64) AppleWebKit/537.36 (KHTML, like Gecko) Chrome/132.0.0.0 Safari/537.36 Edg/132.0.0.0"
199.185.67.145 - - [21/Jan/2025:17:15:12 +0000] "GET /wp-content/uploads/articulate_uploads/Anxiety-in-the-Classroom_noTOC_access/dr/img8.json HTTP/1.1" 304 - "https://ahsmore.mhcollab.ca/wp-content/uploads/articulate_uploads/Anxiety-in-the-Classroom_noTOC_access/index.html" "Mozilla/5.0 (Windows NT 10.0; Win64; x64) AppleWebKit/537.36 (KHTML, like Gecko) Chrome/131.0.0.0 Safari/537.36"
199.185.67.145 - - [21/Jan/2025:17:15:12 +0000] "GET /wp-content/uploads/articulate_uploads/Anxiety-in-the-Classroom_noTOC_access/dr/img29.json HTTP/1.1" 304 - "https://ahsmore.mhcollab.ca/wp-content/uploads/articulate_uploads/Anxiety-in-the-Classroom_noTOC_access/index.html" "Mozilla/5.0 (Windows NT 10.0; Win64; x64) AppleWebKit/537.36 (KHTML, like Gecko) Chrome/131.0.0.0 Safari/537.36"
199.185.67.145 - - [21/Jan/2025:17:15:12 +0000] "GET /wp-content/uploads/articulate_uploads/Anxiety-in-the-Classroom_noTOC_access/dr/img12.json HTTP/1.1" 304 - "https://ahsmore.mhcollab.ca/wp-content/uploads/articulate_uploads/Anxiety-in-the-Classroom_noTOC_access/index.html" "Mozilla/5.0 (Windows NT 10.0; Win64; x64) AppleWebKit/537.36 (KHTML, like Gecko) Chrome/131.0.0.0 Safari/537.36"
199.185.67.145 - - [21/Jan/2025:17:15:12 +0000] "GET /wp-content/uploads/articulate_uploads/Anxiety-in-the-Classroom_noTOC_access/dr/img24.json HTTP/1.1" 304 - "https://ahsmore.mhcollab.ca/wp-content/uploads/articulate_uploads/Anxiety-in-the-Classroom_noTOC_access/index.html" "Mozilla/5.0 (Windows NT 10.0; Win64; x64) AppleWebKit/537.36 (KHTML, like Gecko) Chrome/131.0.0.0 Safari/537.36"
