192.30.99.83 - - [21/Jan/2025:17:24:38 +0000] "GET /wp-content/uploads/articulate_uploads/Anxiety-in-the-Classroom_noTOC_access/assets/htmlimages/skip_question_small.png HTTP/1.1" 200 696 "https://ahsmore.mhcollab.ca/wp-content/uploads/articulate_uploads/Anxiety-in-the-Classroom_noTOC_access/index.html" "Mozilla/5.0 (Windows NT 10.0; Win64; x64) AppleWebKit/537.36 (KHTML, like Gecko) Chrome/132.0.0.0 Safari/537.36 Edg/132.0.0.0"
192.30.99.83 - - [21/Jan/2025:17:24:38 +0000] "GET /wp-content/uploads/articulate_uploads/Anxiety-in-the-Classroom_noTOC_access/assets/playbar/PlaybarIcons/AudioOff.png HTTP/1.1" 200 99 "https://ahsmore.mhcollab.ca/wp-content/uploads/articulate_uploads/Anxiety-in-the-Classroom_noTOC_access/index.html" "Mozilla/5.0 (Windows NT 10.0; Win64; x64) AppleWebKit/537.36 (KHTML, like Gecko) Chrome/132.0.0.0 Safari/537.36 Edg/132.0.0.0"
192.30.99.83 - - [21/Jan/2025:17:24:38 +0000] "GET /wp-content/uploads/articulate_uploads/Anxiety-in-the-Classroom_noTOC_access/assets/playbar/PlaybarIcons/AudioOn.png HTTP/1.1" 200 138 "https://ahsmore.mhcollab.ca/wp-content/uploads/articulate_uploads/Anxiety-in-the-Classroom_noTOC_access/index.html" "Mozilla/5.0 (Windows NT 10.0; Win64; x64) AppleWebKit/537.36 (KHTML, like Gecko) Chrome/132.0.0.0 Safari/537.36 Edg/132.0.0.0"
192.30.99.83 - - [21/Jan/2025:17:24:38 +0000] "GET /wp-content/uploads/articulate_uploads/Anxiety-in-the-Classroom_noTOC_access/assets/playbar/PlaybarIcons/BackGround.png HTTP/1.1" 200 106 "https://ahsmore.mhcollab.ca/wp-content/uploads/articulate_uploads/Anxiety-in-the-Classroom_noTOC_access/index.html" "Mozilla/5.0 (Windows NT 10.0; Win64; x64) AppleWebKit/537.36 (KHTML, like Gecko) Chrome/132.0.0.0 Safari/537.36 Edg/132.0.0.0"
192.30.99.83 - - [21/Jan/2025:17:24:38 +0000] "GET /wp-content/uploads/articulate_uploads/Anxiety-in-the-Classroom_noTOC_access/assets/playbar/PlaybarIcons/ColorSmall.png HTTP/1.1" 200 211 "https://ahsmore.mhcollab.ca/wp-content/uploads/articulate_uploads/Anxiety-in-the-Classroom_noTOC_access/index.html" "Mozilla/5.0 (Windows NT 10.0; Win64; x64) AppleWebKit/537.36 (KHTML, like Gecko) Chrome/132.0.0.0 Safari/537.36 Edg/132.0.0.0"
192.30.99.83 - - [21/Jan/2025:17:24:38 +0000] "GET /wp-content/uploads/articulate_uploads/Anxiety-in-the-Classroom_noTOC_access/assets/playbar/PlaybarIcons/Color.png HTTP/1.1" 200 214 "https://ahsmore.mhcollab.ca/wp-content/uploads/articulate_uploads/Anxiety-in-the-Classroom_noTOC_access/index.html" "Mozilla/5.0 (Windows NT 10.0; Win64; x64) AppleWebKit/537.36 (KHTML, like Gecko) Chrome/132.0.0.0 Safari/537.36 Edg/132.0.0.0"
192.30.99.83 - - [21/Jan/2025:17:24:38 +0000] "GET /wp-content/uploads/articulate_uploads/Anxiety-in-the-Classroom_noTOC_access/assets/playbar/PlaybarIcons/Backward.png HTTP/1.1" 200 100 "https://ahsmore.mhcollab.ca/wp-content/uploads/articulate_uploads/Anxiety-in-the-Classroom_noTOC_access/index.html" "Mozilla/5.0 (Windows NT 10.0; Win64; x64) AppleWebKit/537.36 (KHTML, like Gecko) Chrome/132.0.0.0 Safari/537.36 Edg/132.0.0.0"
192.30.99.83 - - [21/Jan/2025:17:24:38 +0000] "GET /wp-content/uploads/articulate_uploads/Anxiety-in-the-Classroom_noTOC_access/assets/playbar/PlaybarIcons/Exit.png HTTP/1.1" 200 94 "https://ahsmore.mhcollab.ca/wp-content/uploads/articulate_uploads/Anxiety-in-the-Classroom_noTOC_access/index.html" "Mozilla/5.0 (Windows NT 10.0; Win64; x64) AppleWebKit/537.36 (KHTML, like Gecko) Chrome/132.0.0.0 Safari/537.36 Edg/132.0.0.0"
192.30.99.83 - - [21/Jan/2025:17:24:38 +0000] "GET /wp-content/uploads/articulate_uploads/Anxiety-in-the-Classroom_noTOC_access/assets/playbar/PlaybarIcons/Glow.png HTTP/1.1" 200 263 "https://ahsmore.mhcollab.ca/wp-content/uploads/articulate_uploads/Anxiety-in-the-Classroom_noTOC_access/index.html" "Mozilla/5.0 (Windows NT 10.0; Win64; x64) AppleWebKit/537.36 (KHTML, like Gecko) Chrome/132.0.0.0 Safari/537.36 Edg/132.0.0.0"
192.30.99.83 - - [21/Jan/2025:17:24:38 +0000] "GET /wp-content/uploads/articulate_uploads/Anxiety-in-the-Classroom_noTOC_access/assets/playbar/PlaybarIcons/InnerStroke.png HTTP/1.1" 200 261 "https://ahsmore.mhcollab.ca/wp-content/uploads/articulate_uploads/Anxiety-in-the-Classroom_noTOC_access/index.html" "Mozilla/5.0 (Windows NT 10.0; Win64; x64) AppleWebKit/537.36 (KHTML, like Gecko) Chrome/132.0.0.0 Safari/537.36 Edg/132.0.0.0"
192.30.99.83 - - [21/Jan/2025:17:24:38 +0000] "GET /wp-content/uploads/articulate_uploads/Anxiety-in-the-Classroom_noTOC_access/assets/playbar/PlaybarIcons/GlowSmall.png HTTP/1.1" 200 257 "https://ahsmore.mhcollab.ca/wp-content/uploads/articulate_uploads/Anxiety-in-the-Classroom_noTOC_access/index.html" "Mozilla/5.0 (Windows NT 10.0; Win64; x64) AppleWebKit/537.36 (KHTML, like Gecko) Chrome/132.0.0.0 Safari/537.36 Edg/132.0.0.0"
192.30.99.83 - - [21/Jan/2025:17:24:38 +0000] "GET /wp-content/uploads/articulate_uploads/Anxiety-in-the-Classroom_noTOC_access/assets/playbar/PlaybarIcons/Height.png HTTP/1.1" 200 86 "https://ahsmore.mhcollab.ca/wp-content/uploads/articulate_uploads/Anxiety-in-the-Classroom_noTOC_access/index.html" "Mozilla/5.0 (Windows NT 10.0; Win64; x64) AppleWebKit/537.36 (KHTML, like Gecko) Chrome/132.0.0.0 Safari/537.36 Edg/132.0.0.0"
192.30.99.83 - - [21/Jan/2025:17:24:38 +0000] "GET /wp-content/uploads/articulate_uploads/Anxiety-in-the-Classroom_noTOC_access/assets/playbar/PlaybarIcons/InnerStrokeSmall.png HTTP/1.1" 200 245 "https://ahsmore.mhcollab.ca/wp-content/uploads/articulate_uploads/Anxiety-in-the-Classroom_noTOC_access/index.html" "Mozilla/5.0 (Windows NT 10.0; Win64; x64) AppleWebKit/537.36 (KHTML, like Gecko) Chrome/132.0.0.0 Safari/537.36 Edg/132.0.0.0"
192.30.99.83 - - [21/Jan/2025:17:24:38 +0000] "GET /wp-content/uploads/articulate_uploads/Anxiety-in-the-Classroom_noTOC_access/assets/playbar/PlaybarIcons/Shade.png HTTP/1.1" 200 183 "https://ahsmore.mhcollab.ca/wp-content/uploads/articulate_uploads/Anxiety-in-the-Classroom_noTOC_access/index.html" "Mozilla/5.0 (Windows NT 10.0; Win64; x64) AppleWebKit/537.36 (KHTML, like Gecko) Chrome/132.0.0.0 Safari/537.36 Edg/132.0.0.0"
192.30.99.83 - - [21/Jan/2025:17:24:38 +0000] "GET /wp-content/uploads/articulate_uploads/Anxiety-in-the-Classroom_noTOC_access/assets/playbar/PlaybarIcons/ShadeSmall.png HTTP/1.1" 200 162 "https://ahsmore.mhcollab.ca/wp-content/uploads/articulate_uploads/Anxiety-in-the-Classroom_noTOC_access/index.html" "Mozilla/5.0 (Windows NT 10.0; Win64; x64) AppleWebKit/537.36 (KHTML, like Gecko) Chrome/132.0.0.0 Safari/537.36 Edg/132.0.0.0"
192.30.99.83 - - [21/Jan/2025:17:24:38 +0000] "GET /wp-content/uploads/articulate_uploads/Anxiety-in-the-Classroom_noTOC_access/assets/playbar/PlaybarIcons/StrokeSmall.png HTTP/1.1" 200 285 "https://ahsmore.mhcollab.ca/wp-content/uploads/articulate_uploads/Anxiety-in-the-Classroom_noTOC_access/index.html" "Mozilla/5.0 (Windows NT 10.0; Win64; x64) AppleWebKit/537.36 (KHTML, like Gecko) Chrome/132.0.0.0 Safari/537.36 Edg/132.0.0.0"
192.30.99.83 - - [21/Jan/2025:17:24:38 +0000] "GET /wp-content/uploads/articulate_uploads/Anxiety-in-the-Classroom_noTOC_access/assets/playbar/PlaybarIcons/Stroke.png HTTP/1.1" 200 305 "https://ahsmore.mhcollab.ca/wp-content/uploads/articulate_uploads/Anxiety-in-the-Classroom_noTOC_access/index.html" "Mozilla/5.0 (Windows NT 10.0; Win64; x64) AppleWebKit/537.36 (KHTML, like Gecko) Chrome/132.0.0.0 Safari/537.36 Edg/132.0.0.0"
192.30.99.83 - - [21/Jan/2025:17:24:52 +0000] "GET /courses/anxiety-in-the-classroom/lessons/supplementary-documents/ HTTP/1.1" 200 25812 "https://ahsmore.mhcollab.ca/courses/anxiety-in-the-classroom/" "Mozilla/5.0 (Windows NT 10.0; Win64; x64) AppleWebKit/537.36 (KHTML, like Gecko) Chrome/132.0.0.0 Safari/537.36 Edg/132.0.0.0"
192.30.99.83 - - [21/Jan/2025:17:24:52 +0000] "POST /wp-admin/admin-ajax.php HTTP/1.1" 200 36 "https://ahsmore.mhcollab.ca/courses/anxiety-in-the-classroom/" "Mozilla/5.0 (Windows NT 10.0; Win64; x64) AppleWebKit/537.36 (KHTML, like Gecko) Chrome/132.0.0.0 Safari/537.36 Edg/132.0.0.0"
199.185.67.145 - - [21/Jan/2025:17:24:57 +0000] "GET /wp-content/uploads/articulate_uploads/Anxiety-in-the-Classroom_noTOC_access/dr/img26.json HTTP/1.1" 304 - "https://ahsmore.mhcollab.ca/wp-content/uploads/articulate_uploads/Anxiety-in-the-Classroom_noTOC_access/index.html" "Mozilla/5.0 (Windows NT 10.0; Win64; x64) AppleWebKit/537.36 (KHTML, like Gecko) Chrome/131.0.0.0 Safari/537.36"
199.185.67.145 - - [21/Jan/2025:17:24:57 +0000] "GET /wp-content/uploads/articulate_uploads/Anxiety-in-the-Classroom_noTOC_access/dr/img27.json HTTP/1.1" 304 - "https://ahsmore.mhcollab.ca/wp-content/uploads/articulate_uploads/Anxiety-in-the-Classroom_noTOC_access/index.html" "Mozilla/5.0 (Windows NT 10.0; Win64; x64) AppleWebKit/537.36 (KHTML, like Gecko) Chrome/131.0.0.0 Safari/537.36"
199.185.67.145 - - [21/Jan/2025:17:24:57 +0000] "GET /wp-content/uploads/articulate_uploads/Anxiety-in-the-Classroom_noTOC_access/vr/Vi12.mp4 HTTP/1.1" 206 64237518 "https://ahsmore.mhcollab.ca/wp-content/uploads/articulate_uploads/Anxiety-in-the-Classroom_noTOC_access/index.html" "Mozilla/5.0 (Windows NT 10.0; Win64; x64) AppleWebKit/537.36 (KHTML, like Gecko) Chrome/131.0.0.0 Safari/537.36"
45.56.220.125 - - [21/Jan/2025:17:24:58 +0000] "POST /wp-cron.php?doing_wp_cron=1737480298.5812718868255615234375 HTTP/1.1" 200 - "-" "WordPress/6.7.1; https://ahsmore.mhcollab.ca"
192.30.99.83 - - [21/Jan/2025:17:24:57 +0000] "POST /wp-admin/admin-ajax.php HTTP/1.1" 200 36 "https://ahsmore.mhcollab.ca/courses/anxiety-in-the-classroom/lessons/supplementary-documents/" "Mozilla/5.0 (Windows NT 10.0; Win64; x64) AppleWebKit/537.36 (KHTML, like Gecko) Chrome/132.0.0.0 Safari/537.36 Edg/132.0.0.0"
192.30.99.83 - - [21/Jan/2025:17:24:57 +0000] "GET /wp-content/uploads/2021/04/Strategies-for-Supporting-Anxious-Students-1.pdf HTTP/1.1" 200 17826108 "https://ahsmore.mhcollab.ca/courses/anxiety-in-the-classroom/lessons/supplementary-documents/" "Mozilla/5.0 (Windows NT 10.0; Win64; x64) AppleWebKit/537.36 (KHTML, like Gecko) Chrome/132.0.0.0 Safari/537.36 Edg/132.0.0.0"
45.56.220.125 - - [21/Jan/2025:17:25:52 +0000] "POST /wp-cron.php?doing_wp_cron=1737480352.4170339107513427734375 HTTP/1.1" 200 - "-" "WordPress/6.7.1; https://ahsmore.mhcollab.ca"
192.30.99.83 - - [21/Jan/2025:17:25:50 +0000] "GET /courses/anxiety-in-the-classroom/lessons/supplementary-documents/ HTTP/1.1" 200 25812 "https://ahsmore.mhcollab.ca/courses/anxiety-in-the-classroom/" "Mozilla/5.0 (Windows NT 10.0; Win64; x64) AppleWebKit/537.36 (KHTML, like Gecko) Chrome/132.0.0.0 Safari/537.36 Edg/132.0.0.0"
192.30.99.83 - - [21/Jan/2025:17:25:55 +0000] "POST /wp-admin/admin-ajax.php HTTP/1.1" 200 36 "https://ahsmore.mhcollab.ca/courses/anxiety-in-the-classroom/lessons/supplementary-documents/" "Mozilla/5.0 (Windows NT 10.0; Win64; x64) AppleWebKit/537.36 (KHTML, like Gecko) Chrome/132.0.0.0 Safari/537.36 Edg/132.0.0.0"
192.30.99.83 - - [21/Jan/2025:17:25:57 +0000] "GET /courses/anxiety-in-the-classroom/ HTTP/1.1" 200 27081 "https://ahsmore.mhcollab.ca/courses/anxiety-in-the-classroom/lessons/supplementary-documents/" "Mozilla/5.0 (Windows NT 10.0; Win64; x64) AppleWebKit/537.36 (KHTML, like Gecko) Chrome/132.0.0.0 Safari/537.36 Edg/132.0.0.0"
192.30.99.83 - - [21/Jan/2025:17:26:01 +0000] "POST /wp-admin/admin-ajax.php HTTP/1.1" 200 36 "https://ahsmore.mhcollab.ca/courses/anxiety-in-the-classroom/" "Mozilla/5.0 (Windows NT 10.0; Win64; x64) AppleWebKit/537.36 (KHTML, like Gecko) Chrome/132.0.0.0 Safari/537.36 Edg/132.0.0.0"
192.30.99.83 - - [21/Jan/2025:17:26:03 +0000] "GET /courses/anxiety-in-the-classroom/lessons/anxiety-in-the-classroom/ HTTP/1.1" 200 25712 "https://ahsmore.mhcollab.ca/courses/anxiety-in-the-classroom/" "Mozilla/5.0 (Windows NT 10.0; Win64; x64) AppleWebKit/537.36 (KHTML, like Gecko) Chrome/132.0.0.0 Safari/537.36 Edg/132.0.0.0"
192.30.99.83 - - [21/Jan/2025:17:26:16 +0000] "GET /courses/anxiety-in-the-classroom/lessons/supplementary-documents/ HTTP/1.1" 200 25811 "https://ahsmore.mhcollab.ca/courses/anxiety-in-the-classroom/lessons/anxiety-in-the-classroom/" "Mozilla/5.0 (Windows NT 10.0; Win64; x64) AppleWebKit/537.36 (KHTML, like Gecko) Chrome/132.0.0.0 Safari/537.36 Edg/132.0.0.0"
192.30.99.83 - - [21/Jan/2025:17:26:21 +0000] "POST /wp-admin/admin-ajax.php HTTP/1.1" 200 36 "https://ahsmore.mhcollab.ca/courses/anxiety-in-the-classroom/lessons/supplementary-documents/" "Mozilla/5.0 (Windows NT 10.0; Win64; x64) AppleWebKit/537.36 (KHTML, like Gecko) Chrome/132.0.0.0 Safari/537.36 Edg/132.0.0.0"
192.30.99.83 - - [21/Jan/2025:17:26:23 +0000] "POST /wp-admin/admin-ajax.php HTTP/1.1" 200 37 "https://ahsmore.mhcollab.ca/courses/anxiety-in-the-classroom/lessons/supplementary-documents/" "Mozilla/5.0 (Windows NT 10.0; Win64; x64) AppleWebKit/537.36 (KHTML, like Gecko) Chrome/132.0.0.0 Safari/537.36 Edg/132.0.0.0"
192.30.99.83 - - [21/Jan/2025:17:26:23 +0000] "POST /courses/anxiety-in-the-classroom/lessons/supplementary-documents/ HTTP/1.1" 302 - "https://ahsmore.mhcollab.ca/courses/anxiety-in-the-classroom/lessons/supplementary-documents/" "Mozilla/5.0 (Windows NT 10.0; Win64; x64) AppleWebKit/537.36 (KHTML, like Gecko) Chrome/132.0.0.0 Safari/537.36 Edg/132.0.0.0"
45.56.220.125 - - [21/Jan/2025:17:26:28 +0000] "POST /wp-cron.php?doing_wp_cron=1737480388.2412300109863281250000 HTTP/1.1" 200 - "-" "WordPress/6.7.1; https://ahsmore.mhcollab.ca"
192.30.99.83 - - [21/Jan/2025:17:26:27 +0000] "GET /courses/anxiety-in-the-classroom/lessons/evaluation-19ces03-copy/ HTTP/1.1" 503 27776 "https://ahsmore.mhcollab.ca/courses/anxiety-in-the-classroom/lessons/supplementary-documents/" "Mozilla/5.0 (Windows NT 10.0; Win64; x64) AppleWebKit/537.36 (KHTML, like Gecko) Chrome/132.0.0.0 Safari/537.36 Edg/132.0.0.0"
192.30.99.83 - - [21/Jan/2025:17:26:34 +0000] "GET /wp-content/uploads/elementor/css/post-20591.css?ver=1737320836 HTTP/1.1" 200 87 "https://ahsmore.mhcollab.ca/courses/anxiety-in-the-classroom/lessons/evaluation-19ces03-copy/" "Mozilla/5.0 (Windows NT 10.0; Win64; x64) AppleWebKit/537.36 (KHTML, like Gecko) Chrome/132.0.0.0 Safari/537.36 Edg/132.0.0.0"
192.30.99.83 - - [21/Jan/2025:17:26:39 +0000] "POST /wp-admin/admin-ajax.php HTTP/1.1" 200 36 "https://ahsmore.mhcollab.ca/courses/anxiety-in-the-classroom/lessons/evaluation-19ces03-copy/" "Mozilla/5.0 (Windows NT 10.0; Win64; x64) AppleWebKit/537.36 (KHTML, like Gecko) Chrome/132.0.0.0 Safari/537.36 Edg/132.0.0.0"
192.30.99.83 - - [21/Jan/2025:17:26:39 +0000] "GET /courses/anxiety-in-the-classroom/ HTTP/1.1" 200 27081 "https://ahsmore.mhcollab.ca/courses/anxiety-in-the-classroom/lessons/evaluation-19ces03-copy/" "Mozilla/5.0 (Windows NT 10.0; Win64; x64) AppleWebKit/537.36 (KHTML, like Gecko) Chrome/132.0.0.0 Safari/537.36 Edg/132.0.0.0"
192.30.99.83 - - [21/Jan/2025:17:26:44 +0000] "POST /wp-admin/admin-ajax.php HTTP/1.1" 200 36 "https://ahsmore.mhcollab.ca/courses/anxiety-in-the-classroom/" "Mozilla/5.0 (Windows NT 10.0; Win64; x64) AppleWebKit/537.36 (KHTML, like Gecko) Chrome/132.0.0.0 Safari/537.36 Edg/132.0.0.0"
192.30.99.83 - - [21/Jan/2025:17:26:44 +0000] "GET /courses/anxiety-in-the-classroom/lessons/evaluation-19ces03-copy/ HTTP/1.1" 200 27777 "https://ahsmore.mhcollab.ca/courses/anxiety-in-the-classroom/" "Mozilla/5.0 (Windows NT 10.0; Win64; x64) AppleWebKit/537.36 (KHTML, like Gecko) Chrome/132.0.0.0 Safari/537.36 Edg/132.0.0.0"
192.30.99.83 - - [21/Jan/2025:17:26:48 +0000] "POST /wp-admin/admin-ajax.php HTTP/1.1" 200 36 "https://ahsmore.mhcollab.ca/courses/anxiety-in-the-classroom/lessons/evaluation-19ces03-copy/" "Mozilla/5.0 (Windows NT 10.0; Win64; x64) AppleWebKit/537.36 (KHTML, like Gecko) Chrome/132.0.0.0 Safari/537.36 Edg/132.0.0.0"
199.185.67.145 - - [21/Jan/2025:17:25:02 +0000] "GET /wp-content/uploads/articulate_uploads/Anxiety-in-the-Classroom_noTOC_access/vr/Vi12.mp4 HTTP/1.1" 206 63757730 "https://ahsmore.mhcollab.ca/wp-content/uploads/articulate_uploads/Anxiety-in-the-Classroom_noTOC_access/index.html" "Mozilla/5.0 (Windows NT 10.0; Win64; x64) AppleWebKit/537.36 (KHTML, like Gecko) Chrome/131.0.0.0 Safari/537.36"
199.185.67.145 - - [21/Jan/2025:17:27:45 +0000] "GET /wp-content/uploads/articulate_uploads/Anxiety-in-the-Classroom_noTOC_access/dr/img28.json HTTP/1.1" 304 - "https://ahsmore.mhcollab.ca/wp-content/uploads/articulate_uploads/Anxiety-in-the-Classroom_noTOC_access/index.html" "Mozilla/5.0 (Windows NT 10.0; Win64; x64) AppleWebKit/537.36 (KHTML, like Gecko) Chrome/131.0.0.0 Safari/537.36"
199.185.67.145 - - [21/Jan/2025:17:27:48 +0000] "GET /wp-content/uploads/articulate_uploads/Anxiety-in-the-Classroom_noTOC_access/dr/img1.json HTTP/1.1" 304 - "https://ahsmore.mhcollab.ca/wp-content/uploads/articulate_uploads/Anxiety-in-the-Classroom_noTOC_access/index.html" "Mozilla/5.0 (Windows NT 10.0; Win64; x64) AppleWebKit/537.36 (KHTML, like Gecko) Chrome/131.0.0.0 Safari/537.36"
199.185.67.145 - - [21/Jan/2025:17:27:48 +0000] "GET /wp-content/uploads/articulate_uploads/Anxiety-in-the-Classroom_noTOC_access/dr/img21.json HTTP/1.1" 304 - "https://ahsmore.mhcollab.ca/wp-content/uploads/articulate_uploads/Anxiety-in-the-Classroom_noTOC_access/index.html" "Mozilla/5.0 (Windows NT 10.0; Win64; x64) AppleWebKit/537.36 (KHTML, like Gecko) Chrome/131.0.0.0 Safari/537.36"
199.185.67.145 - - [21/Jan/2025:17:27:55 +0000] "GET /wp-content/uploads/articulate_uploads/Anxiety-in-the-Classroom_noTOC_access/dr/img27.json HTTP/1.1" 304 - "https://ahsmore.mhcollab.ca/wp-content/uploads/articulate_uploads/Anxiety-in-the-Classroom_noTOC_access/index.html" "Mozilla/5.0 (Windows NT 10.0; Win64; x64) AppleWebKit/537.36 (KHTML, like Gecko) Chrome/131.0.0.0 Safari/537.36"
199.185.67.145 - - [21/Jan/2025:17:27:55 +0000] "GET /wp-content/uploads/articulate_uploads/Anxiety-in-the-Classroom_noTOC_access/dr/img3.json HTTP/1.1" 304 - "https://ahsmore.mhcollab.ca/wp-content/uploads/articulate_uploads/Anxiety-in-the-Classroom_noTOC_access/index.html" "Mozilla/5.0 (Windows NT 10.0; Win64; x64) AppleWebKit/537.36 (KHTML, like Gecko) Chrome/131.0.0.0 Safari/537.36"
199.185.67.145 - - [21/Jan/2025:17:27:55 +0000] "GET /wp-content/uploads/articulate_uploads/Anxiety-in-the-Classroom_noTOC_access/dr/img12.json HTTP/1.1" 304 - "https://ahsmore.mhcollab.ca/wp-content/uploads/articulate_uploads/Anxiety-in-the-Classroom_noTOC_access/index.html" "Mozilla/5.0 (Windows NT 10.0; Win64; x64) AppleWebKit/537.36 (KHTML, like Gecko) Chrome/131.0.0.0 Safari/537.36"
199.185.67.145 - - [21/Jan/2025:17:27:55 +0000] "GET /wp-content/uploads/articulate_uploads/Anxiety-in-the-Classroom_noTOC_access/dr/img10.json HTTP/1.1" 200 847250 "https://ahsmore.mhcollab.ca/wp-content/uploads/articulate_uploads/Anxiety-in-the-Classroom_noTOC_access/index.html" "Mozilla/5.0 (Windows NT 10.0; Win64; x64) AppleWebKit/537.36 (KHTML, like Gecko) Chrome/131.0.0.0 Safari/537.36"
45.56.220.125 - - [21/Jan/2025:17:28:02 +0000] "POST /staging/wp-cron.php?doing_wp_cron=1737480482.1498250961303710937500 HTTP/1.1" 200 - "-" "WordPress/6.7.1; https://ahsmore.mhcollab.ca/staging"
114.119.137.160 - - [21/Jan/2025:17:28:00 +0000] "GET /staging/courses/substance-use/cannabis-risk-protective-factors/ HTTP/1.1" 301 - "https://ahsmore.mhcollab.ca/cannabis-risk-protective-factors/" "Mozilla/5.0 (Linux; Android 7.0;) AppleWebKit/537.36 (KHTML, like Gecko) Mobile Safari/537.36 (compatible; PetalBot;+https://webmaster.petalsearch.com/site/petalbot)"
114.119.137.160 - - [21/Jan/2025:17:28:03 +0000] "GET /staging/cannabis-risk-protective-factors/ HTTP/1.1" 200 17499 "https://ahsmore.mhcollab.ca/cannabis-risk-protective-factors/" "Mozilla/5.0 (Linux; Android 7.0;) AppleWebKit/537.36 (KHTML, like Gecko) Mobile Safari/537.36 (compatible; PetalBot;+https://webmaster.petalsearch.com/site/petalbot)"
45.56.220.125 - - [21/Jan/2025:17:28:22 +0000] "POST /wp-cron.php?doing_wp_cron=1737480502.8402030467987060546875 HTTP/1.1" 200 - "-" "WordPress/6.7.1; https://ahsmore.mhcollab.ca"
51.222.253.19 - - [21/Jan/2025:17:28:21 +0000] "GET /courses/si-protocol-point-person/ HTTP/1.1" 200 26319 "-" "Mozilla/5.0 (compatible; AhrefsBot/7.0; +http://ahrefs.com/robot/)"
45.56.220.125 - - [21/Jan/2025:17:28:36 +0000] "POST /wp-cron.php?doing_wp_cron=1737480516.5454950332641601562500 HTTP/1.1" 200 - "-" "WordPress/6.7.1; https://ahsmore.mhcollab.ca"
199.185.67.145 - - [21/Jan/2025:17:28:35 +0000] "POST /wp-admin/admin-ajax.php HTTP/1.1" 200 36 "https://ahsmore.mhcollab.ca/courses/anxiety-in-the-classroom/lessons/anxiety-in-the-classroom/" "Mozilla/5.0 (Windows NT 10.0; Win64; x64) AppleWebKit/537.36 (KHTML, like Gecko) Chrome/131.0.0.0 Safari/537.36"
199.185.67.145 - - [21/Jan/2025:17:28:35 +0000] "GET /courses/anxiety-in-the-classroom/lessons/supplementary-documents/ HTTP/1.1" 200 25814 "https://ahsmore.mhcollab.ca/courses/anxiety-in-the-classroom/lessons/anxiety-in-the-classroom/" "Mozilla/5.0 (Windows NT 10.0; Win64; x64) AppleWebKit/537.36 (KHTML, like Gecko) Chrome/131.0.0.0 Safari/537.36"
192.30.99.83 - - [21/Jan/2025:17:28:35 +0000] "GET /courses/anxiety-in-the-classroom/lessons/evaluation-19ces03-copy/ HTTP/1.1" 200 27777 "https://ahsmore.mhcollab.ca/courses/anxiety-in-the-classroom/" "Mozilla/5.0 (Windows NT 10.0; Win64; x64) AppleWebKit/537.36 (KHTML, like Gecko) Chrome/132.0.0.0 Safari/537.36 Edg/132.0.0.0"
192.30.99.83 - - [21/Jan/2025:17:28:39 +0000] "POST /wp-admin/admin-ajax.php HTTP/1.1" 200 36 "https://ahsmore.mhcollab.ca/courses/anxiety-in-the-classroom/lessons/evaluation-19ces03-copy/" "Mozilla/5.0 (Windows NT 10.0; Win64; x64) AppleWebKit/537.36 (KHTML, like Gecko) Chrome/132.0.0.0 Safari/537.36 Edg/132.0.0.0"
192.30.99.83 - - [21/Jan/2025:17:28:41 +0000] "POST /wp-admin/admin-ajax.php HTTP/1.1" 200 37 "https://ahsmore.mhcollab.ca/courses/anxiety-in-the-classroom/lessons/evaluation-19ces03-copy/" "Mozilla/5.0 (Windows NT 10.0; Win64; x64) AppleWebKit/537.36 (KHTML, like Gecko) Chrome/132.0.0.0 Safari/537.36 Edg/132.0.0.0"
192.30.99.83 - - [21/Jan/2025:17:28:41 +0000] "POST /courses/anxiety-in-the-classroom/lessons/evaluation-19ces03-copy/ HTTP/1.1" 302 - "https://ahsmore.mhcollab.ca/courses/anxiety-in-the-classroom/lessons/evaluation-19ces03-copy/" "Mozilla/5.0 (Windows NT 10.0; Win64; x64) AppleWebKit/537.36 (KHTML, like Gecko) Chrome/132.0.0.0 Safari/537.36 Edg/132.0.0.0"
192.30.99.83 - - [21/Jan/2025:17:28:51 +0000] "GET /courses/anxiety-in-the-classroom/ HTTP/1.1" 200 27225 "https://ahsmore.mhcollab.ca/courses/anxiety-in-the-classroom/lessons/evaluation-19ces03-copy/" "Mozilla/5.0 (Windows NT 10.0; Win64; x64) AppleWebKit/537.36 (KHTML, like Gecko) Chrome/132.0.0.0 Safari/537.36 Edg/132.0.0.0"
45.56.220.125 - - [21/Jan/2025:17:28:57 +0000] "GET /wp-content/uploads/2024/09/2024-25Cert.png HTTP/1.1" 200 120853 "https://ahsmore.mhcollab.ca/courses/anxiety-in-the-classroom/" "Mozilla/5.0 (X11; Ubuntu; Linux x86_64; rv:108.0) Gecko/20100101 Firefox/108.0"
192.30.99.83 - - [21/Jan/2025:17:28:55 +0000] "GET /certificates/24-25_cert-2/?course_id=20291&cert-nonce=3aa23a262b HTTP/1.1" 200 155095 "https://ahsmore.mhcollab.ca/courses/anxiety-in-the-classroom/" "Mozilla/5.0 (Windows NT 10.0; Win64; x64) AppleWebKit/537.36 (KHTML, like Gecko) Chrome/132.0.0.0 Safari/537.36 Edg/132.0.0.0"
192.30.99.83 - - [21/Jan/2025:17:29:11 +0000] "POST /wp-admin/admin-ajax.php HTTP/1.1" 200 36 "https://ahsmore.mhcollab.ca/courses/anxiety-in-the-classroom/" "Mozilla/5.0 (Windows NT 10.0; Win64; x64) AppleWebKit/537.36 (KHTML, like Gecko) Chrome/132.0.0.0 Safari/537.36 Edg/132.0.0.0"
192.30.99.83 - - [21/Jan/2025:17:29:11 +0000] "GET /all-courses/ HTTP/1.1" 200 30722 "https://ahsmore.mhcollab.ca/courses/anxiety-in-the-classroom/" "Mozilla/5.0 (Windows NT 10.0; Win64; x64) AppleWebKit/537.36 (KHTML, like Gecko) Chrome/132.0.0.0 Safari/537.36 Edg/132.0.0.0"
192.30.99.83 - - [21/Jan/2025:17:29:13 +0000] "GET /wp-content/uploads/2020/11/cropped-logoMainBC-768x282.png HTTP/1.1" 200 34093 "https://ahsmore.mhcollab.ca/all-courses/" "Mozilla/5.0 (Windows NT 10.0; Win64; x64) AppleWebKit/537.36 (KHTML, like Gecko) Chrome/132.0.0.0 Safari/537.36 Edg/132.0.0.0"
199.185.67.145 - - [21/Jan/2025:17:29:00 +0000] "GET /wp-content/uploads/2021/04/Strategies-for-Supporting-Anxious-Students-1.pdf HTTP/1.1" 200 17826108 "https://ahsmore.mhcollab.ca/courses/anxiety-in-the-classroom/lessons/supplementary-documents/" "Mozilla/5.0 (Windows NT 10.0; Win64; x64) AppleWebKit/537.36 (KHTML, like Gecko) Chrome/131.0.0.0 Safari/537.36"
192.30.99.83 - - [21/Jan/2025:17:29:21 +0000] "GET /courses/what-is-self-harming-basics-for-parents-to-know/ HTTP/1.1" 200 26359 "https://ahsmore.mhcollab.ca/all-courses/" "Mozilla/5.0 (Windows NT 10.0; Win64; x64) AppleWebKit/537.36 (KHTML, like Gecko) Chrome/132.0.0.0 Safari/537.36 Edg/132.0.0.0"
45.56.220.125 - - [21/Jan/2025:17:29:29 +0000] "POST /wp-cron.php?doing_wp_cron=1737480569.9611220359802246093750 HTTP/1.1" 200 - "-" "WordPress/6.7.1; https://ahsmore.mhcollab.ca"
192.30.99.83 - - [21/Jan/2025:17:29:27 +0000] "GET /courses/what-is-self-harming-basics-for-parents-to-know/lessons/lesson-19ces03/ HTTP/1.1" 503 25633 "https://ahsmore.mhcollab.ca/courses/what-is-self-harming-basics-for-parents-to-know/" "Mozilla/5.0 (Windows NT 10.0; Win64; x64) AppleWebKit/537.36 (KHTML, like Gecko) Chrome/132.0.0.0 Safari/537.36 Edg/132.0.0.0"
192.30.99.83 - - [21/Jan/2025:17:29:30 +0000] "GET /wp-content/uploads/articulate_uploads/Self-Harm-CES-FINAL6/story.html HTTP/1.1" 200 2557 "https://ahsmore.mhcollab.ca/courses/what-is-self-harming-basics-for-parents-to-know/lessons/lesson-19ces03/" "Mozilla/5.0 (Windows NT 10.0; Win64; x64) AppleWebKit/537.36 (KHTML, like Gecko) Chrome/132.0.0.0 Safari/537.36 Edg/132.0.0.0"
192.30.99.83 - - [21/Jan/2025:17:29:30 +0000] "GET /wp-content/uploads/articulate_uploads/Self-Harm-CES-FINAL6/story_content/user.js HTTP/1.1" 200 67 "https://ahsmore.mhcollab.ca/wp-content/uploads/articulate_uploads/Self-Harm-CES-FINAL6/story.html" "Mozilla/5.0 (Windows NT 10.0; Win64; x64) AppleWebKit/537.36 (KHTML, like Gecko) Chrome/132.0.0.0 Safari/537.36 Edg/132.0.0.0"
192.30.99.83 - - [21/Jan/2025:17:29:30 +0000] "GET /wp-content/uploads/articulate_uploads/Self-Harm-CES-FINAL6/html5/data/css/output.min.css HTTP/1.1" 200 141899 "https://ahsmore.mhcollab.ca/wp-content/uploads/articulate_uploads/Self-Harm-CES-FINAL6/story.html" "Mozilla/5.0 (Windows NT 10.0; Win64; x64) AppleWebKit/537.36 (KHTML, like Gecko) Chrome/132.0.0.0 Safari/537.36 Edg/132.0.0.0"
192.30.99.83 - - [21/Jan/2025:17:29:30 +0000] "GET /wp-content/uploads/articulate_uploads/Self-Harm-CES-FINAL6/html5/lib/scripts/ds-bootstrap.min.js HTTP/1.1" 200 169157 "https://ahsmore.mhcollab.ca/wp-content/uploads/articulate_uploads/Self-Harm-CES-FINAL6/story.html" "Mozilla/5.0 (Windows NT 10.0; Win64; x64) AppleWebKit/537.36 (KHTML, like Gecko) Chrome/132.0.0.0 Safari/537.36 Edg/132.0.0.0"
192.30.99.83 - - [21/Jan/2025:17:29:31 +0000] "GET /wp-content/uploads/articulate_uploads/Self-Harm-CES-FINAL6/analytics-frame.html HTTP/1.1" 200 1459 "https://ahsmore.mhcollab.ca/wp-content/uploads/articulate_uploads/Self-Harm-CES-FINAL6/story.html" "Mozilla/5.0 (Windows NT 10.0; Win64; x64) AppleWebKit/537.36 (KHTML, like Gecko) Chrome/132.0.0.0 Safari/537.36 Edg/132.0.0.0"
192.30.99.83 - - [21/Jan/2025:17:29:31 +0000] "GET /wp-content/uploads/articulate_uploads/Self-Harm-CES-FINAL6/html5/lib/stylesheets/desktop.min.css HTTP/1.1" 200 15929 "https://ahsmore.mhcollab.ca/wp-content/uploads/articulate_uploads/Self-Harm-CES-FINAL6/story.html" "Mozilla/5.0 (Windows NT 10.0; Win64; x64) AppleWebKit/537.36 (KHTML, like Gecko) Chrome/132.0.0.0 Safari/537.36 Edg/132.0.0.0"
192.30.99.83 - - [21/Jan/2025:17:29:31 +0000] "GET /wp-content/uploads/articulate_uploads/Self-Harm-CES-FINAL6/html5/lib/scripts/ds-frame.desktop.min.js HTTP/1.1" 200 54305 "https://ahsmore.mhcollab.ca/wp-content/uploads/articulate_uploads/Self-Harm-CES-FINAL6/story.html" "Mozilla/5.0 (Windows NT 10.0; Win64; x64) AppleWebKit/537.36 (KHTML, like Gecko) Chrome/132.0.0.0 Safari/537.36 Edg/132.0.0.0"
192.30.99.83 - - [21/Jan/2025:17:29:31 +0000] "GET /wp-content/uploads/articulate_uploads/Self-Harm-CES-FINAL6/html5/data/js/frame.js HTTP/1.1" 200 40069 "https://ahsmore.mhcollab.ca/wp-content/uploads/articulate_uploads/Self-Harm-CES-FINAL6/story.html" "Mozilla/5.0 (Windows NT 10.0; Win64; x64) AppleWebKit/537.36 (KHTML, like Gecko) Chrome/132.0.0.0 Safari/537.36 Edg/132.0.0.0"
192.30.99.83 - - [21/Jan/2025:17:29:31 +0000] "GET /wp-content/uploads/articulate_uploads/Self-Harm-CES-FINAL6/html5/lib/scripts/ds-slides.min.js HTTP/1.1" 200 245718 "https://ahsmore.mhcollab.ca/wp-content/uploads/articulate_uploads/Self-Harm-CES-FINAL6/story.html" "Mozilla/5.0 (Windows NT 10.0; Win64; x64) AppleWebKit/537.36 (KHTML, like Gecko) Chrome/132.0.0.0 Safari/537.36 Edg/132.0.0.0"
192.30.99.83 - - [21/Jan/2025:17:29:31 +0000] "GET /wp-content/uploads/articulate_uploads/Self-Harm-CES-FINAL6/html5/data/js/data.js HTTP/1.1" 200 8180 "https://ahsmore.mhcollab.ca/wp-content/uploads/articulate_uploads/Self-Harm-CES-FINAL6/story.html" "Mozilla/5.0 (Windows NT 10.0; Win64; x64) AppleWebKit/537.36 (KHTML, like Gecko) Chrome/132.0.0.0 Safari/537.36 Edg/132.0.0.0"
192.30.99.83 - - [21/Jan/2025:17:29:31 +0000] "GET /wp-content/uploads/articulate_uploads/Self-Harm-CES-FINAL6/html5/data/js/paths.js HTTP/1.1" 200 104945 "https://ahsmore.mhcollab.ca/wp-content/uploads/articulate_uploads/Self-Harm-CES-FINAL6/story.html" "Mozilla/5.0 (Windows NT 10.0; Win64; x64) AppleWebKit/537.36 (KHTML, like Gecko) Chrome/132.0.0.0 Safari/537.36 Edg/132.0.0.0"
192.30.99.83 - - [21/Jan/2025:17:29:31 +0000] "GET /wp-content/uploads/articulate_uploads/Self-Harm-CES-FINAL6/html5/lib/stylesheets/mobile-fonts/open-sans-bold.woff HTTP/1.1" 200 20458 "https://ahsmore.mhcollab.ca/wp-content/uploads/articulate_uploads/Self-Harm-CES-FINAL6/html5/lib/stylesheets/desktop.min.css" "Mozilla/5.0 (Windows NT 10.0; Win64; x64) AppleWebKit/537.36 (KHTML, like Gecko) Chrome/132.0.0.0 Safari/537.36 Edg/132.0.0.0"
192.30.99.83 - - [21/Jan/2025:17:29:31 +0000] "GET /wp-content/uploads/articulate_uploads/Self-Harm-CES-FINAL6/html5/lib/stylesheets/mobile-fonts/open-sans-regular.woff HTTP/1.1" 200 19688 "https://ahsmore.mhcollab.ca/wp-content/uploads/articulate_uploads/Self-Harm-CES-FINAL6/html5/lib/stylesheets/desktop.min.css" "Mozilla/5.0 (Windows NT 10.0; Win64; x64) AppleWebKit/537.36 (KHTML, like Gecko) Chrome/132.0.0.0 Safari/537.36 Edg/132.0.0.0"
192.30.99.83 - - [21/Jan/2025:17:29:31 +0000] "GET /wp-content/uploads/articulate_uploads/Self-Harm-CES-FINAL6/html5/lib/stylesheets/mobile-fonts/open-sans-light.woff HTTP/1.1" 200 20288 "https://ahsmore.mhcollab.ca/wp-content/uploads/articulate_uploads/Self-Harm-CES-FINAL6/html5/lib/stylesheets/desktop.min.css" "Mozilla/5.0 (Windows NT 10.0; Win64; x64) AppleWebKit/537.36 (KHTML, like Gecko) Chrome/132.0.0.0 Safari/537.36 Edg/132.0.0.0"
192.30.99.83 - - [21/Jan/2025:17:29:32 +0000] "GET /wp-content/uploads/articulate_uploads/Self-Harm-CES-FINAL6/html5/data/js/6ZBKJMjGAFj.js HTTP/1.1" 200 2625 "https://ahsmore.mhcollab.ca/wp-content/uploads/articulate_uploads/Self-Harm-CES-FINAL6/story.html" "Mozilla/5.0 (Windows NT 10.0; Win64; x64) AppleWebKit/537.36 (KHTML, like Gecko) Chrome/132.0.0.0 Safari/537.36 Edg/132.0.0.0"
192.30.99.83 - - [21/Jan/2025:17:29:32 +0000] "GET /wp-content/uploads/articulate_uploads/Self-Harm-CES-FINAL6/mobile/Shape6kbWQbnoRio.png HTTP/1.1" 200 405 "https://ahsmore.mhcollab.ca/wp-content/uploads/articulate_uploads/Self-Harm-CES-FINAL6/story.html" "Mozilla/5.0 (Windows NT 10.0; Win64; x64) AppleWebKit/537.36 (KHTML, like Gecko) Chrome/132.0.0.0 Safari/537.36 Edg/132.0.0.0"
192.30.99.83 - - [21/Jan/2025:17:29:32 +0000] "GET /wp-content/uploads/articulate_uploads/Self-Harm-CES-FINAL6/mobile/6mNTSwOf7J8_80_DX322_DY322_CX192_CY55.png HTTP/1.1" 200 8015 "https://ahsmore.mhcollab.ca/wp-content/uploads/articulate_uploads/Self-Harm-CES-FINAL6/story.html" "Mozilla/5.0 (Windows NT 10.0; Win64; x64) AppleWebKit/537.36 (KHTML, like Gecko) Chrome/132.0.0.0 Safari/537.36 Edg/132.0.0.0"
192.30.99.83 - - [21/Jan/2025:17:29:32 +0000] "GET /wp-content/uploads/articulate_uploads/Self-Harm-CES-FINAL6/mobile/5unNLnWOLwW_80_DX336_DY336_CX261_CY76.jpg HTTP/1.1" 200 4803 "https://ahsmore.mhcollab.ca/wp-content/uploads/articulate_uploads/Self-Harm-CES-FINAL6/story.html" "Mozilla/5.0 (Windows NT 10.0; Win64; x64) AppleWebKit/537.36 (KHTML, like Gecko) Chrome/132.0.0.0 Safari/537.36 Edg/132.0.0.0"
192.30.99.83 - - [21/Jan/2025:17:29:32 +0000] "GET /wp-content/uploads/articulate_uploads/Self-Harm-CES-FINAL6/mobile/6fpPZrxgiNz_80_DX718_DY718_CX353_CY565.png HTTP/1.1" 200 245301 "https://ahsmore.mhcollab.ca/wp-content/uploads/articulate_uploads/Self-Harm-CES-FINAL6/story.html" "Mozilla/5.0 (Windows NT 10.0; Win64; x64) AppleWebKit/537.36 (KHTML, like Gecko) Chrome/132.0.0.0 Safari/537.36 Edg/132.0.0.0"
192.30.99.83 - - [21/Jan/2025:17:29:32 +0000] "GET /wp-content/uploads/articulate_uploads/Self-Harm-CES-FINAL6/mobile/5ZYpo60rjzj_80_P_2_2_1820_1365_DX1620_DY1620_CX1004_CY753.png HTTP/1.1" 200 1216601 "https://ahsmore.mhcollab.ca/wp-content/uploads/articulate_uploads/Self-Harm-CES-FINAL6/story.html" "Mozilla/5.0 (Windows NT 10.0; Win64; x64) AppleWebKit/537.36 (KHTML, like Gecko) Chrome/132.0.0.0 Safari/537.36 Edg/132.0.0.0"
192.30.99.83 - - [21/Jan/2025:17:29:34 +0000] "GET /wp-content/uploads/articulate_uploads/Self-Harm-CES-FINAL6/html5/data/js/5koHnrkuGBI.js HTTP/1.1" 200 5054 "https://ahsmore.mhcollab.ca/wp-content/uploads/articulate_uploads/Self-Harm-CES-FINAL6/story.html" "Mozilla/5.0 (Windows NT 10.0; Win64; x64) AppleWebKit/537.36 (KHTML, like Gecko) Chrome/132.0.0.0 Safari/537.36 Edg/132.0.0.0"
192.30.99.83 - - [21/Jan/2025:17:29:34 +0000] "GET /wp-content/uploads/articulate_uploads/Self-Harm-CES-FINAL6/html5/data/js/6RR4XGsMcLk.js HTTP/1.1" 200 2833 "https://ahsmore.mhcollab.ca/wp-content/uploads/articulate_uploads/Self-Harm-CES-FINAL6/story.html" "Mozilla/5.0 (Windows NT 10.0; Win64; x64) AppleWebKit/537.36 (KHTML, like Gecko) Chrome/132.0.0.0 Safari/537.36 Edg/132.0.0.0"
192.30.99.83 - - [21/Jan/2025:17:29:34 +0000] "GET /wp-content/uploads/articulate_uploads/Self-Harm-CES-FINAL6/html5/data/js/6qaLszLlgeV.js HTTP/1.1" 200 1622 "https://ahsmore.mhcollab.ca/wp-content/uploads/articulate_uploads/Self-Harm-CES-FINAL6/story.html" "Mozilla/5.0 (Windows NT 10.0; Win64; x64) AppleWebKit/537.36 (KHTML, like Gecko) Chrome/132.0.0.0 Safari/537.36 Edg/132.0.0.0"
192.30.99.83 - - [21/Jan/2025:17:29:33 +0000] "POST /courses/what-is-self-harming-basics-for-parents-to-know/lessons/lesson-19ces03/ HTTP/1.1" 302 - "https://ahsmore.mhcollab.ca/courses/what-is-self-harming-basics-for-parents-to-know/lessons/lesson-19ces03/" "Mozilla/5.0 (Windows NT 10.0; Win64; x64) AppleWebKit/537.36 (KHTML, like Gecko) Chrome/132.0.0.0 Safari/537.36 Edg/132.0.0.0"
192.30.99.83 - - [21/Jan/2025:17:29:34 +0000] "GET /wp-content/uploads/articulate_uploads/Self-Harm-CES-FINAL6/mobile/5ZYpo60rjzj_80_P_2_2_1820_1365_DX1620_DY1620_CX996_CY747.png HTTP/1.1" 200 1197681 "https://ahsmore.mhcollab.ca/wp-content/uploads/articulate_uploads/Self-Harm-CES-FINAL6/story.html" "Mozilla/5.0 (Windows NT 10.0; Win64; x64) AppleWebKit/537.36 (KHTML, like Gecko) Chrome/132.0.0.0 Safari/537.36 Edg/132.0.0.0"
192.30.99.83 - - [21/Jan/2025:17:29:35 +0000] "GET /wp-content/uploads/articulate_uploads/Self-Harm-CES-FINAL6/mobile/6mNTSwOf7J8_80_DX322_DY322_CX157_CY45.png HTTP/1.1" 200 6062 "https://ahsmore.mhcollab.ca/wp-content/uploads/articulate_uploads/Self-Harm-CES-FINAL6/story.html" "Mozilla/5.0 (Windows NT 10.0; Win64; x64) AppleWebKit/537.36 (KHTML, like Gecko) Chrome/132.0.0.0 Safari/537.36 Edg/132.0.0.0"
192.30.99.83 - - [21/Jan/2025:17:29:35 +0000] "GET /wp-content/uploads/articulate_uploads/Self-Harm-CES-FINAL6/mobile/5unNLnWOLwW_80_DX336_DY336_CX225_CY66.jpg HTTP/1.1" 200 4296 "https://ahsmore.mhcollab.ca/wp-content/uploads/articulate_uploads/Self-Harm-CES-FINAL6/story.html" "Mozilla/5.0 (Windows NT 10.0; Win64; x64) AppleWebKit/537.36 (KHTML, like Gecko) Chrome/132.0.0.0 Safari/537.36 Edg/132.0.0.0"
192.30.99.83 - - [21/Jan/2025:17:29:35 +0000] "GET /wp-content/uploads/articulate_uploads/Self-Harm-CES-FINAL6/mobile/6fpPZrxgiNz_80_DX718_DY718_CX136_CY217.png HTTP/1.1" 200 44726 "https://ahsmore.mhcollab.ca/wp-content/uploads/articulate_uploads/Self-Harm-CES-FINAL6/story.html" "Mozilla/5.0 (Windows NT 10.0; Win64; x64) AppleWebKit/537.36 (KHTML, like Gecko) Chrome/132.0.0.0 Safari/537.36 Edg/132.0.0.0"
192.30.99.83 - - [21/Jan/2025:17:29:34 +0000] "GET /courses/what-is-self-harming-basics-for-parents-to-know/lessons/parent-handout-documents/ HTTP/1.1" 200 25946 "https://ahsmore.mhcollab.ca/courses/what-is-self-harming-basics-for-parents-to-know/lessons/lesson-19ces03/" "Mozilla/5.0 (Windows NT 10.0; Win64; x64) AppleWebKit/537.36 (KHTML, like Gecko) Chrome/132.0.0.0 Safari/537.36 Edg/132.0.0.0"
192.30.99.83 - - [21/Jan/2025:17:29:35 +0000] "GET /wp-content/uploads/articulate_uploads/Self-Harm-CES-FINAL6/mobile/5hZCvzwsLYF_80_DX1452_DY1452_CX1132_CY849.png HTTP/1.1" 200 627990 "https://ahsmore.mhcollab.ca/wp-content/uploads/articulate_uploads/Self-Harm-CES-FINAL6/story.html" "Mozilla/5.0 (Windows NT 10.0; Win64; x64) AppleWebKit/537.36 (KHTML, like Gecko) Chrome/132.0.0.0 Safari/537.36 Edg/132.0.0.0"
199.185.67.145 - - [21/Jan/2025:17:24:36 +0000] "GET /wp-content/uploads/articulate_uploads/Anxiety-in-the-Classroom_noTOC_access/vr/Vi12.mp4 HTTP/1.1" 206 64781312 "https://ahsmore.mhcollab.ca/wp-content/uploads/articulate_uploads/Anxiety-in-the-Classroom_noTOC_access/index.html" "Mozilla/5.0 (Windows NT 10.0; Win64; x64) AppleWebKit/537.36 (KHTML, like Gecko) Chrome/131.0.0.0 Safari/537.36"
192.30.99.83 - - [21/Jan/2025:17:29:40 +0000] "POST /courses/what-is-self-harming-basics-for-parents-to-know/lessons/parent-handout-documents/ HTTP/1.1" 302 - "https://ahsmore.mhcollab.ca/courses/what-is-self-harming-basics-for-parents-to-know/lessons/parent-handout-documents/" "Mozilla/5.0 (Windows NT 10.0; Win64; x64) AppleWebKit/537.36 (KHTML, like Gecko) Chrome/132.0.0.0 Safari/537.36 Edg/132.0.0.0"
199.185.67.145 - - [21/Jan/2025:17:29:40 +0000] "GET /courses/anxiety-in-the-classroom/lessons/supplementary-documents/ HTTP/1.1" 200 25813 "https://ahsmore.mhcollab.ca/courses/anxiety-in-the-classroom/lessons/anxiety-in-the-classroom/" "Mozilla/5.0 (Windows NT 10.0; Win64; x64) AppleWebKit/537.36 (KHTML, like Gecko) Chrome/131.0.0.0 Safari/537.36"
199.185.67.145 - - [21/Jan/2025:17:29:42 +0000] "GET /wp-content/uploads/2020/11/cropped-logoMainBC.png HTTP/1.1" 200 72571 "https://ahsmore.mhcollab.ca/courses/anxiety-in-the-classroom/lessons/supplementary-documents/" "Mozilla/5.0 (Windows NT 10.0; Win64; x64) AppleWebKit/537.36 (KHTML, like Gecko) Chrome/131.0.0.0 Safari/537.36"
199.185.67.145 - - [21/Jan/2025:17:29:42 +0000] "GET /wp-content/uploads/2024/09/RA-MHC_partner-pair_web-e1725342879514.png HTTP/1.1" 200 24537 "https://ahsmore.mhcollab.ca/courses/anxiety-in-the-classroom/lessons/supplementary-documents/" "Mozilla/5.0 (Windows NT 10.0; Win64; x64) AppleWebKit/537.36 (KHTML, like Gecko) Chrome/131.0.0.0 Safari/537.36"
192.30.99.83 - - [21/Jan/2025:17:29:42 +0000] "GET /courses/what-is-self-harming-basics-for-parents-to-know/lessons/course-feedback/ HTTP/1.1" 200 25837 "https://ahsmore.mhcollab.ca/courses/what-is-self-harming-basics-for-parents-to-know/lessons/parent-handout-documents/" "Mozilla/5.0 (Windows NT 10.0; Win64; x64) AppleWebKit/537.36 (KHTML, like Gecko) Chrome/132.0.0.0 Safari/537.36 Edg/132.0.0.0"
192.30.99.83 - - [21/Jan/2025:17:29:43 +0000] "GET /wp-content/plugins/kadence-blocks/dist/style-blocks-advancedbtn.css?ver=3.4.5 HTTP/1.1" 200 741 "https://ahsmore.mhcollab.ca/courses/what-is-self-harming-basics-for-parents-to-know/lessons/course-feedback/" "Mozilla/5.0 (Windows NT 10.0; Win64; x64) AppleWebKit/537.36 (KHTML, like Gecko) Chrome/132.0.0.0 Safari/537.36 Edg/132.0.0.0"
199.185.67.145 - - [21/Jan/2025:17:29:46 +0000] "GET /wp-content/uploads/2021/04/The-SaberTooth-Tiger-video-transcript.docx HTTP/1.1" 200 12084 "https://ahsmore.mhcollab.ca/courses/anxiety-in-the-classroom/lessons/supplementary-documents/" "Mozilla/5.0 (Windows NT 10.0; Win64; x64) AppleWebKit/537.36 (KHTML, like Gecko) Chrome/131.0.0.0 Safari/537.36"
199.185.67.145 - - [21/Jan/2025:17:29:46 +0000] "POST /wp-admin/admin-ajax.php HTTP/1.1" 200 36 "https://ahsmore.mhcollab.ca/courses/anxiety-in-the-classroom/lessons/supplementary-documents/" "Mozilla/5.0 (Windows NT 10.0; Win64; x64) AppleWebKit/537.36 (KHTML, like Gecko) Chrome/131.0.0.0 Safari/537.36"
192.30.99.83 - - [21/Jan/2025:17:29:46 +0000] "POST /courses/what-is-self-harming-basics-for-parents-to-know/lessons/course-feedback/ HTTP/1.1" 302 - "https://ahsmore.mhcollab.ca/courses/what-is-self-harming-basics-for-parents-to-know/lessons/course-feedback/" "Mozilla/5.0 (Windows NT 10.0; Win64; x64) AppleWebKit/537.36 (KHTML, like Gecko) Chrome/132.0.0.0 Safari/537.36 Edg/132.0.0.0"
192.30.99.83 - - [21/Jan/2025:17:29:54 +0000] "GET /courses/what-is-self-harming-basics-for-parents-to-know/ HTTP/1.1" 200 26411 "https://ahsmore.mhcollab.ca/courses/what-is-self-harming-basics-for-parents-to-know/lessons/course-feedback/" "Mozilla/5.0 (Windows NT 10.0; Win64; x64) AppleWebKit/537.36 (KHTML, like Gecko) Chrome/132.0.0.0 Safari/537.36 Edg/132.0.0.0"
199.185.67.145 - - [21/Jan/2025:17:29:56 +0000] "GET /wp-content/uploads/2021/04/Anxiety-in-the-Classroom-video-transcripts.docx HTTP/1.1" 200 17064 "https://ahsmore.mhcollab.ca/courses/anxiety-in-the-classroom/lessons/supplementary-documents/" "Mozilla/5.0 (Windows NT 10.0; Win64; x64) AppleWebKit/537.36 (KHTML, like Gecko) Chrome/131.0.0.0 Safari/537.36"
199.185.67.145 - - [21/Jan/2025:17:29:56 +0000] "POST /wp-admin/admin-ajax.php HTTP/1.1" 200 36 "https://ahsmore.mhcollab.ca/courses/anxiety-in-the-classroom/lessons/supplementary-documents/" "Mozilla/5.0 (Windows NT 10.0; Win64; x64) AppleWebKit/537.36 (KHTML, like Gecko) Chrome/131.0.0.0 Safari/537.36"
192.30.99.83 - - [21/Jan/2025:17:30:08 +0000] "GET /all-courses/ HTTP/1.1" 200 30711 "https://ahsmore.mhcollab.ca/courses/what-is-self-harming-basics-for-parents-to-know/" "Mozilla/5.0 (Windows NT 10.0; Win64; x64) AppleWebKit/537.36 (KHTML, like Gecko) Chrome/132.0.0.0 Safari/537.36 Edg/132.0.0.0"
199.185.67.145 - - [21/Jan/2025:17:30:17 +0000] "GET /courses/anxiety-in-the-classroom/ HTTP/1.1" 200 27036 "https://ahsmore.mhcollab.ca/courses/anxiety-in-the-classroom/lessons/supplementary-documents/" "Mozilla/5.0 (Windows NT 10.0; Win64; x64) AppleWebKit/537.36 (KHTML, like Gecko) Chrome/131.0.0.0 Safari/537.36"
199.185.67.145 - - [21/Jan/2025:17:30:17 +0000] "POST /wp-admin/admin-ajax.php HTTP/1.1" 200 36 "https://ahsmore.mhcollab.ca/courses/anxiety-in-the-classroom/lessons/supplementary-documents/" "Mozilla/5.0 (Windows NT 10.0; Win64; x64) AppleWebKit/537.36 (KHTML, like Gecko) Chrome/131.0.0.0 Safari/537.36"
45.56.220.125 - - [21/Jan/2025:17:30:40 +0000] "POST /wp-cron.php?doing_wp_cron=1737480640.9036219120025634765625 HTTP/1.1" 200 - "-" "WordPress/6.7.1; https://ahsmore.mhcollab.ca"
199.185.67.145 - - [21/Jan/2025:17:30:39 +0000] "POST /wp-admin/admin-ajax.php HTTP/1.1" 200 36 "https://ahsmore.mhcollab.ca/courses/anxiety-in-the-classroom/" "Mozilla/5.0 (Windows NT 10.0; Win64; x64) AppleWebKit/537.36 (KHTML, like Gecko) Chrome/131.0.0.0 Safari/537.36"
199.185.67.145 - - [21/Jan/2025:17:30:39 +0000] "GET /courses/anxiety-in-the-classroom/lessons/fight-flight-fear-origins-of-fear-anxiety-video/ HTTP/1.1" 200 27105 "https://ahsmore.mhcollab.ca/courses/anxiety-in-the-classroom/" "Mozilla/5.0 (Windows NT 10.0; Win64; x64) AppleWebKit/537.36 (KHTML, like Gecko) Chrome/131.0.0.0 Safari/537.36"
199.185.67.145 - - [21/Jan/2025:17:30:41 +0000] "GET /wp-includes/js/mediaelement/wp-mediaelement.min.css?ver=4c07a945f927cfc17b5ef0589d82cf0d HTTP/1.1" 200 1156 "https://ahsmore.mhcollab.ca/courses/anxiety-in-the-classroom/lessons/fight-flight-fear-origins-of-fear-anxiety-video/" "Mozilla/5.0 (Windows NT 10.0; Win64; x64) AppleWebKit/537.36 (KHTML, like Gecko) Chrome/131.0.0.0 Safari/537.36"
199.185.67.145 - - [21/Jan/2025:17:30:41 +0000] "GET /wp-includes/js/mediaelement/mediaelementplayer-legacy.min.css?ver=4.2.17 HTTP/1.1" 200 2592 "https://ahsmore.mhcollab.ca/courses/anxiety-in-the-classroom/lessons/fight-flight-fear-origins-of-fear-anxiety-video/" "Mozilla/5.0 (Windows NT 10.0; Win64; x64) AppleWebKit/537.36 (KHTML, like Gecko) Chrome/131.0.0.0 Safari/537.36"
199.185.67.145 - - [21/Jan/2025:17:30:41 +0000] "GET /wp-includes/js/mediaelement/mediaelement-and-player.min.js?ver=4.2.17 HTTP/1.1" 200 38789 "https://ahsmore.mhcollab.ca/courses/anxiety-in-the-classroom/lessons/fight-flight-fear-origins-of-fear-anxiety-video/" "Mozilla/5.0 (Windows NT 10.0; Win64; x64) AppleWebKit/537.36 (KHTML, like Gecko) Chrome/131.0.0.0 Safari/537.36"
199.185.67.145 - - [21/Jan/2025:17:30:41 +0000] "GET /wp-includes/js/mediaelement/mediaelement-migrate.min.js?ver=4c07a945f927cfc17b5ef0589d82cf0d HTTP/1.1" 200 540 "https://ahsmore.mhcollab.ca/courses/anxiety-in-the-classroom/lessons/fight-flight-fear-origins-of-fear-anxiety-video/" "Mozilla/5.0 (Windows NT 10.0; Win64; x64) AppleWebKit/537.36 (KHTML, like Gecko) Chrome/131.0.0.0 Safari/537.36"
199.185.67.145 - - [21/Jan/2025:17:30:41 +0000] "GET /wp-includes/js/mediaelement/wp-mediaelement.min.js?ver=4c07a945f927cfc17b5ef0589d82cf0d HTTP/1.1" 200 538 "https://ahsmore.mhcollab.ca/courses/anxiety-in-the-classroom/lessons/fight-flight-fear-origins-of-fear-anxiety-video/" "Mozilla/5.0 (Windows NT 10.0; Win64; x64) AppleWebKit/537.36 (KHTML, like Gecko) Chrome/131.0.0.0 Safari/537.36"
199.185.67.145 - - [21/Jan/2025:17:30:41 +0000] "GET /wp-includes/js/mediaelement/renderers/vimeo.min.js?ver=4.2.17 HTTP/1.1" 200 2284 "https://ahsmore.mhcollab.ca/courses/anxiety-in-the-classroom/lessons/fight-flight-fear-origins-of-fear-anxiety-video/" "Mozilla/5.0 (Windows NT 10.0; Win64; x64) AppleWebKit/537.36 (KHTML, like Gecko) Chrome/131.0.0.0 Safari/537.36"
199.185.67.145 - - [21/Jan/2025:17:30:41 +0000] "GET /wp-includes/js/mediaelement/mejs-controls.svg HTTP/1.1" 200 1413 "https://ahsmore.mhcollab.ca/wp-includes/js/mediaelement/mediaelementplayer-legacy.min.css?ver=4.2.17" "Mozilla/5.0 (Windows NT 10.0; Win64; x64) AppleWebKit/537.36 (KHTML, like Gecko) Chrome/131.0.0.0 Safari/537.36"
199.185.67.145 - - [21/Jan/2025:17:30:41 +0000] "GET /wp-content/uploads/2021/04/FightFlightFreezeOrigins_course_version.mp4?_=1 HTTP/1.1" 206 651264 "https://ahsmore.mhcollab.ca/courses/anxiety-in-the-classroom/lessons/fight-flight-fear-origins-of-fear-anxiety-video/" "Mozilla/5.0 (Windows NT 10.0; Win64; x64) AppleWebKit/537.36 (KHTML, like Gecko) Chrome/131.0.0.0 Safari/537.36"
199.185.67.145 - - [21/Jan/2025:17:30:41 +0000] "GET /wp-content/uploads/2021/04/FightFlightFreezeOrigins_course_version.mp4?_=1 HTTP/1.1" 206 611472 "https://ahsmore.mhcollab.ca/courses/anxiety-in-the-classroom/lessons/fight-flight-fear-origins-of-fear-anxiety-video/" "Mozilla/5.0 (Windows NT 10.0; Win64; x64) AppleWebKit/537.36 (KHTML, like Gecko) Chrome/131.0.0.0 Safari/537.36"
199.185.67.145 - - [21/Jan/2025:17:30:48 +0000] "POST /wp-admin/admin-ajax.php HTTP/1.1" 200 36 "https://ahsmore.mhcollab.ca/courses/anxiety-in-the-classroom/lessons/fight-flight-fear-origins-of-fear-anxiety-video/" "Mozilla/5.0 (Windows NT 10.0; Win64; x64) AppleWebKit/537.36 (KHTML, like Gecko) Chrome/131.0.0.0 Safari/537.36"
199.185.67.145 - - [21/Jan/2025:17:30:48 +0000] "GET /courses/anxiety-in-the-classroom/lessons/anxiety-in-the-classroom/ HTTP/1.1" 200 25704 "https://ahsmore.mhcollab.ca/courses/anxiety-in-the-classroom/lessons/fight-flight-fear-origins-of-fear-anxiety-video/" "Mozilla/5.0 (Windows NT 10.0; Win64; x64) AppleWebKit/537.36 (KHTML, like Gecko) Chrome/131.0.0.0 Safari/537.36"
199.185.67.145 - - [21/Jan/2025:17:30:50 +0000] "GET /wp-content/plugins/insert-or-embed-articulate-content-into-wordpress-premium/launch_presentation.gif HTTP/1.1" 200 2321 "https://ahsmore.mhcollab.ca/courses/anxiety-in-the-classroom/lessons/anxiety-in-the-classroom/" "Mozilla/5.0 (Windows NT 10.0; Win64; x64) AppleWebKit/537.36 (KHTML, like Gecko) Chrome/131.0.0.0 Safari/537.36"
192.30.99.83 - - [21/Jan/2025:17:30:54 +0000] "GET /courses/nssi-protocol-point-person/ HTTP/1.1" 200 26708 "https://ahsmore.mhcollab.ca/all-courses/" "Mozilla/5.0 (Windows NT 10.0; Win64; x64) AppleWebKit/537.36 (KHTML, like Gecko) Chrome/132.0.0.0 Safari/537.36 Edg/132.0.0.0"
192.30.99.83 - - [21/Jan/2025:17:30:57 +0000] "GET /?post_type=sfwd-certificates&p=48224&course_id=8026&cert-nonce=0e1165cf8b HTTP/1.1" 404 24679 "https://ahsmore.mhcollab.ca/courses/nssi-protocol-point-person/" "Mozilla/5.0 (Windows NT 10.0; Win64; x64) AppleWebKit/537.36 (KHTML, like Gecko) Chrome/132.0.0.0 Safari/537.36 Edg/132.0.0.0"
192.30.99.83 - - [21/Jan/2025:17:31:06 +0000] "GET /?post_type=sfwd-certificates&p=48224&course_id=8026&cert-nonce=0e1165cf8b HTTP/1.1" 404 24679 "https://ahsmore.mhcollab.ca/courses/nssi-protocol-point-person/" "Mozilla/5.0 (Windows NT 10.0; Win64; x64) AppleWebKit/537.36 (KHTML, like Gecko) Chrome/132.0.0.0 Safari/537.36 Edg/132.0.0.0"
192.30.99.83 - - [21/Jan/2025:17:31:11 +0000] "GET /?post_type=sfwd-certificates&p=48224&course_id=8026&cert-nonce=0e1165cf8b HTTP/1.1" 404 24680 "https://ahsmore.mhcollab.ca/courses/nssi-protocol-point-person/" "Mozilla/5.0 (Windows NT 10.0; Win64; x64) AppleWebKit/537.36 (KHTML, like Gecko) Chrome/132.0.0.0 Safari/537.36 Edg/132.0.0.0"
192.30.99.83 - - [21/Jan/2025:17:31:24 +0000] "POST /wp-admin/admin-ajax.php HTTP/1.1" 200 36 "https://ahsmore.mhcollab.ca/courses/nssi-protocol-point-person/" "Mozilla/5.0 (Windows NT 10.0; Win64; x64) AppleWebKit/537.36 (KHTML, like Gecko) Chrome/132.0.0.0 Safari/537.36 Edg/132.0.0.0"
