72.2.56.234 - - [21/Jan/2025:22:40:40 +0000] "GET /wp-content/uploads/2024/09/RA-logo-2.png HTTP/1.1" 200 28659 "-" "Mozilla/4.0 (compatible; ms-office; MSOffice 16)"
72.2.56.234 - - [21/Jan/2025:22:40:39 +0000] "GET /wp-content/uploads/2024/10/Screenshot-2024-10-04-103951.png HTTP/1.1" 200 131293 "-" "Mozilla/4.0 (compatible; ms-office; MSOffice 16)"
72.2.56.234 - - [21/Jan/2025:22:40:40 +0000] "GET /?mailpoet_router&endpoint=track&action=open&data=WyI1MzYzIiwiYmVhZjdlMWRiZjFiNTIzOTgzZjEwODczYTExYTdmNzMiLCI2NiIsbnVsbCxmYWxzZV0 HTTP/1.1" 200 43 "-" "Mozilla/4.0 (compatible; ms-office; MSOffice 16)"
198.161.4.66 - - [21/Jan/2025:22:41:55 +0000] "GET /wp-content/plugins/mailpoet/assets/img/newsletter_editor/social-icons/04-full-flat-roundrect/Facebook.png?mailpoet_version=3.23.0 HTTP/1.1" 200 679 "-" "Mozilla/5.0 (Windows NT 10.0; Win64; x64) AppleWebKit/537.36 (KHTML, like Gecko) Chrome/131.0.0.0 Safari/537.36 Edg/131.0.0.0"
198.161.4.66 - - [21/Jan/2025:22:41:55 +0000] "GET /wp-content/plugins/mailpoet/assets/img/newsletter_editor/social-icons/04-full-flat-roundrect/Twitter.png?mailpoet_version=3.23.0 HTTP/1.1" 200 3335 "-" "Mozilla/5.0 (Windows NT 10.0; Win64; x64) AppleWebKit/537.36 (KHTML, like Gecko) Chrome/131.0.0.0 Safari/537.36 Edg/131.0.0.0"
198.161.4.66 - - [21/Jan/2025:22:41:55 +0000] "GET /wp-content/plugins/mailpoet/assets/img/newsletter_editor/social-icons/04-full-flat-roundrect/Website.png?mailpoet_version=3.23.0 HTTP/1.1" 200 1383 "-" "Mozilla/5.0 (Windows NT 10.0; Win64; x64) AppleWebKit/537.36 (KHTML, like Gecko) Chrome/131.0.0.0 Safari/537.36 Edg/131.0.0.0"
198.161.4.66 - - [21/Jan/2025:22:41:55 +0000] "GET /wp-content/plugins/mailpoet/assets/img/newsletter_editor/social-icons/04-full-flat-roundrect/Instagram.png?mailpoet_version=3.23.0 HTTP/1.1" 200 1036 "-" "Mozilla/5.0 (Windows NT 10.0; Win64; x64) AppleWebKit/537.36 (KHTML, like Gecko) Chrome/131.0.0.0 Safari/537.36 Edg/131.0.0.0"
45.56.220.125 - - [21/Jan/2025:22:41:55 +0000] "POST /wp-cron.php?doing_wp_cron=1737499315.9097340106964111328125 HTTP/1.1" 200 - "-" "WordPress/6.7.1; https://ces.hmhc.ca"
198.161.4.66 - - [21/Jan/2025:22:41:55 +0000] "GET /wp-content/uploads/2018/12/CES_reallySmall.gif HTTP/1.1" 404 8905 "-" "Mozilla/5.0 (Windows NT 10.0; Win64; x64) AppleWebKit/537.36 (KHTML, like Gecko) Chrome/131.0.0.0 Safari/537.36 Edg/131.0.0.0"
198.161.4.66 - - [21/Jan/2025:22:41:55 +0000] "GET /?mailpoet_router&endpoint=track&action=open&data=WyI1OTM3NyIsIjkxOWZjNjNmMWYzYzNlMGNmYjljYjJmYzM2N2IzYWQzIiwiOSIsbnVsbCxmYWxzZV0 HTTP/1.1" 200 55 "-" "Mozilla/5.0 (Windows NT 10.0; Win64; x64) AppleWebKit/537.36 (KHTML, like Gecko) Chrome/131.0.0.0 Safari/537.36 Edg/131.0.0.0"
31.220.101.117 - - [21/Jan/2025:23:04:41 +0000] "POST /xmlrpc.php HTTP/1.1" 403 302 "-" "Mozilla/5.0 (Windows NT 10.0; Win64; x64) AppleWebKit/537.36 (KHTML, like Gecko) Chrome/83.0.4103.116 Safari/537.36"
96.126.107.184 - - [21/Jan/2025:23:04:51 +0000] "POST /xmlrpc.php HTTP/1.1" 403 301 "-" "Mozilla/5.0 (Windows NT 10.0; Win64; x64; rv:67.0) Gecko/20100101 Firefox/67.0"
96.126.107.184 - - [21/Jan/2025:23:04:52 +0000] "POST /xmlrpc.php HTTP/1.1" 403 302 "-" "Mozilla/5.0 (Windows NT 10.0; Win64; x64; rv:84.0) Gecko/20100101 Firefox/84.0"
122.201.124.38 - - [21/Jan/2025:23:04:55 +0000] "POST /xmlrpc.php HTTP/1.1" 403 302 "-" "Mozilla/5.0 (Windows NT 6.1; Win64; x64) AppleWebKit/537.36 (KHTML, like Gecko) Chrome/69.0.3497.100 Safari/537.36"
65.21.251.206 - - [21/Jan/2025:23:05:02 +0000] "POST /xmlrpc.php HTTP/1.1" 403 301 "-" "Mozilla/5.0 (Windows NT 10.0; Win64; x64; rv:58.0) Gecko/20100101 Firefox/58.0"
77.55.253.210 - - [21/Jan/2025:23:05:05 +0000] "POST /xmlrpc.php HTTP/1.1" 403 301 "-" "Mozilla/5.0 (Windows NT 10.0; Win64; x64) AppleWebKit/537.36 (KHTML, like Gecko) Chrome/69.0.3497.100 Safari/537.36"
144.76.201.155 - - [21/Jan/2025:23:05:07 +0000] "POST /xmlrpc.php HTTP/1.1" 403 301 "-" "Mozilla/5.0 (Windows NT 5.1; rv:40.0) Gecko/20100101 Firefox/40.0"
24.199.103.129 - - [21/Jan/2025:23:05:14 +0000] "POST /xmlrpc.php HTTP/1.1" 403 302 "-" "Mozilla/5.0 (Windows NT 10.0; Win64; x64) AppleWebKit/537.36 (KHTML, like Gecko) Chrome/90.0.4430.93 Safari/537.36"
77.55.253.201 - - [21/Jan/2025:23:05:17 +0000] "POST /xmlrpc.php HTTP/1.1" 403 301 "-" "Mozilla/5.0 (Windows NT 10.0; Win64; x64) AppleWebKit/537.36 (KHTML, like Gecko) Chrome/74.0.3729.157 Safari/537.36"
43.250.249.2 - - [21/Jan/2025:23:05:26 +0000] "POST /xmlrpc.php HTTP/1.1" 403 302 "-" "Mozilla/5.0 (Windows NT 5.1; Win64; x64) AppleWebKit/537.36 (KHTML, like Gecko) Chrome/60.0.3112.90 Safari/537.36"
5.161.202.241 - - [21/Jan/2025:23:11:05 +0000] "POST /wp-load.php?87d37e=84776 HTTP/1.1" 200 4871 "-" "Mozilla/5.0 (Windows NT 10.0; Win64; x64) AppleWebKit/537.36 (KHTML, like Gecko) Chrome/104.0.5112.97 Safari/537.36"
51.8.102.142 - - [21/Jan/2025:23:13:25 +0000] "GET /robots.txt HTTP/1.1" 200 163 "-" "Mozilla/5.0 AppleWebKit/537.36 (KHTML, like Gecko); compatible; OAI-SearchBot/1.0; +https://openai.com/searchbot"
85.208.96.195 - - [21/Jan/2025:23:36:52 +0000] "GET /robots.txt HTTP/1.1" 200 163 "-" "Mozilla/5.0 (compatible; SemrushBot/7~bl; +http://www.semrush.com/bot.html)"
45.56.220.125 - - [21/Jan/2025:23:36:53 +0000] "POST /wp-cron.php?doing_wp_cron=1737502613.1733849048614501953125 HTTP/1.1" 200 - "-" "WordPress/6.7.1; https://ces.hmhc.ca"
85.208.96.195 - - [21/Jan/2025:23:36:52 +0000] "GET /events/category/seminars/list/?tribe-bar-date=2028-06-03 HTTP/1.1" 404 8905 "-" "Mozilla/5.0 (compatible; SemrushBot/7~bl; +http://www.semrush.com/bot.html)"
45.56.220.125 - - [21/Jan/2025:23:41:26 +0000] "POST /wp-cron.php?doing_wp_cron=1737502886.2833559513092041015625 HTTP/1.1" 200 - "-" "WordPress/6.7.1; https://ces.hmhc.ca"
85.208.96.209 - - [21/Jan/2025:23:41:25 +0000] "GET /events/category/seminars/list/?tribe-bar-date=2023-07-03 HTTP/1.1" 404 8905 "-" "Mozilla/5.0 (compatible; SemrushBot/7~bl; +http://www.semrush.com/bot.html)"
45.56.220.125 - - [22/Jan/2025:00:04:57 +0000] "POST /wp-cron.php?doing_wp_cron=1737504297.4163239002227783203125 HTTP/1.1" 200 - "-" "WordPress/6.7.1; https://ces.hmhc.ca"
195.225.49.157 - - [22/Jan/2025:00:04:56 +0000] "GET /wp-login.php HTTP/1.1" 200 2142 "https://ces.hmhc.ca/wp-login.php" "Mozilla/5.0 (Macintosh; Intel Mac OS X 10_12_6) AppleWebKit/605.1.15 (KHTML, like Gecko) Version/12.0.2 Safari/605.1.15"
195.225.49.157 - - [22/Jan/2025:00:04:57 +0000] "POST /wp-login.php HTTP/1.1" 200 2306 "https://www.kaylebstudio.com/wp-login.php" "Mozilla/5.0 (Macintosh; Intel Mac OS X 10_12_6) AppleWebKit/605.1.15 (KHTML, like Gecko) Version/12.0.2 Safari/605.1.15"
85.208.96.196 - - [22/Jan/2025:00:05:27 +0000] "GET /events/category/seminars/day/2025-03-20/ HTTP/1.1" 404 8904 "-" "Mozilla/5.0 (compatible; SemrushBot/7~bl; +http://www.semrush.com/bot.html)"
45.56.220.125 - - [22/Jan/2025:00:09:36 +0000] "POST /wp-cron.php?doing_wp_cron=1737504576.1964869499206542968750 HTTP/1.1" 200 - "-" "WordPress/6.7.1; https://ces.hmhc.ca"
185.191.171.16 - - [22/Jan/2025:00:09:35 +0000] "GET /events/list/?eventDisplay=past&tribe-bar-date=2030-08-28 HTTP/1.1" 404 8904 "-" "Mozilla/5.0 (compatible; SemrushBot/7~bl; +http://www.semrush.com/bot.html)"
5.161.44.164 - - [22/Jan/2025:00:11:14 +0000] "POST /wp-load.php?2a8ddf=39804 HTTP/1.1" 200 3833 "-" "Mozilla/5.0 (Windows NT 10.0; Win64; x64) AppleWebKit/537.36 (KHTML, like Gecko) Chrome/104.0.5112.97 Safari/537.36"
45.56.220.125 - - [22/Jan/2025:00:13:36 +0000] "POST /wp-cron.php?doing_wp_cron=1737504816.7131209373474121093750 HTTP/1.1" 200 - "-" "WordPress/6.7.1; https://ces.hmhc.ca"
64.23.190.65 - - [22/Jan/2025:00:13:35 +0000] "GET / HTTP/1.1" 200 16101 "-" "Mozilla/5.0 (compatible)"
64.23.190.65 - - [22/Jan/2025:00:13:39 +0000] "GET /favicon.ico HTTP/1.1" 302 - "https://ces.hmhc.ca/" "Mozilla/5.0 (compatible)"
173.183.174.43 - - [22/Jan/2025:00:27:43 +0000] "GET /?mailpoet_router&endpoint=view_in_browser&action=view&data=WzcyLCIwOWM4MGE5OWMxNzYiLDI0ODksIjFjOWhqNHk4OHpwYzRjY3NvY28wMHNzMG93Z2s4OGtjIiw1NiwwXQ HTTP/1.1" 200 8087 "-" "Mozilla/5.0 (Macintosh; Intel Mac OS X 10_15_7) AppleWebKit/605.1.15 (KHTML, like Gecko)"
45.56.220.125 - - [22/Jan/2025:00:27:45 +0000] "POST /wp-cron.php?doing_wp_cron=1737505665.3908100128173828125000 HTTP/1.1" 200 - "-" "WordPress/6.7.1; https://ces.hmhc.ca"
173.183.174.43 - - [22/Jan/2025:00:27:44 +0000] "GET /apple-touch-icon-precomposed.png HTTP/1.1" 404 8904 "-" "Safari/15613.3.9.1.16 CFNetwork/1128.1 Darwin/19.6.0 (x86_64)"
173.183.174.43 - - [22/Jan/2025:00:27:45 +0000] "GET /apple-touch-icon.png HTTP/1.1" 404 8904 "-" "Safari/15613.3.9.1.16 CFNetwork/1128.1 Darwin/19.6.0 (x86_64)"
173.183.174.43 - - [22/Jan/2025:00:27:46 +0000] "GET /favicon.ico HTTP/1.1" 302 - "-" "Safari/15613.3.9.1.16 CFNetwork/1128.1 Darwin/19.6.0 (x86_64)"
173.183.174.43 - - [22/Jan/2025:00:27:46 +0000] "GET /?mailpoet_router&endpoint=view_in_browser&action=view&data=WzcyLCIwOWM4MGE5OWMxNzYiLDI0ODksIjFjOWhqNHk4OHpwYzRjY3NvY28wMHNzMG93Z2s4OGtjIiw1NiwwXQ HTTP/1.1" 200 8087 "-" "Mozilla/5.0 (iPhone; CPU iPhone OS 14_0 like Mac OS X) AppleWebKit/605.1.15 (KHTML, like Gecko) Version/14.0 Mobile/15E148 Safari/604.1"
173.183.174.43 - - [22/Jan/2025:00:27:47 +0000] "GET /apple-touch-icon-precomposed.png HTTP/1.1" 404 8904 "-" "Safari/15613.3.9.1.16 CFNetwork/1128.1 Darwin/19.6.0 (x86_64)"
45.56.220.125 - - [22/Jan/2025:00:27:48 +0000] "POST /wp-cron.php?doing_wp_cron=1737505668.5346360206604003906250 HTTP/1.1" 200 - "-" "WordPress/6.7.1; https://ces.hmhc.ca"
173.183.174.43 - - [22/Jan/2025:00:27:48 +0000] "GET /apple-touch-icon.png HTTP/1.1" 404 8904 "-" "Safari/15613.3.9.1.16 CFNetwork/1128.1 Darwin/19.6.0 (x86_64)"
173.183.174.43 - - [22/Jan/2025:00:27:48 +0000] "GET /favicon.ico HTTP/1.1" 302 - "-" "Safari/15613.3.9.1.16 CFNetwork/1128.1 Darwin/19.6.0 (x86_64)"
51.222.253.1 - - [22/Jan/2025:00:28:40 +0000] "GET /robots.txt HTTP/1.1" 200 163 "-" "Mozilla/5.0 (compatible; AhrefsBot/7.0; +http://ahrefs.com/robot/)"
45.56.220.125 - - [22/Jan/2025:00:28:41 +0000] "POST /wp-cron.php?doing_wp_cron=1737505721.9838430881500244140625 HTTP/1.1" 200 - "-" "WordPress/6.7.1; https://ces.hmhc.ca"
51.222.253.14 - - [22/Jan/2025:00:28:41 +0000] "GET /home-5/ HTTP/1.1" 200 15932 "-" "Mozilla/5.0 (compatible; AhrefsBot/7.0; +http://ahrefs.com/robot/)"
45.56.220.125 - - [22/Jan/2025:00:29:31 +0000] "POST /wp-cron.php?doing_wp_cron=1737505771.3236279487609863281250 HTTP/1.1" 200 - "-" "WordPress/6.7.1; https://ces.hmhc.ca"
85.208.96.203 - - [22/Jan/2025:00:29:30 +0000] "GET /events/category/seminars/list/?eventDisplay=past&tribe-bar-date=2028-04-29 HTTP/1.1" 404 8904 "-" "Mozilla/5.0 (compatible; SemrushBot/7~bl; +http://www.semrush.com/bot.html)"
45.56.220.125 - - [22/Jan/2025:00:32:13 +0000] "POST /wp-cron.php?doing_wp_cron=1737505933.9862270355224609375000 HTTP/1.1" 200 - "-" "WordPress/6.7.1; https://ces.hmhc.ca"
85.208.96.206 - - [22/Jan/2025:00:32:13 +0000] "GET /events/category/seminars/list/?eventDisplay=past&tribe-bar-date=2026-01-30 HTTP/1.1" 404 8904 "-" "Mozilla/5.0 (compatible; SemrushBot/7~bl; +http://www.semrush.com/bot.html)"
45.56.220.125 - - [22/Jan/2025:00:32:59 +0000] "POST /wp-cron.php?doing_wp_cron=1737505979.8734140396118164062500 HTTP/1.1" 200 - "-" "WordPress/6.7.1; https://ces.hmhc.ca"
185.191.171.13 - - [22/Jan/2025:00:32:59 +0000] "GET /events/list/?eventDisplay=past&tribe-bar-date=2029-10-11 HTTP/1.1" 404 8904 "-" "Mozilla/5.0 (compatible; SemrushBot/7~bl; +http://www.semrush.com/bot.html)"
85.208.96.202 - - [22/Jan/2025:00:37:38 +0000] "GET /robots.txt HTTP/1.1" 200 163 "-" "Mozilla/5.0 (compatible; SemrushBot/7~bl; +http://www.semrush.com/bot.html)"
45.56.220.125 - - [22/Jan/2025:00:37:39 +0000] "POST /wp-cron.php?doing_wp_cron=1737506259.3658430576324462890625 HTTP/1.1" 200 - "-" "WordPress/6.7.1; https://ces.hmhc.ca"
185.191.171.4 - - [22/Jan/2025:00:37:38 +0000] "GET /events/category/seminars/list/?eventDisplay=past&tribe-bar-date=2024-05-02 HTTP/1.1" 404 8904 "-" "Mozilla/5.0 (compatible; SemrushBot/7~bl; +http://www.semrush.com/bot.html)"
45.56.220.125 - - [22/Jan/2025:00:41:19 +0000] "POST /wp-cron.php?doing_wp_cron=1737506479.4521670341491699218750 HTTP/1.1" 200 - "-" "WordPress/6.7.1; https://ces.hmhc.ca"
85.208.96.194 - - [22/Jan/2025:00:41:18 +0000] "GET /events/2022-07-11/ HTTP/1.1" 404 8904 "-" "Mozilla/5.0 (compatible; SemrushBot/7~bl; +http://www.semrush.com/bot.html)"
45.56.220.125 - - [22/Jan/2025:00:46:27 +0000] "POST /wp-cron.php?doing_wp_cron=1737506787.7964210510253906250000 HTTP/1.1" 200 - "-" "WordPress/6.7.1; https://ces.hmhc.ca"
51.222.253.20 - - [22/Jan/2025:00:46:27 +0000] "GET /home-4/ HTTP/1.1" 200 14759 "-" "Mozilla/5.0 (compatible; AhrefsBot/7.0; +http://ahrefs.com/robot/)"
136.243.92.92 - - [22/Jan/2025:00:52:23 +0000] "POST /xmlrpc.php HTTP/1.1" 403 301 "-" "Mozilla/5.0 (Windows NT 10.0; WOW64; rv:52.0) Gecko/20100101 Firefox/52.0"
167.71.201.163 - - [22/Jan/2025:00:52:38 +0000] "POST /xmlrpc.php HTTP/1.1" 403 302 "-" "Mozilla/5.0 (Windows NT 6.0; rv:34.0) Gecko/20100101 Firefox/34.0"
157.7.190.240 - - [22/Jan/2025:00:52:42 +0000] "POST /xmlrpc.php HTTP/1.1" 403 302 "-" "Mozilla/5.0 (Windows NT 6.1; WOW64; rv:42.0) Gecko/20100101 Firefox/42.0"
144.76.201.155 - - [22/Jan/2025:00:52:44 +0000] "POST /xmlrpc.php HTTP/1.1" 403 302 "-" "Mozilla/5.0 (Windows NT 5.1; rv:52.0) Gecko/20100101 Firefox/52.0"
64.227.133.39 - - [22/Jan/2025:00:52:47 +0000] "POST /xmlrpc.php HTTP/1.1" 403 299 "-" "Mozilla/5.0 (Windows NT 6.1; WOW64; rv:45.0) Gecko/20100101 Firefox/45.0"
5.61.25.34 - - [22/Jan/2025:00:52:51 +0000] "POST /xmlrpc.php HTTP/1.1" 403 302 "-" "Mozilla/5.0 (Windows NT 10.0; Win64; x64; rv:60.0) Gecko/20100101 Firefox/60.0"
208.109.244.174 - - [22/Jan/2025:00:52:53 +0000] "POST /xmlrpc.php HTTP/1.1" 403 301 "-" "Mozilla/5.0 (iPad; CPU OS 14_6 like Mac OS X) AppleWebKit/605.1.15 (KHTML, like Gecko) CriOS/91.0.4472.80 Mobile/15E148 Safari/604.1"
208.109.244.174 - - [22/Jan/2025:00:52:54 +0000] "POST /xmlrpc.php HTTP/1.1" 403 302 "-" "Mozilla/5.0 (Windows NT 10.0; Win64; x64) AppleWebKit/537.36 (KHTML, like Gecko) Chrome/60.0.3112.113 Safari/537.36"
167.71.201.163 - - [22/Jan/2025:00:52:54 +0000] "POST /xmlrpc.php HTTP/1.1" 403 302 "-" "Mozilla/5.0 (Windows NT 10.0) AppleWebKit/537.36 (KHTML, like Gecko) Chrome/72.0.3626.121 Safari/537.36"
96.126.107.184 - - [22/Jan/2025:00:52:57 +0000] "POST /xmlrpc.php HTTP/1.1" 403 301 "-" "Mozilla/5.0 (Linux; Android 10; SM-G960U) AppleWebKit/537.36 (KHTML, like Gecko) Chrome/91.0.4472.114 Mobile Safari/537.36"
65.21.251.206 - - [22/Jan/2025:00:53:05 +0000] "POST /xmlrpc.php HTTP/1.1" 403 301 "-" "Mozilla/5.0 (Windows NT 6.1; Win64; x64) AppleWebKit/537.36 (KHTML, like Gecko) Chrome/63.0.3239.132 Safari/537.36"
45.56.220.125 - - [22/Jan/2025:00:57:39 +0000] "POST /wp-cron.php?doing_wp_cron=1737507459.8073539733886718750000 HTTP/1.1" 200 - "-" "WordPress/6.7.1; https://ces.hmhc.ca"
185.191.171.1 - - [22/Jan/2025:00:57:39 +0000] "GET /events/2029-06-05/ HTTP/1.1" 404 8904 "-" "Mozilla/5.0 (compatible; SemrushBot/7~bl; +http://www.semrush.com/bot.html)"
45.56.220.125 - - [22/Jan/2025:01:03:56 +0000] "POST /wp-cron.php?doing_wp_cron=1737507836.9669759273529052734375 HTTP/1.1" 200 - "-" "WordPress/6.7.1; https://ces.hmhc.ca"
51.222.253.9 - - [22/Jan/2025:01:03:56 +0000] "GET /home-2/ HTTP/1.1" 200 14857 "-" "Mozilla/5.0 (compatible; AhrefsBot/7.0; +http://ahrefs.com/robot/)"
66.220.149.42 - - [22/Jan/2025:01:04:27 +0000] "GET /?p=1205 HTTP/1.1" 301 - "-" "meta-externalagent/1.1 (+https://developers.facebook.com/docs/sharing/webmasters/crawler)"
5.161.96.135 - - [22/Jan/2025:01:11:24 +0000] "POST /wp-load.php?12aab2=84870 HTTP/1.1" 200 6966 "-" "Mozilla/5.0 (Windows NT 10.0; Win64; x64) AppleWebKit/537.36 (KHTML, like Gecko) Chrome/104.0.5112.97 Safari/537.36"
45.56.220.125 - - [22/Jan/2025:01:26:10 +0000] "POST /wp-cron.php?doing_wp_cron=1737509170.5226609706878662109375 HTTP/1.1" 200 - "-" "WordPress/6.7.1; https://ces.hmhc.ca"
85.208.96.200 - - [22/Jan/2025:01:26:09 +0000] "GET /events/list/?eventDisplay=past&tribe-bar-date=2025-10-03 HTTP/1.1" 404 8904 "-" "Mozilla/5.0 (compatible; SemrushBot/7~bl; +http://www.semrush.com/bot.html)"
45.56.220.125 - - [22/Jan/2025:01:27:12 +0000] "POST /wp-cron.php?doing_wp_cron=1737509232.6072158813476562500000 HTTP/1.1" 200 - "-" "WordPress/6.7.1; https://ces.hmhc.ca"
167.99.106.16 - - [22/Jan/2025:01:27:12 +0000] "GET /about/ HTTP/1.1" 200 13336 "-" "Mozilla/5.0 (Windows NT 10.0; Win64; x64) AppleWebKit/537.36 (KHTML, like Gecko) Chrome/127.0.0.0 Safari/537.36"
45.56.220.125 - - [22/Jan/2025:01:29:54 +0000] "POST /wp-cron.php?doing_wp_cron=1737509394.8042230606079101562500 HTTP/1.1" 200 - "-" "WordPress/6.7.1; https://ces.hmhc.ca"
138.68.20.11 - - [22/Jan/2025:01:29:54 +0000] "GET /our-team/ HTTP/1.1" 200 11739 "-" "Mozilla/5.0 (Macintosh; Intel Mac OS X 10_15_7) AppleWebKit/537.36 (KHTML, like Gecko) Chrome/125.0.0.0 Safari/537.36"
157.245.168.142 - - [22/Jan/2025:01:30:13 +0000] "GET /our-awards/ HTTP/1.1" 200 11802 "-" "Mozilla/5.0 (Macintosh; Intel Mac OS X 10_15_7) AppleWebKit/537.36 (KHTML, like Gecko) Chrome/130.0.0.0 Safari/537.36"
45.56.220.125 - - [22/Jan/2025:01:31:01 +0000] "POST /wp-cron.php?doing_wp_cron=1737509461.2368290424346923828125 HTTP/1.1" 200 - "-" "WordPress/6.7.1; https://ces.hmhc.ca"
167.99.98.247 - - [22/Jan/2025:01:31:00 +0000] "GET / HTTP/1.1" 200 16101 "-" "Mozilla/5.0 (Windows NT 10.0; Win64; x64; rv:131.0) Gecko/20100101 Firefox/131.0"
138.68.49.85 - - [22/Jan/2025:01:31:04 +0000] "GET /our-partner/ HTTP/1.1" 200 11816 "-" "Mozilla/5.0 (Windows NT 10.0; Win64; x64) AppleWebKit/537.36 (KHTML, like Gecko) Chrome/130.0.0.0 Safari/537.36"
138.68.45.157 - - [22/Jan/2025:01:31:36 +0000] "GET /events-page/ HTTP/1.1" 200 10465 "-" "Mozilla/5.0 (Windows NT 10.0; Win64; x64) AppleWebKit/537.36 (KHTML, like Gecko) Chrome/130.0.0.0 Safari/537.36"
45.56.220.125 - - [22/Jan/2025:01:31:49 +0000] "POST /wp-cron.php?doing_wp_cron=1737509509.6380219459533691406250 HTTP/1.1" 200 - "-" "WordPress/6.7.1; https://ces.hmhc.ca"
167.172.114.95 - - [22/Jan/2025:01:31:49 +0000] "GET /portfolio-page/ HTTP/1.1" 200 11267 "-" "Mozilla/5.0 (Windows NT 10.0; Win64; x64) AppleWebKit/537.36 (KHTML, like Gecko) Chrome/130.0.0.0 Safari/537.36"
157.245.169.88 - - [22/Jan/2025:01:32:17 +0000] "GET /news/ HTTP/1.1" 200 10587 "-" "Mozilla/5.0 (Windows NT 10.0; Win64; x64) AppleWebKit/537.36 (KHTML, like Gecko) Chrome/130.0.0.0 Safari/537.36"
45.56.220.125 - - [22/Jan/2025:01:33:00 +0000] "POST /wp-cron.php?doing_wp_cron=1737509580.4587678909301757812500 HTTP/1.1" 200 - "-" "WordPress/6.7.1; https://ces.hmhc.ca"
138.68.19.81 - - [22/Jan/2025:01:32:59 +0000] "GET /gallery/ HTTP/1.1" 200 11347 "-" "Mozilla/5.0 (Windows NT 10.0; Win64; x64) AppleWebKit/537.36 (KHTML, like Gecko) Chrome/126.0.0.0 Safari/537.36"
45.56.220.125 - - [22/Jan/2025:01:34:54 +0000] "POST /wp-cron.php?doing_wp_cron=1737509694.0274519920349121093750 HTTP/1.1" 200 - "-" "WordPress/6.7.1; https://ces.hmhc.ca"
165.227.18.194 - - [22/Jan/2025:01:34:53 +0000] "GET /contact/ HTTP/1.1" 200 11828 "-" "Mozilla/5.0 (Windows NT 10.0; Win64; x64) AppleWebKit/537.36 (KHTML, like Gecko) Chrome/130.0.0.0 Safari/537.36"
45.56.220.125 - - [22/Jan/2025:01:37:52 +0000] "POST /wp-cron.php?doing_wp_cron=1737509872.4702339172363281250000 HTTP/1.1" 200 - "-" "WordPress/6.7.1; https://ces.hmhc.ca"
167.172.119.141 - - [22/Jan/2025:01:37:51 +0000] "GET /news-2/ HTTP/1.1" 200 10598 "-" "Mozilla/5.0 (Windows NT 10.0; Win64; x64) AppleWebKit/537.36 (KHTML, like Gecko) Chrome/130.0.0.0 Safari/537.36"
45.56.220.125 - - [22/Jan/2025:01:41:08 +0000] "POST /wp-cron.php?doing_wp_cron=1737510068.3237059116363525390625 HTTP/1.1" 200 - "-" "WordPress/6.7.1; https://ces.hmhc.ca"
138.197.219.63 - - [22/Jan/2025:01:41:07 +0000] "GET /shop-2/ HTTP/1.1" 200 8584 "-" "Mozilla/5.0 (Windows NT 10.0; Win64; x64) AppleWebKit/537.36 (KHTML, like Gecko) Chrome/130.0.0.0 Safari/537.36"
138.68.244.92 - - [22/Jan/2025:01:41:30 +0000] "GET /terms-and-conditions/ HTTP/1.1" 200 8978 "-" "Mozilla/5.0 (Windows NT 10.0; Win64; x64; rv:131.0) Gecko/20100101 Firefox/131.0"
85.208.96.205 - - [22/Jan/2025:01:43:08 +0000] "GET /robots.txt HTTP/1.1" 200 163 "-" "Mozilla/5.0 (compatible; SemrushBot/7~bl; +http://www.semrush.com/bot.html)"
45.56.220.125 - - [22/Jan/2025:01:43:09 +0000] "POST /wp-cron.php?doing_wp_cron=1737510189.6916658878326416015625 HTTP/1.1" 200 - "-" "WordPress/6.7.1; https://ces.hmhc.ca"
85.208.96.198 - - [22/Jan/2025:01:43:09 +0000] "GET /events/list/?tribe-bar-date=2023-07-22 HTTP/1.1" 404 8904 "-" "Mozilla/5.0 (compatible; SemrushBot/7~bl; +http://www.semrush.com/bot.html)"
45.56.220.125 - - [22/Jan/2025:01:44:46 +0000] "POST /wp-cron.php?doing_wp_cron=1737510286.6539390087127685546875 HTTP/1.1" 200 - "-" "WordPress/6.7.1; https://ces.hmhc.ca"
64.227.59.49 - - [22/Jan/2025:01:44:46 +0000] "GET /careers/ HTTP/1.1" 200 11844 "-" "Mozilla/5.0 (Macintosh; Intel Mac OS X 10_15_7) AppleWebKit/537.36 (KHTML, like Gecko) Chrome/130.0.0.0 Safari/537.36"
45.56.220.125 - - [22/Jan/2025:01:46:12 +0000] "POST /wp-cron.php?doing_wp_cron=1737510372.9736609458923339843750 HTTP/1.1" 200 - "-" "WordPress/6.7.1; https://ces.hmhc.ca"
85.208.96.203 - - [22/Jan/2025:01:46:12 +0000] "GET /events/list/?tribe-bar-date=2024-08-20 HTTP/1.1" 404 8904 "-" "Mozilla/5.0 (compatible; SemrushBot/7~bl; +http://www.semrush.com/bot.html)"
45.56.220.125 - - [22/Jan/2025:01:48:39 +0000] "POST /wp-cron.php?doing_wp_cron=1737510519.0734059810638427734375 HTTP/1.1" 200 - "-" "WordPress/6.7.1; https://ces.hmhc.ca"
138.197.209.114 - - [22/Jan/2025:01:48:38 +0000] "GET /portfolio-page-2/ HTTP/1.1" 200 11274 "-" "Mozilla/5.0 (Macintosh; Intel Mac OS X 10_15_7) AppleWebKit/537.36 (KHTML, like Gecko) Chrome/130.0.0.0 Safari/537.36"
178.156.136.36 - - [22/Jan/2025:02:11:23 +0000] "POST /wp-load.php?094f7b=31163 HTTP/1.1" 200 5260 "-" "Mozilla/5.0 (Windows NT 10.0; Win64; x64) AppleWebKit/537.36 (KHTML, like Gecko) Chrome/104.0.5112.97 Safari/537.36"
45.56.220.125 - - [22/Jan/2025:02:27:08 +0000] "POST /wp-cron.php?doing_wp_cron=1737512828.8986759185791015625000 HTTP/1.1" 200 - "-" "WordPress/6.7.1; https://ces.hmhc.ca"
174.0.42.164 - - [22/Jan/2025:02:27:08 +0000] "GET /newsletter/ HTTP/1.1" 200 12526 "https://community.hmhc.ca/" "Mozilla/5.0 (iPhone; CPU iPhone OS 18_1_1 like Mac OS X) AppleWebKit/605.1.15 (KHTML, like Gecko) Version/18.1.1 Mobile/15E148 Safari/604.1"
174.0.42.164 - - [22/Jan/2025:02:27:09 +0000] "GET /wp-content/plugins/premium-addons-for-elementor/assets/frontend/min-css/premium-addons.min.css?ver=4.10.78 HTTP/1.1" 200 45601 "https://ces.hmhc.ca/newsletter/" "Mozilla/5.0 (iPhone; CPU iPhone OS 18_1_1 like Mac OS X) AppleWebKit/605.1.15 (KHTML, like Gecko) Version/18.1.1 Mobile/15E148 Safari/604.1"
174.0.42.164 - - [22/Jan/2025:02:27:09 +0000] "GET /wp-content/themes/popularfx/style.css?ver=1.2.6 HTTP/1.1" 200 6939 "https://ces.hmhc.ca/newsletter/" "Mozilla/5.0 (iPhone; CPU iPhone OS 18_1_1 like Mac OS X) AppleWebKit/605.1.15 (KHTML, like Gecko) Version/18.1.1 Mobile/15E148 Safari/604.1"
174.0.42.164 - - [22/Jan/2025:02:27:09 +0000] "GET /wp-content/themes/popularfx/sidebar.css?ver=1.2.6 HTTP/1.1" 200 2303 "https://ces.hmhc.ca/newsletter/" "Mozilla/5.0 (iPhone; CPU iPhone OS 18_1_1 like Mac OS X) AppleWebKit/605.1.15 (KHTML, like Gecko) Version/18.1.1 Mobile/15E148 Safari/604.1"
174.0.42.164 - - [22/Jan/2025:02:27:09 +0000] "GET /wp-content/plugins/elementor/assets/lib/eicons/css/elementor-icons.min.css?ver=5.35.0 HTTP/1.1" 200 4130 "https://ces.hmhc.ca/newsletter/" "Mozilla/5.0 (iPhone; CPU iPhone OS 18_1_1 like Mac OS X) AppleWebKit/605.1.15 (KHTML, like Gecko) Version/18.1.1 Mobile/15E148 Safari/604.1"
174.0.42.164 - - [22/Jan/2025:02:27:09 +0000] "GET /wp-content/plugins/elementor/assets/css/frontend.min.css?ver=3.27.0 HTTP/1.1" 200 7101 "https://ces.hmhc.ca/newsletter/" "Mozilla/5.0 (iPhone; CPU iPhone OS 18_1_1 like Mac OS X) AppleWebKit/605.1.15 (KHTML, like Gecko) Version/18.1.1 Mobile/15E148 Safari/604.1"
174.0.42.164 - - [22/Jan/2025:02:27:09 +0000] "GET /wp-content/plugins/premium-addons-pro/assets/frontend/min-css/premium-addons.min.css?ver=2.9.26 HTTP/1.1" 200 30547 "https://ces.hmhc.ca/newsletter/" "Mozilla/5.0 (iPhone; CPU iPhone OS 18_1_1 like Mac OS X) AppleWebKit/605.1.15 (KHTML, like Gecko) Version/18.1.1 Mobile/15E148 Safari/604.1"
174.0.42.164 - - [22/Jan/2025:02:27:09 +0000] "GET /wp-content/plugins/ht-qrcode-generator/assets/css/ht-qrcode.css?ver=2.3.6 HTTP/1.1" 200 402 "https://ces.hmhc.ca/newsletter/" "Mozilla/5.0 (iPhone; CPU iPhone OS 18_1_1 like Mac OS X) AppleWebKit/605.1.15 (KHTML, like Gecko) Version/18.1.1 Mobile/15E148 Safari/604.1"
174.0.42.164 - - [22/Jan/2025:02:27:09 +0000] "GET /wp-content/uploads/elementor/css/post-5.css?ver=1737436806 HTTP/1.1" 200 405 "https://ces.hmhc.ca/newsletter/" "Mozilla/5.0 (iPhone; CPU iPhone OS 18_1_1 like Mac OS X) AppleWebKit/605.1.15 (KHTML, like Gecko) Version/18.1.1 Mobile/15E148 Safari/604.1"
174.0.42.164 - - [22/Jan/2025:02:27:09 +0000] "GET /wp-content/plugins/premium-addons-for-elementor/admin/assets/css/admin-bar.css?ver=4.10.78 HTTP/1.1" 200 322 "https://ces.hmhc.ca/newsletter/" "Mozilla/5.0 (iPhone; CPU iPhone OS 18_1_1 like Mac OS X) AppleWebKit/605.1.15 (KHTML, like Gecko) Version/18.1.1 Mobile/15E148 Safari/604.1"
174.0.42.164 - - [22/Jan/2025:02:27:09 +0000] "GET /wp-content/plugins/ht-qrcode-generator/block/build/qr-code-generator.css?ver=c2d45c8c8f78e827e1c94bf9849ba59d HTTP/1.1" 200 742 "https://ces.hmhc.ca/newsletter/" "Mozilla/5.0 (iPhone; CPU iPhone OS 18_1_1 like Mac OS X) AppleWebKit/605.1.15 (KHTML, like Gecko) Version/18.1.1 Mobile/15E148 Safari/604.1"
174.0.42.164 - - [22/Jan/2025:02:27:09 +0000] "GET /wp-content/plugins/zilom-themer/elementor/assets/css/base.css?ver=6.7.1 HTTP/1.1" 200 172 "https://ces.hmhc.ca/newsletter/" "Mozilla/5.0 (iPhone; CPU iPhone OS 18_1_1 like Mac OS X) AppleWebKit/605.1.15 (KHTML, like Gecko) Version/18.1.1 Mobile/15E148 Safari/604.1"
174.0.42.164 - - [22/Jan/2025:02:27:09 +0000] "GET /wp-content/plugins/elementor/assets/lib/font-awesome/css/all.min.css?ver=4.10.78 HTTP/1.1" 200 12869 "https://ces.hmhc.ca/newsletter/" "Mozilla/5.0 (iPhone; CPU iPhone OS 18_1_1 like Mac OS X) AppleWebKit/605.1.15 (KHTML, like Gecko) Version/18.1.1 Mobile/15E148 Safari/604.1"
174.0.42.164 - - [22/Jan/2025:02:27:09 +0000] "GET /wp-content/uploads/elementor/css/post-1306.css?ver=1737457851 HTTP/1.1" 200 33 "https://ces.hmhc.ca/newsletter/" "Mozilla/5.0 (iPhone; CPU iPhone OS 18_1_1 like Mac OS X) AppleWebKit/605.1.15 (KHTML, like Gecko) Version/18.1.1 Mobile/15E148 Safari/604.1"
174.0.42.164 - - [22/Jan/2025:02:27:09 +0000] "GET /wp-content/plugins/elementor/assets/lib/font-awesome/css/v4-shims.min.css?ver=3.27.0 HTTP/1.1" 200 4229 "https://ces.hmhc.ca/newsletter/" "Mozilla/5.0 (iPhone; CPU iPhone OS 18_1_1 like Mac OS X) AppleWebKit/605.1.15 (KHTML, like Gecko) Version/18.1.1 Mobile/15E148 Safari/604.1"
174.0.42.164 - - [22/Jan/2025:02:27:09 +0000] "GET /wp-includes/js/jquery/jquery.min.js?ver=3.7.1 HTTP/1.1" 200 30368 "https://ces.hmhc.ca/newsletter/" "Mozilla/5.0 (iPhone; CPU iPhone OS 18_1_1 like Mac OS X) AppleWebKit/605.1.15 (KHTML, like Gecko) Version/18.1.1 Mobile/15E148 Safari/604.1"
174.0.42.164 - - [22/Jan/2025:02:27:09 +0000] "GET /wp-includes/js/jquery/jquery-migrate.min.js?ver=3.4.1 HTTP/1.1" 200 4872 "https://ces.hmhc.ca/newsletter/" "Mozilla/5.0 (iPhone; CPU iPhone OS 18_1_1 like Mac OS X) AppleWebKit/605.1.15 (KHTML, like Gecko) Version/18.1.1 Mobile/15E148 Safari/604.1"
174.0.42.164 - - [22/Jan/2025:02:27:09 +0000] "GET /wp-content/plugins/zilom-themer/assets/js/ajax-form.js?ver=6.7.1 HTTP/1.1" 200 1830 "https://ces.hmhc.ca/newsletter/" "Mozilla/5.0 (iPhone; CPU iPhone OS 18_1_1 like Mac OS X) AppleWebKit/605.1.15 (KHTML, like Gecko) Version/18.1.1 Mobile/15E148 Safari/604.1"
174.0.42.164 - - [22/Jan/2025:02:27:09 +0000] "GET /wp-includes/js/dist/vendor/react.min.js?ver=18.3.1 HTTP/1.1" 200 4165 "https://ces.hmhc.ca/newsletter/" "Mozilla/5.0 (iPhone; CPU iPhone OS 18_1_1 like Mac OS X) AppleWebKit/605.1.15 (KHTML, like Gecko) Version/18.1.1 Mobile/15E148 Safari/604.1"
174.0.42.164 - - [22/Jan/2025:02:27:09 +0000] "GET /wp-content/plugins/mailpoet/assets/dist/css/mailpoet-public.b1f0906e.css?ver=6.7.1 HTTP/1.1" 200 3391 "https://ces.hmhc.ca/newsletter/" "Mozilla/5.0 (iPhone; CPU iPhone OS 18_1_1 like Mac OS X) AppleWebKit/605.1.15 (KHTML, like Gecko) Version/18.1.1 Mobile/15E148 Safari/604.1"
174.0.42.164 - - [22/Jan/2025:02:27:09 +0000] "GET /wp-content/plugins/elementor/assets/lib/font-awesome/js/v4-shims.min.js?ver=3.27.0 HTTP/1.1" 200 4209 "https://ces.hmhc.ca/newsletter/" "Mozilla/5.0 (iPhone; CPU iPhone OS 18_1_1 like Mac OS X) AppleWebKit/605.1.15 (KHTML, like Gecko) Version/18.1.1 Mobile/15E148 Safari/604.1"
174.0.42.164 - - [22/Jan/2025:02:27:09 +0000] "GET /wp-includes/js/dist/vendor/react-dom.min.js?ver=18.3.1 HTTP/1.1" 200 41947 "https://ces.hmhc.ca/newsletter/" "Mozilla/5.0 (iPhone; CPU iPhone OS 18_1_1 like Mac OS X) AppleWebKit/605.1.15 (KHTML, like Gecko) Version/18.1.1 Mobile/15E148 Safari/604.1"
174.0.42.164 - - [22/Jan/2025:02:27:09 +0000] "GET /wp-includes/js/dist/vendor/react-jsx-runtime.min.js?ver=18.3.1 HTTP/1.1" 200 552 "https://ces.hmhc.ca/newsletter/" "Mozilla/5.0 (iPhone; CPU iPhone OS 18_1_1 like Mac OS X) AppleWebKit/605.1.15 (KHTML, like Gecko) Version/18.1.1 Mobile/15E148 Safari/604.1"
174.0.42.164 - - [22/Jan/2025:02:27:09 +0000] "GET /wp-includes/js/dist/hooks.min.js?ver=4d63a3d491d11ffd8ac6 HTTP/1.1" 200 1648 "https://ces.hmhc.ca/newsletter/" "Mozilla/5.0 (iPhone; CPU iPhone OS 18_1_1 like Mac OS X) AppleWebKit/605.1.15 (KHTML, like Gecko) Version/18.1.1 Mobile/15E148 Safari/604.1"
174.0.42.164 - - [22/Jan/2025:02:27:09 +0000] "GET /wp-includes/js/dist/dom-ready.min.js?ver=f77871ff7694fffea381 HTTP/1.1" 200 320 "https://ces.hmhc.ca/newsletter/" "Mozilla/5.0 (iPhone; CPU iPhone OS 18_1_1 like Mac OS X) AppleWebKit/605.1.15 (KHTML, like Gecko) Version/18.1.1 Mobile/15E148 Safari/604.1"
174.0.42.164 - - [22/Jan/2025:02:27:09 +0000] "GET /wp-includes/js/dist/a11y.min.js?ver=3156534cc54473497e14 HTTP/1.1" 200 956 "https://ces.hmhc.ca/newsletter/" "Mozilla/5.0 (iPhone; CPU iPhone OS 18_1_1 like Mac OS X) AppleWebKit/605.1.15 (KHTML, like Gecko) Version/18.1.1 Mobile/15E148 Safari/604.1"
174.0.42.164 - - [22/Jan/2025:02:27:09 +0000] "GET /wp-includes/js/dist/i18n.min.js?ver=5e580eb46a90c2b997e6 HTTP/1.1" 200 3667 "https://ces.hmhc.ca/newsletter/" "Mozilla/5.0 (iPhone; CPU iPhone OS 18_1_1 like Mac OS X) AppleWebKit/605.1.15 (KHTML, like Gecko) Version/18.1.1 Mobile/15E148 Safari/604.1"
174.0.42.164 - - [22/Jan/2025:02:27:09 +0000] "GET /wp-includes/js/dist/url.min.js?ver=e87eb76272a3a08402d2 HTTP/1.1" 200 3795 "https://ces.hmhc.ca/newsletter/" "Mozilla/5.0 (iPhone; CPU iPhone OS 18_1_1 like Mac OS X) AppleWebKit/605.1.15 (KHTML, like Gecko) Version/18.1.1 Mobile/15E148 Safari/604.1"
174.0.42.164 - - [22/Jan/2025:02:27:09 +0000] "GET /wp-includes/js/dist/vendor/wp-polyfill.min.js?ver=3.15.0 HTTP/1.1" 200 13501 "https://ces.hmhc.ca/newsletter/" "Mozilla/5.0 (iPhone; CPU iPhone OS 18_1_1 like Mac OS X) AppleWebKit/605.1.15 (KHTML, like Gecko) Version/18.1.1 Mobile/15E148 Safari/604.1"
174.0.42.164 - - [22/Jan/2025:02:27:09 +0000] "GET /wp-includes/js/dist/blob.min.js?ver=9113eed771d446f4a556 HTTP/1.1" 200 576 "https://ces.hmhc.ca/newsletter/" "Mozilla/5.0 (iPhone; CPU iPhone OS 18_1_1 like Mac OS X) AppleWebKit/605.1.15 (KHTML, like Gecko) Version/18.1.1 Mobile/15E148 Safari/604.1"
174.0.42.164 - - [22/Jan/2025:02:27:09 +0000] "GET /wp-includes/js/dist/api-fetch.min.js?ver=d387b816bc1ed2042e28 HTTP/1.1" 200 2341 "https://ces.hmhc.ca/newsletter/" "Mozilla/5.0 (iPhone; CPU iPhone OS 18_1_1 like Mac OS X) AppleWebKit/605.1.15 (KHTML, like Gecko) Version/18.1.1 Mobile/15E148 Safari/604.1"
174.0.42.164 - - [22/Jan/2025:02:27:09 +0000] "GET /wp-includes/js/dist/block-serialization-default-parser.min.js?ver=14d44daebf663d05d330 HTTP/1.1" 200 1119 "https://ces.hmhc.ca/newsletter/" "Mozilla/5.0 (iPhone; CPU iPhone OS 18_1_1 like Mac OS X) AppleWebKit/605.1.15 (KHTML, like Gecko) Version/18.1.1 Mobile/15E148 Safari/604.1"
174.0.42.164 - - [22/Jan/2025:02:27:09 +0000] "GET /wp-includes/js/dist/autop.min.js?ver=9fb50649848277dd318d HTTP/1.1" 200 2109 "https://ces.hmhc.ca/newsletter/" "Mozilla/5.0 (iPhone; CPU iPhone OS 18_1_1 like Mac OS X) AppleWebKit/605.1.15 (KHTML, like Gecko) Version/18.1.1 Mobile/15E148 Safari/604.1"
174.0.42.164 - - [22/Jan/2025:02:27:09 +0000] "GET /wp-includes/js/dist/deprecated.min.js?ver=e1f84915c5e8ae38964c HTTP/1.1" 200 446 "https://ces.hmhc.ca/newsletter/" "Mozilla/5.0 (iPhone; CPU iPhone OS 18_1_1 like Mac OS X) AppleWebKit/605.1.15 (KHTML, like Gecko) Version/18.1.1 Mobile/15E148 Safari/604.1"
174.0.42.164 - - [22/Jan/2025:02:27:09 +0000] "GET /wp-includes/js/dist/dom.min.js?ver=93117dfee2692b04b770 HTTP/1.1" 200 4702 "https://ces.hmhc.ca/newsletter/" "Mozilla/5.0 (iPhone; CPU iPhone OS 18_1_1 like Mac OS X) AppleWebKit/605.1.15 (KHTML, like Gecko) Version/18.1.1 Mobile/15E148 Safari/604.1"
174.0.42.164 - - [22/Jan/2025:02:27:09 +0000] "GET /wp-includes/js/dist/escape-html.min.js?ver=6561a406d2d232a6fbd2 HTTP/1.1" 200 532 "https://ces.hmhc.ca/newsletter/" "Mozilla/5.0 (iPhone; CPU iPhone OS 18_1_1 like Mac OS X) AppleWebKit/605.1.15 (KHTML, like Gecko) Version/18.1.1 Mobile/15E148 Safari/604.1"
174.0.42.164 - - [22/Jan/2025:02:27:09 +0000] "GET /wp-includes/js/dist/is-shallow-equal.min.js?ver=e0f9f1d78d83f5196979 HTTP/1.1" 200 520 "https://ces.hmhc.ca/newsletter/" "Mozilla/5.0 (iPhone; CPU iPhone OS 18_1_1 like Mac OS X) AppleWebKit/605.1.15 (KHTML, like Gecko) Version/18.1.1 Mobile/15E148 Safari/604.1"
174.0.42.164 - - [22/Jan/2025:02:27:09 +0000] "GET /wp-includes/js/dist/keycodes.min.js?ver=034ff647a54b018581d3 HTTP/1.1" 200 1391 "https://ces.hmhc.ca/newsletter/" "Mozilla/5.0 (iPhone; CPU iPhone OS 18_1_1 like Mac OS X) AppleWebKit/605.1.15 (KHTML, like Gecko) Version/18.1.1 Mobile/15E148 Safari/604.1"
174.0.42.164 - - [22/Jan/2025:02:27:09 +0000] "GET /wp-includes/js/dist/element.min.js?ver=cb762d190aebbec25b27 HTTP/1.1" 200 4959 "https://ces.hmhc.ca/newsletter/" "Mozilla/5.0 (iPhone; CPU iPhone OS 18_1_1 like Mac OS X) AppleWebKit/605.1.15 (KHTML, like Gecko) Version/18.1.1 Mobile/15E148 Safari/604.1"
174.0.42.164 - - [22/Jan/2025:02:27:09 +0000] "GET /wp-includes/js/dist/priority-queue.min.js?ver=9c21c957c7e50ffdbf48 HTTP/1.1" 200 1525 "https://ces.hmhc.ca/newsletter/" "Mozilla/5.0 (iPhone; CPU iPhone OS 18_1_1 like Mac OS X) AppleWebKit/605.1.15 (KHTML, like Gecko) Version/18.1.1 Mobile/15E148 Safari/604.1"
174.0.42.164 - - [22/Jan/2025:02:27:09 +0000] "GET /wp-includes/js/dist/compose.min.js?ver=85f0708cd2e6b26addeb HTTP/1.1" 200 12852 "https://ces.hmhc.ca/newsletter/" "Mozilla/5.0 (iPhone; CPU iPhone OS 18_1_1 like Mac OS X) AppleWebKit/605.1.15 (KHTML, like Gecko) Version/18.1.1 Mobile/15E148 Safari/604.1"
174.0.42.164 - - [22/Jan/2025:02:27:09 +0000] "GET /wp-includes/js/dist/private-apis.min.js?ver=4b858962c15c2c7a135f HTTP/1.1" 200 1020 "https://ces.hmhc.ca/newsletter/" "Mozilla/5.0 (iPhone; CPU iPhone OS 18_1_1 like Mac OS X) AppleWebKit/605.1.15 (KHTML, like Gecko) Version/18.1.1 Mobile/15E148 Safari/604.1"
174.0.42.164 - - [22/Jan/2025:02:27:09 +0000] "GET /wp-includes/js/dist/html-entities.min.js?ver=2cd3358363e0675638fb HTTP/1.1" 200 445 "https://ces.hmhc.ca/newsletter/" "Mozilla/5.0 (iPhone; CPU iPhone OS 18_1_1 like Mac OS X) AppleWebKit/605.1.15 (KHTML, like Gecko) Version/18.1.1 Mobile/15E148 Safari/604.1"
174.0.42.164 - - [22/Jan/2025:02:27:09 +0000] "GET /wp-includes/js/dist/redux-routine.min.js?ver=a0a172871afaeb261566 HTTP/1.1" 200 2827 "https://ces.hmhc.ca/newsletter/" "Mozilla/5.0 (iPhone; CPU iPhone OS 18_1_1 like Mac OS X) AppleWebKit/605.1.15 (KHTML, like Gecko) Version/18.1.1 Mobile/15E148 Safari/604.1"
174.0.42.164 - - [22/Jan/2025:02:27:09 +0000] "GET /wp-includes/js/dist/data.min.js?ver=7c62e39de0308c73d50c HTTP/1.1" 200 9187 "https://ces.hmhc.ca/newsletter/" "Mozilla/5.0 (iPhone; CPU iPhone OS 18_1_1 like Mac OS X) AppleWebKit/605.1.15 (KHTML, like Gecko) Version/18.1.1 Mobile/15E148 Safari/604.1"
174.0.42.164 - - [22/Jan/2025:02:27:09 +0000] "GET /wp-includes/js/dist/shortcode.min.js?ver=b7747eee0efafd2f0c3b HTTP/1.1" 200 1385 "https://ces.hmhc.ca/newsletter/" "Mozilla/5.0 (iPhone; CPU iPhone OS 18_1_1 like Mac OS X) AppleWebKit/605.1.15 (KHTML, like Gecko) Version/18.1.1 Mobile/15E148 Safari/604.1"
174.0.42.164 - - [22/Jan/2025:02:27:09 +0000] "GET /wp-includes/js/dist/rich-text.min.js?ver=4021b9e4e9ef4d3cd868 HTTP/1.1" 200 10044 "https://ces.hmhc.ca/newsletter/" "Mozilla/5.0 (iPhone; CPU iPhone OS 18_1_1 like Mac OS X) AppleWebKit/605.1.15 (KHTML, like Gecko) Version/18.1.1 Mobile/15E148 Safari/604.1"
174.0.42.164 - - [22/Jan/2025:02:27:09 +0000] "GET /wp-includes/js/dist/warning.min.js?ver=ed7c8b0940914f4fe44b HTTP/1.1" 200 245 "https://ces.hmhc.ca/newsletter/" "Mozilla/5.0 (iPhone; CPU iPhone OS 18_1_1 like Mac OS X) AppleWebKit/605.1.15 (KHTML, like Gecko) Version/18.1.1 Mobile/15E148 Safari/604.1"
174.0.42.164 - - [22/Jan/2025:02:27:09 +0000] "GET /wp-includes/js/dist/vendor/moment.min.js?ver=2.30.1 HTTP/1.1" 200 18754 "https://ces.hmhc.ca/newsletter/" "Mozilla/5.0 (iPhone; CPU iPhone OS 18_1_1 like Mac OS X) AppleWebKit/605.1.15 (KHTML, like Gecko) Version/18.1.1 Mobile/15E148 Safari/604.1"
174.0.42.164 - - [22/Jan/2025:02:27:09 +0000] "GET /wp-includes/js/dist/blocks.min.js?ver=8474af4b6260126fa879 HTTP/1.1" 200 53571 "https://ces.hmhc.ca/newsletter/" "Mozilla/5.0 (iPhone; CPU iPhone OS 18_1_1 like Mac OS X) AppleWebKit/605.1.15 (KHTML, like Gecko) Version/18.1.1 Mobile/15E148 Safari/604.1"
174.0.42.164 - - [22/Jan/2025:02:27:09 +0000] "GET /wp-includes/js/dist/date.min.js?ver=aaca6387d1cf924acc51 HTTP/1.1" 200 43573 "https://ces.hmhc.ca/newsletter/" "Mozilla/5.0 (iPhone; CPU iPhone OS 18_1_1 like Mac OS X) AppleWebKit/605.1.15 (KHTML, like Gecko) Version/18.1.1 Mobile/15E148 Safari/604.1"
174.0.42.164 - - [22/Jan/2025:02:27:10 +0000] "GET /wp-includes/js/dist/primitives.min.js?ver=aef2543ab60c8c9bb609 HTTP/1.1" 200 828 "https://ces.hmhc.ca/newsletter/" "Mozilla/5.0 (iPhone; CPU iPhone OS 18_1_1 like Mac OS X) AppleWebKit/605.1.15 (KHTML, like Gecko) Version/18.1.1 Mobile/15E148 Safari/604.1"
174.0.42.164 - - [22/Jan/2025:02:27:10 +0000] "GET /wp-includes/js/dist/keyboard-shortcuts.min.js?ver=32686e58e84193ce808b HTTP/1.1" 200 1315 "https://ces.hmhc.ca/newsletter/" "Mozilla/5.0 (iPhone; CPU iPhone OS 18_1_1 like Mac OS X) AppleWebKit/605.1.15 (KHTML, like Gecko) Version/18.1.1 Mobile/15E148 Safari/604.1"
174.0.42.164 - - [22/Jan/2025:02:27:10 +0000] "GET /wp-includes/js/dist/commands.min.js?ver=33b90579e9a6d83ac03b HTTP/1.1" 200 16430 "https://ces.hmhc.ca/newsletter/" "Mozilla/5.0 (iPhone; CPU iPhone OS 18_1_1 like Mac OS X) AppleWebKit/605.1.15 (KHTML, like Gecko) Version/18.1.1 Mobile/15E148 Safari/604.1"
174.0.42.164 - - [22/Jan/2025:02:27:10 +0000] "GET /wp-includes/js/dist/notices.min.js?ver=673a68a7ac2f556ed50b HTTP/1.1" 200 947 "https://ces.hmhc.ca/newsletter/" "Mozilla/5.0 (iPhone; CPU iPhone OS 18_1_1 like Mac OS X) AppleWebKit/605.1.15 (KHTML, like Gecko) Version/18.1.1 Mobile/15E148 Safari/604.1"
174.0.42.164 - - [22/Jan/2025:02:27:10 +0000] "GET /wp-includes/js/dist/components.min.js?ver=130172abbae720694b1f HTTP/1.1" 200 225671 "https://ces.hmhc.ca/newsletter/" "Mozilla/5.0 (iPhone; CPU iPhone OS 18_1_1 like Mac OS X) AppleWebKit/605.1.15 (KHTML, like Gecko) Version/18.1.1 Mobile/15E148 Safari/604.1"
174.0.42.164 - - [22/Jan/2025:02:27:10 +0000] "GET /wp-includes/js/dist/preferences-persistence.min.js?ver=9307a8c9e3254140a223 HTTP/1.1" 200 2066 "https://ces.hmhc.ca/newsletter/" "Mozilla/5.0 (iPhone; CPU iPhone OS 18_1_1 like Mac OS X) AppleWebKit/605.1.15 (KHTML, like Gecko) Version/18.1.1 Mobile/15E148 Safari/604.1"
174.0.42.164 - - [22/Jan/2025:02:27:10 +0000] "GET /wp-includes/js/dist/preferences.min.js?ver=945c6cbfe821b3070047 HTTP/1.1" 200 2880 "https://ces.hmhc.ca/newsletter/" "Mozilla/5.0 (iPhone; CPU iPhone OS 18_1_1 like Mac OS X) AppleWebKit/605.1.15 (KHTML, like Gecko) Version/18.1.1 Mobile/15E148 Safari/604.1"
174.0.42.164 - - [22/Jan/2025:02:27:10 +0000] "GET /wp-includes/js/dist/style-engine.min.js?ver=08cc10e9532531e22456 HTTP/1.1" 200 2076 "https://ces.hmhc.ca/newsletter/" "Mozilla/5.0 (iPhone; CPU iPhone OS 18_1_1 like Mac OS X) AppleWebKit/605.1.15 (KHTML, like Gecko) Version/18.1.1 Mobile/15E148 Safari/604.1"
174.0.42.164 - - [22/Jan/2025:02:27:10 +0000] "GET /wp-includes/js/dist/token-list.min.js?ver=3b5f5dcfde830ecef24f HTTP/1.1" 200 582 "https://ces.hmhc.ca/newsletter/" "Mozilla/5.0 (iPhone; CPU iPhone OS 18_1_1 like Mac OS X) AppleWebKit/605.1.15 (KHTML, like Gecko) Version/18.1.1 Mobile/15E148 Safari/604.1"
174.0.42.164 - - [22/Jan/2025:02:27:10 +0000] "GET /wp-includes/js/dist/wordcount.min.js?ver=55d8c2bf3dc99e7ea5ec HTTP/1.1" 200 1018 "https://ces.hmhc.ca/newsletter/" "Mozilla/5.0 (iPhone; CPU iPhone OS 18_1_1 like Mac OS X) AppleWebKit/605.1.15 (KHTML, like Gecko) Version/18.1.1 Mobile/15E148 Safari/604.1"
174.0.42.164 - - [22/Jan/2025:02:27:10 +0000] "GET /wp-content/plugins/ht-qrcode-generator/block/build/qr-code-generator.js?ver=c2d45c8c8f78e827e1c94bf9849ba59d HTTP/1.1" 200 16504 "https://ces.hmhc.ca/newsletter/" "Mozilla/5.0 (iPhone; CPU iPhone OS 18_1_1 like Mac OS X) AppleWebKit/605.1.15 (KHTML, like Gecko) Version/18.1.1 Mobile/15E148 Safari/604.1"
174.0.42.164 - - [22/Jan/2025:02:27:10 +0000] "GET /wp-content/plugins/ht-qrcode-generator/assets/js/easy.qrcode.min.js?ver=2.3.6 HTTP/1.1" 200 13796 "https://ces.hmhc.ca/newsletter/" "Mozilla/5.0 (iPhone; CPU iPhone OS 18_1_1 like Mac OS X) AppleWebKit/605.1.15 (KHTML, like Gecko) Version/18.1.1 Mobile/15E148 Safari/604.1"
174.0.42.164 - - [22/Jan/2025:02:27:10 +0000] "GET /wp-includes/js/dist/block-editor.min.js?ver=28fb4f612c7c613fdd55 HTTP/1.1" 200 255714 "https://ces.hmhc.ca/newsletter/" "Mozilla/5.0 (iPhone; CPU iPhone OS 18_1_1 like Mac OS X) AppleWebKit/605.1.15 (KHTML, like Gecko) Version/18.1.1 Mobile/15E148 Safari/604.1"
174.0.42.164 - - [22/Jan/2025:02:27:10 +0000] "GET /wp-content/plugins/ht-qrcode-generator/assets/js/qrcode-custom.js?ver=2.3.6 HTTP/1.1" 200 631 "https://ces.hmhc.ca/newsletter/" "Mozilla/5.0 (iPhone; CPU iPhone OS 18_1_1 like Mac OS X) AppleWebKit/605.1.15 (KHTML, like Gecko) Version/18.1.1 Mobile/15E148 Safari/604.1"
174.0.42.164 - - [22/Jan/2025:02:27:10 +0000] "GET /wp-content/plugins/zilom-themer/assets/js/main.js HTTP/1.1" 200 628 "https://ces.hmhc.ca/newsletter/" "Mozilla/5.0 (iPhone; CPU iPhone OS 18_1_1 like Mac OS X) AppleWebKit/605.1.15 (KHTML, like Gecko) Version/18.1.1 Mobile/15E148 Safari/604.1"
174.0.42.164 - - [22/Jan/2025:02:27:10 +0000] "GET /wp-content/plugins/premium-addons-for-elementor/admin/assets/js/admin-bar.js?ver=4.10.78 HTTP/1.1" 200 446 "https://ces.hmhc.ca/newsletter/" "Mozilla/5.0 (iPhone; CPU iPhone OS 18_1_1 like Mac OS X) AppleWebKit/605.1.15 (KHTML, like Gecko) Version/18.1.1 Mobile/15E148 Safari/604.1"
174.0.42.164 - - [22/Jan/2025:02:27:10 +0000] "GET /wp-content/themes/popularfx/js/navigation.js?ver=1.2.6 HTTP/1.1" 200 1683 "https://ces.hmhc.ca/newsletter/" "Mozilla/5.0 (iPhone; CPU iPhone OS 18_1_1 like Mac OS X) AppleWebKit/605.1.15 (KHTML, like Gecko) Version/18.1.1 Mobile/15E148 Safari/604.1"
174.0.42.164 - - [22/Jan/2025:02:27:10 +0000] "GET /wp-content/plugins/mailpoet/assets/dist/js/public.js?ver=5.6.1 HTTP/1.1" 200 29440 "https://ces.hmhc.ca/newsletter/" "Mozilla/5.0 (iPhone; CPU iPhone OS 18_1_1 like Mac OS X) AppleWebKit/605.1.15 (KHTML, like Gecko) Version/18.1.1 Mobile/15E148 Safari/604.1"
174.0.42.164 - - [22/Jan/2025:02:27:10 +0000] "GET /wp-content/plugins/elementor-pro/assets/js/webpack-pro.runtime.min.js?ver=3.26.3 HTTP/1.1" 200 2860 "https://ces.hmhc.ca/newsletter/" "Mozilla/5.0 (iPhone; CPU iPhone OS 18_1_1 like Mac OS X) AppleWebKit/605.1.15 (KHTML, like Gecko) Version/18.1.1 Mobile/15E148 Safari/604.1"
174.0.42.164 - - [22/Jan/2025:02:27:10 +0000] "GET /wp-content/plugins/elementor/assets/js/webpack.runtime.min.js?ver=3.27.0 HTTP/1.1" 200 2393 "https://ces.hmhc.ca/newsletter/" "Mozilla/5.0 (iPhone; CPU iPhone OS 18_1_1 like Mac OS X) AppleWebKit/605.1.15 (KHTML, like Gecko) Version/18.1.1 Mobile/15E148 Safari/604.1"
174.0.42.164 - - [22/Jan/2025:02:27:10 +0000] "GET /wp-content/plugins/elementor/assets/js/frontend-modules.min.js?ver=3.27.0 HTTP/1.1" 200 17550 "https://ces.hmhc.ca/newsletter/" "Mozilla/5.0 (iPhone; CPU iPhone OS 18_1_1 like Mac OS X) AppleWebKit/605.1.15 (KHTML, like Gecko) Version/18.1.1 Mobile/15E148 Safari/604.1"
174.0.42.164 - - [22/Jan/2025:02:27:10 +0000] "GET /wp-content/plugins/elementor-pro/assets/js/frontend.min.js?ver=3.26.3 HTTP/1.1" 200 6510 "https://ces.hmhc.ca/newsletter/" "Mozilla/5.0 (iPhone; CPU iPhone OS 18_1_1 like Mac OS X) AppleWebKit/605.1.15 (KHTML, like Gecko) Version/18.1.1 Mobile/15E148 Safari/604.1"
174.0.42.164 - - [22/Jan/2025:02:27:10 +0000] "GET /wp-includes/js/jquery/ui/core.min.js?ver=1.13.3 HTTP/1.1" 200 7106 "https://ces.hmhc.ca/newsletter/" "Mozilla/5.0 (iPhone; CPU iPhone OS 18_1_1 like Mac OS X) AppleWebKit/605.1.15 (KHTML, like Gecko) Version/18.1.1 Mobile/15E148 Safari/604.1"
174.0.42.164 - - [22/Jan/2025:02:27:10 +0000] "GET /wp-content/plugins/elementor/assets/js/frontend.min.js?ver=3.27.0 HTTP/1.1" 200 13465 "https://ces.hmhc.ca/newsletter/" "Mozilla/5.0 (iPhone; CPU iPhone OS 18_1_1 like Mac OS X) AppleWebKit/605.1.15 (KHTML, like Gecko) Version/18.1.1 Mobile/15E148 Safari/604.1"
174.0.42.164 - - [22/Jan/2025:02:27:10 +0000] "GET /wp-content/plugins/elementor-pro/assets/js/elements-handlers.min.js?ver=3.26.3 HTTP/1.1" 200 10655 "https://ces.hmhc.ca/newsletter/" "Mozilla/5.0 (iPhone; CPU iPhone OS 18_1_1 like Mac OS X) AppleWebKit/605.1.15 (KHTML, like Gecko) Version/18.1.1 Mobile/15E148 Safari/604.1"
174.0.42.164 - - [22/Jan/2025:02:27:10 +0000] "GET /wp-content/plugins/zilom-themer/assets/icons/flaticon.css HTTP/1.1" 200 1144 "https://ces.hmhc.ca/newsletter/" "Mozilla/5.0 (iPhone; CPU iPhone OS 18_1_1 like Mac OS X) AppleWebKit/605.1.15 (KHTML, like Gecko) Version/18.1.1 Mobile/15E148 Safari/604.1"
174.0.42.164 - - [22/Jan/2025:02:27:10 +0000] "GET /wp-json/wp/v2/users/me?context=edit&_locale=user HTTP/1.1" 401 102 "https://ces.hmhc.ca/newsletter/" "Mozilla/5.0 (iPhone; CPU iPhone OS 18_1_1 like Mac OS X) AppleWebKit/605.1.15 (KHTML, like Gecko) Version/18.1.1 Mobile/15E148 Safari/604.1"
174.0.42.164 - - [22/Jan/2025:02:27:10 +0000] "GET /favicon.ico HTTP/1.1" 302 - "https://ces.hmhc.ca/newsletter/" "Mozilla/5.0 (iPhone; CPU iPhone OS 18_1_1 like Mac OS X) AppleWebKit/605.1.15 (KHTML, like Gecko) Version/18.1.1 Mobile/15E148 Safari/604.1"
174.0.42.164 - - [22/Jan/2025:02:27:11 +0000] "GET /wp-includes/images/w-logo-blue-white-bg.png HTTP/1.1" 200 4119 "https://ces.hmhc.ca/newsletter/" "Mozilla/5.0 (iPhone; CPU iPhone OS 18_1_1 like Mac OS X) AppleWebKit/605.1.15 (KHTML, like Gecko) Version/18.1.1 Mobile/15E148 Safari/604.1"
174.0.42.164 - - [22/Jan/2025:02:27:41 +0000] "POST /wp-admin/admin-ajax.php HTTP/1.1" 200 31 "https://ces.hmhc.ca/newsletter/" "Mozilla/5.0 (iPhone; CPU iPhone OS 18_1_1 like Mac OS X) AppleWebKit/605.1.15 (KHTML, like Gecko) Version/18.1.1 Mobile/15E148 Safari/604.1"
65.109.82.50 - - [22/Jan/2025:02:29:07 +0000] "POST /xmlrpc.php HTTP/1.1" 403 301 "-" "Mozilla/5.0 (Windows NT 10.0; Win64; x64; rv:79.0) Gecko/20100101 Firefox/79.0"
41.193.5.58 - - [22/Jan/2025:02:29:08 +0000] "POST /xmlrpc.php HTTP/1.1" 403 302 "-" "Mozilla/5.0 (Windows NT 10.0; Win64; x64) AppleWebKit/537.36 (KHTML, like Gecko) Chrome/80.0.3987.149 Safari/537.36"
193.239.44.83 - - [22/Jan/2025:02:29:22 +0000] "POST /xmlrpc.php HTTP/1.1" 403 301 "-" "Mozilla/5.0 (Linux; Android 10; SM-N960U) AppleWebKit/537.36 (KHTML, like Gecko) Chrome/91.0.4472.114 Mobile Safari/537.36"
188.245.228.175 - - [22/Jan/2025:02:29:24 +0000] "POST /xmlrpc.php HTTP/1.1" 403 301 "-" "Mozilla/5.0 (Linux; Android 10; LM-Q710(FGN)) AppleWebKit/537.36 (KHTML, like Gecko) Chrome/91.0.4472.114 Mobile Safari/537.36"
65.21.251.206 - - [22/Jan/2025:02:29:24 +0000] "POST /xmlrpc.php HTTP/1.1" 403 302 "-" "Mozilla/5.0 (Windows NT 6.1; WOW64; rv:41.0) Gecko/20100101 Firefox/41.0"
167.71.201.163 - - [22/Jan/2025:02:29:33 +0000] "POST /xmlrpc.php HTTP/1.1" 403 301 "-" "Mozilla/5.0 (Windows NT 10.0; Win64; x64; rv:85.0) Gecko/20100101 Firefox/85.0"
64.227.133.39 - - [22/Jan/2025:02:29:36 +0000] "POST /xmlrpc.php HTTP/1.1" 403 302 "-" "Mozilla/5.0 (Windows NT 6.1; Win64; x64) AppleWebKit/537.36 (KHTML, like Gecko) Chrome/60.0.3112.90 Safari/537.36"
45.56.220.125 - - [22/Jan/2025:02:29:43 +0000] "POST /wp-cron.php?doing_wp_cron=1737512983.2289619445800781250000 HTTP/1.1" 200 - "-" "WordPress/6.7.1; https://ces.hmhc.ca"
207.148.127.12 - - [22/Jan/2025:02:29:42 +0000] "POST /xmlrpc.php HTTP/1.1" 200 403 "-" "Mozilla/5.0 (Windows NT 5.1; rv:36.0) Gecko/20100101 Firefox/36.0"
114.119.158.112 - - [22/Jan/2025:02:33:47 +0000] "GET /wp-content/uploads/2020/12/team-01-03-01-768x1024-1-225x300.png HTTP/1.1" 200 54093 "-" "Mozilla/5.0 (Linux; Android 7.0;) AppleWebKit/537.36 (KHTML, like Gecko) Mobile Safari/537.36 (compatible; PetalBot;+https://webmaster.petalsearch.com/site/petalbot)"
45.56.220.125 - - [22/Jan/2025:02:39:42 +0000] "POST /wp-cron.php?doing_wp_cron=1737513582.7844159603118896484375 HTTP/1.1" 200 - "-" "WordPress/6.7.1; https://ces.hmhc.ca"
154.216.18.126 - - [22/Jan/2025:02:39:42 +0000] "GET / HTTP/1.1" 301 - "-" "Mozilla/5.0 (Linux; Android 8.0.0; SM-G930F) AppleWebKit/537.36 (KHTML, like Gecko) Chrome/76.0.3809.111 Mobile Safari/537.36"
85.208.96.211 - - [22/Jan/2025:02:57:24 +0000] "GET /robots.txt HTTP/1.1" 200 163 "-" "Mozilla/5.0 (compatible; SemrushBot/7~bl; +http://www.semrush.com/bot.html)"
