45.56.220.125 - - [21/Jan/2025:17:14:39 +0000] "POST /wp-cron.php?doing_wp_cron=1737479679.6597199440002441406250 HTTP/1.1" 200 - "-" "WordPress/6.7.1; https://ces.hmhc.ca"
85.208.96.204 - - [21/Jan/2025:17:14:39 +0000] "GET /events/category/seminars/list/?tribe-bar-date=2029-07-07 HTTP/1.1" 404 8905 "-" "Mozilla/5.0 (compatible; SemrushBot/7~bl; +http://www.semrush.com/bot.html)"
45.56.220.125 - - [21/Jan/2025:17:15:23 +0000] "POST /wp-cron.php?doing_wp_cron=1737479723.4808220863342285156250 HTTP/1.1" 200 - "-" "WordPress/6.7.1; https://ces.hmhc.ca"
185.191.171.17 - - [21/Jan/2025:17:15:22 +0000] "GET /events/category/seminars/list/?tribe-bar-date=2027-12-23 HTTP/1.1" 404 8905 "-" "Mozilla/5.0 (compatible; SemrushBot/7~bl; +http://www.semrush.com/bot.html)"
45.56.220.125 - - [21/Jan/2025:17:23:34 +0000] "POST /wp-cron.php?doing_wp_cron=1737480214.7923960685729980468750 HTTP/1.1" 200 - "-" "WordPress/6.7.1; https://ces.hmhc.ca"
85.208.96.207 - - [21/Jan/2025:17:23:34 +0000] "GET /events/list/?tribe-bar-date=2030-10-24 HTTP/1.1" 404 8905 "-" "Mozilla/5.0 (compatible; SemrushBot/7~bl; +http://www.semrush.com/bot.html)"
204.209.28.114 - - [21/Jan/2025:17:26:56 +0000] "GET /wp-content/uploads/2024/09/Luna.png HTTP/1.1" 200 16612 "-" "Mozilla/4.0 (compatible; ms-office; MSOffice 16)"
204.209.28.114 - - [21/Jan/2025:17:26:56 +0000] "GET /wp-content/uploads/2024/09/Capture-1.png HTTP/1.1" 200 53636 "-" "Mozilla/4.0 (compatible; ms-office; MSOffice 16)"
204.209.28.114 - - [21/Jan/2025:17:26:56 +0000] "GET /wp-content/uploads/2023/10/Capture-6.gif HTTP/1.1" 200 12480 "-" "Mozilla/4.0 (compatible; ms-office; MSOffice 16)"
204.209.28.114 - - [21/Jan/2025:17:26:56 +0000] "GET /wp-content/uploads/2024/09/Luna.png HTTP/1.1" 304 - "-" "Mozilla/4.0 (compatible; ms-office; MSOffice 16)"
204.209.28.114 - - [21/Jan/2025:17:26:56 +0000] "GET /wp-content/uploads/2024/09/Capture-1.png HTTP/1.1" 304 - "-" "Mozilla/4.0 (compatible; ms-office; MSOffice 16)"
204.209.28.114 - - [21/Jan/2025:17:26:56 +0000] "GET /wp-content/uploads/2024/09/Luna.png HTTP/1.1" 304 - "-" "Mozilla/4.0 (compatible; ms-office; MSOffice 16)"
204.209.28.114 - - [21/Jan/2025:17:26:56 +0000] "GET /wp-content/uploads/2023/10/Capture-6.gif HTTP/1.1" 304 - "-" "Mozilla/4.0 (compatible; ms-office; MSOffice 16)"
204.209.28.114 - - [21/Jan/2025:17:26:57 +0000] "GET /wp-content/uploads/2024/06/Capture.jpg HTTP/1.1" 200 87289 "-" "Mozilla/4.0 (compatible; ms-office; MSOffice 16)"
204.209.28.114 - - [21/Jan/2025:17:26:57 +0000] "GET /wp-content/uploads/2024/08/Capture-2.png HTTP/1.1" 200 246244 "-" "Mozilla/4.0 (compatible; ms-office; MSOffice 16)"
204.209.28.114 - - [21/Jan/2025:17:26:57 +0000] "GET /wp-content/uploads/2024/06/STAR-ADS-CES-newsletter.png HTTP/1.1" 200 413327 "-" "Mozilla/4.0 (compatible; ms-office; MSOffice 16)"
204.209.28.114 - - [21/Jan/2025:17:26:57 +0000] "GET /wp-content/uploads/2024/09/Luna.png HTTP/1.1" 304 - "-" "Mozilla/4.0 (compatible; ms-office; MSOffice 16)"
204.209.28.114 - - [21/Jan/2025:17:26:57 +0000] "GET /wp-content/uploads/2024/09/Luna.png HTTP/1.1" 304 - "-" "Mozilla/4.0 (compatible; ms-office; MSOffice 16)"
204.209.28.114 - - [21/Jan/2025:17:26:57 +0000] "GET /wp-content/uploads/2024/09/Luna.png HTTP/1.1" 304 - "-" "Mozilla/4.0 (compatible; ms-office; MSOffice 16)"
204.209.28.114 - - [21/Jan/2025:17:26:57 +0000] "GET /wp-content/uploads/2023/03/Know-your-options.jpg HTTP/1.1" 200 79021 "-" "Mozilla/4.0 (compatible; ms-office; MSOffice 16)"
204.209.28.114 - - [21/Jan/2025:17:26:57 +0000] "GET /wp-content/uploads/2024/08/Capture-1-1.jpg HTTP/1.1" 200 82076 "-" "Mozilla/4.0 (compatible; ms-office; MSOffice 16)"
204.209.28.114 - - [21/Jan/2025:17:26:57 +0000] "GET /wp-content/uploads/2024/05/Capture.jpg HTTP/1.1" 200 69929 "-" "Mozilla/4.0 (compatible; ms-office; MSOffice 16)"
204.209.28.114 - - [21/Jan/2025:17:26:57 +0000] "GET /wp-content/uploads/2024/05/Capture-3.jpg HTTP/1.1" 200 82518 "-" "Mozilla/4.0 (compatible; ms-office; MSOffice 16)"
204.209.28.114 - - [21/Jan/2025:17:26:57 +0000] "GET /wp-content/uploads/2023/06/PGx-SParK_TV_AD_Final-1-1024x768.png HTTP/1.1" 200 498402 "-" "Mozilla/4.0 (compatible; ms-office; MSOffice 16)"
204.209.28.114 - - [21/Jan/2025:17:26:57 +0000] "GET /wp-content/uploads/2023/05/Capture-1.gif HTTP/1.1" 200 152186 "-" "Mozilla/4.0 (compatible; ms-office; MSOffice 16)"
204.209.28.114 - - [21/Jan/2025:17:26:57 +0000] "GET /wp-content/uploads/2023/01/Capture-1-1.gif HTTP/1.1" 200 175596 "-" "Mozilla/4.0 (compatible; ms-office; MSOffice 16)"
204.209.28.114 - - [21/Jan/2025:17:26:57 +0000] "GET /wp-content/uploads/2024/09/Capture-5.png HTTP/1.1" 200 144357 "-" "Mozilla/4.0 (compatible; ms-office; MSOffice 16)"
204.209.28.114 - - [21/Jan/2025:17:26:57 +0000] "GET /wp-content/uploads/2024/08/Capture.png HTTP/1.1" 200 222708 "-" "Mozilla/4.0 (compatible; ms-office; MSOffice 16)"
204.209.28.114 - - [21/Jan/2025:17:26:57 +0000] "GET /wp-content/uploads/2024/09/Capture.png HTTP/1.1" 200 489749 "-" "Mozilla/4.0 (compatible; ms-office; MSOffice 16)"
204.209.28.114 - - [21/Jan/2025:17:26:57 +0000] "GET /wp-content/uploads/2023/01/Capture-2-1.gif HTTP/1.1" 200 113076 "-" "Mozilla/4.0 (compatible; ms-office; MSOffice 16)"
204.209.28.114 - - [21/Jan/2025:17:26:57 +0000] "GET /wp-content/uploads/2022/09/Capture-1.gif HTTP/1.1" 200 7122 "-" "Mozilla/4.0 (compatible; ms-office; MSOffice 16)"
204.209.28.114 - - [21/Jan/2025:17:26:57 +0000] "GET /wp-content/uploads/2022/09/MORE-LOGO.png HTTP/1.1" 200 74704 "-" "Mozilla/4.0 (compatible; ms-office; MSOffice 16)"
204.209.28.114 - - [21/Jan/2025:17:26:57 +0000] "GET /wp-content/uploads/2023/10/GAYA-Social-Media-and-Postcard-19Jul2023-1024x858.jpg HTTP/1.1" 200 120265 "-" "Mozilla/4.0 (compatible; ms-office; MSOffice 16)"
204.209.28.114 - - [21/Jan/2025:17:26:57 +0000] "GET /wp-content/uploads/2023/10/General-PGx-Poster-Moderate-Information-14Sept2023-1320x1760.jpg HTTP/1.1" 200 283822 "-" "Mozilla/4.0 (compatible; ms-office; MSOffice 16)"
204.209.28.114 - - [21/Jan/2025:17:26:57 +0000] "GET /wp-content/uploads/2023/02/chps-logo.png HTTP/1.1" 200 27508 "-" "Mozilla/4.0 (compatible; ms-office; MSOffice 16)"
204.209.28.114 - - [21/Jan/2025:17:26:57 +0000] "GET /wp-content/uploads/2024/09/RA-logo-2.png HTTP/1.1" 200 28659 "-" "Mozilla/4.0 (compatible; ms-office; MSOffice 16)"
204.209.28.114 - - [21/Jan/2025:17:26:57 +0000] "GET /?mailpoet_router&endpoint=track&action=open&data=WyI1MjU5IiwiZWFhMWNmNTFiZDMzODZkMGM3MDg1ZTI3NDgyMzZmMzYiLCI2NCIsbnVsbCxmYWxzZV0 HTTP/1.1" 200 43 "-" "Mozilla/4.0 (compatible; ms-office; MSOffice 16)"
45.56.220.125 - - [21/Jan/2025:17:29:49 +0000] "POST /wp-cron.php?doing_wp_cron=1737480589.3187448978424072265625 HTTP/1.1" 200 - "-" "WordPress/6.7.1; https://ces.hmhc.ca"
54.39.188.170 - - [21/Jan/2025:17:29:48 +0000] "GET /feed/ HTTP/1.1" 200 440 "-" "Mozilla/5.0 (compatible; YaK/1.0; http://linkfluence.com/; bot@linkfluence.com)"
45.56.220.125 - - [21/Jan/2025:17:31:05 +0000] "POST /wp-cron.php?doing_wp_cron=1737480665.8983860015869140625000 HTTP/1.1" 200 - "-" "WordPress/6.7.1; https://ces.hmhc.ca"
23.137.254.16 - - [21/Jan/2025:17:31:05 +0000] "GET /env HTTP/1.1" 301 - "-" "Mozilla/5.0 (Macintosh; Intel Mac OS X 10_15_7) AppleWebKit/605.1.15 (KHTML, like Gecko) Version/16.3 Safari/605.1.15"
23.137.254.16 - - [21/Jan/2025:17:31:06 +0000] "GET /actuator/env HTTP/1.1" 301 - "-" "Mozilla/5.0 (Macintosh; Intel Mac OS X 10_13_6) AppleWebKit/605.1.15 (KHTML, like Gecko) Version/13.1.2 Safari/605.1.15"
23.137.254.16 - - [21/Jan/2025:17:31:08 +0000] "GET /admin/actuator/env HTTP/1.1" 301 - "-" "Mozilla/5.0 (Fedora; Linux x86_64; rv:125.0) Gecko/20100101 Firefox/125.0"
23.137.254.16 - - [21/Jan/2025:17:31:11 +0000] "GET /api/env HTTP/1.1" 301 - "-" "Mozilla/5.0 (X11; Linux i686) AppleWebKit/537.36 (KHTML, like Gecko) Chrome/127.0.0.0 Safari/537.36"
85.208.96.196 - - [21/Jan/2025:17:31:13 +0000] "GET /robots.txt HTTP/1.1" 200 163 "-" "Mozilla/5.0 (compatible; SemrushBot/7~bl; +http://www.semrush.com/bot.html)"
185.191.171.10 - - [21/Jan/2025:17:31:13 +0000] "GET /events/2024-12-30/ HTTP/1.1" 404 8905 "-" "Mozilla/5.0 (compatible; SemrushBot/7~bl; +http://www.semrush.com/bot.html)"
23.137.254.16 - - [21/Jan/2025:17:31:15 +0000] "GET /admin/env HTTP/1.1" 301 - "-" "Mozilla/5.0 (Kubuntu; Linux x86_64) AppleWebKit/537.36 (KHTML, like Gecko) Chrome/120.0.0.0 Safari/537.36"
23.137.254.16 - - [21/Jan/2025:17:31:27 +0000] "GET /api/actuator/env HTTP/1.1" 301 - "-" "Mozilla/5.0 (CentOS; Linux i686) AppleWebKit/537.36 (KHTML, like Gecko) Chrome/120.0.0.0 Safari/537.36"
45.56.220.125 - - [21/Jan/2025:17:38:41 +0000] "POST /wp-cron.php?doing_wp_cron=1737481121.9809188842773437500000 HTTP/1.1" 200 - "-" "WordPress/6.7.1; https://ces.hmhc.ca"
85.208.96.204 - - [21/Jan/2025:17:38:41 +0000] "GET /events/list/?tribe-bar-date=2030-03-15 HTTP/1.1" 404 8905 "-" "Mozilla/5.0 (compatible; SemrushBot/7~bl; +http://www.semrush.com/bot.html)"
45.56.220.125 - - [21/Jan/2025:17:43:02 +0000] "POST /wp-cron.php?doing_wp_cron=1737481382.7001330852508544921875 HTTP/1.1" 200 - "-" "WordPress/6.7.1; https://ces.hmhc.ca"
85.208.96.204 - - [21/Jan/2025:17:43:02 +0000] "GET /events/list/?tribe-bar-date=2029-03-07 HTTP/1.1" 404 8905 "-" "Mozilla/5.0 (compatible; SemrushBot/7~bl; +http://www.semrush.com/bot.html)"
45.56.220.125 - - [21/Jan/2025:17:47:18 +0000] "POST /wp-cron.php?doing_wp_cron=1737481638.7016489505767822265625 HTTP/1.1" 200 - "-" "WordPress/6.7.1; https://ces.hmhc.ca"
185.191.171.16 - - [21/Jan/2025:17:47:18 +0000] "GET /events/category/seminars/day/2026-10-11/ HTTP/1.1" 404 8905 "-" "Mozilla/5.0 (compatible; SemrushBot/7~bl; +http://www.semrush.com/bot.html)"
66.249.75.166 - - [21/Jan/2025:17:47:46 +0000] "GET /robots.txt HTTP/1.1" 200 163 "-" "Mozilla/5.0 (compatible; Googlebot/2.1; +http://www.google.com/bot.html)"
5.161.226.151 - - [21/Jan/2025:18:10:34 +0000] "POST /wp-load.php?3e0e18=95903 HTTP/1.1" 200 5183 "-" "Mozilla/5.0 (Windows NT 10.0; Win64; x64) AppleWebKit/537.36 (KHTML, like Gecko) Chrome/104.0.5112.97 Safari/537.36"
15.237.255.185 - - [21/Jan/2025:18:12:30 +0000] "GET /?action=click&data=WyI1MzEyIiwiOWVlZmQ0OTllNTM4ZjQ0Mjc3NGM5ZjlmMzcxZDdiYmEiLCI1MSIsIjk4MjhjMzNiNmIwOSIsZmFsc2Vd&endpoint=track&mailpoet_router= HTTP/1.1" 302 - "-" "Mozilla/5.0 (Windows NT 10.0; Win64; x64) AppleWebKit/537.36 (KHTML, like Gecko) Chrome/129.0.0.0 Safari/537.36"
15.237.255.185 - - [21/Jan/2025:18:12:32 +0000] "GET /?action=click&action=%27&data=WyI1MzEyIiwiOWVlZmQ0OTllNTM4ZjQ0Mjc3NGM5ZjlmMzcxZDdiYmEiLCI1MSIsIjk4MjhjMzNiNmIwOSIsZmFsc2Vd&endpoint=track&mailpoet_router= HTTP/1.1" 404 - "-" "Mozilla/5.0 (Windows NT 10.0; Win64; x64) AppleWebKit/537.36 (KHTML, like Gecko) Chrome/129.0.0.0 Safari/537.36"
15.237.255.185 - - [21/Jan/2025:18:12:33 +0000] "GET /?action=click&action=%27&data=WyI1MzEyIiwiOWVlZmQ0OTllNTM4ZjQ0Mjc3NGM5ZjlmMzcxZDdiYmEiLCI1MSIsIjk4MjhjMzNiNmIwOSIsZmFsc2Vd&endpoint=track&mailpoet_router= HTTP/1.1" 404 - "-" "Mozilla/5.0 (Windows NT 10.0; Win64; x64) AppleWebKit/537.36 (KHTML, like Gecko) Chrome/129.0.0.0 Safari/537.36"
15.237.255.185 - - [21/Jan/2025:18:12:34 +0000] "GET /?action=click&action=%27&data=WyI1MzEyIiwiOWVlZmQ0OTllNTM4ZjQ0Mjc3NGM5ZjlmMzcxZDdiYmEiLCI1MSIsIjk4MjhjMzNiNmIwOSIsZmFsc2Vd&endpoint=track&mailpoet_router= HTTP/1.1" 404 - "-" "Mozilla/5.0 (Windows NT 10.0; Win64; x64) AppleWebKit/537.36 (KHTML, like Gecko) Chrome/129.0.0.0 Safari/537.36"
15.237.255.185 - - [21/Jan/2025:18:12:35 +0000] "GET /?action=click&action=%27&data=WyI1MzEyIiwiOWVlZmQ0OTllNTM4ZjQ0Mjc3NGM5ZjlmMzcxZDdiYmEiLCI1MSIsIjk4MjhjMzNiNmIwOSIsZmFsc2Vd&endpoint=track&mailpoet_router= HTTP/1.1" 404 - "-" "Mozilla/5.0 (Windows NT 10.0; Win64; x64) AppleWebKit/537.36 (KHTML, like Gecko) Chrome/129.0.0.0 Safari/537.36"
15.237.255.185 - - [21/Jan/2025:18:12:36 +0000] "GET /?action=click&action=%27&data=WyI1MzEyIiwiOWVlZmQ0OTllNTM4ZjQ0Mjc3NGM5ZjlmMzcxZDdiYmEiLCI1MSIsIjk4MjhjMzNiNmIwOSIsZmFsc2Vd&endpoint=track&mailpoet_router= HTTP/1.1" 404 - "-" "Mozilla/5.0 (Windows NT 10.0; Win64; x64) AppleWebKit/537.36 (KHTML, like Gecko) Chrome/129.0.0.0 Safari/537.36"
15.237.255.185 - - [21/Jan/2025:18:12:37 +0000] "GET /?action=click&data=WyI1MzEyIiwiOWVlZmQ0OTllNTM4ZjQ0Mjc3NGM5ZjlmMzcxZDdiYmEiLCI1MSIsIjk4MjhjMzNiNmIwOSIsZmFsc2Vd&data=%27&endpoint=track&mailpoet_router= HTTP/1.1" 404 8892 "-" "Mozilla/5.0 (Windows NT 10.0; Win64; x64) AppleWebKit/537.36 (KHTML, like Gecko) Chrome/129.0.0.0 Safari/537.36"
15.237.255.185 - - [21/Jan/2025:18:12:38 +0000] "GET /?action=click&data=WyI1MzEyIiwiOWVlZmQ0OTllNTM4ZjQ0Mjc3NGM5ZjlmMzcxZDdiYmEiLCI1MSIsIjk4MjhjMzNiNmIwOSIsZmFsc2Vd&endpoint=track&endpoint=%27&mailpoet_router= HTTP/1.1" 404 - "-" "Mozilla/5.0 (Windows NT 10.0; Win64; x64) AppleWebKit/537.36 (KHTML, like Gecko) Chrome/129.0.0.0 Safari/537.36"
15.237.255.185 - - [21/Jan/2025:18:12:38 +0000] "GET /?action=click&data=WyI1MzEyIiwiOWVlZmQ0OTllNTM4ZjQ0Mjc3NGM5ZjlmMzcxZDdiYmEiLCI1MSIsIjk4MjhjMzNiNmIwOSIsZmFsc2Vd&endpoint=track&endpoint=%27&mailpoet_router= HTTP/1.1" 404 - "-" "Mozilla/5.0 (Windows NT 10.0; Win64; x64) AppleWebKit/537.36 (KHTML, like Gecko) Chrome/129.0.0.0 Safari/537.36"
15.237.255.185 - - [21/Jan/2025:18:12:39 +0000] "GET /?action=click&data=WyI1MzEyIiwiOWVlZmQ0OTllNTM4ZjQ0Mjc3NGM5ZjlmMzcxZDdiYmEiLCI1MSIsIjk4MjhjMzNiNmIwOSIsZmFsc2Vd&endpoint=track&endpoint=%27&mailpoet_router= HTTP/1.1" 404 - "-" "Mozilla/5.0 (Windows NT 10.0; Win64; x64) AppleWebKit/537.36 (KHTML, like Gecko) Chrome/129.0.0.0 Safari/537.36"
15.237.255.185 - - [21/Jan/2025:18:12:40 +0000] "GET /?action=click&data=WyI1MzEyIiwiOWVlZmQ0OTllNTM4ZjQ0Mjc3NGM5ZjlmMzcxZDdiYmEiLCI1MSIsIjk4MjhjMzNiNmIwOSIsZmFsc2Vd&endpoint=track&endpoint=%27&mailpoet_router= HTTP/1.1" 404 - "-" "Mozilla/5.0 (Windows NT 10.0; Win64; x64) AppleWebKit/537.36 (KHTML, like Gecko) Chrome/129.0.0.0 Safari/537.36"
15.237.255.185 - - [21/Jan/2025:18:12:41 +0000] "GET /?action=click&data=WyI1MzEyIiwiOWVlZmQ0OTllNTM4ZjQ0Mjc3NGM5ZjlmMzcxZDdiYmEiLCI1MSIsIjk4MjhjMzNiNmIwOSIsZmFsc2Vd&endpoint=track&endpoint=%27&mailpoet_router= HTTP/1.1" 404 - "-" "Mozilla/5.0 (Windows NT 10.0; Win64; x64) AppleWebKit/537.36 (KHTML, like Gecko) Chrome/129.0.0.0 Safari/537.36"
15.237.255.185 - - [21/Jan/2025:18:12:42 +0000] "GET /?action=click&data=WyI1MzEyIiwiOWVlZmQ0OTllNTM4ZjQ0Mjc3NGM5ZjlmMzcxZDdiYmEiLCI1MSIsIjk4MjhjMzNiNmIwOSIsZmFsc2Vd&endpoint=track&mailpoet_router=&mailpoet_router=%27 HTTP/1.1" 302 - "-" "Mozilla/5.0 (Windows NT 10.0; Win64; x64) AppleWebKit/537.36 (KHTML, like Gecko) Chrome/129.0.0.0 Safari/537.36"
15.237.255.185 - - [21/Jan/2025:18:12:44 +0000] "GET /?action=%27&data=%27&endpoint=%27&mailpoet_router=%27 HTTP/1.1" 404 - "-" "Mozilla/5.0 (Windows NT 10.0; Win64; x64) AppleWebKit/537.36 (KHTML, like Gecko) Chrome/129.0.0.0 Safari/537.36"
15.237.255.185 - - [21/Jan/2025:18:12:45 +0000] "GET /?action=%27&data=%27&endpoint=%27&mailpoet_router=%27 HTTP/1.1" 404 - "-" "Mozilla/5.0 (Windows NT 10.0; Win64; x64) AppleWebKit/537.36 (KHTML, like Gecko) Chrome/129.0.0.0 Safari/537.36"
15.237.255.185 - - [21/Jan/2025:18:12:46 +0000] "GET /?action=%27&data=%27&endpoint=%27&mailpoet_router=%27 HTTP/1.1" 404 - "-" "Mozilla/5.0 (Windows NT 10.0; Win64; x64) AppleWebKit/537.36 (KHTML, like Gecko) Chrome/129.0.0.0 Safari/537.36"
15.237.255.185 - - [21/Jan/2025:18:12:47 +0000] "GET /?action=%27&data=%27&endpoint=%27&mailpoet_router=%27 HTTP/1.1" 404 - "-" "Mozilla/5.0 (Windows NT 10.0; Win64; x64) AppleWebKit/537.36 (KHTML, like Gecko) Chrome/129.0.0.0 Safari/537.36"
15.237.255.185 - - [21/Jan/2025:18:12:49 +0000] "GET /?action=%27&data=%27&endpoint=%27&mailpoet_router=%27 HTTP/1.1" 404 - "-" "Mozilla/5.0 (Windows NT 10.0; Win64; x64) AppleWebKit/537.36 (KHTML, like Gecko) Chrome/129.0.0.0 Safari/537.36"
15.237.255.185 - - [21/Jan/2025:18:12:49 +0000] "GET /?action=click%27&data=WyI1MzEyIiwiOWVlZmQ0OTllNTM4ZjQ0Mjc3NGM5ZjlmMzcxZDdiYmEiLCI1MSIsIjk4MjhjMzNiNmIwOSIsZmFsc2Vd&endpoint=track&mailpoet_router= HTTP/1.1" 404 - "-" "Mozilla/5.0 (Windows NT 10.0; Win64; x64) AppleWebKit/537.36 (KHTML, like Gecko) Chrome/129.0.0.0 Safari/537.36"
15.237.255.185 - - [21/Jan/2025:18:12:50 +0000] "GET /?action=click%27&data=WyI1MzEyIiwiOWVlZmQ0OTllNTM4ZjQ0Mjc3NGM5ZjlmMzcxZDdiYmEiLCI1MSIsIjk4MjhjMzNiNmIwOSIsZmFsc2Vd&endpoint=track&mailpoet_router= HTTP/1.1" 404 - "-" "Mozilla/5.0 (Windows NT 10.0; Win64; x64) AppleWebKit/537.36 (KHTML, like Gecko) Chrome/129.0.0.0 Safari/537.36"
15.237.255.185 - - [21/Jan/2025:18:12:51 +0000] "GET /?action=click%27&data=WyI1MzEyIiwiOWVlZmQ0OTllNTM4ZjQ0Mjc3NGM5ZjlmMzcxZDdiYmEiLCI1MSIsIjk4MjhjMzNiNmIwOSIsZmFsc2Vd&endpoint=track&mailpoet_router= HTTP/1.1" 404 - "-" "Mozilla/5.0 (Windows NT 10.0; Win64; x64) AppleWebKit/537.36 (KHTML, like Gecko) Chrome/129.0.0.0 Safari/537.36"
15.237.255.185 - - [21/Jan/2025:18:12:52 +0000] "GET /?action=click%27&data=WyI1MzEyIiwiOWVlZmQ0OTllNTM4ZjQ0Mjc3NGM5ZjlmMzcxZDdiYmEiLCI1MSIsIjk4MjhjMzNiNmIwOSIsZmFsc2Vd&endpoint=track&mailpoet_router= HTTP/1.1" 404 - "-" "Mozilla/5.0 (Windows NT 10.0; Win64; x64) AppleWebKit/537.36 (KHTML, like Gecko) Chrome/129.0.0.0 Safari/537.36"
15.237.255.185 - - [21/Jan/2025:18:12:53 +0000] "GET /?action=click%27&data=WyI1MzEyIiwiOWVlZmQ0OTllNTM4ZjQ0Mjc3NGM5ZjlmMzcxZDdiYmEiLCI1MSIsIjk4MjhjMzNiNmIwOSIsZmFsc2Vd&endpoint=track&mailpoet_router= HTTP/1.1" 404 - "-" "Mozilla/5.0 (Windows NT 10.0; Win64; x64) AppleWebKit/537.36 (KHTML, like Gecko) Chrome/129.0.0.0 Safari/537.36"
15.237.255.185 - - [21/Jan/2025:18:12:54 +0000] "GET /?action=click&data=WyI1MzEyIiwiOWVlZmQ0OTllNTM4ZjQ0Mjc3NGM5ZjlmMzcxZDdiYmEiLCI1MSIsIjk4MjhjMzNiNmIwOSIsZmFsc2Vd%27&endpoint=track&mailpoet_router= HTTP/1.1" 302 - "-" "Mozilla/5.0 (Windows NT 10.0; Win64; x64) AppleWebKit/537.36 (KHTML, like Gecko) Chrome/129.0.0.0 Safari/537.36"
15.237.255.185 - - [21/Jan/2025:18:12:56 +0000] "GET /?action=click&data=WyI1MzEyIiwiOWVlZmQ0OTllNTM4ZjQ0Mjc3NGM5ZjlmMzcxZDdiYmEiLCI1MSIsIjk4MjhjMzNiNmIwOSIsZmFsc2Vd&endpoint=track%27&mailpoet_router= HTTP/1.1" 404 - "-" "Mozilla/5.0 (Windows NT 10.0; Win64; x64) AppleWebKit/537.36 (KHTML, like Gecko) Chrome/129.0.0.0 Safari/537.36"
15.237.255.185 - - [21/Jan/2025:18:12:57 +0000] "GET /?action=click&data=WyI1MzEyIiwiOWVlZmQ0OTllNTM4ZjQ0Mjc3NGM5ZjlmMzcxZDdiYmEiLCI1MSIsIjk4MjhjMzNiNmIwOSIsZmFsc2Vd&endpoint=track%27&mailpoet_router= HTTP/1.1" 404 - "-" "Mozilla/5.0 (Windows NT 10.0; Win64; x64) AppleWebKit/537.36 (KHTML, like Gecko) Chrome/129.0.0.0 Safari/537.36"
15.237.255.185 - - [21/Jan/2025:18:12:58 +0000] "GET /?action=click&data=WyI1MzEyIiwiOWVlZmQ0OTllNTM4ZjQ0Mjc3NGM5ZjlmMzcxZDdiYmEiLCI1MSIsIjk4MjhjMzNiNmIwOSIsZmFsc2Vd&endpoint=track%27&mailpoet_router= HTTP/1.1" 404 - "-" "Mozilla/5.0 (Windows NT 10.0; Win64; x64) AppleWebKit/537.36 (KHTML, like Gecko) Chrome/129.0.0.0 Safari/537.36"
15.237.255.185 - - [21/Jan/2025:18:12:59 +0000] "GET /?action=click&data=WyI1MzEyIiwiOWVlZmQ0OTllNTM4ZjQ0Mjc3NGM5ZjlmMzcxZDdiYmEiLCI1MSIsIjk4MjhjMzNiNmIwOSIsZmFsc2Vd&endpoint=track%27&mailpoet_router= HTTP/1.1" 404 - "-" "Mozilla/5.0 (Windows NT 10.0; Win64; x64) AppleWebKit/537.36 (KHTML, like Gecko) Chrome/129.0.0.0 Safari/537.36"
15.237.255.185 - - [21/Jan/2025:18:13:00 +0000] "GET /?action=click&data=WyI1MzEyIiwiOWVlZmQ0OTllNTM4ZjQ0Mjc3NGM5ZjlmMzcxZDdiYmEiLCI1MSIsIjk4MjhjMzNiNmIwOSIsZmFsc2Vd&endpoint=track%27&mailpoet_router= HTTP/1.1" 404 - "-" "Mozilla/5.0 (Windows NT 10.0; Win64; x64) AppleWebKit/537.36 (KHTML, like Gecko) Chrome/129.0.0.0 Safari/537.36"
15.237.255.185 - - [21/Jan/2025:18:13:01 +0000] "GET /?action=click&data=WyI1MzEyIiwiOWVlZmQ0OTllNTM4ZjQ0Mjc3NGM5ZjlmMzcxZDdiYmEiLCI1MSIsIjk4MjhjMzNiNmIwOSIsZmFsc2Vd&endpoint=track&mailpoet_router=%27 HTTP/1.1" 302 - "-" "Mozilla/5.0 (Windows NT 10.0; Win64; x64) AppleWebKit/537.36 (KHTML, like Gecko) Chrome/129.0.0.0 Safari/537.36"
45.56.220.125 - - [21/Jan/2025:18:15:16 +0000] "POST /wp-cron.php?doing_wp_cron=1737483316.0311110019683837890625 HTTP/1.1" 200 - "-" "WordPress/6.7.1; https://ces.hmhc.ca"
185.191.171.6 - - [21/Jan/2025:18:15:15 +0000] "GET /events/category/seminars/day/2030-12-29/ HTTP/1.1" 404 8905 "-" "Mozilla/5.0 (compatible; SemrushBot/7~bl; +http://www.semrush.com/bot.html)"
66.249.72.195 - - [21/Jan/2025:18:27:53 +0000] "GET /robots.txt HTTP/1.1" 200 163 "-" "Mozilla/5.0 (compatible; Googlebot/2.1; +http://www.google.com/bot.html)"
66.249.72.195 - - [21/Jan/2025:18:27:56 +0000] "GET /?mailpoet_router&endpoint=track&action=click&data=WyIxNSIsInoxcDdtZGhvdzJzd3MwODBjMDRnOGN3ODBnczhvNGM4IiwiOCIsIjE0YWZjYzVmYmEyOSIsZmFsc2Vd HTTP/1.1" 302 - "-" "Mozilla/5.0 (Linux; Android 6.0.1; Nexus 5X Build/MMB29P) AppleWebKit/537.36 (KHTML, like Gecko) Chrome/132.0.6834.83 Mobile Safari/537.36 (compatible; Googlebot/2.1; +http://www.google.com/bot.html)"
45.56.220.125 - - [21/Jan/2025:18:30:03 +0000] "POST /wp-admin/admin-ajax.php HTTP/1.1" 200 - "-" "WordPress/6.7.1; https://ces.hmhc.ca"
85.208.96.196 - - [21/Jan/2025:18:30:45 +0000] "GET /events/list/?tribe-bar-date=2022-08-06 HTTP/1.1" 404 8905 "-" "Mozilla/5.0 (compatible; SemrushBot/7~bl; +http://www.semrush.com/bot.html)"
172.225.42.146 - - [21/Jan/2025:18:42:06 +0000] "GET /wp-content/uploads/2024/09/Luna.png HTTP/1.1" 200 16612 "-" "Mozilla/5.0"
172.225.42.146 - - [21/Jan/2025:18:42:09 +0000] "GET /wp-content/uploads/2023/01/Capture-1-1.gif HTTP/1.1" 200 175596 "-" "Mozilla/5.0"
172.225.42.146 - - [21/Jan/2025:18:42:10 +0000] "GET /wp-content/uploads/2023/01/Capture-2-1.gif HTTP/1.1" 200 113076 "-" "Mozilla/5.0"
172.225.42.146 - - [21/Jan/2025:18:42:10 +0000] "GET /wp-content/uploads/2023/03/Know-your-options.jpg HTTP/1.1" 200 79021 "-" "Mozilla/5.0"
172.225.42.146 - - [21/Jan/2025:18:42:10 +0000] "GET /wp-content/uploads/2024/09/Screenshot-2024-09-26-110953.png HTTP/1.1" 200 301101 "-" "Mozilla/5.0"
172.225.42.146 - - [21/Jan/2025:18:42:10 +0000] "GET /wp-content/uploads/2024/10/Screenshot-2024-10-04-103951.png HTTP/1.1" 200 131293 "-" "Mozilla/5.0"
172.225.42.146 - - [21/Jan/2025:18:42:10 +0000] "GET /wp-content/uploads/2024/09/Capture-1.png HTTP/1.1" 200 53636 "-" "Mozilla/5.0"
172.225.42.146 - - [21/Jan/2025:18:42:10 +0000] "GET /wp-content/uploads/2024/08/Capture-1-1.jpg HTTP/1.1" 200 82076 "-" "Mozilla/5.0"
172.225.42.146 - - [21/Jan/2025:18:42:10 +0000] "GET /wp-content/uploads/2024/09/Capture.png HTTP/1.1" 200 489749 "-" "Mozilla/5.0"
172.225.42.146 - - [21/Jan/2025:18:42:10 +0000] "GET /wp-content/uploads/2024/08/Capture-2.png HTTP/1.1" 200 246244 "-" "Mozilla/5.0"
172.225.42.146 - - [21/Jan/2025:18:42:10 +0000] "GET /wp-content/uploads/2024/09/Capture-5.png HTTP/1.1" 200 144357 "-" "Mozilla/5.0"
172.225.42.146 - - [21/Jan/2025:18:42:10 +0000] "GET /wp-content/uploads/2024/06/STAR-ADS-CES-newsletter.png HTTP/1.1" 200 413327 "-" "Mozilla/5.0"
172.225.42.146 - - [21/Jan/2025:18:42:10 +0000] "GET /wp-content/uploads/2024/06/Capture.jpg HTTP/1.1" 200 87289 "-" "Mozilla/5.0"
172.225.42.146 - - [21/Jan/2025:18:42:10 +0000] "GET /wp-content/uploads/2024/05/Capture.jpg HTTP/1.1" 200 69929 "-" "Mozilla/5.0"
172.225.42.146 - - [21/Jan/2025:18:42:10 +0000] "GET /wp-content/uploads/2023/10/General-PGx-Poster-Moderate-Information-14Sept2023-1320x1760.jpg HTTP/1.1" 200 283822 "-" "Mozilla/5.0"
172.225.42.146 - - [21/Jan/2025:18:42:10 +0000] "GET /wp-content/uploads/2024/05/Capture-3.jpg HTTP/1.1" 200 82518 "-" "Mozilla/5.0"
172.225.42.146 - - [21/Jan/2025:18:42:10 +0000] "GET /wp-content/uploads/2023/10/GAYA-Social-Media-and-Postcard-19Jul2023-1024x858.jpg HTTP/1.1" 200 120265 "-" "Mozilla/5.0"
172.225.42.146 - - [21/Jan/2025:18:42:10 +0000] "GET /wp-content/uploads/2023/05/Capture-1.gif HTTP/1.1" 200 152186 "-" "Mozilla/5.0"
172.225.42.146 - - [21/Jan/2025:18:42:10 +0000] "GET /wp-content/uploads/2023/06/PGx-SParK_TV_AD_Final-1-1024x768.png HTTP/1.1" 200 498402 "-" "Mozilla/5.0"
172.225.42.146 - - [21/Jan/2025:18:42:10 +0000] "GET /wp-content/uploads/2022/09/Capture-1.gif HTTP/1.1" 200 7122 "-" "Mozilla/5.0"
172.225.42.146 - - [21/Jan/2025:18:42:10 +0000] "GET /wp-content/uploads/2022/09/MORE-LOGO.png HTTP/1.1" 200 74704 "-" "Mozilla/5.0"
172.225.42.146 - - [21/Jan/2025:18:42:11 +0000] "GET /wp-content/uploads/2023/02/chps-logo.png HTTP/1.1" 200 27508 "-" "Mozilla/5.0"
172.225.42.146 - - [21/Jan/2025:18:42:10 +0000] "GET /?mailpoet_router&endpoint=track&action=open&data=WyIyMDgxIiwiMWtwMTNpM3hidnk4ODBnc3N3MHcwc2NnbzAwazBza2siLCI2NiIsbnVsbCxmYWxzZV0 HTTP/1.1" 200 55 "-" "Mozilla/5.0"
172.225.42.146 - - [21/Jan/2025:18:42:11 +0000] "GET /wp-content/uploads/2024/09/RA-logo-2.png HTTP/1.1" 200 28659 "-" "Mozilla/5.0"
172.225.42.146 - - [21/Jan/2025:18:42:11 +0000] "GET /wp-content/uploads/2024/10/Screenshot-2024-10-17-091722.png HTTP/1.1" 200 187818 "-" "Mozilla/5.0"
172.225.42.146 - - [21/Jan/2025:18:42:11 +0000] "GET /wp-content/uploads/2023/10/ciwa-logo.svg HTTP/1.1" 200 23134 "-" "Mozilla/5.0"
172.225.42.146 - - [21/Jan/2025:18:42:11 +0000] "GET /wp-content/uploads/2024/10/Centre-for-Sexuality.png HTTP/1.1" 200 5050 "-" "Mozilla/5.0"
172.225.42.146 - - [21/Jan/2025:18:42:11 +0000] "GET /wp-content/uploads/2024/10/Eckert.png HTTP/1.1" 200 16962 "-" "Mozilla/5.0"
172.225.42.146 - - [21/Jan/2025:18:42:11 +0000] "GET /wp-content/uploads/2023/06/Juno-House_Logo_rev_new_130h.png HTTP/1.1" 200 3045 "-" "Mozilla/5.0"
172.225.42.146 - - [21/Jan/2025:18:42:11 +0000] "GET /?mailpoet_router&endpoint=track&action=open&data=WyIyMDgxIiwiMWtwMTNpM3hidnk4ODBnc3N3MHcwc2NnbzAwazBza2siLCI2NyIsbnVsbCxmYWxzZV0 HTTP/1.1" 200 55 "-" "Mozilla/5.0"
185.191.171.4 - - [21/Jan/2025:18:44:28 +0000] "GET /robots.txt HTTP/1.1" 200 163 "-" "Mozilla/5.0 (compatible; SemrushBot/7~bl; +http://www.semrush.com/bot.html)"
45.56.220.125 - - [21/Jan/2025:18:44:29 +0000] "POST /wp-cron.php?doing_wp_cron=1737485069.0926470756530761718750 HTTP/1.1" 200 - "-" "WordPress/6.7.1; https://ces.hmhc.ca"
85.208.96.207 - - [21/Jan/2025:18:44:28 +0000] "GET /events/category/seminars/list/?eventDisplay=past&tribe-bar-date=2023-08-15 HTTP/1.1" 404 8905 "-" "Mozilla/5.0 (compatible; SemrushBot/7~bl; +http://www.semrush.com/bot.html)"
45.56.220.125 - - [21/Jan/2025:18:44:29 +0000] "POST /wp-admin/admin-ajax.php HTTP/1.1" 404 8905 "-" "WordPress/6.7.1; https://ces.hmhc.ca"
45.56.220.125 - - [21/Jan/2025:18:45:51 +0000] "POST /wp-cron.php?doing_wp_cron=1737485151.0311760902404785156250 HTTP/1.1" 200 - "-" "WordPress/6.7.1; https://ces.hmhc.ca"
85.208.96.193 - - [21/Jan/2025:18:45:50 +0000] "GET /events/list/?eventDisplay=past&tribe-bar-date=2031-01-24 HTTP/1.1" 404 8905 "-" "Mozilla/5.0 (compatible; SemrushBot/7~bl; +http://www.semrush.com/bot.html)"
85.208.96.207 - - [21/Jan/2025:18:46:05 +0000] "GET /events/list/?eventDisplay=past&tribe-bar-date=2029-06-06 HTTP/1.1" 404 8905 "-" "Mozilla/5.0 (compatible; SemrushBot/7~bl; +http://www.semrush.com/bot.html)"
66.249.84.142 - - [21/Jan/2025:18:46:54 +0000] "GET /wp-content/uploads/2023/10/Capture-6.gif HTTP/1.1" 200 12480 "-" "Mozilla/5.0 (Windows NT 5.1; rv:11.0) Gecko Firefox/11.0 (via ggpht.com GoogleImageProxy)"
66.249.84.142 - - [21/Jan/2025:18:46:54 +0000] "GET /wp-content/uploads/2024/01/health-mtv.gif HTTP/1.1" 200 20803 "-" "Mozilla/5.0 (Windows NT 5.1; rv:11.0) Gecko Firefox/11.0 (via ggpht.com GoogleImageProxy)"
66.249.84.128 - - [21/Jan/2025:18:46:54 +0000] "GET /wp-content/uploads/2024/01/Capture-4.jpg HTTP/1.1" 200 7838 "-" "Mozilla/5.0 (Windows NT 5.1; rv:11.0) Gecko Firefox/11.0 (via ggpht.com GoogleImageProxy)"
66.249.84.142 - - [21/Jan/2025:18:46:54 +0000] "GET /wp-content/uploads/2020/12/CES-logo-round.jpg HTTP/1.1" 200 26032 "-" "Mozilla/5.0 (Windows NT 5.1; rv:11.0) Gecko Firefox/11.0 (via ggpht.com GoogleImageProxy)"
66.249.84.141 - - [21/Jan/2025:18:46:54 +0000] "GET /wp-content/uploads/2023/05/Capture-2.gif HTTP/1.1" 200 49845 "-" "Mozilla/5.0 (Windows NT 5.1; rv:11.0) Gecko Firefox/11.0 (via ggpht.com GoogleImageProxy)"
66.249.84.141 - - [21/Jan/2025:18:46:54 +0000] "GET /wp-content/uploads/2023/10/GAYA-Social-Media-and-Postcard-19Jul2023-1024x858.jpg HTTP/1.1" 200 120265 "-" "Mozilla/5.0 (Windows NT 5.1; rv:11.0) Gecko Firefox/11.0 (via ggpht.com GoogleImageProxy)"
66.249.84.141 - - [21/Jan/2025:18:46:54 +0000] "GET /wp-content/uploads/2023/01/Capture-1-1.gif HTTP/1.1" 200 175596 "-" "Mozilla/5.0 (Windows NT 5.1; rv:11.0) Gecko Firefox/11.0 (via ggpht.com GoogleImageProxy)"
66.249.84.141 - - [21/Jan/2025:18:46:54 +0000] "GET /wp-content/uploads/2023/01/Capture-2-1.gif HTTP/1.1" 200 113076 "-" "Mozilla/5.0 (Windows NT 5.1; rv:11.0) Gecko Firefox/11.0 (via ggpht.com GoogleImageProxy)"
66.249.84.128 - - [21/Jan/2025:18:46:54 +0000] "GET /wp-content/uploads/2023/09/Capture-1.png HTTP/1.1" 200 284410 "-" "Mozilla/5.0 (Windows NT 5.1; rv:11.0) Gecko Firefox/11.0 (via ggpht.com GoogleImageProxy)"
66.249.84.142 - - [21/Jan/2025:18:46:54 +0000] "GET /wp-content/uploads/2023/08/Capture.gif HTTP/1.1" 200 188521 "-" "Mozilla/5.0 (Windows NT 5.1; rv:11.0) Gecko Firefox/11.0 (via ggpht.com GoogleImageProxy)"
66.249.84.128 - - [21/Jan/2025:18:46:54 +0000] "GET /wp-content/uploads/2023/03/Know-your-options.jpg HTTP/1.1" 200 79021 "-" "Mozilla/5.0 (Windows NT 5.1; rv:11.0) Gecko Firefox/11.0 (via ggpht.com GoogleImageProxy)"
66.249.84.142 - - [21/Jan/2025:18:46:54 +0000] "GET /wp-content/uploads/2024/01/Capture-2.jpg HTTP/1.1" 200 135283 "-" "Mozilla/5.0 (Windows NT 5.1; rv:11.0) Gecko Firefox/11.0 (via ggpht.com GoogleImageProxy)"
66.249.84.142 - - [21/Jan/2025:18:46:54 +0000] "GET /wp-content/uploads/2023/09/Capture-2.png HTTP/1.1" 200 343755 "-" "Mozilla/5.0 (Windows NT 5.1; rv:11.0) Gecko Firefox/11.0 (via ggpht.com GoogleImageProxy)"
66.249.84.142 - - [21/Jan/2025:18:46:54 +0000] "GET /wp-content/uploads/2023/05/Capture.png HTTP/1.1" 200 692591 "-" "Mozilla/5.0 (Windows NT 5.1; rv:11.0) Gecko Firefox/11.0 (via ggpht.com GoogleImageProxy)"
159.69.105.136 - - [21/Jan/2025:19:10:27 +0000] "POST /xmlrpc.php HTTP/1.1" 403 302 "-" "Mozilla/5.0 (Windows NT 6.1; WOW64; rv:38.0) Gecko/20100101 Firefox/38.0"
166.62.89.87 - - [21/Jan/2025:19:10:27 +0000] "POST /xmlrpc.php HTTP/1.1" 403 302 "-" "Mozilla/5.0 (Windows NT 10.0; Win64; x64) AppleWebKit/537.36 (KHTML, like Gecko) Chrome/80.0.3987.132 Safari/537.36"
165.227.209.106 - - [21/Jan/2025:19:10:33 +0000] "POST /xmlrpc.php HTTP/1.1" 403 302 "-" "Mozilla/5.0 (Windows NT 6.1; Win64; x64) AppleWebKit/537.36 (KHTML, like Gecko) Chrome/74.0.3729.169 Safari/537.36"
192.227.120.197 - - [21/Jan/2025:19:10:35 +0000] "POST /xmlrpc.php HTTP/1.1" 403 302 "-" "Mozilla/5.0 (Windows NT 6.1; WOW64; rv:41.0) Gecko/20100101 Firefox/41.0"
217.196.160.115 - - [21/Jan/2025:19:10:37 +0000] "POST /xmlrpc.php HTTP/1.1" 403 302 "-" "Mozilla/5.0 (Windows NT 10.0; Win64; x64) AppleWebKit/537.36 (KHTML, like Gecko) Chrome/74.0.3729.131 Safari/537.36"
77.55.253.201 - - [21/Jan/2025:19:10:43 +0000] "POST /xmlrpc.php HTTP/1.1" 403 301 "-" "Mozilla/5.0 (Windows NT 6.1; WOW64; rv:42.0) Gecko/20100101 Firefox/42.0"
178.156.134.136 - - [21/Jan/2025:19:10:44 +0000] "POST /wp-load.php?d4756a=39457 HTTP/1.1" 200 7004 "-" "Mozilla/5.0 (Windows NT 10.0; Win64; x64) AppleWebKit/537.36 (KHTML, like Gecko) Chrome/104.0.5112.97 Safari/537.36"
52.167.144.140 - - [21/Jan/2025:19:10:45 +0000] "GET /wp-content/uploads/2022/09/CES-transparent.gif HTTP/1.1" 200 27377 "-" "Mozilla/5.0 AppleWebKit/537.36 (KHTML, like Gecko; compatible; bingbot/2.0; +http://www.bing.com/bingbot.htm) Chrome/116.0.1938.76 Safari/537.36"
165.227.209.106 - - [21/Jan/2025:19:10:45 +0000] "POST /xmlrpc.php HTTP/1.1" 403 301 "-" "Mozilla/5.0 (Macintosh; Intel Mac OS X 10_10; rv:33.0) Gecko/20100101 Firefox/33.0"
165.227.209.106 - - [21/Jan/2025:19:10:46 +0000] "POST /xmlrpc.php HTTP/1.1" 403 301 "-" "Mozilla/5.0 (Windows NT 6.1; WOW64; rv:43.0) Gecko/20100101 Firefox/43.0"
96.126.107.184 - - [21/Jan/2025:19:10:47 +0000] "POST /xmlrpc.php HTTP/1.1" 403 302 "-" "Mozilla/5.0 (Windows NT 10.0; Win64; x64; rv:66.0) Gecko/20100101 Firefox/66.0"
193.202.110.30 - - [21/Jan/2025:19:10:49 +0000] "POST /xmlrpc.php HTTP/1.1" 403 302 "-" "Mozilla/5.0 (Windows NT 10.0; Win64; x64) AppleWebKit/537.36 (KHTML, like Gecko) Chrome/74.0.3729.157 Safari/537.36"
116.118.50.176 - - [21/Jan/2025:19:10:57 +0000] "POST /xmlrpc.php HTTP/1.1" 403 302 "-" "Mozilla/5.0 (Windows NT 10.0; Win64; x64) AppleWebKit/537.36 (KHTML, like Gecko) Chrome/91.0.4472.114 Safari/537.36"
157.7.190.240 - - [21/Jan/2025:19:10:58 +0000] "POST /xmlrpc.php HTTP/1.1" 403 302 "-" "Mozilla/5.0 (Windows NT 6.1; WOW64; rv:17.0) Gecko/20100101 Firefox/17.0"
134.119.244.251 - - [21/Jan/2025:19:11:07 +0000] "POST /xmlrpc.php HTTP/1.1" 403 301 "-" "Mozilla/5.0 (Windows NT 10.0; Win64; x64) AppleWebKit/537.36 (KHTML, like Gecko) Chrome/87.0.4280.141 Safari/537.36"
48.217.240.50 - - [21/Jan/2025:19:11:07 +0000] "POST /xmlrpc.php HTTP/1.1" 403 302 "-" "Mozilla/5.0 (Windows; U; Windows NT 5.1; en-US; rv:1.7.10) Gecko/20050716 Firefox/1.0.6"
45.56.220.125 - - [21/Jan/2025:19:11:46 +0000] "POST /wp-cron.php?doing_wp_cron=1737486706.7804510593414306640625 HTTP/1.1" 200 - "-" "WordPress/6.7.1; https://ces.hmhc.ca"
85.208.96.203 - - [21/Jan/2025:19:11:46 +0000] "GET /events/category/seminars/day/2023-08-20/ HTTP/1.1" 404 8905 "-" "Mozilla/5.0 (compatible; SemrushBot/7~bl; +http://www.semrush.com/bot.html)"
45.56.220.125 - - [21/Jan/2025:19:11:47 +0000] "POST /wp-admin/admin-ajax.php HTTP/1.1" 200 - "-" "WordPress/6.7.1; https://ces.hmhc.ca"
45.56.220.125 - - [21/Jan/2025:19:15:33 +0000] "POST /wp-cron.php?doing_wp_cron=1737486933.5790588855743408203125 HTTP/1.1" 200 - "-" "WordPress/6.7.1; https://ces.hmhc.ca"
185.191.171.17 - - [21/Jan/2025:19:15:32 +0000] "GET /events/category/seminars/day/2031-04-30/ HTTP/1.1" 404 8905 "-" "Mozilla/5.0 (compatible; SemrushBot/7~bl; +http://www.semrush.com/bot.html)"
45.56.220.125 - - [21/Jan/2025:19:34:05 +0000] "POST /wp-cron.php?doing_wp_cron=1737488045.3353230953216552734375 HTTP/1.1" 200 - "-" "WordPress/6.7.1; https://ces.hmhc.ca"
85.208.96.207 - - [21/Jan/2025:19:34:04 +0000] "GET /events/list/?eventDisplay=past&tribe-bar-date=2030-11-20 HTTP/1.1" 404 8905 "-" "Mozilla/5.0 (compatible; SemrushBot/7~bl; +http://www.semrush.com/bot.html)"
104.28.85.9 - - [21/Jan/2025:19:35:07 +0000] "GET /?mailpoet_router&endpoint=track&action=open&data=WyI0MTQ2IiwiMTM3cml2dm1jbWVvc2drZzhzMHNrODQ0d2M0czBzMGciLCI2MyIsbnVsbCxmYWxzZV0 HTTP/1.1" 200 55 "-" "Mozilla/5.0"
104.28.85.8 - - [21/Jan/2025:19:35:51 +0000] "GET /?mailpoet_router&endpoint=track&action=open&data=WyI0MTQ2IiwiMTM3cml2dm1jbWVvc2drZzhzMHNrODQ0d2M0czBzMGciLCI2MyIsbnVsbCxmYWxzZV0 HTTP/1.1" 200 55 "-" "Mozilla/5.0"
104.28.85.9 - - [21/Jan/2025:19:35:51 +0000] "GET /?mailpoet_router&endpoint=track&action=open&data=WyI0MTQ2IiwiMTM3cml2dm1jbWVvc2drZzhzMHNrODQ0d2M0czBzMGciLCI2NCIsbnVsbCxmYWxzZV0 HTTP/1.1" 200 55 "-" "Mozilla/5.0"
146.75.212.2 - - [21/Jan/2025:19:36:18 +0000] "GET /?mailpoet_router&endpoint=track&action=open&data=WyI0MTQ2IiwiMTM3cml2dm1jbWVvc2drZzhzMHNrODQ0d2M0czBzMGciLCI2NCIsbnVsbCxmYWxzZV0 HTTP/1.1" 200 55 "-" "Mozilla/5.0"
146.75.212.2 - - [21/Jan/2025:19:36:19 +0000] "GET /?mailpoet_router&endpoint=track&action=open&data=WyI0MTQ2IiwiMTM3cml2dm1jbWVvc2drZzhzMHNrODQ0d2M0czBzMGciLCI2MyIsbnVsbCxmYWxzZV0 HTTP/1.1" 200 55 "-" "Mozilla/5.0"
45.56.220.125 - - [21/Jan/2025:19:43:38 +0000] "POST /wp-cron.php?doing_wp_cron=1737488618.2115130424499511718750 HTTP/1.1" 200 - "-" "WordPress/6.7.1; https://ces.hmhc.ca"
185.191.171.18 - - [21/Jan/2025:19:43:37 +0000] "GET /events/2022-03-21/ HTTP/1.1" 404 8905 "-" "Mozilla/5.0 (compatible; SemrushBot/7~bl; +http://www.semrush.com/bot.html)"
187.171.228.77 - - [21/Jan/2025:19:44:07 +0000] "POST /xmlrpc.php HTTP/1.1" 403 227 "http://www.google.com.hk" "Mozilla/5.0 (Windows NT 6.1; WOW64) AppleWebKit/537.36 (KHTML, like Gecko) Chrome/42.0.2311.90 Safari/537.36"
85.208.96.200 - - [21/Jan/2025:19:48:12 +0000] "GET /robots.txt HTTP/1.1" 200 163 "-" "Mozilla/5.0 (compatible; SemrushBot/7~bl; +http://www.semrush.com/bot.html)"
45.56.220.125 - - [21/Jan/2025:19:48:13 +0000] "POST /wp-cron.php?doing_wp_cron=1737488893.6835091114044189453125 HTTP/1.1" 200 - "-" "WordPress/6.7.1; https://ces.hmhc.ca"
185.191.171.16 - - [21/Jan/2025:19:48:13 +0000] "GET /events/list/?tribe-bar-date=2029-07-31 HTTP/1.1" 404 8905 "-" "Mozilla/5.0 (compatible; SemrushBot/7~bl; +http://www.semrush.com/bot.html)"
34.32.234.161 - - [21/Jan/2025:19:51:19 +0000] "POST /xmlrpc.php HTTP/1.1" 403 226 "http://www.google.com.hk" "Mozilla/5.0 (Windows NT 6.1; WOW64) AppleWebKit/537.36 (KHTML, like Gecko) Chrome/42.0.2311.90 Safari/537.36"
45.56.220.125 - - [21/Jan/2025:19:54:23 +0000] "POST /wp-cron.php?doing_wp_cron=1737489263.8818800449371337890625 HTTP/1.1" 200 - "-" "WordPress/6.7.1; https://ces.hmhc.ca"
85.208.96.193 - - [21/Jan/2025:19:54:23 +0000] "GET /events/list/?tribe-bar-date=2023-02-20 HTTP/1.1" 404 8905 "-" "Mozilla/5.0 (compatible; SemrushBot/7~bl; +http://www.semrush.com/bot.html)"
3.137.215.78 - - [21/Jan/2025:19:55:43 +0000] "GET /robots.txt HTTP/1.1" 200 163 "-" "Mozilla/5.0 AppleWebKit/537.36 (KHTML, like Gecko; compatible; ClaudeBot/1.0; +claudebot@anthropic.com)"
45.56.220.125 - - [21/Jan/2025:19:55:45 +0000] "POST /wp-cron.php?doing_wp_cron=1737489345.4981749057769775390625 HTTP/1.1" 200 - "-" "WordPress/6.7.1; https://ces.hmhc.ca"
3.137.215.78 - - [21/Jan/2025:19:55:44 +0000] "GET /wp-json/wp/v2/categories/1 HTTP/1.1" 200 289 "-" "Mozilla/5.0 AppleWebKit/537.36 (KHTML, like Gecko; compatible; ClaudeBot/1.0; +claudebot@anthropic.com)"
5.161.250.15 - - [21/Jan/2025:20:10:53 +0000] "POST /wp-load.php?4375a2=17717 HTTP/1.1" 200 6258 "-" "Mozilla/5.0 (Windows NT 10.0; Win64; x64) AppleWebKit/537.36 (KHTML, like Gecko) Chrome/104.0.5112.97 Safari/537.36"
45.56.220.125 - - [21/Jan/2025:20:16:41 +0000] "POST /wp-cron.php?doing_wp_cron=1737490601.6893630027770996093750 HTTP/1.1" 200 - "-" "WordPress/6.7.1; https://ces.hmhc.ca"
85.208.96.210 - - [21/Jan/2025:20:16:41 +0000] "GET /events/2031-07-28/ HTTP/1.1" 404 8905 "-" "Mozilla/5.0 (compatible; SemrushBot/7~bl; +http://www.semrush.com/bot.html)"
45.56.220.125 - - [21/Jan/2025:20:16:42 +0000] "POST /wp-admin/admin-ajax.php HTTP/1.1" 200 - "-" "WordPress/6.7.1; https://ces.hmhc.ca"
66.249.84.141 - - [21/Jan/2025:20:22:36 +0000] "GET /wp-content/uploads/2024/09/Luna.png HTTP/1.1" 200 16612 "-" "Mozilla/5.0 (Windows NT 5.1; rv:11.0) Gecko Firefox/11.0 (via ggpht.com GoogleImageProxy)"
66.249.84.141 - - [21/Jan/2025:20:22:36 +0000] "GET /wp-content/uploads/2024/09/Capture-1.png HTTP/1.1" 200 53636 "-" "Mozilla/5.0 (Windows NT 5.1; rv:11.0) Gecko Firefox/11.0 (via ggpht.com GoogleImageProxy)"
66.249.84.141 - - [21/Jan/2025:20:22:36 +0000] "GET /wp-content/uploads/2024/10/Screenshot-2024-10-04-103951.png HTTP/1.1" 200 131293 "-" "Mozilla/5.0 (Windows NT 5.1; rv:11.0) Gecko Firefox/11.0 (via ggpht.com GoogleImageProxy)"
45.56.220.125 - - [21/Jan/2025:20:32:10 +0000] "POST /wp-cron.php?doing_wp_cron=1737491530.2106800079345703125000 HTTP/1.1" 200 - "-" "WordPress/6.7.1; https://ces.hmhc.ca"
185.191.171.8 - - [21/Jan/2025:20:32:09 +0000] "GET /events/list/?eventDisplay=past&tribe-bar-date=2030-04-25 HTTP/1.1" 404 8905 "-" "Mozilla/5.0 (compatible; SemrushBot/7~bl; +http://www.semrush.com/bot.html)"
45.56.220.125 - - [21/Jan/2025:20:40:57 +0000] "POST /wp-cron.php?doing_wp_cron=1737492057.6134390830993652343750 HTTP/1.1" 200 - "-" "WordPress/6.7.1; https://ces.hmhc.ca"
85.208.96.193 - - [21/Jan/2025:20:40:57 +0000] "GET /events/list/?tribe-bar-date=2031-03-25 HTTP/1.1" 404 8905 "-" "Mozilla/5.0 (compatible; SemrushBot/7~bl; +http://www.semrush.com/bot.html)"
34.234.200.207 - - [21/Jan/2025:20:47:59 +0000] "GET /robots.txt HTTP/1.1" 200 163 "-" "Mozilla/5.0 AppleWebKit/537.36 (KHTML, like Gecko; compatible; Amazonbot/0.1; +https://developer.amazon.com/support/amazonbot) Chrome/119.0.6045.214 Safari/537.36"
45.56.220.125 - - [21/Jan/2025:20:48:00 +0000] "POST /wp-cron.php?doing_wp_cron=1737492480.5996110439300537109375 HTTP/1.1" 200 - "-" "WordPress/6.7.1; https://ces.hmhc.ca"
54.80.73.122 - - [21/Jan/2025:20:48:00 +0000] "GET /wp-content/uploads/2020/03/Surviving-COVID-KORU-1.pdf HTTP/1.1" 404 8905 "-" "Mozilla/5.0 AppleWebKit/537.36 (KHTML, like Gecko; compatible; Amazonbot/0.1; +https://developer.amazon.com/support/amazonbot) Chrome/119.0.6045.214 Safari/537.36"
45.56.220.125 - - [21/Jan/2025:20:48:01 +0000] "POST /wp-admin/admin-ajax.php HTTP/1.1" 200 - "-" "WordPress/6.7.1; https://ces.hmhc.ca"
66.249.72.195 - - [21/Jan/2025:20:51:38 +0000] "GET /robots.txt HTTP/1.1" 200 163 "-" "Mozilla/5.0 (compatible; Googlebot/2.1; +http://www.google.com/bot.html)"
66.249.72.195 - - [21/Jan/2025:20:51:38 +0000] "GET /wp-content/uploads/2020/12/Jan-13-Part-1.pdf HTTP/1.1" 200 110511 "-" "Mozilla/5.0 (Linux; Android 6.0.1; Nexus 5X Build/MMB29P) AppleWebKit/537.36 (KHTML, like Gecko) Chrome/132.0.6834.83 Mobile Safari/537.36 (compatible; Googlebot/2.1; +http://www.google.com/bot.html)"
66.249.72.197 - - [21/Jan/2025:20:51:41 +0000] "GET /?mailpoet_router&endpoint=track&action=click&data=WyIxMTYzIiwid3pzd3FmczZhaThvMG80MDAwbzgwb2d3azRrY3djYzAiLCI0MyIsImY4YWU2NDU3MjAwYyIsZmFsc2Vd HTTP/1.1" 302 - "-" "Mozilla/5.0 (Linux; Android 6.0.1; Nexus 5X Build/MMB29P) AppleWebKit/537.36 (KHTML, like Gecko) Chrome/132.0.6834.83 Mobile Safari/537.36 (compatible; Googlebot/2.1; +http://www.google.com/bot.html)"
45.56.220.125 - - [21/Jan/2025:20:56:16 +0000] "POST /wp-cron.php?doing_wp_cron=1737492976.4979820251464843750000 HTTP/1.1" 200 - "-" "WordPress/6.7.1; https://ces.hmhc.ca"
138.68.22.173 - - [21/Jan/2025:20:56:15 +0000] "GET / HTTP/1.1" 200 16101 "-" "Mozilla/5.0 (Windows NT 10.0; Win64; x64) AppleWebKit/537.36 (KHTML, like Gecko) Chrome/130.0.0.0 Safari/537.36"
204.209.28.114 - - [21/Jan/2025:21:06:51 +0000] "GET /wp-content/uploads/2024/09/Luna.png HTTP/1.1" 304 - "-" "Mozilla/4.0 (compatible; ms-office; MSOffice 16)"
204.209.28.114 - - [21/Jan/2025:21:06:51 +0000] "GET /wp-content/uploads/2023/10/Capture-6.gif HTTP/1.1" 304 - "-" "Mozilla/4.0 (compatible; ms-office; MSOffice 16)"
204.209.28.114 - - [21/Jan/2025:21:06:51 +0000] "GET /wp-content/uploads/2024/09/Capture-1.png HTTP/1.1" 304 - "-" "Mozilla/4.0 (compatible; ms-office; MSOffice 16)"
204.209.28.114 - - [21/Jan/2025:21:06:51 +0000] "GET /wp-content/uploads/2024/09/Capture-1.png HTTP/1.1" 304 - "-" "Mozilla/4.0 (compatible; ms-office; MSOffice 16)"
204.209.28.114 - - [21/Jan/2025:21:06:51 +0000] "GET /wp-content/uploads/2024/09/Luna.png HTTP/1.1" 304 - "-" "Mozilla/4.0 (compatible; ms-office; MSOffice 16)"
204.209.28.114 - - [21/Jan/2025:21:06:51 +0000] "GET /wp-content/uploads/2023/10/Capture-6.gif HTTP/1.1" 304 - "-" "Mozilla/4.0 (compatible; ms-office; MSOffice 16)"
204.209.28.114 - - [21/Jan/2025:21:06:51 +0000] "GET /wp-content/uploads/2024/08/Capture-2.png HTTP/1.1" 304 - "-" "Mozilla/4.0 (compatible; ms-office; MSOffice 16)"
204.209.28.114 - - [21/Jan/2025:21:06:51 +0000] "GET /wp-content/uploads/2024/06/STAR-ADS-CES-newsletter.png HTTP/1.1" 304 - "-" "Mozilla/4.0 (compatible; ms-office; MSOffice 16)"
204.209.28.114 - - [21/Jan/2025:21:06:51 +0000] "GET /wp-content/uploads/2024/06/Capture.jpg HTTP/1.1" 304 - "-" "Mozilla/4.0 (compatible; ms-office; MSOffice 16)"
204.209.28.114 - - [21/Jan/2025:21:06:51 +0000] "GET /wp-content/uploads/2024/05/Capture.jpg HTTP/1.1" 304 - "-" "Mozilla/4.0 (compatible; ms-office; MSOffice 16)"
204.209.28.114 - - [21/Jan/2025:21:06:51 +0000] "GET /wp-content/uploads/2023/10/General-PGx-Poster-Moderate-Information-14Sept2023-1320x1760.jpg HTTP/1.1" 304 - "-" "Mozilla/4.0 (compatible; ms-office; MSOffice 16)"
204.209.28.114 - - [21/Jan/2025:21:06:51 +0000] "GET /wp-content/uploads/2023/10/GAYA-Social-Media-and-Postcard-19Jul2023-1024x858.jpg HTTP/1.1" 304 - "-" "Mozilla/4.0 (compatible; ms-office; MSOffice 16)"
204.209.28.114 - - [21/Jan/2025:21:06:51 +0000] "GET /wp-content/uploads/2024/05/Capture-3.jpg HTTP/1.1" 304 - "-" "Mozilla/4.0 (compatible; ms-office; MSOffice 16)"
204.209.28.114 - - [21/Jan/2025:21:06:51 +0000] "GET /wp-content/uploads/2023/06/PGx-SParK_TV_AD_Final-1-1024x768.png HTTP/1.1" 304 - "-" "Mozilla/4.0 (compatible; ms-office; MSOffice 16)"
204.209.28.114 - - [21/Jan/2025:21:06:51 +0000] "GET /wp-content/uploads/2024/09/Luna.png HTTP/1.1" 304 - "-" "Mozilla/4.0 (compatible; ms-office; MSOffice 16)"
204.209.28.114 - - [21/Jan/2025:21:06:51 +0000] "GET /wp-content/uploads/2024/09/Luna.png HTTP/1.1" 304 - "-" "Mozilla/4.0 (compatible; ms-office; MSOffice 16)"
204.209.28.114 - - [21/Jan/2025:21:06:51 +0000] "GET /wp-content/uploads/2024/09/Luna.png HTTP/1.1" 304 - "-" "Mozilla/4.0 (compatible; ms-office; MSOffice 16)"
204.209.28.114 - - [21/Jan/2025:21:06:51 +0000] "GET /wp-content/uploads/2023/03/Know-your-options.jpg HTTP/1.1" 304 - "-" "Mozilla/4.0 (compatible; ms-office; MSOffice 16)"
204.209.28.114 - - [21/Jan/2025:21:06:51 +0000] "GET /wp-content/uploads/2023/05/Capture-1.gif HTTP/1.1" 304 - "-" "Mozilla/4.0 (compatible; ms-office; MSOffice 16)"
204.209.28.114 - - [21/Jan/2025:21:06:51 +0000] "GET /wp-content/uploads/2023/01/Capture-1-1.gif HTTP/1.1" 304 - "-" "Mozilla/4.0 (compatible; ms-office; MSOffice 16)"
204.209.28.114 - - [21/Jan/2025:21:06:51 +0000] "GET /wp-content/uploads/2024/09/Capture-5.png HTTP/1.1" 304 - "-" "Mozilla/4.0 (compatible; ms-office; MSOffice 16)"
204.209.28.114 - - [21/Jan/2025:21:06:51 +0000] "GET /wp-content/uploads/2023/01/Capture-2-1.gif HTTP/1.1" 304 - "-" "Mozilla/4.0 (compatible; ms-office; MSOffice 16)"
204.209.28.114 - - [21/Jan/2025:21:06:51 +0000] "GET /wp-content/uploads/2024/09/Capture.png HTTP/1.1" 304 - "-" "Mozilla/4.0 (compatible; ms-office; MSOffice 16)"
204.209.28.114 - - [21/Jan/2025:21:06:51 +0000] "GET /wp-content/uploads/2024/08/Capture.png HTTP/1.1" 304 - "-" "Mozilla/4.0 (compatible; ms-office; MSOffice 16)"
204.209.28.114 - - [21/Jan/2025:21:06:51 +0000] "GET /wp-content/uploads/2024/08/Capture-1-1.jpg HTTP/1.1" 304 - "-" "Mozilla/4.0 (compatible; ms-office; MSOffice 16)"
204.209.28.114 - - [21/Jan/2025:21:06:51 +0000] "GET /wp-content/uploads/2022/09/Capture-1.gif HTTP/1.1" 304 - "-" "Mozilla/4.0 (compatible; ms-office; MSOffice 16)"
204.209.28.114 - - [21/Jan/2025:21:06:51 +0000] "GET /wp-content/uploads/2023/02/chps-logo.png HTTP/1.1" 304 - "-" "Mozilla/4.0 (compatible; ms-office; MSOffice 16)"
204.209.28.114 - - [21/Jan/2025:21:06:51 +0000] "GET /wp-content/uploads/2022/09/MORE-LOGO.png HTTP/1.1" 304 - "-" "Mozilla/4.0 (compatible; ms-office; MSOffice 16)"
204.209.28.114 - - [21/Jan/2025:21:06:51 +0000] "GET /wp-content/uploads/2024/09/RA-logo-2.png HTTP/1.1" 304 - "-" "Mozilla/4.0 (compatible; ms-office; MSOffice 16)"
204.209.28.114 - - [21/Jan/2025:21:06:51 +0000] "GET /?mailpoet_router&endpoint=track&action=open&data=WyI1MjU5IiwiZWFhMWNmNTFiZDMzODZkMGM3MDg1ZTI3NDgyMzZmMzYiLCI2NCIsbnVsbCxmYWxzZV0 HTTP/1.1" 200 43 "-" "Mozilla/4.0 (compatible; ms-office; MSOffice 16)"
178.156.136.36 - - [21/Jan/2025:21:10:55 +0000] "POST /wp-load.php?5dc468=95076 HTTP/1.1" 200 4239 "-" "Mozilla/5.0 (Windows NT 10.0; Win64; x64) AppleWebKit/537.36 (KHTML, like Gecko) Chrome/104.0.5112.97 Safari/537.36"
14.128.15.140 - - [21/Jan/2025:21:14:34 +0000] "POST /xmlrpc.php HTTP/1.1" 403 301 "-" "Mozilla/5.0 (Windows NT 10.0; Win64; x64; rv:84.0) Gecko/20100101 Firefox/84.0"
188.166.108.21 - - [21/Jan/2025:21:14:34 +0000] "POST /xmlrpc.php HTTP/1.1" 403 302 "-" "Mozilla/5.0 (Windows NT 10.0; Win64; x64) AppleWebKit/537.36 (KHTML, like Gecko) Chrome/74.0.3729.169 Safari/537.36"
134.119.244.251 - - [21/Jan/2025:21:14:34 +0000] "POST /xmlrpc.php HTTP/1.1" 403 301 "-" "Mozilla/5.0 (Windows NT 10.0; Win64; x64) AppleWebKit/537.36 (KHTML, like Gecko) Chrome/91.0.4472.114 Safari/537.36"
65.21.251.206 - - [21/Jan/2025:21:14:43 +0000] "POST /xmlrpc.php HTTP/1.1" 403 302 "-" "Mozilla/5.0 (Windows NT 10.0; Win64; x64) AppleWebKit/537.36 (KHTML, like Gecko) Chrome/72.0.3626.121 Safari/537.36"
122.201.124.70 - - [21/Jan/2025:21:14:53 +0000] "POST /xmlrpc.php HTTP/1.1" 403 301 "-" "Mozilla/5.0 (Windows NT 10.0; Win64; x64) AppleWebKit/537.36 (KHTML, like Gecko) Chrome/81.0.4044.138 Safari/537.36"
166.62.89.87 - - [21/Jan/2025:21:14:59 +0000] "POST /xmlrpc.php HTTP/1.1" 403 300 "-" "Mozilla/5.0 (Linux; Android 6.0.1; RedMi Note 5 Build/RB3N5C; wv) AppleWebKit/537.36 (KHTML, like Gecko) Version/4.0 Chrome/68.0.3440.91 Mobile Safari/537.36"
185.88.177.189 - - [21/Jan/2025:21:15:06 +0000] "POST /xmlrpc.php HTTP/1.1" 403 301 "-" "Mozilla/5.0 (X11; Linux x86_64) AppleWebKit/537.36 (KHTML, like Gecko) Chrome/91.0.4472.114 Safari/537.36"
144.76.201.155 - - [21/Jan/2025:21:15:08 +0000] "POST /xmlrpc.php HTTP/1.1" 403 302 "-" "Mozilla/5.0 (Windows NT 10.0; Win64; x64) AppleWebKit/537.36 (KHTML, like Gecko) Chrome/64.0.3282.186 Safari/537.36"
43.250.249.2 - - [21/Jan/2025:21:15:08 +0000] "POST /xmlrpc.php HTTP/1.1" 403 302 "-" "Mozilla/5.0 (Windows NT 10.0; Win64; x64) AppleWebKit/537.36 (KHTML, like Gecko) Chrome/68.0.3440.106 Safari/537.36"
104.214.110.226 - - [21/Jan/2025:21:15:19 +0000] "POST /xmlrpc.php HTTP/1.1" 403 300 "-" "Mozilla/5.0 (iPhone; CPU iPhone OS 14_6 like Mac OS X) AppleWebKit/605.1.15 (KHTML, like Gecko) CriOS/91.0.4472.80 Mobile/15E148 Safari/604.1"
159.69.105.136 - - [21/Jan/2025:21:15:22 +0000] "POST /xmlrpc.php HTTP/1.1" 403 301 "-" "Mozilla/5.0 (Windows NT 6.1; WOW64; rv:17.0) Gecko/20100101 Firefox/17.0"
65.109.82.50 - - [21/Jan/2025:21:15:23 +0000] "POST /xmlrpc.php HTTP/1.1" 403 301 "-" "Mozilla/5.0 (Windows NT 10.0; Win64; x64) AppleWebKit/537.36 (KHTML, like Gecko) Chrome/70.0.3538.102 Safari/537.36"
31.220.101.117 - - [21/Jan/2025:21:15:33 +0000] "POST /xmlrpc.php HTTP/1.1" 403 302 "-" "Mozilla/5.0 (Windows NT 10.0; Win64; x64) AppleWebKit/537.36 (KHTML, like Gecko) Chrome/74.0.3729.169 Safari/537.36"
114.119.136.51 - - [21/Jan/2025:21:46:10 +0000] "GET /wp-content/uploads/2020/12/Jan-20-P2.pdf HTTP/1.1" 200 109888 "https://gatecalgary.ca/december-news-and-important-updates/" "Mozilla/5.0 (Linux; Android 7.0;) AppleWebKit/537.36 (KHTML, like Gecko) Mobile Safari/537.36 (compatible; PetalBot;+https://webmaster.petalsearch.com/site/petalbot)"
