198.161.4.63 - - [21/Jan/2025:22:10:41 +0000] "GET /wp-includes/js/plupload/wp-plupload.min.js?ver=1f041886d6beac9432c1496850c082e4 HTTP/1.1" 200 2338 "https://cpd.mhcollab.ca/wp-admin/user-edit.php?user_id=456&wp_http_referer=%2Fwp-admin%2Fusers.php%3Fs%26action%3D-1%26new_role%26ur_user_approval_status%3Dpending%26ur_user_filter_action%3DFilter%26paged%3D1%26action2%3D-1%26new_role2%26ur_user_approval_status2%26ur_specific_form_user2" "Mozilla/5.0 (Windows NT 10.0; Win64; x64) AppleWebKit/537.36 (KHTML, like Gecko) Chrome/131.0.0.0 Safari/537.36 Edg/131.0.0.0"
198.161.4.63 - - [21/Jan/2025:22:10:41 +0000] "GET /wp-includes/js/mediaelement/mediaelement-and-player.min.js?ver=4.2.17 HTTP/1.1" 200 38789 "https://cpd.mhcollab.ca/wp-admin/user-edit.php?user_id=456&wp_http_referer=%2Fwp-admin%2Fusers.php%3Fs%26action%3D-1%26new_role%26ur_user_approval_status%3Dpending%26ur_user_filter_action%3DFilter%26paged%3D1%26action2%3D-1%26new_role2%26ur_user_approval_status2%26ur_specific_form_user2" "Mozilla/5.0 (Windows NT 10.0; Win64; x64) AppleWebKit/537.36 (KHTML, like Gecko) Chrome/131.0.0.0 Safari/537.36 Edg/131.0.0.0"
198.161.4.63 - - [21/Jan/2025:22:10:41 +0000] "GET /wp-includes/js/mediaelement/mediaelement-migrate.min.js?ver=1f041886d6beac9432c1496850c082e4 HTTP/1.1" 200 540 "https://cpd.mhcollab.ca/wp-admin/user-edit.php?user_id=456&wp_http_referer=%2Fwp-admin%2Fusers.php%3Fs%26action%3D-1%26new_role%26ur_user_approval_status%3Dpending%26ur_user_filter_action%3DFilter%26paged%3D1%26action2%3D-1%26new_role2%26ur_user_approval_status2%26ur_specific_form_user2" "Mozilla/5.0 (Windows NT 10.0; Win64; x64) AppleWebKit/537.36 (KHTML, like Gecko) Chrome/131.0.0.0 Safari/537.36 Edg/131.0.0.0"
198.161.4.63 - - [21/Jan/2025:22:10:41 +0000] "GET /wp-includes/js/mediaelement/wp-mediaelement.min.js?ver=1f041886d6beac9432c1496850c082e4 HTTP/1.1" 200 538 "https://cpd.mhcollab.ca/wp-admin/user-edit.php?user_id=456&wp_http_referer=%2Fwp-admin%2Fusers.php%3Fs%26action%3D-1%26new_role%26ur_user_approval_status%3Dpending%26ur_user_filter_action%3DFilter%26paged%3D1%26action2%3D-1%26new_role2%26ur_user_approval_status2%26ur_specific_form_user2" "Mozilla/5.0 (Windows NT 10.0; Win64; x64) AppleWebKit/537.36 (KHTML, like Gecko) Chrome/131.0.0.0 Safari/537.36 Edg/131.0.0.0"
198.161.4.63 - - [21/Jan/2025:22:10:41 +0000] "GET /wp-includes/js/media-editor.min.js?ver=1f041886d6beac9432c1496850c082e4 HTTP/1.1" 200 3603 "https://cpd.mhcollab.ca/wp-admin/user-edit.php?user_id=456&wp_http_referer=%2Fwp-admin%2Fusers.php%3Fs%26action%3D-1%26new_role%26ur_user_approval_status%3Dpending%26ur_user_filter_action%3DFilter%26paged%3D1%26action2%3D-1%26new_role2%26ur_user_approval_status2%26ur_specific_form_user2" "Mozilla/5.0 (Windows NT 10.0; Win64; x64) AppleWebKit/537.36 (KHTML, like Gecko) Chrome/131.0.0.0 Safari/537.36 Edg/131.0.0.0"
198.161.4.63 - - [21/Jan/2025:22:10:41 +0000] "GET /wp-includes/js/media-views.min.js?ver=1f041886d6beac9432c1496850c082e4 HTTP/1.1" 200 25967 "https://cpd.mhcollab.ca/wp-admin/user-edit.php?user_id=456&wp_http_referer=%2Fwp-admin%2Fusers.php%3Fs%26action%3D-1%26new_role%26ur_user_approval_status%3Dpending%26ur_user_filter_action%3DFilter%26paged%3D1%26action2%3D-1%26new_role2%26ur_user_approval_status2%26ur_specific_form_user2" "Mozilla/5.0 (Windows NT 10.0; Win64; x64) AppleWebKit/537.36 (KHTML, like Gecko) Chrome/131.0.0.0 Safari/537.36 Edg/131.0.0.0"
198.161.4.63 - - [21/Jan/2025:22:10:41 +0000] "GET /wp-includes/js/media-audiovideo.min.js?ver=1f041886d6beac9432c1496850c082e4 HTTP/1.1" 200 3363 "https://cpd.mhcollab.ca/wp-admin/user-edit.php?user_id=456&wp_http_referer=%2Fwp-admin%2Fusers.php%3Fs%26action%3D-1%26new_role%26ur_user_approval_status%3Dpending%26ur_user_filter_action%3DFilter%26paged%3D1%26action2%3D-1%26new_role2%26ur_user_approval_status2%26ur_specific_form_user2" "Mozilla/5.0 (Windows NT 10.0; Win64; x64) AppleWebKit/537.36 (KHTML, like Gecko) Chrome/131.0.0.0 Safari/537.36 Edg/131.0.0.0"
198.161.4.63 - - [21/Jan/2025:22:10:41 +0000] "GET /wp-includes/js/mce-view.min.js?ver=1f041886d6beac9432c1496850c082e4 HTTP/1.1" 200 3730 "https://cpd.mhcollab.ca/wp-admin/user-edit.php?user_id=456&wp_http_referer=%2Fwp-admin%2Fusers.php%3Fs%26action%3D-1%26new_role%26ur_user_approval_status%3Dpending%26ur_user_filter_action%3DFilter%26paged%3D1%26action2%3D-1%26new_role2%26ur_user_approval_status2%26ur_specific_form_user2" "Mozilla/5.0 (Windows NT 10.0; Win64; x64) AppleWebKit/537.36 (KHTML, like Gecko) Chrome/131.0.0.0 Safari/537.36 Edg/131.0.0.0"
198.161.4.63 - - [21/Jan/2025:22:10:41 +0000] "GET /wp-includes/js/imgareaselect/jquery.imgareaselect.min.js?ver=1f041886d6beac9432c1496850c082e4 HTTP/1.1" 200 3718 "https://cpd.mhcollab.ca/wp-admin/user-edit.php?user_id=456&wp_http_referer=%2Fwp-admin%2Fusers.php%3Fs%26action%3D-1%26new_role%26ur_user_approval_status%3Dpending%26ur_user_filter_action%3DFilter%26paged%3D1%26action2%3D-1%26new_role2%26ur_user_approval_status2%26ur_specific_form_user2" "Mozilla/5.0 (Windows NT 10.0; Win64; x64) AppleWebKit/537.36 (KHTML, like Gecko) Chrome/131.0.0.0 Safari/537.36 Edg/131.0.0.0"
198.161.4.63 - - [21/Jan/2025:22:10:41 +0000] "GET /wp-admin/js/image-edit.min.js?ver=6.7.1 HTTP/1.1" 200 4766 "https://cpd.mhcollab.ca/wp-admin/user-edit.php?user_id=456&wp_http_referer=%2Fwp-admin%2Fusers.php%3Fs%26action%3D-1%26new_role%26ur_user_approval_status%3Dpending%26ur_user_filter_action%3DFilter%26paged%3D1%26action2%3D-1%26new_role2%26ur_user_approval_status2%26ur_specific_form_user2" "Mozilla/5.0 (Windows NT 10.0; Win64; x64) AppleWebKit/537.36 (KHTML, like Gecko) Chrome/131.0.0.0 Safari/537.36 Edg/131.0.0.0"
198.161.4.63 - - [21/Jan/2025:22:10:41 +0000] "GET /wp-includes/js/wp-api.min.js?ver=1f041886d6beac9432c1496850c082e4 HTTP/1.1" 200 4136 "https://cpd.mhcollab.ca/wp-admin/user-edit.php?user_id=456&wp_http_referer=%2Fwp-admin%2Fusers.php%3Fs%26action%3D-1%26new_role%26ur_user_approval_status%3Dpending%26ur_user_filter_action%3DFilter%26paged%3D1%26action2%3D-1%26new_role2%26ur_user_approval_status2%26ur_specific_form_user2" "Mozilla/5.0 (Windows NT 10.0; Win64; x64) AppleWebKit/537.36 (KHTML, like Gecko) Chrome/131.0.0.0 Safari/537.36 Edg/131.0.0.0"
198.161.4.63 - - [21/Jan/2025:22:10:41 +0000] "GET /wp-includes/js/dist/vendor/lodash.min.js?ver=4.17.21 HTTP/1.1" 200 24902 "https://cpd.mhcollab.ca/wp-admin/user-edit.php?user_id=456&wp_http_referer=%2Fwp-admin%2Fusers.php%3Fs%26action%3D-1%26new_role%26ur_user_approval_status%3Dpending%26ur_user_filter_action%3DFilter%26paged%3D1%26action2%3D-1%26new_role2%26ur_user_approval_status2%26ur_specific_form_user2" "Mozilla/5.0 (Windows NT 10.0; Win64; x64) AppleWebKit/537.36 (KHTML, like Gecko) Chrome/131.0.0.0 Safari/537.36 Edg/131.0.0.0"
198.161.4.63 - - [21/Jan/2025:22:10:41 +0000] "GET /wp-content/plugins/kadence-blocks/dist/extension-kadence-base.js?ver=af0147c94481e937b8e2 HTTP/1.1" 200 156 "https://cpd.mhcollab.ca/wp-admin/user-edit.php?user_id=456&wp_http_referer=%2Fwp-admin%2Fusers.php%3Fs%26action%3D-1%26new_role%26ur_user_approval_status%3Dpending%26ur_user_filter_action%3DFilter%26paged%3D1%26action2%3D-1%26new_role2%26ur_user_approval_status2%26ur_specific_form_user2" "Mozilla/5.0 (Windows NT 10.0; Win64; x64) AppleWebKit/537.36 (KHTML, like Gecko) Chrome/131.0.0.0 Safari/537.36 Edg/131.0.0.0"
198.161.4.63 - - [21/Jan/2025:22:10:41 +0000] "GET /wp-content/plugins/kadence-blocks/dist/extension-stores.js?ver=4f32a83644d4ab31ccc5 HTTP/1.1" 200 1773 "https://cpd.mhcollab.ca/wp-admin/user-edit.php?user_id=456&wp_http_referer=%2Fwp-admin%2Fusers.php%3Fs%26action%3D-1%26new_role%26ur_user_approval_status%3Dpending%26ur_user_filter_action%3DFilter%26paged%3D1%26action2%3D-1%26new_role2%26ur_user_approval_status2%26ur_specific_form_user2" "Mozilla/5.0 (Windows NT 10.0; Win64; x64) AppleWebKit/537.36 (KHTML, like Gecko) Chrome/131.0.0.0 Safari/537.36 Edg/131.0.0.0"
198.161.4.63 - - [21/Jan/2025:22:10:41 +0000] "GET /wp-content/plugins/kadence-blocks/dist/extension-image-picker.js?ver=30fcd8d102e88b5b5d01 HTTP/1.1" 200 32030 "https://cpd.mhcollab.ca/wp-admin/user-edit.php?user_id=456&wp_http_referer=%2Fwp-admin%2Fusers.php%3Fs%26action%3D-1%26new_role%26ur_user_approval_status%3Dpending%26ur_user_filter_action%3DFilter%26paged%3D1%26action2%3D-1%26new_role2%26ur_user_approval_status2%26ur_specific_form_user2" "Mozilla/5.0 (Windows NT 10.0; Win64; x64) AppleWebKit/537.36 (KHTML, like Gecko) Chrome/131.0.0.0 Safari/537.36 Edg/131.0.0.0"
198.161.4.63 - - [21/Jan/2025:22:10:41 +0000] "GET /wp-content/plugins/kadence-blocks/dist/icons.js?ver=f2dd5f69152f8c8e9984 HTTP/1.1" 200 97002 "https://cpd.mhcollab.ca/wp-admin/user-edit.php?user_id=456&wp_http_referer=%2Fwp-admin%2Fusers.php%3Fs%26action%3D-1%26new_role%26ur_user_approval_status%3Dpending%26ur_user_filter_action%3DFilter%26paged%3D1%26action2%3D-1%26new_role2%26ur_user_approval_status2%26ur_specific_form_user2" "Mozilla/5.0 (Windows NT 10.0; Win64; x64) AppleWebKit/537.36 (KHTML, like Gecko) Chrome/131.0.0.0 Safari/537.36 Edg/131.0.0.0"
198.161.4.63 - - [21/Jan/2025:22:10:41 +0000] "GET /wp-admin/js/editor.min.js?ver=6.7.1 HTTP/1.1" 200 4722 "https://cpd.mhcollab.ca/wp-admin/user-edit.php?user_id=456&wp_http_referer=%2Fwp-admin%2Fusers.php%3Fs%26action%3D-1%26new_role%26ur_user_approval_status%3Dpending%26ur_user_filter_action%3DFilter%26paged%3D1%26action2%3D-1%26new_role2%26ur_user_approval_status2%26ur_specific_form_user2" "Mozilla/5.0 (Windows NT 10.0; Win64; x64) AppleWebKit/537.36 (KHTML, like Gecko) Chrome/131.0.0.0 Safari/537.36 Edg/131.0.0.0"
198.161.4.63 - - [21/Jan/2025:22:10:41 +0000] "GET /wp-includes/js/tinymce/plugins/compat3x/plugin.min.js?ver=49110-20201110 HTTP/1.1" 200 1739 "https://cpd.mhcollab.ca/wp-admin/user-edit.php?user_id=456&wp_http_referer=%2Fwp-admin%2Fusers.php%3Fs%26action%3D-1%26new_role%26ur_user_approval_status%3Dpending%26ur_user_filter_action%3DFilter%26paged%3D1%26action2%3D-1%26new_role2%26ur_user_approval_status2%26ur_specific_form_user2" "Mozilla/5.0 (Windows NT 10.0; Win64; x64) AppleWebKit/537.36 (KHTML, like Gecko) Chrome/131.0.0.0 Safari/537.36 Edg/131.0.0.0"
198.161.4.63 - - [21/Jan/2025:22:10:41 +0000] "GET /wp-content/plugins/sfwd-lms/assets/images/arrow_right.png HTTP/1.1" 200 247 "https://cpd.mhcollab.ca/wp-admin/user-edit.php?user_id=456&wp_http_referer=%2Fwp-admin%2Fusers.php%3Fs%26action%3D-1%26new_role%26ur_user_approval_status%3Dpending%26ur_user_filter_action%3DFilter%26paged%3D1%26action2%3D-1%26new_role2%26ur_user_approval_status2%26ur_specific_form_user2" "Mozilla/5.0 (Windows NT 10.0; Win64; x64) AppleWebKit/537.36 (KHTML, like Gecko) Chrome/131.0.0.0 Safari/537.36 Edg/131.0.0.0"
198.161.4.63 - - [21/Jan/2025:22:10:41 +0000] "GET /wp-content/plugins/sfwd-lms/assets/images/arrow_left.png HTTP/1.1" 200 257 "https://cpd.mhcollab.ca/wp-admin/user-edit.php?user_id=456&wp_http_referer=%2Fwp-admin%2Fusers.php%3Fs%26action%3D-1%26new_role%26ur_user_approval_status%3Dpending%26ur_user_filter_action%3DFilter%26paged%3D1%26action2%3D-1%26new_role2%26ur_user_approval_status2%26ur_specific_form_user2" "Mozilla/5.0 (Windows NT 10.0; Win64; x64) AppleWebKit/537.36 (KHTML, like Gecko) Chrome/131.0.0.0 Safari/537.36 Edg/131.0.0.0"
198.161.4.63 - - [21/Jan/2025:22:10:41 +0000] "GET /wp-includes/js/tinymce/tinymce.min.js?ver=49110-20201110 HTTP/1.1" 200 124409 "https://cpd.mhcollab.ca/wp-admin/user-edit.php?user_id=456&wp_http_referer=%2Fwp-admin%2Fusers.php%3Fs%26action%3D-1%26new_role%26ur_user_approval_status%3Dpending%26ur_user_filter_action%3DFilter%26paged%3D1%26action2%3D-1%26new_role2%26ur_user_approval_status2%26ur_specific_form_user2" "Mozilla/5.0 (Windows NT 10.0; Win64; x64) AppleWebKit/537.36 (KHTML, like Gecko) Chrome/131.0.0.0 Safari/537.36 Edg/131.0.0.0"
198.161.4.63 - - [21/Jan/2025:22:10:41 +0000] "GET /wp-includes/js/wp-embed.min.js?ver=1f041886d6beac9432c1496850c082e4 HTTP/1.1" 200 694 "https://cpd.mhcollab.ca/wp-admin/user-edit.php?user_id=456&wp_http_referer=%2Fwp-admin%2Fusers.php%3Fs%26action%3D-1%26new_role%26ur_user_approval_status%3Dpending%26ur_user_filter_action%3DFilter%26paged%3D1%26action2%3D-1%26new_role2%26ur_user_approval_status2%26ur_specific_form_user2" "Mozilla/5.0 (Windows NT 10.0; Win64; x64) AppleWebKit/537.36 (KHTML, like Gecko) Chrome/131.0.0.0 Safari/537.36 Edg/131.0.0.0"
198.161.4.63 - - [21/Jan/2025:22:10:41 +0000] "GET /wp-includes/js/tinymce/themes/modern/theme.min.js?wp-mce-49110-20201110 HTTP/1.1" 200 41647 "https://cpd.mhcollab.ca/wp-admin/user-edit.php?user_id=456&wp_http_referer=%2Fwp-admin%2Fusers.php%3Fs%26action%3D-1%26new_role%26ur_user_approval_status%3Dpending%26ur_user_filter_action%3DFilter%26paged%3D1%26action2%3D-1%26new_role2%26ur_user_approval_status2%26ur_specific_form_user2" "Mozilla/5.0 (Windows NT 10.0; Win64; x64) AppleWebKit/537.36 (KHTML, like Gecko) Chrome/131.0.0.0 Safari/537.36 Edg/131.0.0.0"
198.161.4.63 - - [21/Jan/2025:22:10:41 +0000] "GET /wp-includes/js/tinymce/plugins/colorpicker/plugin.min.js?wp-mce-49110-20201110 HTTP/1.1" 200 656 "https://cpd.mhcollab.ca/wp-admin/user-edit.php?user_id=456&wp_http_referer=%2Fwp-admin%2Fusers.php%3Fs%26action%3D-1%26new_role%26ur_user_approval_status%3Dpending%26ur_user_filter_action%3DFilter%26paged%3D1%26action2%3D-1%26new_role2%26ur_user_approval_status2%26ur_specific_form_user2" "Mozilla/5.0 (Windows NT 10.0; Win64; x64) AppleWebKit/537.36 (KHTML, like Gecko) Chrome/131.0.0.0 Safari/537.36 Edg/131.0.0.0"
198.161.4.63 - - [21/Jan/2025:22:10:41 +0000] "GET /wp-includes/js/tinymce/plugins/fullscreen/plugin.min.js?wp-mce-49110-20201110 HTTP/1.1" 200 890 "https://cpd.mhcollab.ca/wp-admin/user-edit.php?user_id=456&wp_http_referer=%2Fwp-admin%2Fusers.php%3Fs%26action%3D-1%26new_role%26ur_user_approval_status%3Dpending%26ur_user_filter_action%3DFilter%26paged%3D1%26action2%3D-1%26new_role2%26ur_user_approval_status2%26ur_specific_form_user2" "Mozilla/5.0 (Windows NT 10.0; Win64; x64) AppleWebKit/537.36 (KHTML, like Gecko) Chrome/131.0.0.0 Safari/537.36 Edg/131.0.0.0"
198.161.4.63 - - [21/Jan/2025:22:10:41 +0000] "GET /wp-includes/js/tinymce/plugins/lists/plugin.min.js?wp-mce-49110-20201110 HTTP/1.1" 200 9093 "https://cpd.mhcollab.ca/wp-admin/user-edit.php?user_id=456&wp_http_referer=%2Fwp-admin%2Fusers.php%3Fs%26action%3D-1%26new_role%26ur_user_approval_status%3Dpending%26ur_user_filter_action%3DFilter%26paged%3D1%26action2%3D-1%26new_role2%26ur_user_approval_status2%26ur_specific_form_user2" "Mozilla/5.0 (Windows NT 10.0; Win64; x64) AppleWebKit/537.36 (KHTML, like Gecko) Chrome/131.0.0.0 Safari/537.36 Edg/131.0.0.0"
198.161.4.63 - - [21/Jan/2025:22:10:41 +0000] "GET /wp-includes/js/tinymce/plugins/image/plugin.min.js?wp-mce-49110-20201110 HTTP/1.1" 200 5497 "https://cpd.mhcollab.ca/wp-admin/user-edit.php?user_id=456&wp_http_referer=%2Fwp-admin%2Fusers.php%3Fs%26action%3D-1%26new_role%26ur_user_approval_status%3Dpending%26ur_user_filter_action%3DFilter%26paged%3D1%26action2%3D-1%26new_role2%26ur_user_approval_status2%26ur_specific_form_user2" "Mozilla/5.0 (Windows NT 10.0; Win64; x64) AppleWebKit/537.36 (KHTML, like Gecko) Chrome/131.0.0.0 Safari/537.36 Edg/131.0.0.0"
198.161.4.63 - - [21/Jan/2025:22:10:41 +0000] "GET /wp-includes/js/tinymce/plugins/wordpress/plugin.min.js?wp-mce-49110-20201110 HTTP/1.1" 200 6140 "https://cpd.mhcollab.ca/wp-admin/user-edit.php?user_id=456&wp_http_referer=%2Fwp-admin%2Fusers.php%3Fs%26action%3D-1%26new_role%26ur_user_approval_status%3Dpending%26ur_user_filter_action%3DFilter%26paged%3D1%26action2%3D-1%26new_role2%26ur_user_approval_status2%26ur_specific_form_user2" "Mozilla/5.0 (Windows NT 10.0; Win64; x64) AppleWebKit/537.36 (KHTML, like Gecko) Chrome/131.0.0.0 Safari/537.36 Edg/131.0.0.0"
198.161.4.63 - - [21/Jan/2025:22:10:41 +0000] "GET /wp-includes/js/tinymce/plugins/wpeditimage/plugin.min.js?wp-mce-49110-20201110 HTTP/1.1" 200 4393 "https://cpd.mhcollab.ca/wp-admin/user-edit.php?user_id=456&wp_http_referer=%2Fwp-admin%2Fusers.php%3Fs%26action%3D-1%26new_role%26ur_user_approval_status%3Dpending%26ur_user_filter_action%3DFilter%26paged%3D1%26action2%3D-1%26new_role2%26ur_user_approval_status2%26ur_specific_form_user2" "Mozilla/5.0 (Windows NT 10.0; Win64; x64) AppleWebKit/537.36 (KHTML, like Gecko) Chrome/131.0.0.0 Safari/537.36 Edg/131.0.0.0"
198.161.4.63 - - [21/Jan/2025:22:10:41 +0000] "GET /wp-includes/js/tinymce/plugins/wplink/plugin.min.js?wp-mce-49110-20201110 HTTP/1.1" 200 3394 "https://cpd.mhcollab.ca/wp-admin/user-edit.php?user_id=456&wp_http_referer=%2Fwp-admin%2Fusers.php%3Fs%26action%3D-1%26new_role%26ur_user_approval_status%3Dpending%26ur_user_filter_action%3DFilter%26paged%3D1%26action2%3D-1%26new_role2%26ur_user_approval_status2%26ur_specific_form_user2" "Mozilla/5.0 (Windows NT 10.0; Win64; x64) AppleWebKit/537.36 (KHTML, like Gecko) Chrome/131.0.0.0 Safari/537.36 Edg/131.0.0.0"
198.161.4.63 - - [21/Jan/2025:22:10:41 +0000] "GET /wp-includes/js/tinymce/skins/lightgray/skin.min.css?wp-mce-49110-20201110 HTTP/1.1" 200 8407 "https://cpd.mhcollab.ca/wp-admin/user-edit.php?user_id=456&wp_http_referer=%2Fwp-admin%2Fusers.php%3Fs%26action%3D-1%26new_role%26ur_user_approval_status%3Dpending%26ur_user_filter_action%3DFilter%26paged%3D1%26action2%3D-1%26new_role2%26ur_user_approval_status2%26ur_specific_form_user2" "Mozilla/5.0 (Windows NT 10.0; Win64; x64) AppleWebKit/537.36 (KHTML, like Gecko) Chrome/131.0.0.0 Safari/537.36 Edg/131.0.0.0"
198.161.4.63 - - [21/Jan/2025:22:10:41 +0000] "GET /wp-includes/js/tinymce/skins/lightgray/content.min.css?wp-mce-49110-20201110 HTTP/1.1" 200 1333 "https://cpd.mhcollab.ca/wp-admin/user-edit.php?user_id=456&wp_http_referer=%2Fwp-admin%2Fusers.php%3Fs%26action%3D-1%26new_role%26ur_user_approval_status%3Dpending%26ur_user_filter_action%3DFilter%26paged%3D1%26action2%3D-1%26new_role2%26ur_user_approval_status2%26ur_specific_form_user2" "Mozilla/5.0 (Windows NT 10.0; Win64; x64) AppleWebKit/537.36 (KHTML, like Gecko) Chrome/131.0.0.0 Safari/537.36 Edg/131.0.0.0"
198.161.4.63 - - [21/Jan/2025:22:10:41 +0000] "GET /wp-includes/css/dashicons.min.css?ver=6.7.1&wp-mce-49110-20201110 HTTP/1.1" 200 35730 "https://cpd.mhcollab.ca/wp-admin/user-edit.php?user_id=456&wp_http_referer=%2Fwp-admin%2Fusers.php%3Fs%26action%3D-1%26new_role%26ur_user_approval_status%3Dpending%26ur_user_filter_action%3DFilter%26paged%3D1%26action2%3D-1%26new_role2%26ur_user_approval_status2%26ur_specific_form_user2" "Mozilla/5.0 (Windows NT 10.0; Win64; x64) AppleWebKit/537.36 (KHTML, like Gecko) Chrome/131.0.0.0 Safari/537.36 Edg/131.0.0.0"
198.161.4.63 - - [21/Jan/2025:22:10:42 +0000] "GET /wp-includes/js/tinymce/skins/wordpress/wp-content.css?ver=6.7.1&wp-mce-49110-20201110 HTTP/1.1" 200 2614 "https://cpd.mhcollab.ca/wp-admin/user-edit.php?user_id=456&wp_http_referer=%2Fwp-admin%2Fusers.php%3Fs%26action%3D-1%26new_role%26ur_user_approval_status%3Dpending%26ur_user_filter_action%3DFilter%26paged%3D1%26action2%3D-1%26new_role2%26ur_user_approval_status2%26ur_specific_form_user2" "Mozilla/5.0 (Windows NT 10.0; Win64; x64) AppleWebKit/537.36 (KHTML, like Gecko) Chrome/131.0.0.0 Safari/537.36 Edg/131.0.0.0"
198.161.4.63 - - [21/Jan/2025:22:10:42 +0000] "GET /wp-content/themes/kadence/assets/css/editor/learndash-editor-styles.min.css?wp-mce-49110-20201110 HTTP/1.1" 200 1498 "https://cpd.mhcollab.ca/wp-admin/user-edit.php?user_id=456&wp_http_referer=%2Fwp-admin%2Fusers.php%3Fs%26action%3D-1%26new_role%26ur_user_approval_status%3Dpending%26ur_user_filter_action%3DFilter%26paged%3D1%26action2%3D-1%26new_role2%26ur_user_approval_status2%26ur_specific_form_user2" "Mozilla/5.0 (Windows NT 10.0; Win64; x64) AppleWebKit/537.36 (KHTML, like Gecko) Chrome/131.0.0.0 Safari/537.36 Edg/131.0.0.0"
198.161.4.63 - - [21/Jan/2025:22:10:42 +0000] "GET /wp-content/themes/kadence/assets/css/editor/editor-styles.min.css?wp-mce-49110-20201110 HTTP/1.1" 200 7473 "https://cpd.mhcollab.ca/wp-admin/user-edit.php?user_id=456&wp_http_referer=%2Fwp-admin%2Fusers.php%3Fs%26action%3D-1%26new_role%26ur_user_approval_status%3Dpending%26ur_user_filter_action%3DFilter%26paged%3D1%26action2%3D-1%26new_role2%26ur_user_approval_status2%26ur_specific_form_user2" "Mozilla/5.0 (Windows NT 10.0; Win64; x64) AppleWebKit/537.36 (KHTML, like Gecko) Chrome/131.0.0.0 Safari/537.36 Edg/131.0.0.0"
198.161.4.63 - - [21/Jan/2025:22:10:42 +0000] "GET /wp-includes/js/tinymce/skins/lightgray/fonts/tinymce.woff HTTP/1.1" 200 9314 "https://cpd.mhcollab.ca/wp-includes/js/tinymce/skins/lightgray/skin.min.css?wp-mce-49110-20201110" "Mozilla/5.0 (Windows NT 10.0; Win64; x64) AppleWebKit/537.36 (KHTML, like Gecko) Chrome/131.0.0.0 Safari/537.36 Edg/131.0.0.0"
198.161.4.63 - - [21/Jan/2025:22:10:41 +0000] "GET /wp-content/uploads/2024/03/owl-icon-15559.png HTTP/1.1" 404 36485 "https://cpd.mhcollab.ca/wp-admin/user-edit.php?user_id=456&wp_http_referer=%2Fwp-admin%2Fusers.php%3Fs%26action%3D-1%26new_role%26ur_user_approval_status%3Dpending%26ur_user_filter_action%3DFilter%26paged%3D1%26action2%3D-1%26new_role2%26ur_user_approval_status2%26ur_specific_form_user2" "Mozilla/5.0 (Windows NT 10.0; Win64; x64) AppleWebKit/537.36 (KHTML, like Gecko) Chrome/131.0.0.0 Safari/537.36 Edg/131.0.0.0"
198.161.4.63 - - [21/Jan/2025:22:10:41 +0000] "GET /wp-json/wp/v2/ HTTP/1.1" 200 31804 "https://cpd.mhcollab.ca/wp-admin/user-edit.php?user_id=456&wp_http_referer=%2Fwp-admin%2Fusers.php%3Fs%26action%3D-1%26new_role%26ur_user_approval_status%3Dpending%26ur_user_filter_action%3DFilter%26paged%3D1%26action2%3D-1%26new_role2%26ur_user_approval_status2%26ur_specific_form_user2" "Mozilla/5.0 (Windows NT 10.0; Win64; x64) AppleWebKit/537.36 (KHTML, like Gecko) Chrome/131.0.0.0 Safari/537.36 Edg/131.0.0.0"
198.161.4.63 - - [21/Jan/2025:22:10:41 +0000] "POST /wp-admin/admin-ajax.php HTTP/1.1" 200 67 "https://cpd.mhcollab.ca/wp-admin/user-edit.php?user_id=456&wp_http_referer=%2Fwp-admin%2Fusers.php%3Fs%26action%3D-1%26new_role%26ur_user_approval_status%3Dpending%26ur_user_filter_action%3DFilter%26paged%3D1%26action2%3D-1%26new_role2%26ur_user_approval_status2%26ur_specific_form_user2" "Mozilla/5.0 (Windows NT 10.0; Win64; x64) AppleWebKit/537.36 (KHTML, like Gecko) Chrome/131.0.0.0 Safari/537.36 Edg/131.0.0.0"
45.56.220.125 - - [21/Jan/2025:22:10:48 +0000] "POST /wp-cron.php?doing_wp_cron=1737497448.1000089645385742187500 HTTP/1.1" 200 - "-" "WordPress/6.7.1; https://cpd.mhcollab.ca"
198.161.4.63 - - [21/Jan/2025:22:10:46 +0000] "POST /wp-admin/admin-ajax.php HTTP/1.1" 200 126 "https://cpd.mhcollab.ca/wp-admin/user-edit.php?user_id=456&wp_http_referer=%2Fwp-admin%2Fusers.php%3Fs%26action%3D-1%26new_role%26ur_user_approval_status%3Dpending%26ur_user_filter_action%3DFilter%26paged%3D1%26action2%3D-1%26new_role2%26ur_user_approval_status2%26ur_specific_form_user2" "Mozilla/5.0 (Windows NT 10.0; Win64; x64) AppleWebKit/537.36 (KHTML, like Gecko) Chrome/131.0.0.0 Safari/537.36 Edg/131.0.0.0"
45.56.220.125 - - [21/Jan/2025:22:11:48 +0000] "POST /wp-cron.php?doing_wp_cron=1737497508.5021059513092041015625 HTTP/1.1" 200 - "-" "WordPress/6.7.1; https://cpd.mhcollab.ca"
198.161.4.63 - - [21/Jan/2025:22:11:46 +0000] "POST /wp-admin/admin-ajax.php HTTP/1.1" 200 127 "https://cpd.mhcollab.ca/wp-admin/user-edit.php?user_id=456&wp_http_referer=%2Fwp-admin%2Fusers.php%3Fs%26action%3D-1%26new_role%26ur_user_approval_status%3Dpending%26ur_user_filter_action%3DFilter%26paged%3D1%26action2%3D-1%26new_role2%26ur_user_approval_status2%26ur_specific_form_user2" "Mozilla/5.0 (Windows NT 10.0; Win64; x64) AppleWebKit/537.36 (KHTML, like Gecko) Chrome/131.0.0.0 Safari/537.36 Edg/131.0.0.0"
70.77.194.116 - - [21/Jan/2025:22:11:48 +0000] "GET /courseinfo-2 HTTP/1.1" 200 34428 "-" "Mozilla/5.0 (Windows NT 10.0; Win64; x64) AppleWebKit/537.36 (KHTML, like Gecko) Chrome/131.0.0.0 Safari/537.36"
45.56.220.125 - - [21/Jan/2025:22:11:48 +0000] "POST /wp-admin/admin-ajax.php?action=as_async_request_queue_runner&nonce=86acc78db0 HTTP/1.1" 200 - "-" "WordPress/6.7.1; https://cpd.mhcollab.ca"
45.56.220.125 - - [21/Jan/2025:22:12:00 +0000] "POST /wp-cron.php?doing_wp_cron=1737497520.3946819305419921875000 HTTP/1.1" 200 - "-" "WordPress/6.7.1; https://cpd.mhcollab.ca"
198.161.4.63 - - [21/Jan/2025:22:11:58 +0000] "GET /wp-admin/users.php?s&action=-1&new_role&ur_user_approval_status=pending&ur_user_filter_action=Filter&paged=1&action2=-1&new_role2&ur_user_approval_status2&ur_specific_form_user2 HTTP/1.1" 200 52680 "https://cpd.mhcollab.ca/wp-admin/users.php" "Mozilla/5.0 (Windows NT 10.0; Win64; x64) AppleWebKit/537.36 (KHTML, like Gecko) Chrome/131.0.0.0 Safari/537.36 Edg/131.0.0.0"
70.77.194.116 - - [21/Jan/2025:22:11:59 +0000] "GET /courseinfo/cat_b HTTP/1.1" 301 - "https://cpd.mhcollab.ca/courseinfo-2" "Mozilla/5.0 (Windows NT 10.0; Win64; x64) AppleWebKit/537.36 (KHTML, like Gecko) Chrome/131.0.0.0 Safari/537.36"
198.161.4.63 - - [21/Jan/2025:22:12:00 +0000] "GET /wp-content/uploads/2024/03/owl-icon-15559.png HTTP/1.1" 404 36444 "https://cpd.mhcollab.ca/wp-admin/users.php?s&action=-1&new_role&ur_user_approval_status=pending&ur_user_filter_action=Filter&paged=1&action2=-1&new_role2&ur_user_approval_status2&ur_specific_form_user2" "Mozilla/5.0 (Windows NT 10.0; Win64; x64) AppleWebKit/537.36 (KHTML, like Gecko) Chrome/131.0.0.0 Safari/537.36 Edg/131.0.0.0"
70.77.194.116 - - [21/Jan/2025:22:12:00 +0000] "GET /courseinfo-2/cat_b HTTP/1.1" 200 31775 "https://cpd.mhcollab.ca/courseinfo-2" "Mozilla/5.0 (Windows NT 10.0; Win64; x64) AppleWebKit/537.36 (KHTML, like Gecko) Chrome/131.0.0.0 Safari/537.36"
198.161.4.63 - - [21/Jan/2025:22:12:01 +0000] "POST /wp-admin/admin-ajax.php HTTP/1.1" 200 67 "https://cpd.mhcollab.ca/wp-admin/users.php?s&action=-1&new_role&ur_user_approval_status=pending&ur_user_filter_action=Filter&paged=1&action2=-1&new_role2&ur_user_approval_status2&ur_specific_form_user2" "Mozilla/5.0 (Windows NT 10.0; Win64; x64) AppleWebKit/537.36 (KHTML, like Gecko) Chrome/131.0.0.0 Safari/537.36 Edg/131.0.0.0"
70.77.194.116 - - [21/Jan/2025:22:12:03 +0000] "GET /wp-content/plugins/learndash-course-grid/assets/css/style.css?ver=2.0.10 HTTP/1.1" 200 239 "https://cpd.mhcollab.ca/courseinfo-2/cat_b" "Mozilla/5.0 (Windows NT 10.0; Win64; x64) AppleWebKit/537.36 (KHTML, like Gecko) Chrome/131.0.0.0 Safari/537.36"
70.77.194.116 - - [21/Jan/2025:22:12:03 +0000] "GET /wp-content/plugins/learndash-course-grid/templates/skins/grid/style.css?ver=2.0.10 HTTP/1.1" 200 209 "https://cpd.mhcollab.ca/courseinfo-2/cat_b" "Mozilla/5.0 (Windows NT 10.0; Win64; x64) AppleWebKit/537.36 (KHTML, like Gecko) Chrome/131.0.0.0 Safari/537.36"
70.77.194.116 - - [21/Jan/2025:22:12:03 +0000] "GET /wp-content/plugins/learndash-course-grid/templates/pagination/style.css?ver=2.0.10 HTTP/1.1" 200 366 "https://cpd.mhcollab.ca/courseinfo-2/cat_b" "Mozilla/5.0 (Windows NT 10.0; Win64; x64) AppleWebKit/537.36 (KHTML, like Gecko) Chrome/131.0.0.0 Safari/537.36"
70.77.194.116 - - [21/Jan/2025:22:12:03 +0000] "GET /wp-content/plugins/learndash-course-grid/templates/filter/style.css?ver=2.0.10 HTTP/1.1" 200 1223 "https://cpd.mhcollab.ca/courseinfo-2/cat_b" "Mozilla/5.0 (Windows NT 10.0; Win64; x64) AppleWebKit/537.36 (KHTML, like Gecko) Chrome/131.0.0.0 Safari/537.36"
70.77.194.116 - - [21/Jan/2025:22:12:03 +0000] "GET /wp-content/plugins/learndash-course-grid/templates/skins/grid/script.js?ver=2.0.10 HTTP/1.1" 200 624 "https://cpd.mhcollab.ca/courseinfo-2/cat_b" "Mozilla/5.0 (Windows NT 10.0; Win64; x64) AppleWebKit/537.36 (KHTML, like Gecko) Chrome/131.0.0.0 Safari/537.36"
70.77.194.116 - - [21/Jan/2025:22:12:03 +0000] "GET /wp-content/plugins/learndash-course-grid/templates/cards/grid-2/style.css?ver=2.0.10 HTTP/1.1" 200 907 "https://cpd.mhcollab.ca/courseinfo-2/cat_b" "Mozilla/5.0 (Windows NT 10.0; Win64; x64) AppleWebKit/537.36 (KHTML, like Gecko) Chrome/131.0.0.0 Safari/537.36"
70.77.194.116 - - [21/Jan/2025:22:12:03 +0000] "GET /wp-content/plugins/learndash-course-grid/assets/js/script.js?ver=2.0.10 HTTP/1.1" 200 2361 "https://cpd.mhcollab.ca/courseinfo-2/cat_b" "Mozilla/5.0 (Windows NT 10.0; Win64; x64) AppleWebKit/537.36 (KHTML, like Gecko) Chrome/131.0.0.0 Safari/537.36"
70.77.194.116 - - [21/Jan/2025:22:12:03 +0000] "GET /wp-content/plugins/sfwd-lms/themes/legacy/templates/learndash_pager.min.js?ver=4.20.0.1 HTTP/1.1" 200 915 "https://cpd.mhcollab.ca/courseinfo-2/cat_b" "Mozilla/5.0 (Windows NT 10.0; Win64; x64) AppleWebKit/537.36 (KHTML, like Gecko) Chrome/131.0.0.0 Safari/537.36"
70.77.194.116 - - [21/Jan/2025:22:12:03 +0000] "GET /wp-content/plugins/sfwd-lms/themes/legacy/templates/learndash_template_script.min.js?ver=4.20.0.1 HTTP/1.1" 200 1131 "https://cpd.mhcollab.ca/courseinfo-2/cat_b" "Mozilla/5.0 (Windows NT 10.0; Win64; x64) AppleWebKit/537.36 (KHTML, like Gecko) Chrome/131.0.0.0 Safari/537.36"
70.77.194.116 - - [21/Jan/2025:22:12:03 +0000] "GET /wp-content/plugins/sfwd-lms/assets/js/jquery.dropdown.min.js?ver=4.20.0.1 HTTP/1.1" 200 936 "https://cpd.mhcollab.ca/courseinfo-2/cat_b" "Mozilla/5.0 (Windows NT 10.0; Win64; x64) AppleWebKit/537.36 (KHTML, like Gecko) Chrome/131.0.0.0 Safari/537.36"
70.77.194.116 - - [21/Jan/2025:22:12:03 +0000] "GET /wp-content/uploads/2024/07/2401-150x150.png HTTP/1.1" 200 38654 "https://cpd.mhcollab.ca/courseinfo-2/cat_b" "Mozilla/5.0 (Windows NT 10.0; Win64; x64) AppleWebKit/537.36 (KHTML, like Gecko) Chrome/131.0.0.0 Safari/537.36"
70.77.194.116 - - [21/Jan/2025:22:12:03 +0000] "GET /wp-content/uploads/2024/08/CatB-MHL2-1-150x150.png HTTP/1.1" 200 23384 "https://cpd.mhcollab.ca/courseinfo-2/cat_b" "Mozilla/5.0 (Windows NT 10.0; Win64; x64) AppleWebKit/537.36 (KHTML, like Gecko) Chrome/131.0.0.0 Safari/537.36"
70.77.194.116 - - [21/Jan/2025:22:12:03 +0000] "GET /wp-content/uploads/2023/06/Multiple-Personality-150x150.jpg HTTP/1.1" 200 8556 "https://cpd.mhcollab.ca/courseinfo-2/cat_b" "Mozilla/5.0 (Windows NT 10.0; Win64; x64) AppleWebKit/537.36 (KHTML, like Gecko) Chrome/131.0.0.0 Safari/537.36"
70.77.194.116 - - [21/Jan/2025:22:12:03 +0000] "GET /wp-content/uploads/2023/06/DBT-150x150.jpg HTTP/1.1" 200 4202 "https://cpd.mhcollab.ca/courseinfo-2/cat_b" "Mozilla/5.0 (Windows NT 10.0; Win64; x64) AppleWebKit/537.36 (KHTML, like Gecko) Chrome/131.0.0.0 Safari/537.36"
70.77.194.116 - - [21/Jan/2025:22:12:03 +0000] "GET /wp-content/uploads/2024/08/CatB-CES2-150x150.png HTTP/1.1" 200 45491 "https://cpd.mhcollab.ca/courseinfo-2/cat_b" "Mozilla/5.0 (Windows NT 10.0; Win64; x64) AppleWebKit/537.36 (KHTML, like Gecko) Chrome/131.0.0.0 Safari/537.36"
70.77.194.116 - - [21/Jan/2025:22:12:03 +0000] "GET /wp-content/uploads/2022/08/smiling-businesswoman-sitting-at-office-desk-holding-coffee-while-working-on-laptop--150x150.jpg HTTP/1.1" 200 5777 "https://cpd.mhcollab.ca/courseinfo-2/cat_b" "Mozilla/5.0 (Windows NT 10.0; Win64; x64) AppleWebKit/537.36 (KHTML, like Gecko) Chrome/131.0.0.0 Safari/537.36"
70.77.194.116 - - [21/Jan/2025:22:12:04 +0000] "GET /wp-content/uploads/2023/06/Eating-Disorders-150x150.jpg HTTP/1.1" 200 7427 "https://cpd.mhcollab.ca/courseinfo-2/cat_b" "Mozilla/5.0 (Windows NT 10.0; Win64; x64) AppleWebKit/537.36 (KHTML, like Gecko) Chrome/131.0.0.0 Safari/537.36"
70.77.194.116 - - [21/Jan/2025:22:12:04 +0000] "GET /wp-content/uploads/2023/06/Adolescence-School-150x150.jpg HTTP/1.1" 200 7479 "https://cpd.mhcollab.ca/courseinfo-2/cat_b" "Mozilla/5.0 (Windows NT 10.0; Win64; x64) AppleWebKit/537.36 (KHTML, like Gecko) Chrome/131.0.0.0 Safari/537.36"
70.77.194.116 - - [21/Jan/2025:22:12:04 +0000] "GET /wp-content/uploads/2023/06/Children-School-150x150.jpg HTTP/1.1" 200 8136 "https://cpd.mhcollab.ca/courseinfo-2/cat_b" "Mozilla/5.0 (Windows NT 10.0; Win64; x64) AppleWebKit/537.36 (KHTML, like Gecko) Chrome/131.0.0.0 Safari/537.36"
198.161.4.63 - - [21/Jan/2025:22:12:06 +0000] "POST /wp-admin/admin-ajax.php HTTP/1.1" 200 126 "https://cpd.mhcollab.ca/wp-admin/users.php?s&action=-1&new_role&ur_user_approval_status=pending&ur_user_filter_action=Filter&paged=1&action2=-1&new_role2&ur_user_approval_status2&ur_specific_form_user2" "Mozilla/5.0 (Windows NT 10.0; Win64; x64) AppleWebKit/537.36 (KHTML, like Gecko) Chrome/131.0.0.0 Safari/537.36 Edg/131.0.0.0"
70.77.194.116 - - [21/Jan/2025:22:12:07 +0000] "GET /wp-content/uploads/2023/06/Outside-the-Box-150x150.jpg HTTP/1.1" 200 3054 "https://cpd.mhcollab.ca/courseinfo-2/cat_b" "Mozilla/5.0 (Windows NT 10.0; Win64; x64) AppleWebKit/537.36 (KHTML, like Gecko) Chrome/131.0.0.0 Safari/537.36"
70.77.194.116 - - [21/Jan/2025:22:12:07 +0000] "GET /wp-content/uploads/2023/09/2207-COVID-Young-Child-development-150x150.png HTTP/1.1" 200 46185 "https://cpd.mhcollab.ca/courseinfo-2/cat_b" "Mozilla/5.0 (Windows NT 10.0; Win64; x64) AppleWebKit/537.36 (KHTML, like Gecko) Chrome/131.0.0.0 Safari/537.36"
70.77.194.116 - - [21/Jan/2025:22:12:07 +0000] "GET /wp-content/uploads/2023/09/2206-Cognitive-Flexibility-150x150.png HTTP/1.1" 200 26878 "https://cpd.mhcollab.ca/courseinfo-2/cat_b" "Mozilla/5.0 (Windows NT 10.0; Win64; x64) AppleWebKit/537.36 (KHTML, like Gecko) Chrome/131.0.0.0 Safari/537.36"
70.77.194.116 - - [21/Jan/2025:22:12:12 +0000] "GET /wp-content/uploads/2023/09/Pendulating-150x150.png HTTP/1.1" 200 20715 "https://cpd.mhcollab.ca/courseinfo-2/cat_b" "Mozilla/5.0 (Windows NT 10.0; Win64; x64) AppleWebKit/537.36 (KHTML, like Gecko) Chrome/131.0.0.0 Safari/537.36"
70.77.194.116 - - [21/Jan/2025:22:12:12 +0000] "GET /wp-content/uploads/2023/09/2205-img-Flourishing-150x150.png HTTP/1.1" 200 38113 "https://cpd.mhcollab.ca/courseinfo-2/cat_b" "Mozilla/5.0 (Windows NT 10.0; Win64; x64) AppleWebKit/537.36 (KHTML, like Gecko) Chrome/131.0.0.0 Safari/537.36"
70.77.194.116 - - [21/Jan/2025:22:12:12 +0000] "GET /wp-content/uploads/2023/09/2204-Transgender-Youth-Ash-Tree-150x150.png HTTP/1.1" 200 63328 "https://cpd.mhcollab.ca/courseinfo-2/cat_b" "Mozilla/5.0 (Windows NT 10.0; Win64; x64) AppleWebKit/537.36 (KHTML, like Gecko) Chrome/131.0.0.0 Safari/537.36"
198.161.4.63 - - [21/Jan/2025:22:12:12 +0000] "GET /wp-admin/users.php?s=brooks&_wpnonce=951212089f&_wp_http_referer=%2Fwp-admin%2Fusers.php%3Fs%26action%3D-1%26new_role%26ur_user_approval_status%3Dpending%26ur_user_filter_action%3DFilter%26paged%3D1%26action2%3D-1%26new_role2%26ur_user_approval_status2%26ur_specific_form_user2&action=-1&new_role=&ur_user_approval_status=pending&ur_specific_form_user=&ure_add_role=&ure_revoke_role=&primary_role=bbp_blocked&ld-listing-nonce=57f136eb89&group_id=&course_id=&paged=1&action2=-1&new_role2=&ur_user_approval_status2=&ur_specific_form_user2=&ure_add_role_2=&ure_revoke_role_2= HTTP/1.1" 302 - "https://cpd.mhcollab.ca/wp-admin/users.php?s&action=-1&new_role&ur_user_approval_status=pending&ur_user_filter_action=Filter&paged=1&action2=-1&new_role2&ur_user_approval_status2&ur_specific_form_user2" "Mozilla/5.0 (Windows NT 10.0; Win64; x64) AppleWebKit/537.36 (KHTML, like Gecko) Chrome/131.0.0.0 Safari/537.36 Edg/131.0.0.0"
198.161.4.63 - - [21/Jan/2025:22:12:13 +0000] "GET /wp-admin/users.php?s=brooks&action=-1&new_role&ur_user_approval_status=pending&ur_specific_form_user&ure_add_role&ure_revoke_role&primary_role=bbp_blocked&ld-listing-nonce=57f136eb89&group_id&course_id&paged=1&action2=-1&new_role2&ur_user_approval_status2&ur_specific_form_user2&ure_add_role_2&ure_revoke_role_2 HTTP/1.1" 200 51639 "https://cpd.mhcollab.ca/wp-admin/users.php?s&action=-1&new_role&ur_user_approval_status=pending&ur_user_filter_action=Filter&paged=1&action2=-1&new_role2&ur_user_approval_status2&ur_specific_form_user2" "Mozilla/5.0 (Windows NT 10.0; Win64; x64) AppleWebKit/537.36 (KHTML, like Gecko) Chrome/131.0.0.0 Safari/537.36 Edg/131.0.0.0"
198.161.4.63 - - [21/Jan/2025:22:12:15 +0000] "GET /wp-content/uploads/2024/03/owl-icon-15559.png HTTP/1.1" 404 36507 "https://cpd.mhcollab.ca/wp-admin/users.php?s=brooks&action=-1&new_role&ur_user_approval_status=pending&ur_specific_form_user&ure_add_role&ure_revoke_role&primary_role=bbp_blocked&ld-listing-nonce=57f136eb89&group_id&course_id&paged=1&action2=-1&new_role2&ur_user_approval_status2&ur_specific_form_user2&ure_add_role_2&ure_revoke_role_2" "Mozilla/5.0 (Windows NT 10.0; Win64; x64) AppleWebKit/537.36 (KHTML, like Gecko) Chrome/131.0.0.0 Safari/537.36 Edg/131.0.0.0"
198.161.4.63 - - [21/Jan/2025:22:12:15 +0000] "POST /wp-admin/admin-ajax.php HTTP/1.1" 200 67 "https://cpd.mhcollab.ca/wp-admin/users.php?s=brooks&action=-1&new_role&ur_user_approval_status=pending&ur_specific_form_user&ure_add_role&ure_revoke_role&primary_role=bbp_blocked&ld-listing-nonce=57f136eb89&group_id&course_id&paged=1&action2=-1&new_role2&ur_user_approval_status2&ur_specific_form_user2&ure_add_role_2&ure_revoke_role_2" "Mozilla/5.0 (Windows NT 10.0; Win64; x64) AppleWebKit/537.36 (KHTML, like Gecko) Chrome/131.0.0.0 Safari/537.36 Edg/131.0.0.0"
70.77.194.116 - - [21/Jan/2025:22:12:21 +0000] "GET /wp-content/uploads/2023/09/2202-AutisticWellbeing-150x150.png HTTP/1.1" 200 14396 "https://cpd.mhcollab.ca/courseinfo-2/cat_b" "Mozilla/5.0 (Windows NT 10.0; Win64; x64) AppleWebKit/537.36 (KHTML, like Gecko) Chrome/131.0.0.0 Safari/537.36"
70.77.194.116 - - [21/Jan/2025:22:12:21 +0000] "GET /wp-content/uploads/2023/09/2201-150x150.png HTTP/1.1" 200 12920 "https://cpd.mhcollab.ca/courseinfo-2/cat_b" "Mozilla/5.0 (Windows NT 10.0; Win64; x64) AppleWebKit/537.36 (KHTML, like Gecko) Chrome/131.0.0.0 Safari/537.36"
70.77.194.116 - - [21/Jan/2025:22:12:21 +0000] "GET /wp-content/uploads/2023/09/wooden-doll-figures-of-family-with-break-love-heart-concept-of-divorce-e1693552514253-150x150.jpg HTTP/1.1" 200 3004 "https://cpd.mhcollab.ca/courseinfo-2/cat_b" "Mozilla/5.0 (Windows NT 10.0; Win64; x64) AppleWebKit/537.36 (KHTML, like Gecko) Chrome/131.0.0.0 Safari/537.36"
198.161.4.63 - - [21/Jan/2025:22:12:20 +0000] "POST /wp-admin/admin-ajax.php HTTP/1.1" 200 127 "https://cpd.mhcollab.ca/wp-admin/users.php?s=brooks&action=-1&new_role&ur_user_approval_status=pending&ur_specific_form_user&ure_add_role&ure_revoke_role&primary_role=bbp_blocked&ld-listing-nonce=57f136eb89&group_id&course_id&paged=1&action2=-1&new_role2&ur_user_approval_status2&ur_specific_form_user2&ure_add_role_2&ure_revoke_role_2" "Mozilla/5.0 (Windows NT 10.0; Win64; x64) AppleWebKit/537.36 (KHTML, like Gecko) Chrome/131.0.0.0 Safari/537.36 Edg/131.0.0.0"
70.77.194.116 - - [21/Jan/2025:22:12:23 +0000] "GET /wp-content/uploads/2023/08/Prescribe-150x150.png HTTP/1.1" 200 11020 "https://cpd.mhcollab.ca/courseinfo-2/cat_b" "Mozilla/5.0 (Windows NT 10.0; Win64; x64) AppleWebKit/537.36 (KHTML, like Gecko) Chrome/131.0.0.0 Safari/537.36"
70.77.194.116 - - [21/Jan/2025:22:12:23 +0000] "GET /wp-content/uploads/2023/09/young-adult-friends-youth-culture-concept-150x150.jpg HTTP/1.1" 200 7029 "https://cpd.mhcollab.ca/courseinfo-2/cat_b" "Mozilla/5.0 (Windows NT 10.0; Win64; x64) AppleWebKit/537.36 (KHTML, like Gecko) Chrome/131.0.0.0 Safari/537.36"
70.77.194.116 - - [21/Jan/2025:22:12:23 +0000] "GET /wp-content/uploads/2023/08/2107-150x150.png HTTP/1.1" 200 11831 "https://cpd.mhcollab.ca/courseinfo-2/cat_b" "Mozilla/5.0 (Windows NT 10.0; Win64; x64) AppleWebKit/537.36 (KHTML, like Gecko) Chrome/131.0.0.0 Safari/537.36"
70.77.194.116 - - [21/Jan/2025:22:12:27 +0000] "GET /courses/2206 HTTP/1.1" 200 27640 "https://cpd.mhcollab.ca/courseinfo-2/cat_b" "Mozilla/5.0 (Windows NT 10.0; Win64; x64) AppleWebKit/537.36 (KHTML, like Gecko) Chrome/131.0.0.0 Safari/537.36"
70.77.194.116 - - [21/Jan/2025:22:12:29 +0000] "GET /wp-content/plugins/kadence-blocks/dist/style-blocks-rowlayout.css?ver=3.4.5 HTTP/1.1" 200 1652 "https://cpd.mhcollab.ca/courses/2206" "Mozilla/5.0 (Windows NT 10.0; Win64; x64) AppleWebKit/537.36 (KHTML, like Gecko) Chrome/131.0.0.0 Safari/537.36"
70.77.194.116 - - [21/Jan/2025:22:12:29 +0000] "GET /wp-content/uploads/2022/07/cropped-cropped-CPD_2022-blue.png HTTP/1.1" 200 58563 "https://cpd.mhcollab.ca/courses/2206" "Mozilla/5.0 (Windows NT 10.0; Win64; x64) AppleWebKit/537.36 (KHTML, like Gecko) Chrome/131.0.0.0 Safari/537.36"
45.56.220.125 - - [21/Jan/2025:22:13:22 +0000] "POST /wp-cron.php?doing_wp_cron=1737497602.8276240825653076171875 HTTP/1.1" 200 - "-" "WordPress/6.7.1; https://cpd.mhcollab.ca"
198.161.4.63 - - [21/Jan/2025:22:13:21 +0000] "POST /wp-admin/admin-ajax.php HTTP/1.1" 200 127 "https://cpd.mhcollab.ca/wp-admin/users.php?s=brooks&action=-1&new_role&ur_user_approval_status=pending&ur_specific_form_user&ure_add_role&ure_revoke_role&primary_role=bbp_blocked&ld-listing-nonce=57f136eb89&group_id&course_id&paged=1&action2=-1&new_role2&ur_user_approval_status2&ur_specific_form_user2&ure_add_role_2&ure_revoke_role_2" "Mozilla/5.0 (Windows NT 10.0; Win64; x64) AppleWebKit/537.36 (KHTML, like Gecko) Chrome/131.0.0.0 Safari/537.36 Edg/131.0.0.0"
45.56.220.125 - - [21/Jan/2025:22:14:39 +0000] "POST /wp-cron.php?doing_wp_cron=1737497679.3219978809356689453125 HTTP/1.1" 200 - "-" "WordPress/6.7.1; https://cpd.mhcollab.ca"
198.161.4.63 - - [21/Jan/2025:22:14:37 +0000] "POST /wp-admin/admin-ajax.php HTTP/1.1" 200 126 "https://cpd.mhcollab.ca/wp-admin/users.php?s=brooks&action=-1&new_role&ur_user_approval_status=pending&ur_specific_form_user&ure_add_role&ure_revoke_role&primary_role=bbp_blocked&ld-listing-nonce=57f136eb89&group_id&course_id&paged=1&action2=-1&new_role2&ur_user_approval_status2&ur_specific_form_user2&ure_add_role_2&ure_revoke_role_2" "Mozilla/5.0 (Windows NT 10.0; Win64; x64) AppleWebKit/537.36 (KHTML, like Gecko) Chrome/131.0.0.0 Safari/537.36 Edg/131.0.0.0"
198.161.4.63 - - [21/Jan/2025:22:14:40 +0000] "GET /wp-admin/user-edit.php?user_id=456&wp_http_referer=%2Fwp-admin%2Fusers.php%3Fs%3Dbrooks%26action%3D-1%26new_role%26ur_user_approval_status%3Dpending%26ur_specific_form_user%26ure_add_role%26ure_revoke_role%26primary_role%3Dbbp_blocked%26ld-listing-nonce%3D57f136eb89%26group_id%26course_id%26paged%3D1%26action2%3D-1%26new_role2%26ur_user_approval_status2%26ur_specific_form_user2%26ure_add_role_2%26ure_revoke_role_2 HTTP/1.1" 200 86218 "https://cpd.mhcollab.ca/wp-admin/users.php?s=brooks&action=-1&new_role&ur_user_approval_status=pending&ur_specific_form_user&ure_add_role&ure_revoke_role&primary_role=bbp_blocked&ld-listing-nonce=57f136eb89&group_id&course_id&paged=1&action2=-1&new_role2&ur_user_approval_status2&ur_specific_form_user2&ure_add_role_2&ure_revoke_role_2" "Mozilla/5.0 (Windows NT 10.0; Win64; x64) AppleWebKit/537.36 (KHTML, like Gecko) Chrome/131.0.0.0 Safari/537.36 Edg/131.0.0.0"
198.161.4.63 - - [21/Jan/2025:22:14:42 +0000] "GET /wp-content/uploads/2024/03/owl-icon-15559.png HTTP/1.1" 404 36551 "https://cpd.mhcollab.ca/wp-admin/user-edit.php?user_id=456&wp_http_referer=%2Fwp-admin%2Fusers.php%3Fs%3Dbrooks%26action%3D-1%26new_role%26ur_user_approval_status%3Dpending%26ur_specific_form_user%26ure_add_role%26ure_revoke_role%26primary_role%3Dbbp_blocked%26ld-listing-nonce%3D57f136eb89%26group_id%26course_id%26paged%3D1%26action2%3D-1%26new_role2%26ur_user_approval_status2%26ur_specific_form_user2%26ure_add_role_2%26ure_revoke_role_2" "Mozilla/5.0 (Windows NT 10.0; Win64; x64) AppleWebKit/537.36 (KHTML, like Gecko) Chrome/131.0.0.0 Safari/537.36 Edg/131.0.0.0"
198.161.4.63 - - [21/Jan/2025:22:14:42 +0000] "POST /wp-admin/admin-ajax.php HTTP/1.1" 200 67 "https://cpd.mhcollab.ca/wp-admin/user-edit.php?user_id=456&wp_http_referer=%2Fwp-admin%2Fusers.php%3Fs%3Dbrooks%26action%3D-1%26new_role%26ur_user_approval_status%3Dpending%26ur_specific_form_user%26ure_add_role%26ure_revoke_role%26primary_role%3Dbbp_blocked%26ld-listing-nonce%3D57f136eb89%26group_id%26course_id%26paged%3D1%26action2%3D-1%26new_role2%26ur_user_approval_status2%26ur_specific_form_user2%26ure_add_role_2%26ure_revoke_role_2" "Mozilla/5.0 (Windows NT 10.0; Win64; x64) AppleWebKit/537.36 (KHTML, like Gecko) Chrome/131.0.0.0 Safari/537.36 Edg/131.0.0.0"
45.56.220.125 - - [21/Jan/2025:22:14:39 +0000] "POST /wp-admin/admin-ajax.php?action=as_async_request_queue_runner&nonce=86acc78db0 HTTP/1.1" 200 - "-" "WordPress/6.7.1; https://cpd.mhcollab.ca"
198.161.4.63 - - [21/Jan/2025:22:14:47 +0000] "POST /wp-admin/admin-ajax.php HTTP/1.1" 200 127 "https://cpd.mhcollab.ca/wp-admin/user-edit.php?user_id=456&wp_http_referer=%2Fwp-admin%2Fusers.php%3Fs%3Dbrooks%26action%3D-1%26new_role%26ur_user_approval_status%3Dpending%26ur_specific_form_user%26ure_add_role%26ure_revoke_role%26primary_role%3Dbbp_blocked%26ld-listing-nonce%3D57f136eb89%26group_id%26course_id%26paged%3D1%26action2%3D-1%26new_role2%26ur_user_approval_status2%26ur_specific_form_user2%26ure_add_role_2%26ure_revoke_role_2" "Mozilla/5.0 (Windows NT 10.0; Win64; x64) AppleWebKit/537.36 (KHTML, like Gecko) Chrome/131.0.0.0 Safari/537.36 Edg/131.0.0.0"
45.56.220.125 - - [21/Jan/2025:22:15:49 +0000] "POST /wp-cron.php?doing_wp_cron=1737497749.3169069290161132812500 HTTP/1.1" 200 - "-" "WordPress/6.7.1; https://cpd.mhcollab.ca"
198.161.4.63 - - [21/Jan/2025:22:15:47 +0000] "POST /wp-admin/admin-ajax.php HTTP/1.1" 200 125 "https://cpd.mhcollab.ca/wp-admin/user-edit.php?user_id=456&wp_http_referer=%2Fwp-admin%2Fusers.php%3Fs%3Dbrooks%26action%3D-1%26new_role%26ur_user_approval_status%3Dpending%26ur_specific_form_user%26ure_add_role%26ure_revoke_role%26primary_role%3Dbbp_blocked%26ld-listing-nonce%3D57f136eb89%26group_id%26course_id%26paged%3D1%26action2%3D-1%26new_role2%26ur_user_approval_status2%26ur_specific_form_user2%26ure_add_role_2%26ure_revoke_role_2" "Mozilla/5.0 (Windows NT 10.0; Win64; x64) AppleWebKit/537.36 (KHTML, like Gecko) Chrome/131.0.0.0 Safari/537.36 Edg/131.0.0.0"
45.56.220.125 - - [21/Jan/2025:22:15:57 +0000] "POST /wp-cron.php?doing_wp_cron=1737497757.7223539352416992187500 HTTP/1.1" 200 - "-" "WordPress/6.7.1; https://cpd.mhcollab.ca"
24.66.118.184 - - [21/Jan/2025:22:15:56 +0000] "GET /courseinfo/cat_b HTTP/1.1" 301 - "https://cpd.mhcollab.ca/courseinfo-2" "Mozilla/5.0 (Windows NT 10.0; Win64; x64) AppleWebKit/537.36 (KHTML, like Gecko) Chrome/131.0.0.0 Safari/537.36"
24.66.118.184 - - [21/Jan/2025:22:15:57 +0000] "GET /courseinfo-2/cat_b HTTP/1.1" 200 31774 "https://cpd.mhcollab.ca/courseinfo-2" "Mozilla/5.0 (Windows NT 10.0; Win64; x64) AppleWebKit/537.36 (KHTML, like Gecko) Chrome/131.0.0.0 Safari/537.36"
24.66.118.184 - - [21/Jan/2025:22:15:59 +0000] "GET /wp-includes/css/dist/block-library/style.min.css?ver=1f041886d6beac9432c1496850c082e4 HTTP/1.1" 200 15177 "https://cpd.mhcollab.ca/courseinfo-2/cat_b" "Mozilla/5.0 (Windows NT 10.0; Win64; x64) AppleWebKit/537.36 (KHTML, like Gecko) Chrome/131.0.0.0 Safari/537.36"
24.66.118.184 - - [21/Jan/2025:22:15:59 +0000] "GET /wp-content/plugins/learndash-course-grid/templates/skins/grid/style.css?ver=2.0.10 HTTP/1.1" 200 209 "https://cpd.mhcollab.ca/courseinfo-2/cat_b" "Mozilla/5.0 (Windows NT 10.0; Win64; x64) AppleWebKit/537.36 (KHTML, like Gecko) Chrome/131.0.0.0 Safari/537.36"
24.66.118.184 - - [21/Jan/2025:22:15:59 +0000] "GET /wp-content/plugins/learndash-course-grid/assets/css/style.css?ver=2.0.10 HTTP/1.1" 200 239 "https://cpd.mhcollab.ca/courseinfo-2/cat_b" "Mozilla/5.0 (Windows NT 10.0; Win64; x64) AppleWebKit/537.36 (KHTML, like Gecko) Chrome/131.0.0.0 Safari/537.36"
24.66.118.184 - - [21/Jan/2025:22:15:59 +0000] "GET /wp-content/plugins/learndash-course-grid/templates/pagination/style.css?ver=2.0.10 HTTP/1.1" 200 366 "https://cpd.mhcollab.ca/courseinfo-2/cat_b" "Mozilla/5.0 (Windows NT 10.0; Win64; x64) AppleWebKit/537.36 (KHTML, like Gecko) Chrome/131.0.0.0 Safari/537.36"
24.66.118.184 - - [21/Jan/2025:22:15:59 +0000] "GET /wp-content/plugins/learndash-course-grid/templates/filter/style.css?ver=2.0.10 HTTP/1.1" 200 1223 "https://cpd.mhcollab.ca/courseinfo-2/cat_b" "Mozilla/5.0 (Windows NT 10.0; Win64; x64) AppleWebKit/537.36 (KHTML, like Gecko) Chrome/131.0.0.0 Safari/537.36"
24.66.118.184 - - [21/Jan/2025:22:15:59 +0000] "GET /wp-content/plugins/learndash-course-grid/templates/cards/grid-2/style.css?ver=2.0.10 HTTP/1.1" 200 907 "https://cpd.mhcollab.ca/courseinfo-2/cat_b" "Mozilla/5.0 (Windows NT 10.0; Win64; x64) AppleWebKit/537.36 (KHTML, like Gecko) Chrome/131.0.0.0 Safari/537.36"
24.66.118.184 - - [21/Jan/2025:22:15:59 +0000] "GET /wp-content/plugins/learndash-course-grid/templates/skins/grid/script.js?ver=2.0.10 HTTP/1.1" 200 624 "https://cpd.mhcollab.ca/courseinfo-2/cat_b" "Mozilla/5.0 (Windows NT 10.0; Win64; x64) AppleWebKit/537.36 (KHTML, like Gecko) Chrome/131.0.0.0 Safari/537.36"
24.66.118.184 - - [21/Jan/2025:22:15:59 +0000] "GET /wp-content/plugins/learndash-course-grid/assets/js/script.js?ver=2.0.10 HTTP/1.1" 200 2361 "https://cpd.mhcollab.ca/courseinfo-2/cat_b" "Mozilla/5.0 (Windows NT 10.0; Win64; x64) AppleWebKit/537.36 (KHTML, like Gecko) Chrome/131.0.0.0 Safari/537.36"
24.66.118.184 - - [21/Jan/2025:22:15:59 +0000] "GET /wp-content/plugins/sfwd-lms/themes/legacy/templates/learndash_pager.min.js?ver=4.20.0.1 HTTP/1.1" 200 915 "https://cpd.mhcollab.ca/courseinfo-2/cat_b" "Mozilla/5.0 (Windows NT 10.0; Win64; x64) AppleWebKit/537.36 (KHTML, like Gecko) Chrome/131.0.0.0 Safari/537.36"
24.66.118.184 - - [21/Jan/2025:22:15:59 +0000] "GET /wp-content/plugins/sfwd-lms/themes/legacy/templates/learndash_template_script.min.js?ver=4.20.0.1 HTTP/1.1" 200 1131 "https://cpd.mhcollab.ca/courseinfo-2/cat_b" "Mozilla/5.0 (Windows NT 10.0; Win64; x64) AppleWebKit/537.36 (KHTML, like Gecko) Chrome/131.0.0.0 Safari/537.36"
24.66.118.184 - - [21/Jan/2025:22:15:59 +0000] "GET /wp-content/plugins/sfwd-lms/assets/js/jquery.dropdown.min.js?ver=4.20.0.1 HTTP/1.1" 200 936 "https://cpd.mhcollab.ca/courseinfo-2/cat_b" "Mozilla/5.0 (Windows NT 10.0; Win64; x64) AppleWebKit/537.36 (KHTML, like Gecko) Chrome/131.0.0.0 Safari/537.36"
24.66.118.184 - - [21/Jan/2025:22:15:59 +0000] "GET /wp-content/uploads/2024/08/CatB-CES2-150x150.png HTTP/1.1" 200 45491 "https://cpd.mhcollab.ca/courseinfo-2/cat_b" "Mozilla/5.0 (Windows NT 10.0; Win64; x64) AppleWebKit/537.36 (KHTML, like Gecko) Chrome/131.0.0.0 Safari/537.36"
