70.72.216.60 - - [21/Jan/2025:17:37:34 +0000] "GET /wp-content/uploads/2024/05/2307-Supporting-Borderline-Personality-Disorder_-Clinical-Insights-and-Effective-Intervention.mp4?_=1 HTTP/1.1" 206 39137521 "https://cpd.mhcollab.ca/courses/2307b/lessons/2307-2" "Mozilla/5.0 (Macintosh; Intel Mac OS X 10_15_7) AppleWebKit/605.1.15 (KHTML, like Gecko) Version/15.6.1 Safari/605.1.15"
70.72.216.60 - - [21/Jan/2025:17:37:39 +0000] "GET /wp-content/plugins/uncanny-toolkit-pro/src/includes/simple_timer_performance.php?course_id=6244&post_id=6237&_=1737478601594 HTTP/1.1" 200 80 "https://cpd.mhcollab.ca/courses/2307b/lessons/2307-2" "Mozilla/5.0 (Macintosh; Intel Mac OS X 10_15_7) AppleWebKit/605.1.15 (KHTML, like Gecko) Version/15.6.1 Safari/605.1.15"
70.72.216.60 - - [21/Jan/2025:17:37:54 +0000] "GET /wp-content/uploads/2024/05/2307-Supporting-Borderline-Personality-Disorder_-Clinical-Insights-and-Effective-Intervention.mp4?_=1 HTTP/1.1" 206 36974833 "https://cpd.mhcollab.ca/courses/2307b/lessons/2307-2" "Mozilla/5.0 (Macintosh; Intel Mac OS X 10_15_7) AppleWebKit/605.1.15 (KHTML, like Gecko) Version/15.6.1 Safari/605.1.15"
70.72.216.60 - - [21/Jan/2025:17:37:59 +0000] "GET /wp-content/plugins/uncanny-toolkit-pro/src/includes/simple_timer_performance.php?course_id=6244&post_id=6237&_=1737478601595 HTTP/1.1" 200 80 "https://cpd.mhcollab.ca/courses/2307b/lessons/2307-2" "Mozilla/5.0 (Macintosh; Intel Mac OS X 10_15_7) AppleWebKit/605.1.15 (KHTML, like Gecko) Version/15.6.1 Safari/605.1.15"
70.72.216.60 - - [21/Jan/2025:17:38:14 +0000] "GET /wp-content/uploads/2024/05/2307-Supporting-Borderline-Personality-Disorder_-Clinical-Insights-and-Effective-Intervention.mp4?_=1 HTTP/1.1" 206 34812145 "https://cpd.mhcollab.ca/courses/2307b/lessons/2307-2" "Mozilla/5.0 (Macintosh; Intel Mac OS X 10_15_7) AppleWebKit/605.1.15 (KHTML, like Gecko) Version/15.6.1 Safari/605.1.15"
70.72.216.60 - - [21/Jan/2025:17:38:19 +0000] "GET /wp-content/plugins/uncanny-toolkit-pro/src/includes/simple_timer_performance.php?course_id=6244&post_id=6237&_=1737478601596 HTTP/1.1" 200 80 "https://cpd.mhcollab.ca/courses/2307b/lessons/2307-2" "Mozilla/5.0 (Macintosh; Intel Mac OS X 10_15_7) AppleWebKit/605.1.15 (KHTML, like Gecko) Version/15.6.1 Safari/605.1.15"
70.72.216.60 - - [21/Jan/2025:17:38:35 +0000] "GET /wp-content/uploads/2024/05/2307-Supporting-Borderline-Personality-Disorder_-Clinical-Insights-and-Effective-Intervention.mp4?_=1 HTTP/1.1" 206 32583921 "https://cpd.mhcollab.ca/courses/2307b/lessons/2307-2" "Mozilla/5.0 (Macintosh; Intel Mac OS X 10_15_7) AppleWebKit/605.1.15 (KHTML, like Gecko) Version/15.6.1 Safari/605.1.15"
70.72.216.60 - - [21/Jan/2025:17:38:40 +0000] "GET /wp-content/plugins/uncanny-toolkit-pro/src/includes/simple_timer_performance.php?course_id=6244&post_id=6237&_=1737478601597 HTTP/1.1" 200 80 "https://cpd.mhcollab.ca/courses/2307b/lessons/2307-2" "Mozilla/5.0 (Macintosh; Intel Mac OS X 10_15_7) AppleWebKit/605.1.15 (KHTML, like Gecko) Version/15.6.1 Safari/605.1.15"
70.72.216.60 - - [21/Jan/2025:17:38:56 +0000] "GET /wp-content/uploads/2024/05/2307-Supporting-Borderline-Personality-Disorder_-Clinical-Insights-and-Effective-Intervention.mp4?_=1 HTTP/1.1" 206 30290161 "https://cpd.mhcollab.ca/courses/2307b/lessons/2307-2" "Mozilla/5.0 (Macintosh; Intel Mac OS X 10_15_7) AppleWebKit/605.1.15 (KHTML, like Gecko) Version/15.6.1 Safari/605.1.15"
70.72.216.60 - - [21/Jan/2025:17:39:01 +0000] "GET /wp-content/plugins/uncanny-toolkit-pro/src/includes/simple_timer_performance.php?course_id=6244&post_id=6237&_=1737478601598 HTTP/1.1" 200 80 "https://cpd.mhcollab.ca/courses/2307b/lessons/2307-2" "Mozilla/5.0 (Macintosh; Intel Mac OS X 10_15_7) AppleWebKit/605.1.15 (KHTML, like Gecko) Version/15.6.1 Safari/605.1.15"
70.72.216.60 - - [21/Jan/2025:17:39:15 +0000] "GET /wp-content/uploads/2024/05/2307-Supporting-Borderline-Personality-Disorder_-Clinical-Insights-and-Effective-Intervention.mp4?_=1 HTTP/1.1" 206 28127473 "https://cpd.mhcollab.ca/courses/2307b/lessons/2307-2" "Mozilla/5.0 (Macintosh; Intel Mac OS X 10_15_7) AppleWebKit/605.1.15 (KHTML, like Gecko) Version/15.6.1 Safari/605.1.15"
70.72.216.60 - - [21/Jan/2025:17:39:22 +0000] "GET /wp-content/plugins/uncanny-toolkit-pro/src/includes/simple_timer_performance.php?course_id=6244&post_id=6237&_=1737478601599 HTTP/1.1" 200 80 "https://cpd.mhcollab.ca/courses/2307b/lessons/2307-2" "Mozilla/5.0 (Macintosh; Intel Mac OS X 10_15_7) AppleWebKit/605.1.15 (KHTML, like Gecko) Version/15.6.1 Safari/605.1.15"
70.72.216.60 - - [21/Jan/2025:17:39:35 +0000] "GET /wp-content/uploads/2024/05/2307-Supporting-Borderline-Personality-Disorder_-Clinical-Insights-and-Effective-Intervention.mp4?_=1 HTTP/1.1" 206 25964785 "https://cpd.mhcollab.ca/courses/2307b/lessons/2307-2" "Mozilla/5.0 (Macintosh; Intel Mac OS X 10_15_7) AppleWebKit/605.1.15 (KHTML, like Gecko) Version/15.6.1 Safari/605.1.15"
70.72.216.60 - - [21/Jan/2025:17:39:42 +0000] "GET /wp-content/plugins/uncanny-toolkit-pro/src/includes/simple_timer_performance.php?course_id=6244&post_id=6237&_=1737478601600 HTTP/1.1" 200 80 "https://cpd.mhcollab.ca/courses/2307b/lessons/2307-2" "Mozilla/5.0 (Macintosh; Intel Mac OS X 10_15_7) AppleWebKit/605.1.15 (KHTML, like Gecko) Version/15.6.1 Safari/605.1.15"
70.72.216.60 - - [21/Jan/2025:17:39:56 +0000] "GET /wp-content/uploads/2024/05/2307-Supporting-Borderline-Personality-Disorder_-Clinical-Insights-and-Effective-Intervention.mp4?_=1 HTTP/1.1" 206 23867633 "https://cpd.mhcollab.ca/courses/2307b/lessons/2307-2" "Mozilla/5.0 (Macintosh; Intel Mac OS X 10_15_7) AppleWebKit/605.1.15 (KHTML, like Gecko) Version/15.6.1 Safari/605.1.15"
70.72.216.60 - - [21/Jan/2025:17:40:03 +0000] "GET /wp-content/plugins/uncanny-toolkit-pro/src/includes/simple_timer_performance.php?course_id=6244&post_id=6237&_=1737478601601 HTTP/1.1" 200 80 "https://cpd.mhcollab.ca/courses/2307b/lessons/2307-2" "Mozilla/5.0 (Macintosh; Intel Mac OS X 10_15_7) AppleWebKit/605.1.15 (KHTML, like Gecko) Version/15.6.1 Safari/605.1.15"
70.72.216.60 - - [21/Jan/2025:17:40:15 +0000] "GET /wp-content/uploads/2024/05/2307-Supporting-Borderline-Personality-Disorder_-Clinical-Insights-and-Effective-Intervention.mp4?_=1 HTTP/1.1" 206 21639409 "https://cpd.mhcollab.ca/courses/2307b/lessons/2307-2" "Mozilla/5.0 (Macintosh; Intel Mac OS X 10_15_7) AppleWebKit/605.1.15 (KHTML, like Gecko) Version/15.6.1 Safari/605.1.15"
70.72.216.60 - - [21/Jan/2025:17:40:24 +0000] "GET /wp-content/plugins/uncanny-toolkit-pro/src/includes/simple_timer_performance.php?course_id=6244&post_id=6237&_=1737478601602 HTTP/1.1" 200 80 "https://cpd.mhcollab.ca/courses/2307b/lessons/2307-2" "Mozilla/5.0 (Macintosh; Intel Mac OS X 10_15_7) AppleWebKit/605.1.15 (KHTML, like Gecko) Version/15.6.1 Safari/605.1.15"
70.72.216.60 - - [21/Jan/2025:17:40:33 +0000] "GET /wp-content/uploads/2024/05/2307-Supporting-Borderline-Personality-Disorder_-Clinical-Insights-and-Effective-Intervention.mp4?_=1 HTTP/1.1" 206 19542257 "https://cpd.mhcollab.ca/courses/2307b/lessons/2307-2" "Mozilla/5.0 (Macintosh; Intel Mac OS X 10_15_7) AppleWebKit/605.1.15 (KHTML, like Gecko) Version/15.6.1 Safari/605.1.15"
70.72.216.60 - - [21/Jan/2025:17:40:45 +0000] "GET /wp-content/plugins/uncanny-toolkit-pro/src/includes/simple_timer_performance.php?course_id=6244&post_id=6237&_=1737478601603 HTTP/1.1" 200 80 "https://cpd.mhcollab.ca/courses/2307b/lessons/2307-2" "Mozilla/5.0 (Macintosh; Intel Mac OS X 10_15_7) AppleWebKit/605.1.15 (KHTML, like Gecko) Version/15.6.1 Safari/605.1.15"
70.72.216.60 - - [21/Jan/2025:17:40:49 +0000] "GET /wp-content/uploads/2024/05/2307-Supporting-Borderline-Personality-Disorder_-Clinical-Insights-and-Effective-Intervention.mp4?_=1 HTTP/1.1" 206 17314033 "https://cpd.mhcollab.ca/courses/2307b/lessons/2307-2" "Mozilla/5.0 (Macintosh; Intel Mac OS X 10_15_7) AppleWebKit/605.1.15 (KHTML, like Gecko) Version/15.6.1 Safari/605.1.15"
70.72.216.60 - - [21/Jan/2025:17:41:06 +0000] "GET /wp-content/plugins/uncanny-toolkit-pro/src/includes/simple_timer_performance.php?course_id=6244&post_id=6237&_=1737478601604 HTTP/1.1" 200 80 "https://cpd.mhcollab.ca/courses/2307b/lessons/2307-2" "Mozilla/5.0 (Macintosh; Intel Mac OS X 10_15_7) AppleWebKit/605.1.15 (KHTML, like Gecko) Version/15.6.1 Safari/605.1.15"
70.72.216.60 - - [21/Jan/2025:17:41:06 +0000] "GET /wp-content/uploads/2024/05/2307-Supporting-Borderline-Personality-Disorder_-Clinical-Insights-and-Effective-Intervention.mp4?_=1 HTTP/1.1" 206 15216881 "https://cpd.mhcollab.ca/courses/2307b/lessons/2307-2" "Mozilla/5.0 (Macintosh; Intel Mac OS X 10_15_7) AppleWebKit/605.1.15 (KHTML, like Gecko) Version/15.6.1 Safari/605.1.15"
70.72.216.60 - - [21/Jan/2025:17:41:23 +0000] "GET /wp-content/uploads/2024/05/2307-Supporting-Borderline-Personality-Disorder_-Clinical-Insights-and-Effective-Intervention.mp4?_=1 HTTP/1.1" 206 13119729 "https://cpd.mhcollab.ca/courses/2307b/lessons/2307-2" "Mozilla/5.0 (Macintosh; Intel Mac OS X 10_15_7) AppleWebKit/605.1.15 (KHTML, like Gecko) Version/15.6.1 Safari/605.1.15"
70.72.216.60 - - [21/Jan/2025:17:41:27 +0000] "GET /wp-content/plugins/uncanny-toolkit-pro/src/includes/simple_timer_performance.php?course_id=6244&post_id=6237&_=1737478601605 HTTP/1.1" 200 80 "https://cpd.mhcollab.ca/courses/2307b/lessons/2307-2" "Mozilla/5.0 (Macintosh; Intel Mac OS X 10_15_7) AppleWebKit/605.1.15 (KHTML, like Gecko) Version/15.6.1 Safari/605.1.15"
70.72.216.60 - - [21/Jan/2025:17:41:40 +0000] "GET /wp-content/uploads/2024/05/2307-Supporting-Borderline-Personality-Disorder_-Clinical-Insights-and-Effective-Intervention.mp4?_=1 HTTP/1.1" 206 10825969 "https://cpd.mhcollab.ca/courses/2307b/lessons/2307-2" "Mozilla/5.0 (Macintosh; Intel Mac OS X 10_15_7) AppleWebKit/605.1.15 (KHTML, like Gecko) Version/15.6.1 Safari/605.1.15"
70.72.216.60 - - [21/Jan/2025:17:41:48 +0000] "GET /wp-content/plugins/uncanny-toolkit-pro/src/includes/simple_timer_performance.php?course_id=6244&post_id=6237&_=1737478601606 HTTP/1.1" 200 80 "https://cpd.mhcollab.ca/courses/2307b/lessons/2307-2" "Mozilla/5.0 (Macintosh; Intel Mac OS X 10_15_7) AppleWebKit/605.1.15 (KHTML, like Gecko) Version/15.6.1 Safari/605.1.15"
70.72.216.60 - - [21/Jan/2025:17:41:58 +0000] "GET /wp-content/uploads/2024/05/2307-Supporting-Borderline-Personality-Disorder_-Clinical-Insights-and-Effective-Intervention.mp4?_=1 HTTP/1.1" 206 8728817 "https://cpd.mhcollab.ca/courses/2307b/lessons/2307-2" "Mozilla/5.0 (Macintosh; Intel Mac OS X 10_15_7) AppleWebKit/605.1.15 (KHTML, like Gecko) Version/15.6.1 Safari/605.1.15"
70.72.216.60 - - [21/Jan/2025:17:42:09 +0000] "GET /wp-content/plugins/uncanny-toolkit-pro/src/includes/simple_timer_performance.php?course_id=6244&post_id=6237&_=1737478601607 HTTP/1.1" 200 80 "https://cpd.mhcollab.ca/courses/2307b/lessons/2307-2" "Mozilla/5.0 (Macintosh; Intel Mac OS X 10_15_7) AppleWebKit/605.1.15 (KHTML, like Gecko) Version/15.6.1 Safari/605.1.15"
70.72.216.60 - - [21/Jan/2025:17:42:15 +0000] "GET /wp-content/uploads/2024/05/2307-Supporting-Borderline-Personality-Disorder_-Clinical-Insights-and-Effective-Intervention.mp4?_=1 HTTP/1.1" 206 6369521 "https://cpd.mhcollab.ca/courses/2307b/lessons/2307-2" "Mozilla/5.0 (Macintosh; Intel Mac OS X 10_15_7) AppleWebKit/605.1.15 (KHTML, like Gecko) Version/15.6.1 Safari/605.1.15"
70.72.216.60 - - [21/Jan/2025:17:42:30 +0000] "GET /wp-content/plugins/uncanny-toolkit-pro/src/includes/simple_timer_performance.php?course_id=6244&post_id=6237&_=1737478601608 HTTP/1.1" 200 80 "https://cpd.mhcollab.ca/courses/2307b/lessons/2307-2" "Mozilla/5.0 (Macintosh; Intel Mac OS X 10_15_7) AppleWebKit/605.1.15 (KHTML, like Gecko) Version/15.6.1 Safari/605.1.15"
70.72.216.60 - - [21/Jan/2025:17:42:34 +0000] "GET /wp-content/uploads/2024/05/2307-Supporting-Borderline-Personality-Disorder_-Clinical-Insights-and-Effective-Intervention.mp4?_=1 HTTP/1.1" 206 4272369 "https://cpd.mhcollab.ca/courses/2307b/lessons/2307-2" "Mozilla/5.0 (Macintosh; Intel Mac OS X 10_15_7) AppleWebKit/605.1.15 (KHTML, like Gecko) Version/15.6.1 Safari/605.1.15"
70.72.216.60 - - [21/Jan/2025:17:42:51 +0000] "GET /wp-content/plugins/uncanny-toolkit-pro/src/includes/simple_timer_performance.php?course_id=6244&post_id=6237&_=1737478601609 HTTP/1.1" 200 80 "https://cpd.mhcollab.ca/courses/2307b/lessons/2307-2" "Mozilla/5.0 (Macintosh; Intel Mac OS X 10_15_7) AppleWebKit/605.1.15 (KHTML, like Gecko) Version/15.6.1 Safari/605.1.15"
70.72.216.60 - - [21/Jan/2025:17:42:54 +0000] "GET /wp-content/uploads/2024/05/2307-Supporting-Borderline-Personality-Disorder_-Clinical-Insights-and-Effective-Intervention.mp4?_=1 HTTP/1.1" 206 2175217 "https://cpd.mhcollab.ca/courses/2307b/lessons/2307-2" "Mozilla/5.0 (Macintosh; Intel Mac OS X 10_15_7) AppleWebKit/605.1.15 (KHTML, like Gecko) Version/15.6.1 Safari/605.1.15"
70.72.216.60 - - [21/Jan/2025:17:43:12 +0000] "GET /wp-content/plugins/uncanny-toolkit-pro/src/includes/simple_timer_performance.php?course_id=6244&post_id=6237&_=1737478601610 HTTP/1.1" 200 80 "https://cpd.mhcollab.ca/courses/2307b/lessons/2307-2" "Mozilla/5.0 (Macintosh; Intel Mac OS X 10_15_7) AppleWebKit/605.1.15 (KHTML, like Gecko) Version/15.6.1 Safari/605.1.15"
70.72.216.60 - - [21/Jan/2025:17:43:33 +0000] "GET /wp-content/plugins/uncanny-toolkit-pro/src/includes/simple_timer_performance.php?course_id=6244&post_id=6237&_=1737478601611 HTTP/1.1" 200 80 "https://cpd.mhcollab.ca/courses/2307b/lessons/2307-2" "Mozilla/5.0 (Macintosh; Intel Mac OS X 10_15_7) AppleWebKit/605.1.15 (KHTML, like Gecko) Version/15.6.1 Safari/605.1.15"
70.72.216.60 - - [21/Jan/2025:17:43:54 +0000] "GET /wp-content/plugins/uncanny-toolkit-pro/src/includes/simple_timer_performance.php?course_id=6244&post_id=6237&_=1737478601612 HTTP/1.1" 200 80 "https://cpd.mhcollab.ca/courses/2307b/lessons/2307-2" "Mozilla/5.0 (Macintosh; Intel Mac OS X 10_15_7) AppleWebKit/605.1.15 (KHTML, like Gecko) Version/15.6.1 Safari/605.1.15"
70.72.216.60 - - [21/Jan/2025:17:44:15 +0000] "GET /wp-content/plugins/uncanny-toolkit-pro/src/includes/simple_timer_performance.php?course_id=6244&post_id=6237&_=1737478601613 HTTP/1.1" 200 80 "https://cpd.mhcollab.ca/courses/2307b/lessons/2307-2" "Mozilla/5.0 (Macintosh; Intel Mac OS X 10_15_7) AppleWebKit/605.1.15 (KHTML, like Gecko) Version/15.6.1 Safari/605.1.15"
70.72.216.60 - - [21/Jan/2025:17:45:22 +0000] "GET /wp-content/plugins/uncanny-toolkit-pro/src/includes/simple_timer_performance.php?course_id=6244&post_id=6237&_=1737478601614 HTTP/1.1" 200 80 "https://cpd.mhcollab.ca/courses/2307b/lessons/2307-2" "Mozilla/5.0 (Macintosh; Intel Mac OS X 10_15_7) AppleWebKit/605.1.15 (KHTML, like Gecko) Version/15.6.1 Safari/605.1.15"
70.72.216.60 - - [21/Jan/2025:17:45:42 +0000] "GET /wp-content/plugins/uncanny-toolkit-pro/src/includes/simple_timer_performance.php?course_id=6244&post_id=6237&_=1737478601615 HTTP/1.1" 200 80 "https://cpd.mhcollab.ca/courses/2307b/lessons/2307-2" "Mozilla/5.0 (Macintosh; Intel Mac OS X 10_15_7) AppleWebKit/605.1.15 (KHTML, like Gecko) Version/15.6.1 Safari/605.1.15"
45.56.220.125 - - [21/Jan/2025:17:45:55 +0000] "POST /wp-cron.php?doing_wp_cron=1737481555.3912830352783203125000 HTTP/1.1" 200 - "-" "WordPress/6.7.1; https://cpd.mhcollab.ca"
70.72.216.60 - - [21/Jan/2025:17:45:53 +0000] "POST /wp-admin/admin-ajax.php HTTP/1.1" 200 36 "https://cpd.mhcollab.ca/courses/2307b/lessons/2307-2" "Mozilla/5.0 (Macintosh; Intel Mac OS X 10_15_7) AppleWebKit/605.1.15 (KHTML, like Gecko) Version/15.6.1 Safari/605.1.15"
70.72.216.60 - - [21/Jan/2025:17:45:56 +0000] "POST /courses/2307b/lessons/2307-2 HTTP/1.1" 302 - "https://cpd.mhcollab.ca/courses/2307b/lessons/2307-2" "Mozilla/5.0 (Macintosh; Intel Mac OS X 10_15_7) AppleWebKit/605.1.15 (KHTML, like Gecko) Version/15.6.1 Safari/605.1.15"
70.72.216.60 - - [21/Jan/2025:17:45:57 +0000] "POST /courses/2307b/lessons/2307-2 HTTP/1.1" 302 - "https://cpd.mhcollab.ca/courses/2307b/lessons/2307-2" "Mozilla/5.0 (Macintosh; Intel Mac OS X 10_15_7) AppleWebKit/605.1.15 (KHTML, like Gecko) Version/15.6.1 Safari/605.1.15"
70.72.216.60 - - [21/Jan/2025:17:45:59 +0000] "GET /courses/2307b/lessons/2307-3 HTTP/1.1" 200 27291 "https://cpd.mhcollab.ca/courses/2307b/lessons/2307-2" "Mozilla/5.0 (Macintosh; Intel Mac OS X 10_15_7) AppleWebKit/605.1.15 (KHTML, like Gecko) Version/15.6.1 Safari/605.1.15"
45.56.220.125 - - [21/Jan/2025:17:45:55 +0000] "POST /wp-admin/admin-ajax.php?action=as_async_request_queue_runner&nonce=50dc060ce9 HTTP/1.1" 200 - "-" "WordPress/6.7.1; https://cpd.mhcollab.ca"
70.72.216.60 - - [21/Jan/2025:17:46:04 +0000] "POST /wp-admin/admin-ajax.php HTTP/1.1" 200 36 "https://cpd.mhcollab.ca/courses/2307b/lessons/2307-3" "Mozilla/5.0 (Macintosh; Intel Mac OS X 10_15_7) AppleWebKit/605.1.15 (KHTML, like Gecko) Version/15.6.1 Safari/605.1.15"
70.72.216.60 - - [21/Jan/2025:17:46:04 +0000] "POST /wp-admin/admin-ajax.php HTTP/1.1" 200 36 "https://cpd.mhcollab.ca/courses/2307b/lessons/2307-3" "Mozilla/5.0 (Macintosh; Intel Mac OS X 10_15_7) AppleWebKit/605.1.15 (KHTML, like Gecko) Version/15.6.1 Safari/605.1.15"
70.72.216.60 - - [21/Jan/2025:17:46:22 +0000] "GET /wp-content/plugins/uncanny-toolkit-pro/src/includes/simple_timer_performance.php?course_id=6244&post_id=6332&_=1737481561459 HTTP/1.1" 200 78 "https://cpd.mhcollab.ca/courses/2307b/lessons/2307-3" "Mozilla/5.0 (Macintosh; Intel Mac OS X 10_15_7) AppleWebKit/605.1.15 (KHTML, like Gecko) Version/15.6.1 Safari/605.1.15"
70.72.216.60 - - [21/Jan/2025:17:46:42 +0000] "GET /wp-content/plugins/uncanny-toolkit-pro/src/includes/simple_timer_performance.php?course_id=6244&post_id=6332&_=1737481561460 HTTP/1.1" 200 76 "https://cpd.mhcollab.ca/courses/2307b/lessons/2307-3" "Mozilla/5.0 (Macintosh; Intel Mac OS X 10_15_7) AppleWebKit/605.1.15 (KHTML, like Gecko) Version/15.6.1 Safari/605.1.15"
70.72.216.60 - - [21/Jan/2025:17:47:02 +0000] "GET /wp-content/plugins/uncanny-toolkit-pro/src/includes/simple_timer_performance.php?course_id=6244&post_id=6332&_=1737481561461 HTTP/1.1" 200 74 "https://cpd.mhcollab.ca/courses/2307b/lessons/2307-3" "Mozilla/5.0 (Macintosh; Intel Mac OS X 10_15_7) AppleWebKit/605.1.15 (KHTML, like Gecko) Version/15.6.1 Safari/605.1.15"
70.72.216.60 - - [21/Jan/2025:17:47:22 +0000] "GET /wp-content/plugins/uncanny-toolkit-pro/src/includes/simple_timer_performance.php?course_id=6244&post_id=6332&_=1737481561462 HTTP/1.1" 200 76 "https://cpd.mhcollab.ca/courses/2307b/lessons/2307-3" "Mozilla/5.0 (Macintosh; Intel Mac OS X 10_15_7) AppleWebKit/605.1.15 (KHTML, like Gecko) Version/15.6.1 Safari/605.1.15"
70.72.216.60 - - [21/Jan/2025:17:47:42 +0000] "GET /wp-content/plugins/uncanny-toolkit-pro/src/includes/simple_timer_performance.php?course_id=6244&post_id=6332&_=1737481561463 HTTP/1.1" 200 77 "https://cpd.mhcollab.ca/courses/2307b/lessons/2307-3" "Mozilla/5.0 (Macintosh; Intel Mac OS X 10_15_7) AppleWebKit/605.1.15 (KHTML, like Gecko) Version/15.6.1 Safari/605.1.15"
70.72.216.60 - - [21/Jan/2025:17:48:02 +0000] "GET /wp-content/plugins/uncanny-toolkit-pro/src/includes/simple_timer_performance.php?course_id=6244&post_id=6332&_=1737481561464 HTTP/1.1" 200 78 "https://cpd.mhcollab.ca/courses/2307b/lessons/2307-3" "Mozilla/5.0 (Macintosh; Intel Mac OS X 10_15_7) AppleWebKit/605.1.15 (KHTML, like Gecko) Version/15.6.1 Safari/605.1.15"
45.56.220.125 - - [21/Jan/2025:17:48:11 +0000] "POST /wp-cron.php?doing_wp_cron=1737481691.6253440380096435546875 HTTP/1.1" 200 - "-" "WordPress/6.7.1; https://cpd.mhcollab.ca"
74.125.215.162 - - [21/Jan/2025:17:48:10 +0000] "GET /.well-known/traffic-advice HTTP/1.1" 404 25569 "-" "Chrome Privacy Preserving Prefetch Proxy"
193.186.4.194 - - [21/Jan/2025:17:48:10 +0000] "GET / HTTP/1.1" 200 30116 "https://www.google.com/" "Mozilla/5.0 (Windows NT 10.0; Win64; x64) AppleWebKit/537.36 (KHTML, like Gecko) Chrome/132.0.0.0 Safari/537.36"
70.72.216.60 - - [21/Jan/2025:17:48:23 +0000] "GET /wp-content/plugins/uncanny-toolkit-pro/src/includes/simple_timer_performance.php?course_id=6244&post_id=6332&_=1737481561465 HTTP/1.1" 200 78 "https://cpd.mhcollab.ca/courses/2307b/lessons/2307-3" "Mozilla/5.0 (Macintosh; Intel Mac OS X 10_15_7) AppleWebKit/605.1.15 (KHTML, like Gecko) Version/15.6.1 Safari/605.1.15"
70.72.216.60 - - [21/Jan/2025:17:48:44 +0000] "GET /wp-content/plugins/uncanny-toolkit-pro/src/includes/simple_timer_performance.php?course_id=6244&post_id=6332&_=1737481561466 HTTP/1.1" 200 78 "https://cpd.mhcollab.ca/courses/2307b/lessons/2307-3" "Mozilla/5.0 (Macintosh; Intel Mac OS X 10_15_7) AppleWebKit/605.1.15 (KHTML, like Gecko) Version/15.6.1 Safari/605.1.15"
70.72.216.60 - - [21/Jan/2025:17:48:58 +0000] "GET /wp-content/uploads/2024/05/2307-SupportingBPD-Resources.pdf HTTP/1.1" 200 179714 "https://cpd.mhcollab.ca/courses/2307b/lessons/2307-3" "Mozilla/5.0 (Macintosh; Intel Mac OS X 10_15_7) AppleWebKit/605.1.15 (KHTML, like Gecko) Version/15.6.1 Safari/605.1.15"
45.56.220.125 - - [21/Jan/2025:17:49:02 +0000] "POST /wp-cron.php?doing_wp_cron=1737481742.5023050308227539062500 HTTP/1.1" 200 - "-" "WordPress/6.7.1; https://cpd.mhcollab.ca"
70.72.216.60 - - [21/Jan/2025:17:49:00 +0000] "POST /wp-admin/admin-ajax.php HTTP/1.1" 200 36 "https://cpd.mhcollab.ca/courses/2307b/lessons/2307-3" "Mozilla/5.0 (Macintosh; Intel Mac OS X 10_15_7) AppleWebKit/605.1.15 (KHTML, like Gecko) Version/15.6.1 Safari/605.1.15"
70.72.216.60 - - [21/Jan/2025:17:49:02 +0000] "POST /courses/2307b/lessons/2307-3 HTTP/1.1" 302 - "https://cpd.mhcollab.ca/courses/2307b/lessons/2307-3" "Mozilla/5.0 (Macintosh; Intel Mac OS X 10_15_7) AppleWebKit/605.1.15 (KHTML, like Gecko) Version/15.6.1 Safari/605.1.15"
70.72.216.60 - - [21/Jan/2025:17:49:05 +0000] "GET /courses/2307b HTTP/1.1" 200 29319 "https://cpd.mhcollab.ca/courses/2307b/lessons/2307-3" "Mozilla/5.0 (Macintosh; Intel Mac OS X 10_15_7) AppleWebKit/605.1.15 (KHTML, like Gecko) Version/15.6.1 Safari/605.1.15"
70.72.216.60 - - [21/Jan/2025:17:49:09 +0000] "POST /wp-admin/admin-ajax.php HTTP/1.1" 200 37 "https://cpd.mhcollab.ca/courses/2307b" "Mozilla/5.0 (Macintosh; Intel Mac OS X 10_15_7) AppleWebKit/605.1.15 (KHTML, like Gecko) Version/15.6.1 Safari/605.1.15"
45.56.220.125 - - [21/Jan/2025:17:49:12 +0000] "GET /wp-content/uploads/2023/12/CertTemplate-Web-Archive.jpg HTTP/1.1" 200 72547 "https://cpd.mhcollab.ca/courses/2307b" "Mozilla/5.0 (X11; Ubuntu; Linux x86_64; rv:108.0) Gecko/20100101 Firefox/108.0"
70.72.216.60 - - [21/Jan/2025:17:49:11 +0000] "GET /certificates/arch_cert?course_id=6244&cert-nonce=a986cee1ee HTTP/1.1" 200 144187 "https://cpd.mhcollab.ca/courses/2307b" "Mozilla/5.0 (Macintosh; Intel Mac OS X 10_15_7) AppleWebKit/605.1.15 (KHTML, like Gecko) Version/15.6.1 Safari/605.1.15"
45.56.220.125 - - [21/Jan/2025:17:49:14 +0000] "GET /wp-content/uploads/2023/12/CertTemplate-Web-Archive.jpg HTTP/1.1" 200 72547 "https://cpd.mhcollab.ca/courses/2307b" "Mozilla/5.0 (X11; Ubuntu; Linux x86_64; rv:108.0) Gecko/20100101 Firefox/108.0"
70.72.216.60 - - [21/Jan/2025:17:49:13 +0000] "GET /favicon.ico HTTP/1.1" 302 - "https://cpd.mhcollab.ca/certificates/arch_cert?course_id=6244&cert-nonce=a986cee1ee" "Mozilla/5.0 (Macintosh; Intel Mac OS X 10_15_7) AppleWebKit/605.1.15 (KHTML, like Gecko) Version/15.6.1 Safari/605.1.15"
70.72.216.60 - - [21/Jan/2025:17:49:15 +0000] "GET /wp-content/uploads/2022/07/cropped-CPD_Logo_acr-2022-e1658354457929-32x32.png HTTP/1.1" 200 1476 "https://cpd.mhcollab.ca/certificates/arch_cert?course_id=6244&cert-nonce=a986cee1ee" "Mozilla/5.0 (Macintosh; Intel Mac OS X 10_15_7) AppleWebKit/605.1.15 (KHTML, like Gecko) Version/15.6.1 Safari/605.1.15"
70.72.216.60 - - [21/Jan/2025:17:49:13 +0000] "GET /certificates/arch_cert?course_id=6244&cert-nonce=a986cee1ee HTTP/1.1" 200 144186 "https://cpd.mhcollab.ca/courses/2307b" "Mozilla/5.0 (Macintosh; Intel Mac OS X 10_15_7) AppleWebKit/605.1.15 (KHTML, like Gecko) Version/15.6.1 Safari/605.1.15"
70.72.216.60 - - [21/Jan/2025:17:49:27 +0000] "GET /wp-content/plugins/uncanny-toolkit-pro/src/includes/simple_timer_performance.php?course_id=6244&post_id=6244&_=1737481746961 HTTP/1.1" 200 78 "https://cpd.mhcollab.ca/courses/2307b" "Mozilla/5.0 (Macintosh; Intel Mac OS X 10_15_7) AppleWebKit/605.1.15 (KHTML, like Gecko) Version/15.6.1 Safari/605.1.15"
70.72.216.60 - - [21/Jan/2025:17:49:47 +0000] "GET /wp-content/plugins/uncanny-toolkit-pro/src/includes/simple_timer_performance.php?course_id=6244&post_id=6244&_=1737481746962 HTTP/1.1" 200 76 "https://cpd.mhcollab.ca/courses/2307b" "Mozilla/5.0 (Macintosh; Intel Mac OS X 10_15_7) AppleWebKit/605.1.15 (KHTML, like Gecko) Version/15.6.1 Safari/605.1.15"
45.56.220.125 - - [21/Jan/2025:17:50:06 +0000] "POST /wp-cron.php?doing_wp_cron=1737481806.3421490192413330078125 HTTP/1.1" 200 - "-" "WordPress/6.7.1; https://cpd.mhcollab.ca"
70.72.216.60 - - [21/Jan/2025:17:50:04 +0000] "GET /courses/2307b/lessons/2307-3 HTTP/1.1" 200 27209 "https://cpd.mhcollab.ca/courses/2307b/lessons/2307-2" "Mozilla/5.0 (Macintosh; Intel Mac OS X 10_15_7) AppleWebKit/605.1.15 (KHTML, like Gecko) Version/15.6.1 Safari/605.1.15"
70.72.216.60 - - [21/Jan/2025:17:50:09 +0000] "POST /wp-admin/admin-ajax.php HTTP/1.1" 200 36 "https://cpd.mhcollab.ca/courses/2307b/lessons/2307-3" "Mozilla/5.0 (Macintosh; Intel Mac OS X 10_15_7) AppleWebKit/605.1.15 (KHTML, like Gecko) Version/15.6.1 Safari/605.1.15"
70.72.216.60 - - [21/Jan/2025:17:50:10 +0000] "GET / HTTP/1.1" 200 30579 "https://cpd.mhcollab.ca/courses/2307b/lessons/2307-3" "Mozilla/5.0 (Macintosh; Intel Mac OS X 10_15_7) AppleWebKit/605.1.15 (KHTML, like Gecko) Version/15.6.1 Safari/605.1.15"
70.72.216.60 - - [21/Jan/2025:17:50:29 +0000] "GET /courseinfo-2 HTTP/1.1" 200 33302 "https://cpd.mhcollab.ca/" "Mozilla/5.0 (Macintosh; Intel Mac OS X 10_15_7) AppleWebKit/605.1.15 (KHTML, like Gecko) Version/15.6.1 Safari/605.1.15"
45.56.220.125 - - [21/Jan/2025:17:53:26 +0000] "POST /wp-cron.php?doing_wp_cron=1737482006.6449439525604248046875 HTTP/1.1" 200 - "-" "WordPress/6.7.1; https://cpd.mhcollab.ca"
114.119.155.44 - - [21/Jan/2025:17:53:25 +0000] "GET /registration?ld_register_id=5575 HTTP/1.1" 200 34049 "https://cpd.mhcollab.ca/courses/2302-2" "Mozilla/5.0 (Linux; Android 7.0;) AppleWebKit/537.36 (KHTML, like Gecko) Mobile Safari/537.36 (compatible; PetalBot;+https://webmaster.petalsearch.com/site/petalbot)"
45.56.220.125 - - [21/Jan/2025:17:54:32 +0000] "POST /wp-cron.php?doing_wp_cron=1737482072.2826108932495117187500 HTTP/1.1" 200 - "-" "WordPress/6.7.1; https://cpd.mhcollab.ca"
70.72.216.60 - - [21/Jan/2025:17:54:30 +0000] "GET /courseinfo/cat_b HTTP/1.1" 301 - "https://cpd.mhcollab.ca/courseinfo-2" "Mozilla/5.0 (Macintosh; Intel Mac OS X 10_15_7) AppleWebKit/605.1.15 (KHTML, like Gecko) Version/15.6.1 Safari/605.1.15"
70.72.216.60 - - [21/Jan/2025:17:54:32 +0000] "GET /courseinfo-2/cat_b HTTP/1.1" 200 32698 "https://cpd.mhcollab.ca/courseinfo-2" "Mozilla/5.0 (Macintosh; Intel Mac OS X 10_15_7) AppleWebKit/605.1.15 (KHTML, like Gecko) Version/15.6.1 Safari/605.1.15"
70.72.216.60 - - [21/Jan/2025:17:54:35 +0000] "GET /wp-content/uploads/2024/08/CatB-MHL2-1-300x300.png HTTP/1.1" 200 66015 "https://cpd.mhcollab.ca/courseinfo-2/cat_b" "Mozilla/5.0 (Macintosh; Intel Mac OS X 10_15_7) AppleWebKit/605.1.15 (KHTML, like Gecko) Version/15.6.1 Safari/605.1.15"
70.72.216.60 - - [21/Jan/2025:17:54:35 +0000] "GET /wp-content/uploads/2024/07/2401-300x300.png HTTP/1.1" 200 124962 "https://cpd.mhcollab.ca/courseinfo-2/cat_b" "Mozilla/5.0 (Macintosh; Intel Mac OS X 10_15_7) AppleWebKit/605.1.15 (KHTML, like Gecko) Version/15.6.1 Safari/605.1.15"
70.72.216.60 - - [21/Jan/2025:17:54:35 +0000] "GET /wp-content/uploads/2023/06/DBT-300x300.jpg HTTP/1.1" 200 9989 "https://cpd.mhcollab.ca/courseinfo-2/cat_b" "Mozilla/5.0 (Macintosh; Intel Mac OS X 10_15_7) AppleWebKit/605.1.15 (KHTML, like Gecko) Version/15.6.1 Safari/605.1.15"
70.72.216.60 - - [21/Jan/2025:17:54:44 +0000] "GET /wp-content/uploads/2023/09/2202-AutisticWellbeing-300x300.png HTTP/1.1" 200 34088 "https://cpd.mhcollab.ca/courseinfo-2/cat_b" "Mozilla/5.0 (Macintosh; Intel Mac OS X 10_15_7) AppleWebKit/605.1.15 (KHTML, like Gecko) Version/15.6.1 Safari/605.1.15"
70.72.216.60 - - [21/Jan/2025:17:54:46 +0000] "GET /wp-content/uploads/2023/09/young-adult-friends-youth-culture-concept-150x150.jpg HTTP/1.1" 200 7029 "https://cpd.mhcollab.ca/courseinfo-2/cat_b" "Mozilla/5.0 (Macintosh; Intel Mac OS X 10_15_7) AppleWebKit/605.1.15 (KHTML, like Gecko) Version/15.6.1 Safari/605.1.15"
70.72.216.60 - - [21/Jan/2025:17:54:46 +0000] "GET /wp-content/uploads/2023/08/Prescribe-300x300.png HTTP/1.1" 200 26993 "https://cpd.mhcollab.ca/courseinfo-2/cat_b" "Mozilla/5.0 (Macintosh; Intel Mac OS X 10_15_7) AppleWebKit/605.1.15 (KHTML, like Gecko) Version/15.6.1 Safari/605.1.15"
70.72.216.60 - - [21/Jan/2025:17:54:46 +0000] "GET /wp-content/uploads/2023/08/2107-300x300.png HTTP/1.1" 200 29468 "https://cpd.mhcollab.ca/courseinfo-2/cat_b" "Mozilla/5.0 (Macintosh; Intel Mac OS X 10_15_7) AppleWebKit/605.1.15 (KHTML, like Gecko) Version/15.6.1 Safari/605.1.15"
70.72.216.60 - - [21/Jan/2025:17:54:52 +0000] "GET /wp-content/uploads/2023/08/ToxicRelationship-300x300.png HTTP/1.1" 200 29361 "https://cpd.mhcollab.ca/courseinfo-2/cat_b" "Mozilla/5.0 (Macintosh; Intel Mac OS X 10_15_7) AppleWebKit/605.1.15 (KHTML, like Gecko) Version/15.6.1 Safari/605.1.15"
70.72.216.60 - - [21/Jan/2025:17:54:52 +0000] "GET /wp-content/uploads/2023/08/SchoolItems-150x150.png HTTP/1.1" 200 55514 "https://cpd.mhcollab.ca/courseinfo-2/cat_b" "Mozilla/5.0 (Macintosh; Intel Mac OS X 10_15_7) AppleWebKit/605.1.15 (KHTML, like Gecko) Version/15.6.1 Safari/605.1.15"
70.72.216.60 - - [21/Jan/2025:17:54:52 +0000] "GET /wp-content/uploads/2023/08/EmotionRegulation-300x300.png HTTP/1.1" 200 30001 "https://cpd.mhcollab.ca/courseinfo-2/cat_b" "Mozilla/5.0 (Macintosh; Intel Mac OS X 10_15_7) AppleWebKit/605.1.15 (KHTML, like Gecko) Version/15.6.1 Safari/605.1.15"
70.72.216.60 - - [21/Jan/2025:17:54:56 +0000] "GET /wp-content/uploads/2023/08/MountainLake-150x150.png HTTP/1.1" 200 32393 "https://cpd.mhcollab.ca/courseinfo-2/cat_b" "Mozilla/5.0 (Macintosh; Intel Mac OS X 10_15_7) AppleWebKit/605.1.15 (KHTML, like Gecko) Version/15.6.1 Safari/605.1.15"
70.72.216.60 - - [21/Jan/2025:17:54:56 +0000] "GET /wp-content/uploads/2022/07/TitleImage-e1690839275614-150x150.jpg HTTP/1.1" 200 4973 "https://cpd.mhcollab.ca/courseinfo-2/cat_b" "Mozilla/5.0 (Macintosh; Intel Mac OS X 10_15_7) AppleWebKit/605.1.15 (KHTML, like Gecko) Version/15.6.1 Safari/605.1.15"
45.56.220.125 - - [21/Jan/2025:17:55:30 +0000] "POST /wp-cron.php?doing_wp_cron=1737482130.5612449645996093750000 HTTP/1.1" 200 - "-" "WordPress/6.7.1; https://cpd.mhcollab.ca"
70.72.216.60 - - [21/Jan/2025:17:55:28 +0000] "GET /courses/2203 HTTP/1.1" 503 28151 "https://cpd.mhcollab.ca/courseinfo-2/cat_b" "Mozilla/5.0 (Macintosh; Intel Mac OS X 10_15_7) AppleWebKit/605.1.15 (KHTML, like Gecko) Version/15.6.1 Safari/605.1.15"
70.72.216.60 - - [21/Jan/2025:17:55:35 +0000] "POST /courses/2203 HTTP/1.1" 200 29155 "https://cpd.mhcollab.ca/courses/2203" "Mozilla/5.0 (Macintosh; Intel Mac OS X 10_15_7) AppleWebKit/605.1.15 (KHTML, like Gecko) Version/15.6.1 Safari/605.1.15"
70.72.216.60 - - [21/Jan/2025:17:55:40 +0000] "POST /wp-admin/admin-ajax.php HTTP/1.1" 200 36 "https://cpd.mhcollab.ca/courses/2203" "Mozilla/5.0 (Macintosh; Intel Mac OS X 10_15_7) AppleWebKit/605.1.15 (KHTML, like Gecko) Version/15.6.1 Safari/605.1.15"
70.72.216.60 - - [21/Jan/2025:17:55:40 +0000] "POST /wp-admin/admin-ajax.php HTTP/1.1" 200 36 "https://cpd.mhcollab.ca/courses/2203" "Mozilla/5.0 (Macintosh; Intel Mac OS X 10_15_7) AppleWebKit/605.1.15 (KHTML, like Gecko) Version/15.6.1 Safari/605.1.15"
70.72.216.60 - - [21/Jan/2025:17:55:42 +0000] "GET /courses/2203/lessons/2203-slide-notes HTTP/1.1" 200 27284 "https://cpd.mhcollab.ca/courses/2203" "Mozilla/5.0 (Macintosh; Intel Mac OS X 10_15_7) AppleWebKit/605.1.15 (KHTML, like Gecko) Version/15.6.1 Safari/605.1.15"
70.72.216.60 - - [21/Jan/2025:17:55:45 +0000] "GET /wp-content/uploads/2023/09/2203-Handouts.pdf HTTP/1.1" 200 1390730 "https://cpd.mhcollab.ca/courses/2203/lessons/2203-slide-notes" "Mozilla/5.0 (Macintosh; Intel Mac OS X 10_15_7) AppleWebKit/605.1.15 (KHTML, like Gecko) Version/15.6.1 Safari/605.1.15"
45.56.220.125 - - [21/Jan/2025:17:55:48 +0000] "POST /wp-cron.php?doing_wp_cron=1737482148.1404449939727783203125 HTTP/1.1" 200 - "-" "WordPress/6.7.1; https://cpd.mhcollab.ca"
70.72.216.60 - - [21/Jan/2025:17:55:46 +0000] "POST /wp-admin/admin-ajax.php HTTP/1.1" 200 36 "https://cpd.mhcollab.ca/courses/2203/lessons/2203-slide-notes" "Mozilla/5.0 (Macintosh; Intel Mac OS X 10_15_7) AppleWebKit/605.1.15 (KHTML, like Gecko) Version/15.6.1 Safari/605.1.15"
70.72.216.60 - - [21/Jan/2025:17:55:46 +0000] "POST /wp-admin/admin-ajax.php HTTP/1.1" 200 36 "https://cpd.mhcollab.ca/courses/2203/lessons/2203-slide-notes" "Mozilla/5.0 (Macintosh; Intel Mac OS X 10_15_7) AppleWebKit/605.1.15 (KHTML, like Gecko) Version/15.6.1 Safari/605.1.15"
70.72.216.60 - - [21/Jan/2025:17:55:46 +0000] "POST /wp-admin/admin-ajax.php HTTP/1.1" 200 36 "https://cpd.mhcollab.ca/courses/2203/lessons/2203-slide-notes" "Mozilla/5.0 (Macintosh; Intel Mac OS X 10_15_7) AppleWebKit/605.1.15 (KHTML, like Gecko) Version/15.6.1 Safari/605.1.15"
70.72.216.60 - - [21/Jan/2025:17:55:47 +0000] "POST /wp-admin/admin-ajax.php HTTP/1.1" 200 36 "https://cpd.mhcollab.ca/courses/2203/lessons/2203-slide-notes" "Mozilla/5.0 (Macintosh; Intel Mac OS X 10_15_7) AppleWebKit/605.1.15 (KHTML, like Gecko) Version/15.6.1 Safari/605.1.15"
70.72.216.60 - - [21/Jan/2025:17:55:49 +0000] "POST /courses/2203/lessons/2203-slide-notes HTTP/1.1" 302 - "https://cpd.mhcollab.ca/courses/2203/lessons/2203-slide-notes" "Mozilla/5.0 (Macintosh; Intel Mac OS X 10_15_7) AppleWebKit/605.1.15 (KHTML, like Gecko) Version/15.6.1 Safari/605.1.15"
45.56.220.125 - - [21/Jan/2025:17:55:52 +0000] "POST /wp-cron.php?doing_wp_cron=1737482152.1950230598449707031250 HTTP/1.1" 200 - "-" "WordPress/6.7.1; https://cpd.mhcollab.ca"
70.72.216.60 - - [21/Jan/2025:17:55:51 +0000] "GET /courses/2203/lessons/2203-the-art-of-pendulating-presentation HTTP/1.1" 200 28652 "https://cpd.mhcollab.ca/courses/2203/lessons/2203-slide-notes" "Mozilla/5.0 (Macintosh; Intel Mac OS X 10_15_7) AppleWebKit/605.1.15 (KHTML, like Gecko) Version/15.6.1 Safari/605.1.15"
70.72.216.60 - - [21/Jan/2025:17:55:52 +0000] "GET /wp-content/uploads/2023/09/2203-ART-OF-PENDULATION.mp4?_=1 HTTP/1.1" 206 2 "https://cpd.mhcollab.ca/courses/2203/lessons/2203-the-art-of-pendulating-presentation" "Mozilla/5.0 (Macintosh; Intel Mac OS X 10_15_7) AppleWebKit/605.1.15 (KHTML, like Gecko) Version/15.6.1 Safari/605.1.15"
70.72.216.60 - - [21/Jan/2025:17:55:52 +0000] "GET /wp-content/uploads/2023/09/2203-ART-OF-PENDULATION.mp4?_=1 HTTP/1.1" 206 118950090 "https://cpd.mhcollab.ca/courses/2203/lessons/2203-the-art-of-pendulating-presentation" "Mozilla/5.0 (Macintosh; Intel Mac OS X 10_15_7) AppleWebKit/605.1.15 (KHTML, like Gecko) Version/15.6.1 Safari/605.1.15"
70.72.216.60 - - [21/Jan/2025:17:55:53 +0000] "GET /wp-content/uploads/2023/09/2203-ART-OF-PENDULATION.mp4?_=1 HTTP/1.1" 206 2 "https://cpd.mhcollab.ca/courses/2203/lessons/2203-the-art-of-pendulating-presentation" "Mozilla/5.0 (Macintosh; Intel Mac OS X 10_15_7) AppleWebKit/605.1.15 (KHTML, like Gecko) Version/15.6.1 Safari/605.1.15"
70.72.216.60 - - [21/Jan/2025:17:55:53 +0000] "GET /wp-content/uploads/2023/09/2203-ART-OF-PENDULATION.mp4?_=1 HTTP/1.1" 206 118950090 "https://cpd.mhcollab.ca/courses/2203/lessons/2203-the-art-of-pendulating-presentation" "Mozilla/5.0 (Macintosh; Intel Mac OS X 10_15_7) AppleWebKit/605.1.15 (KHTML, like Gecko) Version/15.6.1 Safari/605.1.15"
70.72.216.60 - - [21/Jan/2025:17:55:53 +0000] "GET /wp-content/uploads/2023/09/2203-ART-OF-PENDULATION.mp4?_=1 HTTP/1.1" 206 118294730 "https://cpd.mhcollab.ca/courses/2203/lessons/2203-the-art-of-pendulating-presentation" "Mozilla/5.0 (Macintosh; Intel Mac OS X 10_15_7) AppleWebKit/605.1.15 (KHTML, like Gecko) Version/15.6.1 Safari/605.1.15"
70.72.216.60 - - [21/Jan/2025:17:55:53 +0000] "GET /wp-content/uploads/2023/09/2203-ART-OF-PENDULATION.mp4?_=1 HTTP/1.1" 206 117704906 "https://cpd.mhcollab.ca/courses/2203/lessons/2203-the-art-of-pendulating-presentation" "Mozilla/5.0 (Macintosh; Intel Mac OS X 10_15_7) AppleWebKit/605.1.15 (KHTML, like Gecko) Version/15.6.1 Safari/605.1.15"
70.72.216.60 - - [21/Jan/2025:17:55:53 +0000] "GET /wp-content/uploads/2023/09/2203-ART-OF-PENDULATION.mp4?_=1 HTTP/1.1" 206 118934499 "https://cpd.mhcollab.ca/courses/2203/lessons/2203-the-art-of-pendulating-presentation" "Mozilla/5.0 (Macintosh; Intel Mac OS X 10_15_7) AppleWebKit/605.1.15 (KHTML, like Gecko) Version/15.6.1 Safari/605.1.15"
45.56.220.125 - - [21/Jan/2025:17:55:57 +0000] "POST /wp-cron.php?doing_wp_cron=1737482157.8672618865966796875000 HTTP/1.1" 200 - "-" "WordPress/6.7.1; https://cpd.mhcollab.ca"
70.72.216.60 - - [21/Jan/2025:17:55:56 +0000] "POST /wp-admin/admin-ajax.php HTTP/1.1" 200 37 "https://cpd.mhcollab.ca/courses/2203/lessons/2203-the-art-of-pendulating-presentation" "Mozilla/5.0 (Macintosh; Intel Mac OS X 10_15_7) AppleWebKit/605.1.15 (KHTML, like Gecko) Version/15.6.1 Safari/605.1.15"
70.72.216.60 - - [21/Jan/2025:17:55:58 +0000] "GET /wp-content/uploads/2023/09/2203-ART-OF-PENDULATION.mp4?_=1 HTTP/1.1" 206 115086913 "https://cpd.mhcollab.ca/courses/2203/lessons/2203-the-art-of-pendulating-presentation" "Mozilla/5.0 (Macintosh; Intel Mac OS X 10_15_7) AppleWebKit/605.1.15 (KHTML, like Gecko) Version/15.6.1 Safari/605.1.15"
70.72.216.60 - - [21/Jan/2025:17:56:13 +0000] "GET /wp-content/plugins/uncanny-toolkit-pro/src/includes/simple_timer_performance.php?course_id=5112&post_id=5153&_=1737482152406 HTTP/1.1" 200 78 "https://cpd.mhcollab.ca/courses/2203/lessons/2203-the-art-of-pendulating-presentation" "Mozilla/5.0 (Macintosh; Intel Mac OS X 10_15_7) AppleWebKit/605.1.15 (KHTML, like Gecko) Version/15.6.1 Safari/605.1.15"
70.72.216.60 - - [21/Jan/2025:17:56:13 +0000] "GET /wp-content/uploads/2023/09/2203-ART-OF-PENDULATION.mp4?_=1 HTTP/1.1" 206 87165130 "https://cpd.mhcollab.ca/courses/2203/lessons/2203-the-art-of-pendulating-presentation" "Mozilla/5.0 (Macintosh; Intel Mac OS X 10_15_7) AppleWebKit/605.1.15 (KHTML, like Gecko) Version/15.6.1 Safari/605.1.15"
70.72.216.60 - - [21/Jan/2025:17:56:17 +0000] "GET /wp-content/uploads/2023/09/2203-ART-OF-PENDULATION.mp4?_=1 HTTP/1.1" 206 82643146 "https://cpd.mhcollab.ca/courses/2203/lessons/2203-the-art-of-pendulating-presentation" "Mozilla/5.0 (Macintosh; Intel Mac OS X 10_15_7) AppleWebKit/605.1.15 (KHTML, like Gecko) Version/15.6.1 Safari/605.1.15"
70.72.216.60 - - [21/Jan/2025:17:56:19 +0000] "GET /wp-content/uploads/2023/09/2203-ART-OF-PENDULATION.mp4?_=1 HTTP/1.1" 206 81266890 "https://cpd.mhcollab.ca/courses/2203/lessons/2203-the-art-of-pendulating-presentation" "Mozilla/5.0 (Macintosh; Intel Mac OS X 10_15_7) AppleWebKit/605.1.15 (KHTML, like Gecko) Version/15.6.1 Safari/605.1.15"
70.72.216.60 - - [21/Jan/2025:17:56:22 +0000] "GET /wp-content/uploads/2023/09/2203-ART-OF-PENDULATION.mp4?_=1 HTTP/1.1" 206 79562954 "https://cpd.mhcollab.ca/courses/2203/lessons/2203-the-art-of-pendulating-presentation" "Mozilla/5.0 (Macintosh; Intel Mac OS X 10_15_7) AppleWebKit/605.1.15 (KHTML, like Gecko) Version/15.6.1 Safari/605.1.15"
70.72.216.60 - - [21/Jan/2025:17:56:33 +0000] "GET /wp-content/plugins/uncanny-toolkit-pro/src/includes/simple_timer_performance.php?course_id=5112&post_id=5153&_=1737482152407 HTTP/1.1" 200 76 "https://cpd.mhcollab.ca/courses/2203/lessons/2203-the-art-of-pendulating-presentation" "Mozilla/5.0 (Macintosh; Intel Mac OS X 10_15_7) AppleWebKit/605.1.15 (KHTML, like Gecko) Version/15.6.1 Safari/605.1.15"
70.72.216.60 - - [21/Jan/2025:17:56:53 +0000] "GET /wp-content/plugins/uncanny-toolkit-pro/src/includes/simple_timer_performance.php?course_id=5112&post_id=5153&_=1737482152408 HTTP/1.1" 200 74 "https://cpd.mhcollab.ca/courses/2203/lessons/2203-the-art-of-pendulating-presentation" "Mozilla/5.0 (Macintosh; Intel Mac OS X 10_15_7) AppleWebKit/605.1.15 (KHTML, like Gecko) Version/15.6.1 Safari/605.1.15"
70.72.216.60 - - [21/Jan/2025:17:57:13 +0000] "GET /wp-content/plugins/uncanny-toolkit-pro/src/includes/simple_timer_performance.php?course_id=5112&post_id=5153&_=1737482152409 HTTP/1.1" 200 76 "https://cpd.mhcollab.ca/courses/2203/lessons/2203-the-art-of-pendulating-presentation" "Mozilla/5.0 (Macintosh; Intel Mac OS X 10_15_7) AppleWebKit/605.1.15 (KHTML, like Gecko) Version/15.6.1 Safari/605.1.15"
70.72.216.60 - - [21/Jan/2025:17:57:15 +0000] "GET /wp-content/uploads/2023/09/2203-ART-OF-PENDULATION.mp4?_=1 HTTP/1.1" 206 78842058 "https://cpd.mhcollab.ca/courses/2203/lessons/2203-the-art-of-pendulating-presentation" "Mozilla/5.0 (Macintosh; Intel Mac OS X 10_15_7) AppleWebKit/605.1.15 (KHTML, like Gecko) Version/15.6.1 Safari/605.1.15"
70.72.216.60 - - [21/Jan/2025:17:57:33 +0000] "GET /wp-content/plugins/uncanny-toolkit-pro/src/includes/simple_timer_performance.php?course_id=5112&post_id=5153&_=1737482152410 HTTP/1.1" 200 77 "https://cpd.mhcollab.ca/courses/2203/lessons/2203-the-art-of-pendulating-presentation" "Mozilla/5.0 (Macintosh; Intel Mac OS X 10_15_7) AppleWebKit/605.1.15 (KHTML, like Gecko) Version/15.6.1 Safari/605.1.15"
70.72.216.60 - - [21/Jan/2025:17:57:53 +0000] "GET /wp-content/plugins/uncanny-toolkit-pro/src/includes/simple_timer_performance.php?course_id=5112&post_id=5153&_=1737482152411 HTTP/1.1" 200 78 "https://cpd.mhcollab.ca/courses/2203/lessons/2203-the-art-of-pendulating-presentation" "Mozilla/5.0 (Macintosh; Intel Mac OS X 10_15_7) AppleWebKit/605.1.15 (KHTML, like Gecko) Version/15.6.1 Safari/605.1.15"
70.72.216.60 - - [21/Jan/2025:17:58:08 +0000] "GET /wp-content/uploads/2023/09/2203-ART-OF-PENDULATION.mp4?_=1 HTTP/1.1" 206 76744906 "https://cpd.mhcollab.ca/courses/2203/lessons/2203-the-art-of-pendulating-presentation" "Mozilla/5.0 (Macintosh; Intel Mac OS X 10_15_7) AppleWebKit/605.1.15 (KHTML, like Gecko) Version/15.6.1 Safari/605.1.15"
70.72.216.60 - - [21/Jan/2025:17:58:14 +0000] "GET /wp-content/plugins/uncanny-toolkit-pro/src/includes/simple_timer_performance.php?course_id=5112&post_id=5153&_=1737482152412 HTTP/1.1" 200 78 "https://cpd.mhcollab.ca/courses/2203/lessons/2203-the-art-of-pendulating-presentation" "Mozilla/5.0 (Macintosh; Intel Mac OS X 10_15_7) AppleWebKit/605.1.15 (KHTML, like Gecko) Version/15.6.1 Safari/605.1.15"
70.72.216.60 - - [21/Jan/2025:17:58:35 +0000] "GET /wp-content/plugins/uncanny-toolkit-pro/src/includes/simple_timer_performance.php?course_id=5112&post_id=5153&_=1737482152413 HTTP/1.1" 200 78 "https://cpd.mhcollab.ca/courses/2203/lessons/2203-the-art-of-pendulating-presentation" "Mozilla/5.0 (Macintosh; Intel Mac OS X 10_15_7) AppleWebKit/605.1.15 (KHTML, like Gecko) Version/15.6.1 Safari/605.1.15"
70.72.216.60 - - [21/Jan/2025:17:58:55 +0000] "GET /wp-content/plugins/uncanny-toolkit-pro/src/includes/simple_timer_performance.php?course_id=5112&post_id=5153&_=1737482152414 HTTP/1.1" 200 78 "https://cpd.mhcollab.ca/courses/2203/lessons/2203-the-art-of-pendulating-presentation" "Mozilla/5.0 (Macintosh; Intel Mac OS X 10_15_7) AppleWebKit/605.1.15 (KHTML, like Gecko) Version/15.6.1 Safari/605.1.15"
70.72.216.60 - - [21/Jan/2025:17:59:00 +0000] "GET /wp-content/uploads/2023/09/2203-ART-OF-PENDULATION.mp4?_=1 HTTP/1.1" 206 74582218 "https://cpd.mhcollab.ca/courses/2203/lessons/2203-the-art-of-pendulating-presentation" "Mozilla/5.0 (Macintosh; Intel Mac OS X 10_15_7) AppleWebKit/605.1.15 (KHTML, like Gecko) Version/15.6.1 Safari/605.1.15"
70.72.216.60 - - [21/Jan/2025:17:59:15 +0000] "GET /wp-content/plugins/uncanny-toolkit-pro/src/includes/simple_timer_performance.php?course_id=5112&post_id=5153&_=1737482152415 HTTP/1.1" 200 78 "https://cpd.mhcollab.ca/courses/2203/lessons/2203-the-art-of-pendulating-presentation" "Mozilla/5.0 (Macintosh; Intel Mac OS X 10_15_7) AppleWebKit/605.1.15 (KHTML, like Gecko) Version/15.6.1 Safari/605.1.15"
70.72.216.60 - - [21/Jan/2025:17:59:18 +0000] "GET /wp-content/uploads/2023/09/2203-ART-OF-PENDULATION.mp4?_=1 HTTP/1.1" 206 72485066 "https://cpd.mhcollab.ca/courses/2203/lessons/2203-the-art-of-pendulating-presentation" "Mozilla/5.0 (Macintosh; Intel Mac OS X 10_15_7) AppleWebKit/605.1.15 (KHTML, like Gecko) Version/15.6.1 Safari/605.1.15"
70.72.216.60 - - [21/Jan/2025:17:59:21 +0000] "GET /wp-content/uploads/2023/09/2203-ART-OF-PENDULATION.mp4?_=1 HTTP/1.1" 206 60950730 "https://cpd.mhcollab.ca/courses/2203/lessons/2203-the-art-of-pendulating-presentation" "Mozilla/5.0 (Macintosh; Intel Mac OS X 10_15_7) AppleWebKit/605.1.15 (KHTML, like Gecko) Version/15.6.1 Safari/605.1.15"
70.72.216.60 - - [21/Jan/2025:17:59:35 +0000] "GET /wp-content/plugins/uncanny-toolkit-pro/src/includes/simple_timer_performance.php?course_id=5112&post_id=5153&_=1737482152416 HTTP/1.1" 200 78 "https://cpd.mhcollab.ca/courses/2203/lessons/2203-the-art-of-pendulating-presentation" "Mozilla/5.0 (Macintosh; Intel Mac OS X 10_15_7) AppleWebKit/605.1.15 (KHTML, like Gecko) Version/15.6.1 Safari/605.1.15"
70.72.216.60 - - [21/Jan/2025:17:59:36 +0000] "GET /wp-content/uploads/2023/09/2203-ART-OF-PENDULATION.mp4?_=1 HTTP/1.1" 206 53545162 "https://cpd.mhcollab.ca/courses/2203/lessons/2203-the-art-of-pendulating-presentation" "Mozilla/5.0 (Macintosh; Intel Mac OS X 10_15_7) AppleWebKit/605.1.15 (KHTML, like Gecko) Version/15.6.1 Safari/605.1.15"
70.72.216.60 - - [21/Jan/2025:17:59:55 +0000] "GET /wp-content/plugins/uncanny-toolkit-pro/src/includes/simple_timer_performance.php?course_id=5112&post_id=5153&_=1737482152417 HTTP/1.1" 200 78 "https://cpd.mhcollab.ca/courses/2203/lessons/2203-the-art-of-pendulating-presentation" "Mozilla/5.0 (Macintosh; Intel Mac OS X 10_15_7) AppleWebKit/605.1.15 (KHTML, like Gecko) Version/15.6.1 Safari/605.1.15"
70.72.216.60 - - [21/Jan/2025:18:00:16 +0000] "GET /wp-content/plugins/uncanny-toolkit-pro/src/includes/simple_timer_performance.php?course_id=5112&post_id=5153&_=1737482152418 HTTP/1.1" 200 78 "https://cpd.mhcollab.ca/courses/2203/lessons/2203-the-art-of-pendulating-presentation" "Mozilla/5.0 (Macintosh; Intel Mac OS X 10_15_7) AppleWebKit/605.1.15 (KHTML, like Gecko) Version/15.6.1 Safari/605.1.15"
70.72.216.60 - - [21/Jan/2025:18:00:29 +0000] "GET /wp-content/uploads/2023/09/2203-ART-OF-PENDULATION.mp4?_=1 HTTP/1.1" 206 26937546 "https://cpd.mhcollab.ca/courses/2203/lessons/2203-the-art-of-pendulating-presentation" "Mozilla/5.0 (Macintosh; Intel Mac OS X 10_15_7) AppleWebKit/605.1.15 (KHTML, like Gecko) Version/15.6.1 Safari/605.1.15"
70.72.216.60 - - [21/Jan/2025:18:00:37 +0000] "GET /wp-content/plugins/uncanny-toolkit-pro/src/includes/simple_timer_performance.php?course_id=5112&post_id=5153&_=1737482152419 HTTP/1.1" 200 78 "https://cpd.mhcollab.ca/courses/2203/lessons/2203-the-art-of-pendulating-presentation" "Mozilla/5.0 (Macintosh; Intel Mac OS X 10_15_7) AppleWebKit/605.1.15 (KHTML, like Gecko) Version/15.6.1 Safari/605.1.15"
70.72.216.60 - - [21/Jan/2025:18:00:58 +0000] "GET /wp-content/plugins/uncanny-toolkit-pro/src/includes/simple_timer_performance.php?course_id=5112&post_id=5153&_=1737482152420 HTTP/1.1" 200 78 "https://cpd.mhcollab.ca/courses/2203/lessons/2203-the-art-of-pendulating-presentation" "Mozilla/5.0 (Macintosh; Intel Mac OS X 10_15_7) AppleWebKit/605.1.15 (KHTML, like Gecko) Version/15.6.1 Safari/605.1.15"
70.72.216.60 - - [21/Jan/2025:18:01:19 +0000] "GET /wp-content/plugins/uncanny-toolkit-pro/src/includes/simple_timer_performance.php?course_id=5112&post_id=5153&_=1737482152421 HTTP/1.1" 200 78 "https://cpd.mhcollab.ca/courses/2203/lessons/2203-the-art-of-pendulating-presentation" "Mozilla/5.0 (Macintosh; Intel Mac OS X 10_15_7) AppleWebKit/605.1.15 (KHTML, like Gecko) Version/15.6.1 Safari/605.1.15"
70.72.216.60 - - [21/Jan/2025:18:01:21 +0000] "GET /wp-content/uploads/2023/09/2203-ART-OF-PENDULATION.mp4?_=1 HTTP/1.1" 206 24840394 "https://cpd.mhcollab.ca/courses/2203/lessons/2203-the-art-of-pendulating-presentation" "Mozilla/5.0 (Macintosh; Intel Mac OS X 10_15_7) AppleWebKit/605.1.15 (KHTML, like Gecko) Version/15.6.1 Safari/605.1.15"
70.72.216.60 - - [21/Jan/2025:18:01:40 +0000] "GET /wp-content/plugins/uncanny-toolkit-pro/src/includes/simple_timer_performance.php?course_id=5112&post_id=5153&_=1737482152422 HTTP/1.1" 200 78 "https://cpd.mhcollab.ca/courses/2203/lessons/2203-the-art-of-pendulating-presentation" "Mozilla/5.0 (Macintosh; Intel Mac OS X 10_15_7) AppleWebKit/605.1.15 (KHTML, like Gecko) Version/15.6.1 Safari/605.1.15"
70.72.216.60 - - [21/Jan/2025:18:02:01 +0000] "GET /wp-content/plugins/uncanny-toolkit-pro/src/includes/simple_timer_performance.php?course_id=5112&post_id=5153&_=1737482152423 HTTP/1.1" 200 78 "https://cpd.mhcollab.ca/courses/2203/lessons/2203-the-art-of-pendulating-presentation" "Mozilla/5.0 (Macintosh; Intel Mac OS X 10_15_7) AppleWebKit/605.1.15 (KHTML, like Gecko) Version/15.6.1 Safari/605.1.15"
70.72.216.60 - - [21/Jan/2025:18:02:13 +0000] "GET /wp-content/uploads/2023/09/2203-ART-OF-PENDULATION.mp4?_=1 HTTP/1.1" 206 22743242 "https://cpd.mhcollab.ca/courses/2203/lessons/2203-the-art-of-pendulating-presentation" "Mozilla/5.0 (Macintosh; Intel Mac OS X 10_15_7) AppleWebKit/605.1.15 (KHTML, like Gecko) Version/15.6.1 Safari/605.1.15"
70.72.216.60 - - [21/Jan/2025:18:02:22 +0000] "GET /wp-content/plugins/uncanny-toolkit-pro/src/includes/simple_timer_performance.php?course_id=5112&post_id=5153&_=1737482152424 HTTP/1.1" 200 78 "https://cpd.mhcollab.ca/courses/2203/lessons/2203-the-art-of-pendulating-presentation" "Mozilla/5.0 (Macintosh; Intel Mac OS X 10_15_7) AppleWebKit/605.1.15 (KHTML, like Gecko) Version/15.6.1 Safari/605.1.15"
