70.72.216.60 - - [21/Jan/2025:18:02:43 +0000] "GET /wp-content/plugins/uncanny-toolkit-pro/src/includes/simple_timer_performance.php?course_id=5112&post_id=5153&_=1737482152425 HTTP/1.1" 200 77 "https://cpd.mhcollab.ca/courses/2203/lessons/2203-the-art-of-pendulating-presentation" "Mozilla/5.0 (Macintosh; Intel Mac OS X 10_15_7) AppleWebKit/605.1.15 (KHTML, like Gecko) Version/15.6.1 Safari/605.1.15"
70.72.216.60 - - [21/Jan/2025:18:03:04 +0000] "GET /wp-content/plugins/uncanny-toolkit-pro/src/includes/simple_timer_performance.php?course_id=5112&post_id=5153&_=1737482152426 HTTP/1.1" 200 75 "https://cpd.mhcollab.ca/courses/2203/lessons/2203-the-art-of-pendulating-presentation" "Mozilla/5.0 (Macintosh; Intel Mac OS X 10_15_7) AppleWebKit/605.1.15 (KHTML, like Gecko) Version/15.6.1 Safari/605.1.15"
70.72.216.60 - - [21/Jan/2025:18:03:03 +0000] "GET /wp-content/uploads/2023/09/2203-ART-OF-PENDULATION.mp4?_=1 HTTP/1.1" 206 20646090 "https://cpd.mhcollab.ca/courses/2203/lessons/2203-the-art-of-pendulating-presentation" "Mozilla/5.0 (Macintosh; Intel Mac OS X 10_15_7) AppleWebKit/605.1.15 (KHTML, like Gecko) Version/15.6.1 Safari/605.1.15"
70.72.216.60 - - [21/Jan/2025:18:03:25 +0000] "GET /wp-content/plugins/uncanny-toolkit-pro/src/includes/simple_timer_performance.php?course_id=5112&post_id=5153&_=1737482152427 HTTP/1.1" 200 77 "https://cpd.mhcollab.ca/courses/2203/lessons/2203-the-art-of-pendulating-presentation" "Mozilla/5.0 (Macintosh; Intel Mac OS X 10_15_7) AppleWebKit/605.1.15 (KHTML, like Gecko) Version/15.6.1 Safari/605.1.15"
70.72.216.60 - - [21/Jan/2025:18:03:46 +0000] "GET /wp-content/plugins/uncanny-toolkit-pro/src/includes/simple_timer_performance.php?course_id=5112&post_id=5153&_=1737482152428 HTTP/1.1" 200 77 "https://cpd.mhcollab.ca/courses/2203/lessons/2203-the-art-of-pendulating-presentation" "Mozilla/5.0 (Macintosh; Intel Mac OS X 10_15_7) AppleWebKit/605.1.15 (KHTML, like Gecko) Version/15.6.1 Safari/605.1.15"
70.72.216.60 - - [21/Jan/2025:18:03:56 +0000] "GET /wp-content/uploads/2023/09/2203-ART-OF-PENDULATION.mp4?_=1 HTTP/1.1" 206 18548938 "https://cpd.mhcollab.ca/courses/2203/lessons/2203-the-art-of-pendulating-presentation" "Mozilla/5.0 (Macintosh; Intel Mac OS X 10_15_7) AppleWebKit/605.1.15 (KHTML, like Gecko) Version/15.6.1 Safari/605.1.15"
70.72.216.60 - - [21/Jan/2025:18:04:07 +0000] "GET /wp-content/plugins/uncanny-toolkit-pro/src/includes/simple_timer_performance.php?course_id=5112&post_id=5153&_=1737482152429 HTTP/1.1" 200 77 "https://cpd.mhcollab.ca/courses/2203/lessons/2203-the-art-of-pendulating-presentation" "Mozilla/5.0 (Macintosh; Intel Mac OS X 10_15_7) AppleWebKit/605.1.15 (KHTML, like Gecko) Version/15.6.1 Safari/605.1.15"
70.72.216.60 - - [21/Jan/2025:18:04:28 +0000] "GET /wp-content/plugins/uncanny-toolkit-pro/src/includes/simple_timer_performance.php?course_id=5112&post_id=5153&_=1737482152430 HTTP/1.1" 200 77 "https://cpd.mhcollab.ca/courses/2203/lessons/2203-the-art-of-pendulating-presentation" "Mozilla/5.0 (Macintosh; Intel Mac OS X 10_15_7) AppleWebKit/605.1.15 (KHTML, like Gecko) Version/15.6.1 Safari/605.1.15"
70.72.216.60 - - [21/Jan/2025:18:04:48 +0000] "GET /wp-content/plugins/uncanny-toolkit-pro/src/includes/simple_timer_performance.php?course_id=5112&post_id=5153&_=1737482152431 HTTP/1.1" 200 78 "https://cpd.mhcollab.ca/courses/2203/lessons/2203-the-art-of-pendulating-presentation" "Mozilla/5.0 (Macintosh; Intel Mac OS X 10_15_7) AppleWebKit/605.1.15 (KHTML, like Gecko) Version/15.6.1 Safari/605.1.15"
70.72.216.60 - - [21/Jan/2025:18:04:48 +0000] "GET /wp-content/uploads/2023/09/2203-ART-OF-PENDULATION.mp4?_=1 HTTP/1.1" 206 16451786 "https://cpd.mhcollab.ca/courses/2203/lessons/2203-the-art-of-pendulating-presentation" "Mozilla/5.0 (Macintosh; Intel Mac OS X 10_15_7) AppleWebKit/605.1.15 (KHTML, like Gecko) Version/15.6.1 Safari/605.1.15"
70.72.216.60 - - [21/Jan/2025:18:05:09 +0000] "GET /wp-content/plugins/uncanny-toolkit-pro/src/includes/simple_timer_performance.php?course_id=5112&post_id=5153&_=1737482152432 HTTP/1.1" 200 78 "https://cpd.mhcollab.ca/courses/2203/lessons/2203-the-art-of-pendulating-presentation" "Mozilla/5.0 (Macintosh; Intel Mac OS X 10_15_7) AppleWebKit/605.1.15 (KHTML, like Gecko) Version/15.6.1 Safari/605.1.15"
70.72.216.60 - - [21/Jan/2025:18:05:30 +0000] "GET /wp-content/plugins/uncanny-toolkit-pro/src/includes/simple_timer_performance.php?course_id=5112&post_id=5153&_=1737482152433 HTTP/1.1" 200 78 "https://cpd.mhcollab.ca/courses/2203/lessons/2203-the-art-of-pendulating-presentation" "Mozilla/5.0 (Macintosh; Intel Mac OS X 10_15_7) AppleWebKit/605.1.15 (KHTML, like Gecko) Version/15.6.1 Safari/605.1.15"
70.72.216.60 - - [21/Jan/2025:18:05:40 +0000] "GET /wp-content/uploads/2023/09/2203-ART-OF-PENDULATION.mp4?_=1 HTTP/1.1" 206 14289098 "https://cpd.mhcollab.ca/courses/2203/lessons/2203-the-art-of-pendulating-presentation" "Mozilla/5.0 (Macintosh; Intel Mac OS X 10_15_7) AppleWebKit/605.1.15 (KHTML, like Gecko) Version/15.6.1 Safari/605.1.15"
70.72.216.60 - - [21/Jan/2025:18:05:51 +0000] "GET /wp-content/plugins/uncanny-toolkit-pro/src/includes/simple_timer_performance.php?course_id=5112&post_id=5153&_=1737482152434 HTTP/1.1" 200 78 "https://cpd.mhcollab.ca/courses/2203/lessons/2203-the-art-of-pendulating-presentation" "Mozilla/5.0 (Macintosh; Intel Mac OS X 10_15_7) AppleWebKit/605.1.15 (KHTML, like Gecko) Version/15.6.1 Safari/605.1.15"
70.72.216.60 - - [21/Jan/2025:18:06:12 +0000] "GET /wp-content/plugins/uncanny-toolkit-pro/src/includes/simple_timer_performance.php?course_id=5112&post_id=5153&_=1737482152435 HTTP/1.1" 200 78 "https://cpd.mhcollab.ca/courses/2203/lessons/2203-the-art-of-pendulating-presentation" "Mozilla/5.0 (Macintosh; Intel Mac OS X 10_15_7) AppleWebKit/605.1.15 (KHTML, like Gecko) Version/15.6.1 Safari/605.1.15"
70.72.216.60 - - [21/Jan/2025:18:06:32 +0000] "GET /wp-content/plugins/uncanny-toolkit-pro/src/includes/simple_timer_performance.php?course_id=5112&post_id=5153&_=1737482152436 HTTP/1.1" 200 78 "https://cpd.mhcollab.ca/courses/2203/lessons/2203-the-art-of-pendulating-presentation" "Mozilla/5.0 (Macintosh; Intel Mac OS X 10_15_7) AppleWebKit/605.1.15 (KHTML, like Gecko) Version/15.6.1 Safari/605.1.15"
70.72.216.60 - - [21/Jan/2025:18:06:35 +0000] "GET /wp-content/uploads/2023/09/2203-ART-OF-PENDULATION.mp4?_=1 HTTP/1.1" 206 12126410 "https://cpd.mhcollab.ca/courses/2203/lessons/2203-the-art-of-pendulating-presentation" "Mozilla/5.0 (Macintosh; Intel Mac OS X 10_15_7) AppleWebKit/605.1.15 (KHTML, like Gecko) Version/15.6.1 Safari/605.1.15"
70.72.216.60 - - [21/Jan/2025:18:06:52 +0000] "GET /wp-content/plugins/uncanny-toolkit-pro/src/includes/simple_timer_performance.php?course_id=5112&post_id=5153&_=1737482152437 HTTP/1.1" 200 78 "https://cpd.mhcollab.ca/courses/2203/lessons/2203-the-art-of-pendulating-presentation" "Mozilla/5.0 (Macintosh; Intel Mac OS X 10_15_7) AppleWebKit/605.1.15 (KHTML, like Gecko) Version/15.6.1 Safari/605.1.15"
70.72.216.60 - - [21/Jan/2025:18:07:12 +0000] "GET /wp-content/plugins/uncanny-toolkit-pro/src/includes/simple_timer_performance.php?course_id=5112&post_id=5153&_=1737482152438 HTTP/1.1" 200 78 "https://cpd.mhcollab.ca/courses/2203/lessons/2203-the-art-of-pendulating-presentation" "Mozilla/5.0 (Macintosh; Intel Mac OS X 10_15_7) AppleWebKit/605.1.15 (KHTML, like Gecko) Version/15.6.1 Safari/605.1.15"
70.72.216.60 - - [21/Jan/2025:18:07:26 +0000] "GET /wp-content/uploads/2023/09/2203-ART-OF-PENDULATION.mp4?_=1 HTTP/1.1" 206 10029258 "https://cpd.mhcollab.ca/courses/2203/lessons/2203-the-art-of-pendulating-presentation" "Mozilla/5.0 (Macintosh; Intel Mac OS X 10_15_7) AppleWebKit/605.1.15 (KHTML, like Gecko) Version/15.6.1 Safari/605.1.15"
70.72.216.60 - - [21/Jan/2025:18:07:32 +0000] "GET /wp-content/plugins/uncanny-toolkit-pro/src/includes/simple_timer_performance.php?course_id=5112&post_id=5153&_=1737482152439 HTTP/1.1" 200 78 "https://cpd.mhcollab.ca/courses/2203/lessons/2203-the-art-of-pendulating-presentation" "Mozilla/5.0 (Macintosh; Intel Mac OS X 10_15_7) AppleWebKit/605.1.15 (KHTML, like Gecko) Version/15.6.1 Safari/605.1.15"
70.72.216.60 - - [21/Jan/2025:18:07:52 +0000] "GET /wp-content/plugins/uncanny-toolkit-pro/src/includes/simple_timer_performance.php?course_id=5112&post_id=5153&_=1737482152440 HTTP/1.1" 200 78 "https://cpd.mhcollab.ca/courses/2203/lessons/2203-the-art-of-pendulating-presentation" "Mozilla/5.0 (Macintosh; Intel Mac OS X 10_15_7) AppleWebKit/605.1.15 (KHTML, like Gecko) Version/15.6.1 Safari/605.1.15"
70.72.216.60 - - [21/Jan/2025:18:08:12 +0000] "GET /wp-content/plugins/uncanny-toolkit-pro/src/includes/simple_timer_performance.php?course_id=5112&post_id=5153&_=1737482152441 HTTP/1.1" 200 78 "https://cpd.mhcollab.ca/courses/2203/lessons/2203-the-art-of-pendulating-presentation" "Mozilla/5.0 (Macintosh; Intel Mac OS X 10_15_7) AppleWebKit/605.1.15 (KHTML, like Gecko) Version/15.6.1 Safari/605.1.15"
70.72.216.60 - - [21/Jan/2025:18:08:16 +0000] "GET /wp-content/uploads/2023/09/2203-ART-OF-PENDULATION.mp4?_=1 HTTP/1.1" 206 7932106 "https://cpd.mhcollab.ca/courses/2203/lessons/2203-the-art-of-pendulating-presentation" "Mozilla/5.0 (Macintosh; Intel Mac OS X 10_15_7) AppleWebKit/605.1.15 (KHTML, like Gecko) Version/15.6.1 Safari/605.1.15"
70.72.216.60 - - [21/Jan/2025:18:08:32 +0000] "GET /wp-content/plugins/uncanny-toolkit-pro/src/includes/simple_timer_performance.php?course_id=5112&post_id=5153&_=1737482152442 HTTP/1.1" 200 78 "https://cpd.mhcollab.ca/courses/2203/lessons/2203-the-art-of-pendulating-presentation" "Mozilla/5.0 (Macintosh; Intel Mac OS X 10_15_7) AppleWebKit/605.1.15 (KHTML, like Gecko) Version/15.6.1 Safari/605.1.15"
70.72.216.60 - - [21/Jan/2025:18:08:52 +0000] "GET /wp-content/plugins/uncanny-toolkit-pro/src/includes/simple_timer_performance.php?course_id=5112&post_id=5153&_=1737482152443 HTTP/1.1" 200 78 "https://cpd.mhcollab.ca/courses/2203/lessons/2203-the-art-of-pendulating-presentation" "Mozilla/5.0 (Macintosh; Intel Mac OS X 10_15_7) AppleWebKit/605.1.15 (KHTML, like Gecko) Version/15.6.1 Safari/605.1.15"
70.72.216.60 - - [21/Jan/2025:18:09:07 +0000] "GET /wp-content/uploads/2023/09/2203-ART-OF-PENDULATION.mp4?_=1 HTTP/1.1" 206 5834954 "https://cpd.mhcollab.ca/courses/2203/lessons/2203-the-art-of-pendulating-presentation" "Mozilla/5.0 (Macintosh; Intel Mac OS X 10_15_7) AppleWebKit/605.1.15 (KHTML, like Gecko) Version/15.6.1 Safari/605.1.15"
70.72.216.60 - - [21/Jan/2025:18:09:12 +0000] "GET /wp-content/plugins/uncanny-toolkit-pro/src/includes/simple_timer_performance.php?course_id=5112&post_id=5153&_=1737482152444 HTTP/1.1" 200 78 "https://cpd.mhcollab.ca/courses/2203/lessons/2203-the-art-of-pendulating-presentation" "Mozilla/5.0 (Macintosh; Intel Mac OS X 10_15_7) AppleWebKit/605.1.15 (KHTML, like Gecko) Version/15.6.1 Safari/605.1.15"
70.72.216.60 - - [21/Jan/2025:18:09:32 +0000] "GET /wp-content/plugins/uncanny-toolkit-pro/src/includes/simple_timer_performance.php?course_id=5112&post_id=5153&_=1737482152445 HTTP/1.1" 200 78 "https://cpd.mhcollab.ca/courses/2203/lessons/2203-the-art-of-pendulating-presentation" "Mozilla/5.0 (Macintosh; Intel Mac OS X 10_15_7) AppleWebKit/605.1.15 (KHTML, like Gecko) Version/15.6.1 Safari/605.1.15"
70.72.216.60 - - [21/Jan/2025:18:09:52 +0000] "GET /wp-content/plugins/uncanny-toolkit-pro/src/includes/simple_timer_performance.php?course_id=5112&post_id=5153&_=1737482152446 HTTP/1.1" 200 78 "https://cpd.mhcollab.ca/courses/2203/lessons/2203-the-art-of-pendulating-presentation" "Mozilla/5.0 (Macintosh; Intel Mac OS X 10_15_7) AppleWebKit/605.1.15 (KHTML, like Gecko) Version/15.6.1 Safari/605.1.15"
45.56.220.125 - - [21/Jan/2025:18:10:07 +0000] "POST /wp-cron.php?doing_wp_cron=1737483007.3078610897064208984375 HTTP/1.1" 200 - "-" "WordPress/6.7.1; https://cpd.mhcollab.ca"
70.72.216.60 - - [21/Jan/2025:18:10:05 +0000] "POST /wp-admin/admin-ajax.php HTTP/1.1" 200 36 "https://cpd.mhcollab.ca/courses/2203/lessons/2203-the-art-of-pendulating-presentation" "Mozilla/5.0 (Macintosh; Intel Mac OS X 10_15_7) AppleWebKit/605.1.15 (KHTML, like Gecko) Version/15.6.1 Safari/605.1.15"
70.72.216.60 - - [21/Jan/2025:18:10:08 +0000] "POST /courses/2203/lessons/2203-the-art-of-pendulating-presentation HTTP/1.1" 302 - "https://cpd.mhcollab.ca/courses/2203/lessons/2203-the-art-of-pendulating-presentation" "Mozilla/5.0 (Macintosh; Intel Mac OS X 10_15_7) AppleWebKit/605.1.15 (KHTML, like Gecko) Version/15.6.1 Safari/605.1.15"
70.72.216.60 - - [21/Jan/2025:18:10:11 +0000] "GET /courses/2203 HTTP/1.1" 200 29364 "https://cpd.mhcollab.ca/courses/2203/lessons/2203-the-art-of-pendulating-presentation" "Mozilla/5.0 (Macintosh; Intel Mac OS X 10_15_7) AppleWebKit/605.1.15 (KHTML, like Gecko) Version/15.6.1 Safari/605.1.15"
45.56.220.125 - - [21/Jan/2025:18:10:07 +0000] "POST /wp-admin/admin-ajax.php?action=as_async_request_queue_runner&nonce=50dc060ce9 HTTP/1.1" 200 - "-" "WordPress/6.7.1; https://cpd.mhcollab.ca"
70.72.216.60 - - [21/Jan/2025:18:10:15 +0000] "POST /wp-admin/admin-ajax.php HTTP/1.1" 200 36 "https://cpd.mhcollab.ca/courses/2203" "Mozilla/5.0 (Macintosh; Intel Mac OS X 10_15_7) AppleWebKit/605.1.15 (KHTML, like Gecko) Version/15.6.1 Safari/605.1.15"
45.56.220.125 - - [21/Jan/2025:18:10:20 +0000] "GET /wp-content/uploads/2023/12/CertTemplate-Web-Archive.jpg HTTP/1.1" 200 72547 "https://cpd.mhcollab.ca/courses/2203" "Mozilla/5.0 (X11; Ubuntu; Linux x86_64; rv:108.0) Gecko/20100101 Firefox/108.0"
70.72.216.60 - - [21/Jan/2025:18:10:19 +0000] "GET /certificates/arch_cert?course_id=5112&cert-nonce=644c6ca470 HTTP/1.1" 200 143901 "https://cpd.mhcollab.ca/courses/2203" "Mozilla/5.0 (Macintosh; Intel Mac OS X 10_15_7) AppleWebKit/605.1.15 (KHTML, like Gecko) Version/15.6.1 Safari/605.1.15"
45.56.220.125 - - [21/Jan/2025:18:10:22 +0000] "GET /wp-content/uploads/2023/12/CertTemplate-Web-Archive.jpg HTTP/1.1" 200 72547 "https://cpd.mhcollab.ca/courses/2203" "Mozilla/5.0 (X11; Ubuntu; Linux x86_64; rv:108.0) Gecko/20100101 Firefox/108.0"
70.72.216.60 - - [21/Jan/2025:18:10:21 +0000] "GET /certificates/arch_cert?course_id=5112&cert-nonce=644c6ca470 HTTP/1.1" 200 143902 "https://cpd.mhcollab.ca/courses/2203" "Mozilla/5.0 (Macintosh; Intel Mac OS X 10_15_7) AppleWebKit/605.1.15 (KHTML, like Gecko) Version/15.6.1 Safari/605.1.15"
70.72.216.60 - - [21/Jan/2025:18:10:31 +0000] "GET /courses/2203/lessons/2203-the-art-of-pendulating-presentation HTTP/1.1" 200 28565 "https://cpd.mhcollab.ca/courses/2203/lessons/2203-slide-notes" "Mozilla/5.0 (Macintosh; Intel Mac OS X 10_15_7) AppleWebKit/605.1.15 (KHTML, like Gecko) Version/15.6.1 Safari/605.1.15"
70.72.216.60 - - [21/Jan/2025:18:10:33 +0000] "GET /wp-content/uploads/2023/09/2203-ART-OF-PENDULATION.mp4?_=1 HTTP/1.1" 206 2 "https://cpd.mhcollab.ca/courses/2203/lessons/2203-the-art-of-pendulating-presentation" "Mozilla/5.0 (Macintosh; Intel Mac OS X 10_15_7) AppleWebKit/605.1.15 (KHTML, like Gecko) Version/15.6.1 Safari/605.1.15"
70.72.216.60 - - [21/Jan/2025:18:10:34 +0000] "GET /wp-content/uploads/2023/09/2203-ART-OF-PENDULATION.mp4?_=1 HTTP/1.1" 206 118950090 "https://cpd.mhcollab.ca/courses/2203/lessons/2203-the-art-of-pendulating-presentation" "Mozilla/5.0 (Macintosh; Intel Mac OS X 10_15_7) AppleWebKit/605.1.15 (KHTML, like Gecko) Version/15.6.1 Safari/605.1.15"
70.72.216.60 - - [21/Jan/2025:18:10:34 +0000] "GET /wp-content/uploads/2023/09/2203-ART-OF-PENDULATION.mp4?_=1 HTTP/1.1" 206 2 "https://cpd.mhcollab.ca/courses/2203/lessons/2203-the-art-of-pendulating-presentation" "Mozilla/5.0 (Macintosh; Intel Mac OS X 10_15_7) AppleWebKit/605.1.15 (KHTML, like Gecko) Version/15.6.1 Safari/605.1.15"
70.72.216.60 - - [21/Jan/2025:18:10:34 +0000] "GET /wp-content/uploads/2023/09/2203-ART-OF-PENDULATION.mp4?_=1 HTTP/1.1" 206 118950090 "https://cpd.mhcollab.ca/courses/2203/lessons/2203-the-art-of-pendulating-presentation" "Mozilla/5.0 (Macintosh; Intel Mac OS X 10_15_7) AppleWebKit/605.1.15 (KHTML, like Gecko) Version/15.6.1 Safari/605.1.15"
70.72.216.60 - - [21/Jan/2025:18:10:34 +0000] "GET /wp-content/uploads/2023/09/2203-ART-OF-PENDULATION.mp4?_=1 HTTP/1.1" 206 118294730 "https://cpd.mhcollab.ca/courses/2203/lessons/2203-the-art-of-pendulating-presentation" "Mozilla/5.0 (Macintosh; Intel Mac OS X 10_15_7) AppleWebKit/605.1.15 (KHTML, like Gecko) Version/15.6.1 Safari/605.1.15"
70.72.216.60 - - [21/Jan/2025:18:10:35 +0000] "GET /wp-content/uploads/2023/09/2203-ART-OF-PENDULATION.mp4?_=1 HTTP/1.1" 206 117704906 "https://cpd.mhcollab.ca/courses/2203/lessons/2203-the-art-of-pendulating-presentation" "Mozilla/5.0 (Macintosh; Intel Mac OS X 10_15_7) AppleWebKit/605.1.15 (KHTML, like Gecko) Version/15.6.1 Safari/605.1.15"
70.72.216.60 - - [21/Jan/2025:18:10:35 +0000] "GET /wp-content/uploads/2023/09/2203-ART-OF-PENDULATION.mp4?_=1 HTTP/1.1" 206 631769 "https://cpd.mhcollab.ca/courses/2203/lessons/2203-the-art-of-pendulating-presentation" "Mozilla/5.0 (Macintosh; Intel Mac OS X 10_15_7) AppleWebKit/605.1.15 (KHTML, like Gecko) Version/15.6.1 Safari/605.1.15"
70.72.216.60 - - [21/Jan/2025:18:10:35 +0000] "GET /wp-content/uploads/2023/09/2203-ART-OF-PENDULATION.mp4?_=1 HTTP/1.1" 206 502239 "https://cpd.mhcollab.ca/courses/2203/lessons/2203-the-art-of-pendulating-presentation" "Mozilla/5.0 (Macintosh; Intel Mac OS X 10_15_7) AppleWebKit/605.1.15 (KHTML, like Gecko) Version/15.6.1 Safari/605.1.15"
70.72.216.60 - - [21/Jan/2025:18:10:36 +0000] "GET /courses/2203/lessons/2203-slide-notes HTTP/1.1" 200 27258 "https://cpd.mhcollab.ca/courses/2203" "Mozilla/5.0 (Macintosh; Intel Mac OS X 10_15_7) AppleWebKit/605.1.15 (KHTML, like Gecko) Version/15.6.1 Safari/605.1.15"
70.72.216.60 - - [21/Jan/2025:18:10:40 +0000] "GET / HTTP/1.1" 200 30582 "https://cpd.mhcollab.ca/courses/2203/lessons/2203-slide-notes" "Mozilla/5.0 (Macintosh; Intel Mac OS X 10_15_7) AppleWebKit/605.1.15 (KHTML, like Gecko) Version/15.6.1 Safari/605.1.15"
45.56.220.125 - - [21/Jan/2025:18:10:52 +0000] "POST /wp-cron.php?doing_wp_cron=1737483052.8496758937835693359375 HTTP/1.1" 200 - "-" "WordPress/6.7.1; https://cpd.mhcollab.ca"
70.72.216.60 - - [21/Jan/2025:18:10:51 +0000] "GET /courseinfo-2 HTTP/1.1" 200 33306 "https://cpd.mhcollab.ca/" "Mozilla/5.0 (Macintosh; Intel Mac OS X 10_15_7) AppleWebKit/605.1.15 (KHTML, like Gecko) Version/15.6.1 Safari/605.1.15"
45.56.220.125 - - [21/Jan/2025:18:10:58 +0000] "POST /wp-cron.php?doing_wp_cron=1737483058.7483899593353271484375 HTTP/1.1" 200 - "-" "WordPress/6.7.1; https://cpd.mhcollab.ca"
70.72.216.60 - - [21/Jan/2025:18:10:57 +0000] "GET /courseinfo/cat_b HTTP/1.1" 301 - "https://cpd.mhcollab.ca/courseinfo-2" "Mozilla/5.0 (Macintosh; Intel Mac OS X 10_15_7) AppleWebKit/605.1.15 (KHTML, like Gecko) Version/15.6.1 Safari/605.1.15"
70.72.216.60 - - [21/Jan/2025:18:10:58 +0000] "GET /courseinfo-2/cat_b HTTP/1.1" 200 32712 "https://cpd.mhcollab.ca/courseinfo-2" "Mozilla/5.0 (Macintosh; Intel Mac OS X 10_15_7) AppleWebKit/605.1.15 (KHTML, like Gecko) Version/15.6.1 Safari/605.1.15"
70.72.216.60 - - [21/Jan/2025:18:11:35 +0000] "GET /courses/2201 HTTP/1.1" 200 27965 "https://cpd.mhcollab.ca/courseinfo-2/cat_b" "Mozilla/5.0 (Macintosh; Intel Mac OS X 10_15_7) AppleWebKit/605.1.15 (KHTML, like Gecko) Version/15.6.1 Safari/605.1.15"
70.72.216.60 - - [21/Jan/2025:18:11:39 +0000] "POST /courses/2201 HTTP/1.1" 200 28985 "https://cpd.mhcollab.ca/courses/2201" "Mozilla/5.0 (Macintosh; Intel Mac OS X 10_15_7) AppleWebKit/605.1.15 (KHTML, like Gecko) Version/15.6.1 Safari/605.1.15"
70.72.216.60 - - [21/Jan/2025:18:11:41 +0000] "GET /wp-content/uploads/2022/07/Capture.jpg HTTP/1.1" 200 19960 "https://cpd.mhcollab.ca/courses/2201" "Mozilla/5.0 (Macintosh; Intel Mac OS X 10_15_7) AppleWebKit/605.1.15 (KHTML, like Gecko) Version/15.6.1 Safari/605.1.15"
70.72.216.60 - - [21/Jan/2025:18:11:44 +0000] "POST /wp-admin/admin-ajax.php HTTP/1.1" 200 36 "https://cpd.mhcollab.ca/courses/2201" "Mozilla/5.0 (Macintosh; Intel Mac OS X 10_15_7) AppleWebKit/605.1.15 (KHTML, like Gecko) Version/15.6.1 Safari/605.1.15"
70.72.216.60 - - [21/Jan/2025:18:11:44 +0000] "POST /wp-admin/admin-ajax.php HTTP/1.1" 200 36 "https://cpd.mhcollab.ca/courses/2201" "Mozilla/5.0 (Macintosh; Intel Mac OS X 10_15_7) AppleWebKit/605.1.15 (KHTML, like Gecko) Version/15.6.1 Safari/605.1.15"
70.72.216.60 - - [21/Jan/2025:18:11:44 +0000] "POST /wp-admin/admin-ajax.php HTTP/1.1" 200 37 "https://cpd.mhcollab.ca/courses/2201" "Mozilla/5.0 (Macintosh; Intel Mac OS X 10_15_7) AppleWebKit/605.1.15 (KHTML, like Gecko) Version/15.6.1 Safari/605.1.15"
70.72.216.60 - - [21/Jan/2025:18:11:47 +0000] "GET /courses/2201/lessons/2201-slide-notes HTTP/1.1" 200 27247 "https://cpd.mhcollab.ca/courses/2201" "Mozilla/5.0 (Macintosh; Intel Mac OS X 10_15_7) AppleWebKit/605.1.15 (KHTML, like Gecko) Version/15.6.1 Safari/605.1.15"
70.72.216.60 - - [21/Jan/2025:18:11:50 +0000] "GET /wp-content/uploads/2023/09/2201-Slides-1.pdf HTTP/1.1" 200 7706747 "https://cpd.mhcollab.ca/courses/2201/lessons/2201-slide-notes" "Mozilla/5.0 (Macintosh; Intel Mac OS X 10_15_7) AppleWebKit/605.1.15 (KHTML, like Gecko) Version/15.6.1 Safari/605.1.15"
45.56.220.125 - - [21/Jan/2025:18:11:53 +0000] "POST /wp-cron.php?doing_wp_cron=1737483113.4019739627838134765625 HTTP/1.1" 200 - "-" "WordPress/6.7.1; https://cpd.mhcollab.ca"
70.72.216.60 - - [21/Jan/2025:18:11:51 +0000] "POST /wp-admin/admin-ajax.php HTTP/1.1" 200 36 "https://cpd.mhcollab.ca/courses/2201/lessons/2201-slide-notes" "Mozilla/5.0 (Macintosh; Intel Mac OS X 10_15_7) AppleWebKit/605.1.15 (KHTML, like Gecko) Version/15.6.1 Safari/605.1.15"
70.72.216.60 - - [21/Jan/2025:18:11:52 +0000] "POST /wp-admin/admin-ajax.php HTTP/1.1" 200 36 "https://cpd.mhcollab.ca/courses/2201/lessons/2201-slide-notes" "Mozilla/5.0 (Macintosh; Intel Mac OS X 10_15_7) AppleWebKit/605.1.15 (KHTML, like Gecko) Version/15.6.1 Safari/605.1.15"
70.72.216.60 - - [21/Jan/2025:18:11:54 +0000] "POST /courses/2201/lessons/2201-slide-notes HTTP/1.1" 302 - "https://cpd.mhcollab.ca/courses/2201/lessons/2201-slide-notes" "Mozilla/5.0 (Macintosh; Intel Mac OS X 10_15_7) AppleWebKit/605.1.15 (KHTML, like Gecko) Version/15.6.1 Safari/605.1.15"
45.56.220.125 - - [21/Jan/2025:18:11:57 +0000] "POST /wp-cron.php?doing_wp_cron=1737483117.2830851078033447265625 HTTP/1.1" 200 - "-" "WordPress/6.7.1; https://cpd.mhcollab.ca"
70.72.216.60 - - [21/Jan/2025:18:11:55 +0000] "GET /courses/2201/lessons/2201-grief-to-wholeness-presentation HTTP/1.1" 200 28598 "https://cpd.mhcollab.ca/courses/2201/lessons/2201-slide-notes" "Mozilla/5.0 (Macintosh; Intel Mac OS X 10_15_7) AppleWebKit/605.1.15 (KHTML, like Gecko) Version/15.6.1 Safari/605.1.15"
70.72.216.60 - - [21/Jan/2025:18:11:58 +0000] "GET /wp-content/uploads/2023/09/2201-Grief.mp4?_=1 HTTP/1.1" 206 2 "https://cpd.mhcollab.ca/courses/2201/lessons/2201-grief-to-wholeness-presentation" "Mozilla/5.0 (Macintosh; Intel Mac OS X 10_15_7) AppleWebKit/605.1.15 (KHTML, like Gecko) Version/15.6.1 Safari/605.1.15"
70.72.216.60 - - [21/Jan/2025:18:11:58 +0000] "GET /wp-content/uploads/2023/09/2201-Grief.mp4?_=1 HTTP/1.1" 206 364479181 "https://cpd.mhcollab.ca/courses/2201/lessons/2201-grief-to-wholeness-presentation" "Mozilla/5.0 (Macintosh; Intel Mac OS X 10_15_7) AppleWebKit/605.1.15 (KHTML, like Gecko) Version/15.6.1 Safari/605.1.15"
70.72.216.60 - - [21/Jan/2025:18:11:58 +0000] "GET /wp-content/uploads/2023/09/2201-Grief.mp4?_=1 HTTP/1.1" 206 2 "https://cpd.mhcollab.ca/courses/2201/lessons/2201-grief-to-wholeness-presentation" "Mozilla/5.0 (Macintosh; Intel Mac OS X 10_15_7) AppleWebKit/605.1.15 (KHTML, like Gecko) Version/15.6.1 Safari/605.1.15"
70.72.216.60 - - [21/Jan/2025:18:11:58 +0000] "GET /wp-content/uploads/2023/09/2201-Grief.mp4?_=1 HTTP/1.1" 206 364479181 "https://cpd.mhcollab.ca/courses/2201/lessons/2201-grief-to-wholeness-presentation" "Mozilla/5.0 (Macintosh; Intel Mac OS X 10_15_7) AppleWebKit/605.1.15 (KHTML, like Gecko) Version/15.6.1 Safari/605.1.15"
70.72.216.60 - - [21/Jan/2025:18:11:58 +0000] "GET /wp-content/uploads/2023/09/2201-Grief.mp4?_=1 HTTP/1.1" 206 363889357 "https://cpd.mhcollab.ca/courses/2201/lessons/2201-grief-to-wholeness-presentation" "Mozilla/5.0 (Macintosh; Intel Mac OS X 10_15_7) AppleWebKit/605.1.15 (KHTML, like Gecko) Version/15.6.1 Safari/605.1.15"
70.72.216.60 - - [21/Jan/2025:18:11:59 +0000] "GET /wp-content/uploads/2023/09/2201-Grief.mp4?_=1 HTTP/1.1" 206 574233 "https://cpd.mhcollab.ca/courses/2201/lessons/2201-grief-to-wholeness-presentation" "Mozilla/5.0 (Macintosh; Intel Mac OS X 10_15_7) AppleWebKit/605.1.15 (KHTML, like Gecko) Version/15.6.1 Safari/605.1.15"
70.72.216.60 - - [21/Jan/2025:18:12:00 +0000] "GET /wp-content/uploads/2023/09/2201-Grief.mp4?_=1 HTTP/1.1" 206 362689772 "https://cpd.mhcollab.ca/courses/2201/lessons/2201-grief-to-wholeness-presentation" "Mozilla/5.0 (Macintosh; Intel Mac OS X 10_15_7) AppleWebKit/605.1.15 (KHTML, like Gecko) Version/15.6.1 Safari/605.1.15"
70.72.216.60 - - [21/Jan/2025:18:12:01 +0000] "POST /wp-admin/admin-ajax.php HTTP/1.1" 200 37 "https://cpd.mhcollab.ca/courses/2201/lessons/2201-grief-to-wholeness-presentation" "Mozilla/5.0 (Macintosh; Intel Mac OS X 10_15_7) AppleWebKit/605.1.15 (KHTML, like Gecko) Version/15.6.1 Safari/605.1.15"
70.72.216.60 - - [21/Jan/2025:18:12:07 +0000] "GET /wp-content/uploads/2023/09/2201-Grief.mp4?_=1 HTTP/1.1" 206 333021901 "https://cpd.mhcollab.ca/courses/2201/lessons/2201-grief-to-wholeness-presentation" "Mozilla/5.0 (Macintosh; Intel Mac OS X 10_15_7) AppleWebKit/605.1.15 (KHTML, like Gecko) Version/15.6.1 Safari/605.1.15"
70.72.216.60 - - [21/Jan/2025:18:12:09 +0000] "GET /wp-content/uploads/2023/09/2201-Grief.mp4?_=1 HTTP/1.1" 206 323977933 "https://cpd.mhcollab.ca/courses/2201/lessons/2201-grief-to-wholeness-presentation" "Mozilla/5.0 (Macintosh; Intel Mac OS X 10_15_7) AppleWebKit/605.1.15 (KHTML, like Gecko) Version/15.6.1 Safari/605.1.15"
70.72.216.60 - - [21/Jan/2025:18:12:12 +0000] "GET /wp-content/uploads/2023/09/2201-Grief.mp4?_=1 HTTP/1.1" 206 312509133 "https://cpd.mhcollab.ca/courses/2201/lessons/2201-grief-to-wholeness-presentation" "Mozilla/5.0 (Macintosh; Intel Mac OS X 10_15_7) AppleWebKit/605.1.15 (KHTML, like Gecko) Version/15.6.1 Safari/605.1.15"
70.72.216.60 - - [21/Jan/2025:18:12:18 +0000] "GET /wp-content/plugins/uncanny-toolkit-pro/src/includes/simple_timer_performance.php?course_id=5065&post_id=5075&_=1737483117522 HTTP/1.1" 200 78 "https://cpd.mhcollab.ca/courses/2201/lessons/2201-grief-to-wholeness-presentation" "Mozilla/5.0 (Macintosh; Intel Mac OS X 10_15_7) AppleWebKit/605.1.15 (KHTML, like Gecko) Version/15.6.1 Safari/605.1.15"
70.72.216.60 - - [21/Jan/2025:18:12:25 +0000] "GET /wp-content/uploads/2023/09/2201-Grief.mp4?_=1 HTTP/1.1" 206 306676429 "https://cpd.mhcollab.ca/courses/2201/lessons/2201-grief-to-wholeness-presentation" "Mozilla/5.0 (Macintosh; Intel Mac OS X 10_15_7) AppleWebKit/605.1.15 (KHTML, like Gecko) Version/15.6.1 Safari/605.1.15"
70.72.216.60 - - [21/Jan/2025:18:12:38 +0000] "GET /wp-content/plugins/uncanny-toolkit-pro/src/includes/simple_timer_performance.php?course_id=5065&post_id=5075&_=1737483117523 HTTP/1.1" 200 76 "https://cpd.mhcollab.ca/courses/2201/lessons/2201-grief-to-wholeness-presentation" "Mozilla/5.0 (Macintosh; Intel Mac OS X 10_15_7) AppleWebKit/605.1.15 (KHTML, like Gecko) Version/15.6.1 Safari/605.1.15"
70.72.216.60 - - [21/Jan/2025:18:12:39 +0000] "GET /wp-content/uploads/2023/09/2201-Grief.mp4?_=1 HTTP/1.1" 206 304120525 "https://cpd.mhcollab.ca/courses/2201/lessons/2201-grief-to-wholeness-presentation" "Mozilla/5.0 (Macintosh; Intel Mac OS X 10_15_7) AppleWebKit/605.1.15 (KHTML, like Gecko) Version/15.6.1 Safari/605.1.15"
70.72.216.60 - - [21/Jan/2025:18:12:52 +0000] "GET /wp-content/uploads/2023/09/2201-Grief.mp4?_=1 HTTP/1.1" 206 301761229 "https://cpd.mhcollab.ca/courses/2201/lessons/2201-grief-to-wholeness-presentation" "Mozilla/5.0 (Macintosh; Intel Mac OS X 10_15_7) AppleWebKit/605.1.15 (KHTML, like Gecko) Version/15.6.1 Safari/605.1.15"
70.72.216.60 - - [21/Jan/2025:18:12:58 +0000] "GET /wp-content/plugins/uncanny-toolkit-pro/src/includes/simple_timer_performance.php?course_id=5065&post_id=5075&_=1737483117524 HTTP/1.1" 200 74 "https://cpd.mhcollab.ca/courses/2201/lessons/2201-grief-to-wholeness-presentation" "Mozilla/5.0 (Macintosh; Intel Mac OS X 10_15_7) AppleWebKit/605.1.15 (KHTML, like Gecko) Version/15.6.1 Safari/605.1.15"
70.72.216.60 - - [21/Jan/2025:18:13:05 +0000] "GET /wp-content/uploads/2023/09/2201-Grief.mp4?_=1 HTTP/1.1" 206 299533005 "https://cpd.mhcollab.ca/courses/2201/lessons/2201-grief-to-wholeness-presentation" "Mozilla/5.0 (Macintosh; Intel Mac OS X 10_15_7) AppleWebKit/605.1.15 (KHTML, like Gecko) Version/15.6.1 Safari/605.1.15"
70.72.216.60 - - [21/Jan/2025:18:13:18 +0000] "GET /wp-content/plugins/uncanny-toolkit-pro/src/includes/simple_timer_performance.php?course_id=5065&post_id=5075&_=1737483117525 HTTP/1.1" 200 76 "https://cpd.mhcollab.ca/courses/2201/lessons/2201-grief-to-wholeness-presentation" "Mozilla/5.0 (Macintosh; Intel Mac OS X 10_15_7) AppleWebKit/605.1.15 (KHTML, like Gecko) Version/15.6.1 Safari/605.1.15"
70.72.216.60 - - [21/Jan/2025:18:13:19 +0000] "GET /wp-content/uploads/2023/09/2201-Grief.mp4?_=1 HTTP/1.1" 206 297304781 "https://cpd.mhcollab.ca/courses/2201/lessons/2201-grief-to-wholeness-presentation" "Mozilla/5.0 (Macintosh; Intel Mac OS X 10_15_7) AppleWebKit/605.1.15 (KHTML, like Gecko) Version/15.6.1 Safari/605.1.15"
70.72.216.60 - - [21/Jan/2025:18:13:31 +0000] "GET /wp-content/uploads/2023/09/2201-Grief.mp4?_=1 HTTP/1.1" 206 295011021 "https://cpd.mhcollab.ca/courses/2201/lessons/2201-grief-to-wholeness-presentation" "Mozilla/5.0 (Macintosh; Intel Mac OS X 10_15_7) AppleWebKit/605.1.15 (KHTML, like Gecko) Version/15.6.1 Safari/605.1.15"
70.72.216.60 - - [21/Jan/2025:18:13:38 +0000] "GET /wp-content/plugins/uncanny-toolkit-pro/src/includes/simple_timer_performance.php?course_id=5065&post_id=5075&_=1737483117526 HTTP/1.1" 200 77 "https://cpd.mhcollab.ca/courses/2201/lessons/2201-grief-to-wholeness-presentation" "Mozilla/5.0 (Macintosh; Intel Mac OS X 10_15_7) AppleWebKit/605.1.15 (KHTML, like Gecko) Version/15.6.1 Safari/605.1.15"
70.72.216.60 - - [21/Jan/2025:18:13:56 +0000] "GET /wp-content/uploads/2023/09/2201-Grief.mp4?_=1 HTTP/1.1" 206 292848333 "https://cpd.mhcollab.ca/courses/2201/lessons/2201-grief-to-wholeness-presentation" "Mozilla/5.0 (Macintosh; Intel Mac OS X 10_15_7) AppleWebKit/605.1.15 (KHTML, like Gecko) Version/15.6.1 Safari/605.1.15"
70.72.216.60 - - [21/Jan/2025:18:13:59 +0000] "GET /wp-content/plugins/uncanny-toolkit-pro/src/includes/simple_timer_performance.php?course_id=5065&post_id=5075&_=1737483117527 HTTP/1.1" 200 78 "https://cpd.mhcollab.ca/courses/2201/lessons/2201-grief-to-wholeness-presentation" "Mozilla/5.0 (Macintosh; Intel Mac OS X 10_15_7) AppleWebKit/605.1.15 (KHTML, like Gecko) Version/15.6.1 Safari/605.1.15"
70.72.216.60 - - [21/Jan/2025:18:14:11 +0000] "GET /wp-content/uploads/2023/09/2201-Grief.mp4?_=1 HTTP/1.1" 206 290423501 "https://cpd.mhcollab.ca/courses/2201/lessons/2201-grief-to-wholeness-presentation" "Mozilla/5.0 (Macintosh; Intel Mac OS X 10_15_7) AppleWebKit/605.1.15 (KHTML, like Gecko) Version/15.6.1 Safari/605.1.15"
70.72.216.60 - - [21/Jan/2025:18:14:20 +0000] "GET /wp-content/plugins/uncanny-toolkit-pro/src/includes/simple_timer_performance.php?course_id=5065&post_id=5075&_=1737483117528 HTTP/1.1" 200 78 "https://cpd.mhcollab.ca/courses/2201/lessons/2201-grief-to-wholeness-presentation" "Mozilla/5.0 (Macintosh; Intel Mac OS X 10_15_7) AppleWebKit/605.1.15 (KHTML, like Gecko) Version/15.6.1 Safari/605.1.15"
70.72.216.60 - - [21/Jan/2025:18:14:31 +0000] "GET /wp-content/uploads/2023/09/2201-Grief.mp4?_=1 HTTP/1.1" 206 288260813 "https://cpd.mhcollab.ca/courses/2201/lessons/2201-grief-to-wholeness-presentation" "Mozilla/5.0 (Macintosh; Intel Mac OS X 10_15_7) AppleWebKit/605.1.15 (KHTML, like Gecko) Version/15.6.1 Safari/605.1.15"
70.72.216.60 - - [21/Jan/2025:18:14:41 +0000] "GET /wp-content/plugins/uncanny-toolkit-pro/src/includes/simple_timer_performance.php?course_id=5065&post_id=5075&_=1737483117529 HTTP/1.1" 200 78 "https://cpd.mhcollab.ca/courses/2201/lessons/2201-grief-to-wholeness-presentation" "Mozilla/5.0 (Macintosh; Intel Mac OS X 10_15_7) AppleWebKit/605.1.15 (KHTML, like Gecko) Version/15.6.1 Safari/605.1.15"
70.72.216.60 - - [21/Jan/2025:18:14:52 +0000] "GET /wp-content/uploads/2023/09/2201-Grief.mp4?_=1 HTTP/1.1" 206 286032589 "https://cpd.mhcollab.ca/courses/2201/lessons/2201-grief-to-wholeness-presentation" "Mozilla/5.0 (Macintosh; Intel Mac OS X 10_15_7) AppleWebKit/605.1.15 (KHTML, like Gecko) Version/15.6.1 Safari/605.1.15"
70.72.216.60 - - [21/Jan/2025:18:15:01 +0000] "GET /wp-content/uploads/2023/09/2201-Grief.mp4?_=1 HTTP/1.1" 206 283607757 "https://cpd.mhcollab.ca/courses/2201/lessons/2201-grief-to-wholeness-presentation" "Mozilla/5.0 (Macintosh; Intel Mac OS X 10_15_7) AppleWebKit/605.1.15 (KHTML, like Gecko) Version/15.6.1 Safari/605.1.15"
70.72.216.60 - - [21/Jan/2025:18:15:02 +0000] "GET /wp-content/plugins/uncanny-toolkit-pro/src/includes/simple_timer_performance.php?course_id=5065&post_id=5075&_=1737483117530 HTTP/1.1" 200 78 "https://cpd.mhcollab.ca/courses/2201/lessons/2201-grief-to-wholeness-presentation" "Mozilla/5.0 (Macintosh; Intel Mac OS X 10_15_7) AppleWebKit/605.1.15 (KHTML, like Gecko) Version/15.6.1 Safari/605.1.15"
70.72.216.60 - - [21/Jan/2025:18:15:13 +0000] "GET /wp-content/uploads/2023/09/2201-Grief.mp4?_=1 HTTP/1.1" 206 281379533 "https://cpd.mhcollab.ca/courses/2201/lessons/2201-grief-to-wholeness-presentation" "Mozilla/5.0 (Macintosh; Intel Mac OS X 10_15_7) AppleWebKit/605.1.15 (KHTML, like Gecko) Version/15.6.1 Safari/605.1.15"
70.72.216.60 - - [21/Jan/2025:18:15:23 +0000] "GET /wp-content/plugins/uncanny-toolkit-pro/src/includes/simple_timer_performance.php?course_id=5065&post_id=5075&_=1737483117531 HTTP/1.1" 200 78 "https://cpd.mhcollab.ca/courses/2201/lessons/2201-grief-to-wholeness-presentation" "Mozilla/5.0 (Macintosh; Intel Mac OS X 10_15_7) AppleWebKit/605.1.15 (KHTML, like Gecko) Version/15.6.1 Safari/605.1.15"
70.72.216.60 - - [21/Jan/2025:18:15:23 +0000] "GET /wp-content/uploads/2023/09/2201-Grief.mp4?_=1 HTTP/1.1" 206 278692557 "https://cpd.mhcollab.ca/courses/2201/lessons/2201-grief-to-wholeness-presentation" "Mozilla/5.0 (Macintosh; Intel Mac OS X 10_15_7) AppleWebKit/605.1.15 (KHTML, like Gecko) Version/15.6.1 Safari/605.1.15"
70.72.216.60 - - [21/Jan/2025:18:15:42 +0000] "GET /wp-content/uploads/2023/09/2201-Grief.mp4?_=1 HTTP/1.1" 206 276464333 "https://cpd.mhcollab.ca/courses/2201/lessons/2201-grief-to-wholeness-presentation" "Mozilla/5.0 (Macintosh; Intel Mac OS X 10_15_7) AppleWebKit/605.1.15 (KHTML, like Gecko) Version/15.6.1 Safari/605.1.15"
70.72.216.60 - - [21/Jan/2025:18:15:44 +0000] "GET /wp-content/plugins/uncanny-toolkit-pro/src/includes/simple_timer_performance.php?course_id=5065&post_id=5075&_=1737483117532 HTTP/1.1" 200 78 "https://cpd.mhcollab.ca/courses/2201/lessons/2201-grief-to-wholeness-presentation" "Mozilla/5.0 (Macintosh; Intel Mac OS X 10_15_7) AppleWebKit/605.1.15 (KHTML, like Gecko) Version/15.6.1 Safari/605.1.15"
70.72.216.60 - - [21/Jan/2025:18:16:02 +0000] "GET /wp-content/uploads/2023/09/2201-Grief.mp4?_=1 HTTP/1.1" 206 274301645 "https://cpd.mhcollab.ca/courses/2201/lessons/2201-grief-to-wholeness-presentation" "Mozilla/5.0 (Macintosh; Intel Mac OS X 10_15_7) AppleWebKit/605.1.15 (KHTML, like Gecko) Version/15.6.1 Safari/605.1.15"
70.72.216.60 - - [21/Jan/2025:18:16:05 +0000] "GET /wp-content/plugins/uncanny-toolkit-pro/src/includes/simple_timer_performance.php?course_id=5065&post_id=5075&_=1737483117533 HTTP/1.1" 200 78 "https://cpd.mhcollab.ca/courses/2201/lessons/2201-grief-to-wholeness-presentation" "Mozilla/5.0 (Macintosh; Intel Mac OS X 10_15_7) AppleWebKit/605.1.15 (KHTML, like Gecko) Version/15.6.1 Safari/605.1.15"
70.72.216.60 - - [21/Jan/2025:18:16:21 +0000] "GET /wp-content/uploads/2023/09/2201-Grief.mp4?_=1 HTTP/1.1" 206 272138957 "https://cpd.mhcollab.ca/courses/2201/lessons/2201-grief-to-wholeness-presentation" "Mozilla/5.0 (Macintosh; Intel Mac OS X 10_15_7) AppleWebKit/605.1.15 (KHTML, like Gecko) Version/15.6.1 Safari/605.1.15"
70.72.216.60 - - [21/Jan/2025:18:16:26 +0000] "GET /wp-content/plugins/uncanny-toolkit-pro/src/includes/simple_timer_performance.php?course_id=5065&post_id=5075&_=1737483117534 HTTP/1.1" 200 78 "https://cpd.mhcollab.ca/courses/2201/lessons/2201-grief-to-wholeness-presentation" "Mozilla/5.0 (Macintosh; Intel Mac OS X 10_15_7) AppleWebKit/605.1.15 (KHTML, like Gecko) Version/15.6.1 Safari/605.1.15"
70.72.216.60 - - [21/Jan/2025:18:16:41 +0000] "GET /wp-content/uploads/2023/09/2201-Grief.mp4?_=1 HTTP/1.1" 206 270041805 "https://cpd.mhcollab.ca/courses/2201/lessons/2201-grief-to-wholeness-presentation" "Mozilla/5.0 (Macintosh; Intel Mac OS X 10_15_7) AppleWebKit/605.1.15 (KHTML, like Gecko) Version/15.6.1 Safari/605.1.15"
70.72.216.60 - - [21/Jan/2025:18:16:47 +0000] "GET /wp-content/plugins/uncanny-toolkit-pro/src/includes/simple_timer_performance.php?course_id=5065&post_id=5075&_=1737483117535 HTTP/1.1" 200 78 "https://cpd.mhcollab.ca/courses/2201/lessons/2201-grief-to-wholeness-presentation" "Mozilla/5.0 (Macintosh; Intel Mac OS X 10_15_7) AppleWebKit/605.1.15 (KHTML, like Gecko) Version/15.6.1 Safari/605.1.15"
70.72.216.60 - - [21/Jan/2025:18:17:00 +0000] "GET /wp-content/uploads/2023/09/2201-Grief.mp4?_=1 HTTP/1.1" 206 267944653 "https://cpd.mhcollab.ca/courses/2201/lessons/2201-grief-to-wholeness-presentation" "Mozilla/5.0 (Macintosh; Intel Mac OS X 10_15_7) AppleWebKit/605.1.15 (KHTML, like Gecko) Version/15.6.1 Safari/605.1.15"
70.72.216.60 - - [21/Jan/2025:18:17:06 +0000] "GET /wp-content/uploads/2023/09/2201-Grief.mp4?_=1 HTTP/1.1" 206 265847501 "https://cpd.mhcollab.ca/courses/2201/lessons/2201-grief-to-wholeness-presentation" "Mozilla/5.0 (Macintosh; Intel Mac OS X 10_15_7) AppleWebKit/605.1.15 (KHTML, like Gecko) Version/15.6.1 Safari/605.1.15"
70.72.216.60 - - [21/Jan/2025:18:17:08 +0000] "GET /wp-content/plugins/uncanny-toolkit-pro/src/includes/simple_timer_performance.php?course_id=5065&post_id=5075&_=1737483117536 HTTP/1.1" 200 78 "https://cpd.mhcollab.ca/courses/2201/lessons/2201-grief-to-wholeness-presentation" "Mozilla/5.0 (Macintosh; Intel Mac OS X 10_15_7) AppleWebKit/605.1.15 (KHTML, like Gecko) Version/15.6.1 Safari/605.1.15"
70.72.216.60 - - [21/Jan/2025:18:17:18 +0000] "GET /wp-content/uploads/2023/09/2201-Grief.mp4?_=1 HTTP/1.1" 206 263684813 "https://cpd.mhcollab.ca/courses/2201/lessons/2201-grief-to-wholeness-presentation" "Mozilla/5.0 (Macintosh; Intel Mac OS X 10_15_7) AppleWebKit/605.1.15 (KHTML, like Gecko) Version/15.6.1 Safari/605.1.15"
70.72.216.60 - - [21/Jan/2025:18:17:26 +0000] "GET /wp-content/uploads/2023/09/2201-Grief.mp4?_=1 HTTP/1.1" 206 261063373 "https://cpd.mhcollab.ca/courses/2201/lessons/2201-grief-to-wholeness-presentation" "Mozilla/5.0 (Macintosh; Intel Mac OS X 10_15_7) AppleWebKit/605.1.15 (KHTML, like Gecko) Version/15.6.1 Safari/605.1.15"
70.72.216.60 - - [21/Jan/2025:18:17:29 +0000] "GET /wp-content/plugins/uncanny-toolkit-pro/src/includes/simple_timer_performance.php?course_id=5065&post_id=5075&_=1737483117537 HTTP/1.1" 200 78 "https://cpd.mhcollab.ca/courses/2201/lessons/2201-grief-to-wholeness-presentation" "Mozilla/5.0 (Macintosh; Intel Mac OS X 10_15_7) AppleWebKit/605.1.15 (KHTML, like Gecko) Version/15.6.1 Safari/605.1.15"
45.56.220.125 - - [21/Jan/2025:18:17:31 +0000] "POST /wp-cron.php?doing_wp_cron=1737483451.0019199848175048828125 HTTP/1.1" 200 - "-" "WordPress/6.7.1; https://cpd.mhcollab.ca"
173.252.69.4 - - [21/Jan/2025:18:17:29 +0000] "GET /courses/2101 HTTP/1.1" 503 159735 "-" "meta-externalagent/1.1 (+https://developers.facebook.com/docs/sharing/webmasters/crawler)"
70.72.216.60 - - [21/Jan/2025:18:17:38 +0000] "GET /wp-content/uploads/2023/09/2201-Grief.mp4?_=1 HTTP/1.1" 206 258376397 "https://cpd.mhcollab.ca/courses/2201/lessons/2201-grief-to-wholeness-presentation" "Mozilla/5.0 (Macintosh; Intel Mac OS X 10_15_7) AppleWebKit/605.1.15 (KHTML, like Gecko) Version/15.6.1 Safari/605.1.15"
70.72.216.60 - - [21/Jan/2025:18:17:50 +0000] "GET /wp-content/plugins/uncanny-toolkit-pro/src/includes/simple_timer_performance.php?course_id=5065&post_id=5075&_=1737483117538 HTTP/1.1" 200 78 "https://cpd.mhcollab.ca/courses/2201/lessons/2201-grief-to-wholeness-presentation" "Mozilla/5.0 (Macintosh; Intel Mac OS X 10_15_7) AppleWebKit/605.1.15 (KHTML, like Gecko) Version/15.6.1 Safari/605.1.15"
70.72.216.60 - - [21/Jan/2025:18:17:50 +0000] "GET /wp-content/uploads/2023/09/2201-Grief.mp4?_=1 HTTP/1.1" 206 256279245 "https://cpd.mhcollab.ca/courses/2201/lessons/2201-grief-to-wholeness-presentation" "Mozilla/5.0 (Macintosh; Intel Mac OS X 10_15_7) AppleWebKit/605.1.15 (KHTML, like Gecko) Version/15.6.1 Safari/605.1.15"
70.72.216.60 - - [21/Jan/2025:18:18:02 +0000] "GET /wp-content/uploads/2023/09/2201-Grief.mp4?_=1 HTTP/1.1" 206 254182093 "https://cpd.mhcollab.ca/courses/2201/lessons/2201-grief-to-wholeness-presentation" "Mozilla/5.0 (Macintosh; Intel Mac OS X 10_15_7) AppleWebKit/605.1.15 (KHTML, like Gecko) Version/15.6.1 Safari/605.1.15"
70.72.216.60 - - [21/Jan/2025:18:18:15 +0000] "GET /wp-content/uploads/2023/09/2201-Grief.mp4?_=1 HTTP/1.1" 206 252084941 "https://cpd.mhcollab.ca/courses/2201/lessons/2201-grief-to-wholeness-presentation" "Mozilla/5.0 (Macintosh; Intel Mac OS X 10_15_7) AppleWebKit/605.1.15 (KHTML, like Gecko) Version/15.6.1 Safari/605.1.15"
70.72.216.60 - - [21/Jan/2025:18:18:25 +0000] "GET /wp-content/uploads/2023/09/2201-Grief.mp4?_=1 HTTP/1.1" 206 249856717 "https://cpd.mhcollab.ca/courses/2201/lessons/2201-grief-to-wholeness-presentation" "Mozilla/5.0 (Macintosh; Intel Mac OS X 10_15_7) AppleWebKit/605.1.15 (KHTML, like Gecko) Version/15.6.1 Safari/605.1.15"
70.72.216.60 - - [21/Jan/2025:18:18:41 +0000] "GET /wp-content/uploads/2023/09/2201-Grief.mp4?_=1 HTTP/1.1" 206 247431885 "https://cpd.mhcollab.ca/courses/2201/lessons/2201-grief-to-wholeness-presentation" "Mozilla/5.0 (Macintosh; Intel Mac OS X 10_15_7) AppleWebKit/605.1.15 (KHTML, like Gecko) Version/15.6.1 Safari/605.1.15"
70.72.216.60 - - [21/Jan/2025:18:19:03 +0000] "GET /wp-content/uploads/2023/09/2201-Grief.mp4?_=1 HTTP/1.1" 206 245269197 "https://cpd.mhcollab.ca/courses/2201/lessons/2201-grief-to-wholeness-presentation" "Mozilla/5.0 (Macintosh; Intel Mac OS X 10_15_7) AppleWebKit/605.1.15 (KHTML, like Gecko) Version/15.6.1 Safari/605.1.15"
70.72.216.60 - - [21/Jan/2025:18:19:20 +0000] "GET /wp-content/uploads/2023/09/2201-Grief.mp4?_=1 HTTP/1.1" 206 243172045 "https://cpd.mhcollab.ca/courses/2201/lessons/2201-grief-to-wholeness-presentation" "Mozilla/5.0 (Macintosh; Intel Mac OS X 10_15_7) AppleWebKit/605.1.15 (KHTML, like Gecko) Version/15.6.1 Safari/605.1.15"
70.72.216.60 - - [21/Jan/2025:18:19:36 +0000] "GET /wp-content/uploads/2023/09/2201-Grief.mp4?_=1 HTTP/1.1" 206 241074893 "https://cpd.mhcollab.ca/courses/2201/lessons/2201-grief-to-wholeness-presentation" "Mozilla/5.0 (Macintosh; Intel Mac OS X 10_15_7) AppleWebKit/605.1.15 (KHTML, like Gecko) Version/15.6.1 Safari/605.1.15"
70.72.216.60 - - [21/Jan/2025:18:19:56 +0000] "GET /wp-content/uploads/2023/09/2201-Grief.mp4?_=1 HTTP/1.1" 206 238846669 "https://cpd.mhcollab.ca/courses/2201/lessons/2201-grief-to-wholeness-presentation" "Mozilla/5.0 (Macintosh; Intel Mac OS X 10_15_7) AppleWebKit/605.1.15 (KHTML, like Gecko) Version/15.6.1 Safari/605.1.15"
70.72.216.60 - - [21/Jan/2025:18:20:17 +0000] "GET /wp-content/uploads/2023/09/2201-Grief.mp4?_=1 HTTP/1.1" 206 236683981 "https://cpd.mhcollab.ca/courses/2201/lessons/2201-grief-to-wholeness-presentation" "Mozilla/5.0 (Macintosh; Intel Mac OS X 10_15_7) AppleWebKit/605.1.15 (KHTML, like Gecko) Version/15.6.1 Safari/605.1.15"
70.72.216.60 - - [21/Jan/2025:18:20:36 +0000] "GET /wp-content/uploads/2023/09/2201-Grief.mp4?_=1 HTTP/1.1" 206 234455757 "https://cpd.mhcollab.ca/courses/2201/lessons/2201-grief-to-wholeness-presentation" "Mozilla/5.0 (Macintosh; Intel Mac OS X 10_15_7) AppleWebKit/605.1.15 (KHTML, like Gecko) Version/15.6.1 Safari/605.1.15"
70.72.216.60 - - [21/Jan/2025:18:20:57 +0000] "GET /wp-content/uploads/2023/09/2201-Grief.mp4?_=1 HTTP/1.1" 206 232358605 "https://cpd.mhcollab.ca/courses/2201/lessons/2201-grief-to-wholeness-presentation" "Mozilla/5.0 (Macintosh; Intel Mac OS X 10_15_7) AppleWebKit/605.1.15 (KHTML, like Gecko) Version/15.6.1 Safari/605.1.15"
70.72.216.60 - - [21/Jan/2025:18:21:18 +0000] "GET /wp-content/uploads/2023/09/2201-Grief.mp4?_=1 HTTP/1.1" 206 230130381 "https://cpd.mhcollab.ca/courses/2201/lessons/2201-grief-to-wholeness-presentation" "Mozilla/5.0 (Macintosh; Intel Mac OS X 10_15_7) AppleWebKit/605.1.15 (KHTML, like Gecko) Version/15.6.1 Safari/605.1.15"
45.56.220.125 - - [21/Jan/2025:18:21:32 +0000] "POST /wp-cron.php?doing_wp_cron=1737483692.8214530944824218750000 HTTP/1.1" 200 - "-" "WordPress/6.7.1; https://cpd.mhcollab.ca"
52.102.11.117 - - [21/Jan/2025:18:21:31 +0000] "HEAD /courseinfo-2 HTTP/1.1" 200 - "-" "-"
198.161.4.84 - - [21/Jan/2025:18:21:33 +0000] "GET /courseinfo-2 HTTP/1.1" 200 34428 "-" "Mozilla/5.0 (Windows NT 10.0; Win64; x64) AppleWebKit/537.36 (KHTML, like Gecko) Chrome/131.0.0.0 Safari/537.36 Edg/131.0.0.0"
198.161.4.84 - - [21/Jan/2025:18:21:35 +0000] "GET /wp-content/plugins/premium-addons-for-elementor/assets/frontend/min-css/premium-addons.min.css?ver=4.10.77 HTTP/1.1" 200 45601 "https://cpd.mhcollab.ca/courseinfo-2" "Mozilla/5.0 (Windows NT 10.0; Win64; x64) AppleWebKit/537.36 (KHTML, like Gecko) Chrome/131.0.0.0 Safari/537.36 Edg/131.0.0.0"
198.161.4.84 - - [21/Jan/2025:18:21:35 +0000] "GET /wp-includes/css/dashicons.min.css?ver=1f041886d6beac9432c1496850c082e4 HTTP/1.1" 200 35730 "https://cpd.mhcollab.ca/courseinfo-2" "Mozilla/5.0 (Windows NT 10.0; Win64; x64) AppleWebKit/537.36 (KHTML, like Gecko) Chrome/131.0.0.0 Safari/537.36 Edg/131.0.0.0"
198.161.4.84 - - [21/Jan/2025:18:21:35 +0000] "GET /wp-content/plugins/learndash-propanel/includes/reports-base/includes/blocks/builds/index-date-filters.css?ver=a1d6734463bc290af9c8 HTTP/1.1" 200 1913 "https://cpd.mhcollab.ca/courseinfo-2" "Mozilla/5.0 (Windows NT 10.0; Win64; x64) AppleWebKit/537.36 (KHTML, like Gecko) Chrome/131.0.0.0 Safari/537.36 Edg/131.0.0.0"
198.161.4.84 - - [21/Jan/2025:18:21:35 +0000] "GET /wp-content/plugins/learndash-propanel/includes/reports-base/includes/blocks/builds/index-total-revenue-earned.css?ver=f10a5618799c575867be HTTP/1.1" 200 495 "https://cpd.mhcollab.ca/courseinfo-2" "Mozilla/5.0 (Windows NT 10.0; Win64; x64) AppleWebKit/537.36 (KHTML, like Gecko) Chrome/131.0.0.0 Safari/537.36 Edg/131.0.0.0"
198.161.4.84 - - [21/Jan/2025:18:21:35 +0000] "GET /wp-content/plugins/learndash-propanel/includes/reports-base/includes/blocks/builds/index-total-courses.css?ver=0cefa5be8e7738864347 HTTP/1.1" 200 541 "https://cpd.mhcollab.ca/courseinfo-2" "Mozilla/5.0 (Windows NT 10.0; Win64; x64) AppleWebKit/537.36 (KHTML, like Gecko) Chrome/131.0.0.0 Safari/537.36 Edg/131.0.0.0"
198.161.4.84 - - [21/Jan/2025:18:21:35 +0000] "GET /wp-content/plugins/learndash-propanel/includes/reports-base/includes/blocks/builds/index-total-learners.css?ver=fadd16f458306ad64b1b HTTP/1.1" 200 540 "https://cpd.mhcollab.ca/courseinfo-2" "Mozilla/5.0 (Windows NT 10.0; Win64; x64) AppleWebKit/537.36 (KHTML, like Gecko) Chrome/131.0.0.0 Safari/537.36 Edg/131.0.0.0"
198.161.4.84 - - [21/Jan/2025:18:21:35 +0000] "GET /wp-content/plugins/learndash-propanel/includes/reports-base/includes/blocks/builds/index-pending-assignments.css?ver=1aef600d13aa5a0563ad HTTP/1.1" 200 903 "https://cpd.mhcollab.ca/courseinfo-2" "Mozilla/5.0 (Windows NT 10.0; Win64; x64) AppleWebKit/537.36 (KHTML, like Gecko) Chrome/131.0.0.0 Safari/537.36 Edg/131.0.0.0"
198.161.4.84 - - [21/Jan/2025:18:21:35 +0000] "GET /wp-content/plugins/learndash-propanel/includes/reports-base/includes/blocks/builds/index-revenue-from-courses.css?ver=cb65027c18309c21a2ae HTTP/1.1" 200 1930 "https://cpd.mhcollab.ca/courseinfo-2" "Mozilla/5.0 (Windows NT 10.0; Win64; x64) AppleWebKit/537.36 (KHTML, like Gecko) Chrome/131.0.0.0 Safari/537.36 Edg/131.0.0.0"
198.161.4.84 - - [21/Jan/2025:18:21:35 +0000] "GET /wp-content/plugins/learndash-propanel/includes/reports-base/includes/blocks/builds/index-daily-enrollments.css?ver=26c7a9fe543a33751dda HTTP/1.1" 200 2044 "https://cpd.mhcollab.ca/courseinfo-2" "Mozilla/5.0 (Windows NT 10.0; Win64; x64) AppleWebKit/537.36 (KHTML, like Gecko) Chrome/131.0.0.0 Safari/537.36 Edg/131.0.0.0"
198.161.4.84 - - [21/Jan/2025:18:21:35 +0000] "GET /wp-content/plugins/learndash-propanel/includes/reports-base/includes/blocks/builds/index-report-filters.css?ver=b28fbdbc96ca0c44499b HTTP/1.1" 200 4287 "https://cpd.mhcollab.ca/courseinfo-2" "Mozilla/5.0 (Windows NT 10.0; Win64; x64) AppleWebKit/537.36 (KHTML, like Gecko) Chrome/131.0.0.0 Safari/537.36 Edg/131.0.0.0"
198.161.4.84 - - [21/Jan/2025:18:21:35 +0000] "GET /wp-content/plugins/learndash-propanel/includes/reports-base/includes/blocks/builds/index-quiz-completion-time-per-course.css?ver=a8accdccb915ca6ec1ef HTTP/1.1" 200 2038 "https://cpd.mhcollab.ca/courseinfo-2" "Mozilla/5.0 (Windows NT 10.0; Win64; x64) AppleWebKit/537.36 (KHTML, like Gecko) Chrome/131.0.0.0 Safari/537.36 Edg/131.0.0.0"
198.161.4.84 - - [21/Jan/2025:18:21:35 +0000] "GET /wp-content/plugins/learndash-propanel/includes/reports-base/includes/blocks/builds/index-time-spent-on-a-course.css?ver=8367b374b08e9cf19cf6 HTTP/1.1" 200 4759 "https://cpd.mhcollab.ca/courseinfo-2" "Mozilla/5.0 (Windows NT 10.0; Win64; x64) AppleWebKit/537.36 (KHTML, like Gecko) Chrome/131.0.0.0 Safari/537.36 Edg/131.0.0.0"
