70.72.216.60 - - [21/Jan/2025:18:31:28 +0000] "GET /wp-content/uploads/2023/09/2201-Grief.mp4?_=1 HTTP/1.1" 206 194085581 "https://cpd.mhcollab.ca/courses/2201/lessons/2201-grief-to-wholeness-presentation" "Mozilla/5.0 (Macintosh; Intel Mac OS X 10_15_7) AppleWebKit/605.1.15 (KHTML, like Gecko) Version/15.6.1 Safari/605.1.15"
70.72.216.60 - - [21/Jan/2025:18:31:42 +0000] "GET /wp-content/plugins/uncanny-toolkit-pro/src/includes/simple_timer_performance.php?course_id=5065&post_id=5075&_=1737483117548 HTTP/1.1" 200 78 "https://cpd.mhcollab.ca/courses/2201/lessons/2201-grief-to-wholeness-presentation" "Mozilla/5.0 (Macintosh; Intel Mac OS X 10_15_7) AppleWebKit/605.1.15 (KHTML, like Gecko) Version/15.6.1 Safari/605.1.15"
70.72.216.60 - - [21/Jan/2025:18:31:44 +0000] "GET /wp-content/uploads/2023/09/2201-Grief.mp4?_=1 HTTP/1.1" 206 191726285 "https://cpd.mhcollab.ca/courses/2201/lessons/2201-grief-to-wholeness-presentation" "Mozilla/5.0 (Macintosh; Intel Mac OS X 10_15_7) AppleWebKit/605.1.15 (KHTML, like Gecko) Version/15.6.1 Safari/605.1.15"
70.72.216.60 - - [21/Jan/2025:18:32:01 +0000] "GET /wp-content/uploads/2023/09/2201-Grief.mp4?_=1 HTTP/1.1" 206 189498061 "https://cpd.mhcollab.ca/courses/2201/lessons/2201-grief-to-wholeness-presentation" "Mozilla/5.0 (Macintosh; Intel Mac OS X 10_15_7) AppleWebKit/605.1.15 (KHTML, like Gecko) Version/15.6.1 Safari/605.1.15"
70.72.216.60 - - [21/Jan/2025:18:32:02 +0000] "GET /wp-content/plugins/uncanny-toolkit-pro/src/includes/simple_timer_performance.php?course_id=5065&post_id=5075&_=1737483117549 HTTP/1.1" 200 78 "https://cpd.mhcollab.ca/courses/2201/lessons/2201-grief-to-wholeness-presentation" "Mozilla/5.0 (Macintosh; Intel Mac OS X 10_15_7) AppleWebKit/605.1.15 (KHTML, like Gecko) Version/15.6.1 Safari/605.1.15"
70.72.216.60 - - [21/Jan/2025:18:32:16 +0000] "GET /wp-content/uploads/2023/09/2201-Grief.mp4?_=1 HTTP/1.1" 206 187335373 "https://cpd.mhcollab.ca/courses/2201/lessons/2201-grief-to-wholeness-presentation" "Mozilla/5.0 (Macintosh; Intel Mac OS X 10_15_7) AppleWebKit/605.1.15 (KHTML, like Gecko) Version/15.6.1 Safari/605.1.15"
70.72.216.60 - - [21/Jan/2025:18:32:22 +0000] "GET /wp-content/plugins/uncanny-toolkit-pro/src/includes/simple_timer_performance.php?course_id=5065&post_id=5075&_=1737483117550 HTTP/1.1" 200 78 "https://cpd.mhcollab.ca/courses/2201/lessons/2201-grief-to-wholeness-presentation" "Mozilla/5.0 (Macintosh; Intel Mac OS X 10_15_7) AppleWebKit/605.1.15 (KHTML, like Gecko) Version/15.6.1 Safari/605.1.15"
70.72.216.60 - - [21/Jan/2025:18:32:33 +0000] "GET /wp-content/uploads/2023/09/2201-Grief.mp4?_=1 HTTP/1.1" 206 184582861 "https://cpd.mhcollab.ca/courses/2201/lessons/2201-grief-to-wholeness-presentation" "Mozilla/5.0 (Macintosh; Intel Mac OS X 10_15_7) AppleWebKit/605.1.15 (KHTML, like Gecko) Version/15.6.1 Safari/605.1.15"
70.72.216.60 - - [21/Jan/2025:18:32:42 +0000] "GET /wp-content/plugins/uncanny-toolkit-pro/src/includes/simple_timer_performance.php?course_id=5065&post_id=5075&_=1737483117551 HTTP/1.1" 200 78 "https://cpd.mhcollab.ca/courses/2201/lessons/2201-grief-to-wholeness-presentation" "Mozilla/5.0 (Macintosh; Intel Mac OS X 10_15_7) AppleWebKit/605.1.15 (KHTML, like Gecko) Version/15.6.1 Safari/605.1.15"
70.72.216.60 - - [21/Jan/2025:18:32:54 +0000] "GET /wp-content/uploads/2023/09/2201-Grief.mp4?_=1 HTTP/1.1" 206 182420173 "https://cpd.mhcollab.ca/courses/2201/lessons/2201-grief-to-wholeness-presentation" "Mozilla/5.0 (Macintosh; Intel Mac OS X 10_15_7) AppleWebKit/605.1.15 (KHTML, like Gecko) Version/15.6.1 Safari/605.1.15"
70.72.216.60 - - [21/Jan/2025:18:33:02 +0000] "GET /wp-content/plugins/uncanny-toolkit-pro/src/includes/simple_timer_performance.php?course_id=5065&post_id=5075&_=1737483117552 HTTP/1.1" 200 78 "https://cpd.mhcollab.ca/courses/2201/lessons/2201-grief-to-wholeness-presentation" "Mozilla/5.0 (Macintosh; Intel Mac OS X 10_15_7) AppleWebKit/605.1.15 (KHTML, like Gecko) Version/15.6.1 Safari/605.1.15"
70.72.216.60 - - [21/Jan/2025:18:33:16 +0000] "GET /wp-content/uploads/2023/09/2201-Grief.mp4?_=1 HTTP/1.1" 206 180323021 "https://cpd.mhcollab.ca/courses/2201/lessons/2201-grief-to-wholeness-presentation" "Mozilla/5.0 (Macintosh; Intel Mac OS X 10_15_7) AppleWebKit/605.1.15 (KHTML, like Gecko) Version/15.6.1 Safari/605.1.15"
70.72.216.60 - - [21/Jan/2025:18:33:22 +0000] "GET /wp-content/uploads/2023/09/2201-Grief.mp4?_=1 HTTP/1.1" 206 178094797 "https://cpd.mhcollab.ca/courses/2201/lessons/2201-grief-to-wholeness-presentation" "Mozilla/5.0 (Macintosh; Intel Mac OS X 10_15_7) AppleWebKit/605.1.15 (KHTML, like Gecko) Version/15.6.1 Safari/605.1.15"
70.72.216.60 - - [21/Jan/2025:18:33:23 +0000] "GET /wp-content/plugins/uncanny-toolkit-pro/src/includes/simple_timer_performance.php?course_id=5065&post_id=5075&_=1737483117553 HTTP/1.1" 200 78 "https://cpd.mhcollab.ca/courses/2201/lessons/2201-grief-to-wholeness-presentation" "Mozilla/5.0 (Macintosh; Intel Mac OS X 10_15_7) AppleWebKit/605.1.15 (KHTML, like Gecko) Version/15.6.1 Safari/605.1.15"
70.72.216.60 - - [21/Jan/2025:18:33:33 +0000] "GET /wp-content/uploads/2023/09/2201-Grief.mp4?_=1 HTTP/1.1" 206 175669965 "https://cpd.mhcollab.ca/courses/2201/lessons/2201-grief-to-wholeness-presentation" "Mozilla/5.0 (Macintosh; Intel Mac OS X 10_15_7) AppleWebKit/605.1.15 (KHTML, like Gecko) Version/15.6.1 Safari/605.1.15"
70.72.216.60 - - [21/Jan/2025:18:33:41 +0000] "GET /wp-content/uploads/2023/09/2201-Grief.mp4?_=1 HTTP/1.1" 206 173507277 "https://cpd.mhcollab.ca/courses/2201/lessons/2201-grief-to-wholeness-presentation" "Mozilla/5.0 (Macintosh; Intel Mac OS X 10_15_7) AppleWebKit/605.1.15 (KHTML, like Gecko) Version/15.6.1 Safari/605.1.15"
70.72.216.60 - - [21/Jan/2025:18:33:44 +0000] "GET /wp-content/plugins/uncanny-toolkit-pro/src/includes/simple_timer_performance.php?course_id=5065&post_id=5075&_=1737483117554 HTTP/1.1" 200 78 "https://cpd.mhcollab.ca/courses/2201/lessons/2201-grief-to-wholeness-presentation" "Mozilla/5.0 (Macintosh; Intel Mac OS X 10_15_7) AppleWebKit/605.1.15 (KHTML, like Gecko) Version/15.6.1 Safari/605.1.15"
70.72.216.60 - - [21/Jan/2025:18:33:58 +0000] "GET /wp-content/uploads/2023/09/2201-Grief.mp4?_=1 HTTP/1.1" 206 171344589 "https://cpd.mhcollab.ca/courses/2201/lessons/2201-grief-to-wholeness-presentation" "Mozilla/5.0 (Macintosh; Intel Mac OS X 10_15_7) AppleWebKit/605.1.15 (KHTML, like Gecko) Version/15.6.1 Safari/605.1.15"
70.72.216.60 - - [21/Jan/2025:18:34:05 +0000] "GET /wp-content/plugins/uncanny-toolkit-pro/src/includes/simple_timer_performance.php?course_id=5065&post_id=5075&_=1737483117555 HTTP/1.1" 200 78 "https://cpd.mhcollab.ca/courses/2201/lessons/2201-grief-to-wholeness-presentation" "Mozilla/5.0 (Macintosh; Intel Mac OS X 10_15_7) AppleWebKit/605.1.15 (KHTML, like Gecko) Version/15.6.1 Safari/605.1.15"
70.72.216.60 - - [21/Jan/2025:18:34:16 +0000] "GET /wp-content/uploads/2023/09/2201-Grief.mp4?_=1 HTTP/1.1" 206 169247437 "https://cpd.mhcollab.ca/courses/2201/lessons/2201-grief-to-wholeness-presentation" "Mozilla/5.0 (Macintosh; Intel Mac OS X 10_15_7) AppleWebKit/605.1.15 (KHTML, like Gecko) Version/15.6.1 Safari/605.1.15"
70.72.216.60 - - [21/Jan/2025:18:34:26 +0000] "GET /wp-content/plugins/uncanny-toolkit-pro/src/includes/simple_timer_performance.php?course_id=5065&post_id=5075&_=1737483117556 HTTP/1.1" 200 78 "https://cpd.mhcollab.ca/courses/2201/lessons/2201-grief-to-wholeness-presentation" "Mozilla/5.0 (Macintosh; Intel Mac OS X 10_15_7) AppleWebKit/605.1.15 (KHTML, like Gecko) Version/15.6.1 Safari/605.1.15"
70.72.216.60 - - [21/Jan/2025:18:34:32 +0000] "GET /wp-content/uploads/2023/09/2201-Grief.mp4?_=1 HTTP/1.1" 206 167084749 "https://cpd.mhcollab.ca/courses/2201/lessons/2201-grief-to-wholeness-presentation" "Mozilla/5.0 (Macintosh; Intel Mac OS X 10_15_7) AppleWebKit/605.1.15 (KHTML, like Gecko) Version/15.6.1 Safari/605.1.15"
45.56.220.125 - - [21/Jan/2025:18:34:46 +0000] "POST /wp-cron.php?doing_wp_cron=1737484486.6508810520172119140625 HTTP/1.1" 200 - "-" "WordPress/6.7.1; https://cpd.mhcollab.ca"
198.161.4.84 - - [21/Jan/2025:18:34:45 +0000] "GET /courseinfo-2 HTTP/1.1" 200 33297 "https://cpd.mhcollab.ca/transcript" "Mozilla/5.0 (Windows NT 10.0; Win64; x64) AppleWebKit/537.36 (KHTML, like Gecko) Chrome/131.0.0.0 Safari/537.36 Edg/131.0.0.0"
70.72.216.60 - - [21/Jan/2025:18:34:47 +0000] "GET /wp-content/plugins/uncanny-toolkit-pro/src/includes/simple_timer_performance.php?course_id=5065&post_id=5075&_=1737483117557 HTTP/1.1" 200 78 "https://cpd.mhcollab.ca/courses/2201/lessons/2201-grief-to-wholeness-presentation" "Mozilla/5.0 (Macintosh; Intel Mac OS X 10_15_7) AppleWebKit/605.1.15 (KHTML, like Gecko) Version/15.6.1 Safari/605.1.15"
70.72.216.60 - - [21/Jan/2025:18:34:52 +0000] "GET /wp-content/uploads/2023/09/2201-Grief.mp4?_=1 HTTP/1.1" 206 164463309 "https://cpd.mhcollab.ca/courses/2201/lessons/2201-grief-to-wholeness-presentation" "Mozilla/5.0 (Macintosh; Intel Mac OS X 10_15_7) AppleWebKit/605.1.15 (KHTML, like Gecko) Version/15.6.1 Safari/605.1.15"
45.56.220.125 - - [21/Jan/2025:18:34:53 +0000] "POST /wp-cron.php?doing_wp_cron=1737484493.7112019062042236328125 HTTP/1.1" 200 - "-" "WordPress/6.7.1; https://cpd.mhcollab.ca"
198.161.4.84 - - [21/Jan/2025:18:34:52 +0000] "GET /accred HTTP/1.1" 301 - "https://cpd.mhcollab.ca/courseinfo-2" "Mozilla/5.0 (Windows NT 10.0; Win64; x64) AppleWebKit/537.36 (KHTML, like Gecko) Chrome/131.0.0.0 Safari/537.36 Edg/131.0.0.0"
198.161.4.84 - - [21/Jan/2025:18:34:53 +0000] "GET /courseinfo-2/accred HTTP/1.1" 200 32980 "https://cpd.mhcollab.ca/courseinfo-2" "Mozilla/5.0 (Windows NT 10.0; Win64; x64) AppleWebKit/537.36 (KHTML, like Gecko) Chrome/131.0.0.0 Safari/537.36 Edg/131.0.0.0"
70.72.216.60 - - [21/Jan/2025:18:35:08 +0000] "GET /wp-content/plugins/uncanny-toolkit-pro/src/includes/simple_timer_performance.php?course_id=5065&post_id=5075&_=1737483117558 HTTP/1.1" 200 78 "https://cpd.mhcollab.ca/courses/2201/lessons/2201-grief-to-wholeness-presentation" "Mozilla/5.0 (Macintosh; Intel Mac OS X 10_15_7) AppleWebKit/605.1.15 (KHTML, like Gecko) Version/15.6.1 Safari/605.1.15"
70.72.216.60 - - [21/Jan/2025:18:35:12 +0000] "GET /wp-content/uploads/2023/09/2201-Grief.mp4?_=1 HTTP/1.1" 206 162366157 "https://cpd.mhcollab.ca/courses/2201/lessons/2201-grief-to-wholeness-presentation" "Mozilla/5.0 (Macintosh; Intel Mac OS X 10_15_7) AppleWebKit/605.1.15 (KHTML, like Gecko) Version/15.6.1 Safari/605.1.15"
70.72.216.60 - - [21/Jan/2025:18:35:29 +0000] "GET /wp-content/plugins/uncanny-toolkit-pro/src/includes/simple_timer_performance.php?course_id=5065&post_id=5075&_=1737483117559 HTTP/1.1" 200 78 "https://cpd.mhcollab.ca/courses/2201/lessons/2201-grief-to-wholeness-presentation" "Mozilla/5.0 (Macintosh; Intel Mac OS X 10_15_7) AppleWebKit/605.1.15 (KHTML, like Gecko) Version/15.6.1 Safari/605.1.15"
70.72.216.60 - - [21/Jan/2025:18:35:33 +0000] "GET /wp-content/uploads/2023/09/2201-Grief.mp4?_=1 HTTP/1.1" 206 160269005 "https://cpd.mhcollab.ca/courses/2201/lessons/2201-grief-to-wholeness-presentation" "Mozilla/5.0 (Macintosh; Intel Mac OS X 10_15_7) AppleWebKit/605.1.15 (KHTML, like Gecko) Version/15.6.1 Safari/605.1.15"
45.56.220.125 - - [21/Jan/2025:18:35:37 +0000] "POST /wp-cron.php?doing_wp_cron=1737484537.8540530204772949218750 HTTP/1.1" 200 - "-" "WordPress/6.7.1; https://cpd.mhcollab.ca"
198.161.4.84 - - [21/Jan/2025:18:35:36 +0000] "GET /courseinfo-2 HTTP/1.1" 200 33297 "https://redcap.albertahealthservices.ca/" "Mozilla/5.0 (Windows NT 10.0; Win64; x64) AppleWebKit/537.36 (KHTML, like Gecko) Chrome/131.0.0.0 Safari/537.36 Edg/131.0.0.0"
198.161.4.84 - - [21/Jan/2025:18:35:44 +0000] "GET /user-2 HTTP/1.1" 200 32382 "https://cpd.mhcollab.ca/courseinfo-2" "Mozilla/5.0 (Windows NT 10.0; Win64; x64) AppleWebKit/537.36 (KHTML, like Gecko) Chrome/131.0.0.0 Safari/537.36 Edg/131.0.0.0"
198.161.4.84 - - [21/Jan/2025:18:35:46 +0000] "GET /wp-content/plugins/kadence-blocks/dist/style-blocks-advanced-form.css?ver=3.4.5 HTTP/1.1" 200 3108 "https://cpd.mhcollab.ca/user-2" "Mozilla/5.0 (Windows NT 10.0; Win64; x64) AppleWebKit/537.36 (KHTML, like Gecko) Chrome/131.0.0.0 Safari/537.36 Edg/131.0.0.0"
198.161.4.84 - - [21/Jan/2025:18:35:46 +0000] "GET /wp-content/plugins/kadence-blocks/dist/style-blocks-tabs.css?ver=3.4.5 HTTP/1.1" 200 1496 "https://cpd.mhcollab.ca/user-2" "Mozilla/5.0 (Windows NT 10.0; Win64; x64) AppleWebKit/537.36 (KHTML, like Gecko) Chrome/131.0.0.0 Safari/537.36 Edg/131.0.0.0"
198.161.4.84 - - [21/Jan/2025:18:35:46 +0000] "GET /wp-admin/images/wpspin_light.gif HTTP/1.1" 200 2052 "https://cpd.mhcollab.ca/user-2" "Mozilla/5.0 (Windows NT 10.0; Win64; x64) AppleWebKit/537.36 (KHTML, like Gecko) Chrome/131.0.0.0 Safari/537.36 Edg/131.0.0.0"
198.161.4.84 - - [21/Jan/2025:18:35:46 +0000] "GET /wp-content/plugins/user-registration/assets/css/my-account-layout.css?ver=3.3.5.2 HTTP/1.1" 200 5261 "https://cpd.mhcollab.ca/user-2" "Mozilla/5.0 (Windows NT 10.0; Win64; x64) AppleWebKit/537.36 (KHTML, like Gecko) Chrome/131.0.0.0 Safari/537.36 Edg/131.0.0.0"
198.161.4.84 - - [21/Jan/2025:18:35:46 +0000] "GET /wp-content/plugins/kadence-blocks/includes/assets/js/kb-advanced-form-block.min.js?ver=3.4.5 HTTP/1.1" 200 2697 "https://cpd.mhcollab.ca/user-2" "Mozilla/5.0 (Windows NT 10.0; Win64; x64) AppleWebKit/537.36 (KHTML, like Gecko) Chrome/131.0.0.0 Safari/537.36 Edg/131.0.0.0"
198.161.4.84 - - [21/Jan/2025:18:35:46 +0000] "GET /wp-content/plugins/kadence-blocks/includes/assets/js/kt-tabs.min.js?ver=3.4.5 HTTP/1.1" 200 1576 "https://cpd.mhcollab.ca/user-2" "Mozilla/5.0 (Windows NT 10.0; Win64; x64) AppleWebKit/537.36 (KHTML, like Gecko) Chrome/131.0.0.0 Safari/537.36 Edg/131.0.0.0"
198.161.4.84 - - [21/Jan/2025:18:35:46 +0000] "GET /wp-content/plugins/user-registration/assets/js/tooltipster/tooltipster.bundle.min.js?ver=4.2.8 HTTP/1.1" 200 10064 "https://cpd.mhcollab.ca/user-2" "Mozilla/5.0 (Windows NT 10.0; Win64; x64) AppleWebKit/537.36 (KHTML, like Gecko) Chrome/131.0.0.0 Safari/537.36 Edg/131.0.0.0"
198.161.4.84 - - [21/Jan/2025:18:35:46 +0000] "GET /wp-content/plugins/user-registration/assets/js/sweetalert2/sweetalert2.min.js?ver=10.16.7 HTTP/1.1" 200 15048 "https://cpd.mhcollab.ca/user-2" "Mozilla/5.0 (Windows NT 10.0; Win64; x64) AppleWebKit/537.36 (KHTML, like Gecko) Chrome/131.0.0.0 Safari/537.36 Edg/131.0.0.0"
198.161.4.84 - - [21/Jan/2025:18:35:46 +0000] "GET /wp-content/plugins/user-registration/assets/js/frontend/my-account.min.js?ver=3.3.5.2 HTTP/1.1" 200 1616 "https://cpd.mhcollab.ca/user-2" "Mozilla/5.0 (Windows NT 10.0; Win64; x64) AppleWebKit/537.36 (KHTML, like Gecko) Chrome/131.0.0.0 Safari/537.36 Edg/131.0.0.0"
198.161.4.84 - - [21/Jan/2025:18:35:46 +0000] "GET /wp-content/plugins/user-registration/assets/css/user-registration-smallscreen.css?ver=3.3.5.2 HTTP/1.1" 200 740 "https://cpd.mhcollab.ca/user-2" "Mozilla/5.0 (Windows NT 10.0; Win64; x64) AppleWebKit/537.36 (KHTML, like Gecko) Chrome/131.0.0.0 Safari/537.36 Edg/131.0.0.0"
70.72.216.60 - - [21/Jan/2025:18:35:50 +0000] "GET /wp-content/plugins/uncanny-toolkit-pro/src/includes/simple_timer_performance.php?course_id=5065&post_id=5075&_=1737483117560 HTTP/1.1" 200 78 "https://cpd.mhcollab.ca/courses/2201/lessons/2201-grief-to-wholeness-presentation" "Mozilla/5.0 (Macintosh; Intel Mac OS X 10_15_7) AppleWebKit/605.1.15 (KHTML, like Gecko) Version/15.6.1 Safari/605.1.15"
70.72.216.60 - - [21/Jan/2025:18:35:52 +0000] "GET /wp-content/uploads/2023/09/2201-Grief.mp4?_=1 HTTP/1.1" 206 158106317 "https://cpd.mhcollab.ca/courses/2201/lessons/2201-grief-to-wholeness-presentation" "Mozilla/5.0 (Macintosh; Intel Mac OS X 10_15_7) AppleWebKit/605.1.15 (KHTML, like Gecko) Version/15.6.1 Safari/605.1.15"
45.56.220.125 - - [21/Jan/2025:18:36:01 +0000] "POST /wp-cron.php?doing_wp_cron=1737484561.5583610534667968750000 HTTP/1.1" 200 - "-" "WordPress/6.7.1; https://cpd.mhcollab.ca"
198.161.4.84 - - [21/Jan/2025:18:36:00 +0000] "GET /user-2/edit-profile/ HTTP/1.1" 301 - "https://cpd.mhcollab.ca/user-2" "Mozilla/5.0 (Windows NT 10.0; Win64; x64) AppleWebKit/537.36 (KHTML, like Gecko) Chrome/131.0.0.0 Safari/537.36 Edg/131.0.0.0"
198.161.4.84 - - [21/Jan/2025:18:36:01 +0000] "GET /user-2/edit-profile HTTP/1.1" 200 50083 "https://cpd.mhcollab.ca/user-2" "Mozilla/5.0 (Windows NT 10.0; Win64; x64) AppleWebKit/537.36 (KHTML, like Gecko) Chrome/131.0.0.0 Safari/537.36 Edg/131.0.0.0"
198.161.4.84 - - [21/Jan/2025:18:36:04 +0000] "GET /wp-includes/css/buttons.min.css?ver=1f041886d6beac9432c1496850c082e4 HTTP/1.1" 200 1470 "https://cpd.mhcollab.ca/user-2/edit-profile" "Mozilla/5.0 (Windows NT 10.0; Win64; x64) AppleWebKit/537.36 (KHTML, like Gecko) Chrome/131.0.0.0 Safari/537.36 Edg/131.0.0.0"
198.161.4.84 - - [21/Jan/2025:18:36:04 +0000] "GET /wp-includes/js/mediaelement/mediaelementplayer-legacy.min.css?ver=4.2.17 HTTP/1.1" 200 2592 "https://cpd.mhcollab.ca/user-2/edit-profile" "Mozilla/5.0 (Windows NT 10.0; Win64; x64) AppleWebKit/537.36 (KHTML, like Gecko) Chrome/131.0.0.0 Safari/537.36 Edg/131.0.0.0"
198.161.4.84 - - [21/Jan/2025:18:36:04 +0000] "GET /wp-includes/js/mediaelement/wp-mediaelement.min.css?ver=1f041886d6beac9432c1496850c082e4 HTTP/1.1" 200 1156 "https://cpd.mhcollab.ca/user-2/edit-profile" "Mozilla/5.0 (Windows NT 10.0; Win64; x64) AppleWebKit/537.36 (KHTML, like Gecko) Chrome/131.0.0.0 Safari/537.36 Edg/131.0.0.0"
198.161.4.84 - - [21/Jan/2025:18:36:04 +0000] "GET /wp-includes/css/media-views.min.css?ver=1f041886d6beac9432c1496850c082e4 HTTP/1.1" 200 8712 "https://cpd.mhcollab.ca/user-2/edit-profile" "Mozilla/5.0 (Windows NT 10.0; Win64; x64) AppleWebKit/537.36 (KHTML, like Gecko) Chrome/131.0.0.0 Safari/537.36 Edg/131.0.0.0"
198.161.4.84 - - [21/Jan/2025:18:36:04 +0000] "GET /wp-includes/js/imgareaselect/imgareaselect.css?ver=0.9.8 HTTP/1.1" 200 265 "https://cpd.mhcollab.ca/user-2/edit-profile" "Mozilla/5.0 (Windows NT 10.0; Win64; x64) AppleWebKit/537.36 (KHTML, like Gecko) Chrome/131.0.0.0 Safari/537.36 Edg/131.0.0.0"
198.161.4.84 - - [21/Jan/2025:18:36:04 +0000] "GET /wp-includes/js/shortcode.min.js?ver=1f041886d6beac9432c1496850c082e4 HTTP/1.1" 200 1145 "https://cpd.mhcollab.ca/user-2/edit-profile" "Mozilla/5.0 (Windows NT 10.0; Win64; x64) AppleWebKit/537.36 (KHTML, like Gecko) Chrome/131.0.0.0 Safari/537.36 Edg/131.0.0.0"
198.161.4.84 - - [21/Jan/2025:18:36:04 +0000] "GET /wp-includes/js/utils.min.js?ver=1f041886d6beac9432c1496850c082e4 HTTP/1.1" 200 819 "https://cpd.mhcollab.ca/user-2/edit-profile" "Mozilla/5.0 (Windows NT 10.0; Win64; x64) AppleWebKit/537.36 (KHTML, like Gecko) Chrome/131.0.0.0 Safari/537.36 Edg/131.0.0.0"
198.161.4.84 - - [21/Jan/2025:18:36:04 +0000] "GET /wp-includes/js/underscore.min.js?ver=1.13.7 HTTP/1.1" 200 7336 "https://cpd.mhcollab.ca/user-2/edit-profile" "Mozilla/5.0 (Windows NT 10.0; Win64; x64) AppleWebKit/537.36 (KHTML, like Gecko) Chrome/131.0.0.0 Safari/537.36 Edg/131.0.0.0"
198.161.4.84 - - [21/Jan/2025:18:36:04 +0000] "GET /wp-includes/js/backbone.min.js?ver=1.6.0 HTTP/1.1" 200 8015 "https://cpd.mhcollab.ca/user-2/edit-profile" "Mozilla/5.0 (Windows NT 10.0; Win64; x64) AppleWebKit/537.36 (KHTML, like Gecko) Chrome/131.0.0.0 Safari/537.36 Edg/131.0.0.0"
198.161.4.84 - - [21/Jan/2025:18:36:04 +0000] "GET /wp-includes/js/wp-util.min.js?ver=1f041886d6beac9432c1496850c082e4 HTTP/1.1" 200 756 "https://cpd.mhcollab.ca/user-2/edit-profile" "Mozilla/5.0 (Windows NT 10.0; Win64; x64) AppleWebKit/537.36 (KHTML, like Gecko) Chrome/131.0.0.0 Safari/537.36 Edg/131.0.0.0"
198.161.4.84 - - [21/Jan/2025:18:36:04 +0000] "GET /wp-includes/js/wp-backbone.min.js?ver=1f041886d6beac9432c1496850c082e4 HTTP/1.1" 200 1175 "https://cpd.mhcollab.ca/user-2/edit-profile" "Mozilla/5.0 (Windows NT 10.0; Win64; x64) AppleWebKit/537.36 (KHTML, like Gecko) Chrome/131.0.0.0 Safari/537.36 Edg/131.0.0.0"
198.161.4.84 - - [21/Jan/2025:18:36:04 +0000] "GET /wp-includes/js/media-models.min.js?ver=1f041886d6beac9432c1496850c082e4 HTTP/1.1" 200 4098 "https://cpd.mhcollab.ca/user-2/edit-profile" "Mozilla/5.0 (Windows NT 10.0; Win64; x64) AppleWebKit/537.36 (KHTML, like Gecko) Chrome/131.0.0.0 Safari/537.36 Edg/131.0.0.0"
198.161.4.84 - - [21/Jan/2025:18:36:04 +0000] "GET /wp-includes/js/plupload/plupload.min.js?ver=2.1.9 HTTP/1.1" 200 5587 "https://cpd.mhcollab.ca/user-2/edit-profile" "Mozilla/5.0 (Windows NT 10.0; Win64; x64) AppleWebKit/537.36 (KHTML, like Gecko) Chrome/131.0.0.0 Safari/537.36 Edg/131.0.0.0"
198.161.4.84 - - [21/Jan/2025:18:36:04 +0000] "GET /wp-includes/js/jquery/ui/mouse.min.js?ver=1.13.3 HTTP/1.1" 200 1098 "https://cpd.mhcollab.ca/user-2/edit-profile" "Mozilla/5.0 (Windows NT 10.0; Win64; x64) AppleWebKit/537.36 (KHTML, like Gecko) Chrome/131.0.0.0 Safari/537.36 Edg/131.0.0.0"
198.161.4.84 - - [21/Jan/2025:18:36:04 +0000] "GET /wp-includes/js/plupload/wp-plupload.min.js?ver=1f041886d6beac9432c1496850c082e4 HTTP/1.1" 200 2338 "https://cpd.mhcollab.ca/user-2/edit-profile" "Mozilla/5.0 (Windows NT 10.0; Win64; x64) AppleWebKit/537.36 (KHTML, like Gecko) Chrome/131.0.0.0 Safari/537.36 Edg/131.0.0.0"
198.161.4.84 - - [21/Jan/2025:18:36:04 +0000] "GET /wp-includes/js/plupload/moxie.min.js?ver=1.3.5 HTTP/1.1" 200 27378 "https://cpd.mhcollab.ca/user-2/edit-profile" "Mozilla/5.0 (Windows NT 10.0; Win64; x64) AppleWebKit/537.36 (KHTML, like Gecko) Chrome/131.0.0.0 Safari/537.36 Edg/131.0.0.0"
198.161.4.84 - - [21/Jan/2025:18:36:04 +0000] "GET /wp-includes/js/jquery/ui/sortable.min.js?ver=1.13.3 HTTP/1.1" 200 6586 "https://cpd.mhcollab.ca/user-2/edit-profile" "Mozilla/5.0 (Windows NT 10.0; Win64; x64) AppleWebKit/537.36 (KHTML, like Gecko) Chrome/131.0.0.0 Safari/537.36 Edg/131.0.0.0"
198.161.4.84 - - [21/Jan/2025:18:36:04 +0000] "GET /wp-includes/js/mediaelement/mediaelement-migrate.min.js?ver=1f041886d6beac9432c1496850c082e4 HTTP/1.1" 200 540 "https://cpd.mhcollab.ca/user-2/edit-profile" "Mozilla/5.0 (Windows NT 10.0; Win64; x64) AppleWebKit/537.36 (KHTML, like Gecko) Chrome/131.0.0.0 Safari/537.36 Edg/131.0.0.0"
198.161.4.84 - - [21/Jan/2025:18:36:04 +0000] "GET /wp-includes/js/mediaelement/mediaelement-and-player.min.js?ver=4.2.17 HTTP/1.1" 200 38789 "https://cpd.mhcollab.ca/user-2/edit-profile" "Mozilla/5.0 (Windows NT 10.0; Win64; x64) AppleWebKit/537.36 (KHTML, like Gecko) Chrome/131.0.0.0 Safari/537.36 Edg/131.0.0.0"
198.161.4.84 - - [21/Jan/2025:18:36:04 +0000] "GET /wp-includes/js/mediaelement/wp-mediaelement.min.js?ver=1f041886d6beac9432c1496850c082e4 HTTP/1.1" 200 538 "https://cpd.mhcollab.ca/user-2/edit-profile" "Mozilla/5.0 (Windows NT 10.0; Win64; x64) AppleWebKit/537.36 (KHTML, like Gecko) Chrome/131.0.0.0 Safari/537.36 Edg/131.0.0.0"
198.161.4.84 - - [21/Jan/2025:18:36:04 +0000] "GET /wp-includes/js/api-request.min.js?ver=1f041886d6beac9432c1496850c082e4 HTTP/1.1" 200 590 "https://cpd.mhcollab.ca/user-2/edit-profile" "Mozilla/5.0 (Windows NT 10.0; Win64; x64) AppleWebKit/537.36 (KHTML, like Gecko) Chrome/131.0.0.0 Safari/537.36 Edg/131.0.0.0"
198.161.4.84 - - [21/Jan/2025:18:36:04 +0000] "GET /wp-includes/js/clipboard.min.js?ver=2.0.11 HTTP/1.1" 200 3150 "https://cpd.mhcollab.ca/user-2/edit-profile" "Mozilla/5.0 (Windows NT 10.0; Win64; x64) AppleWebKit/537.36 (KHTML, like Gecko) Chrome/131.0.0.0 Safari/537.36 Edg/131.0.0.0"
198.161.4.84 - - [21/Jan/2025:18:36:04 +0000] "GET /wp-includes/js/media-views.min.js?ver=1f041886d6beac9432c1496850c082e4 HTTP/1.1" 200 25967 "https://cpd.mhcollab.ca/user-2/edit-profile" "Mozilla/5.0 (Windows NT 10.0; Win64; x64) AppleWebKit/537.36 (KHTML, like Gecko) Chrome/131.0.0.0 Safari/537.36 Edg/131.0.0.0"
198.161.4.84 - - [21/Jan/2025:18:36:04 +0000] "GET /wp-includes/js/media-editor.min.js?ver=1f041886d6beac9432c1496850c082e4 HTTP/1.1" 200 3603 "https://cpd.mhcollab.ca/user-2/edit-profile" "Mozilla/5.0 (Windows NT 10.0; Win64; x64) AppleWebKit/537.36 (KHTML, like Gecko) Chrome/131.0.0.0 Safari/537.36 Edg/131.0.0.0"
198.161.4.84 - - [21/Jan/2025:18:36:04 +0000] "GET /wp-includes/js/media-audiovideo.min.js?ver=1f041886d6beac9432c1496850c082e4 HTTP/1.1" 200 3363 "https://cpd.mhcollab.ca/user-2/edit-profile" "Mozilla/5.0 (Windows NT 10.0; Win64; x64) AppleWebKit/537.36 (KHTML, like Gecko) Chrome/131.0.0.0 Safari/537.36 Edg/131.0.0.0"
198.161.4.84 - - [21/Jan/2025:18:36:04 +0000] "GET /wp-content/plugins/user-registration/assets/js/frontend/user-registration-form-validator.min.js?ver=3.3.5.2 HTTP/1.1" 200 2969 "https://cpd.mhcollab.ca/user-2/edit-profile" "Mozilla/5.0 (Windows NT 10.0; Win64; x64) AppleWebKit/537.36 (KHTML, like Gecko) Chrome/131.0.0.0 Safari/537.36 Edg/131.0.0.0"
70.72.216.60 - - [21/Jan/2025:18:36:07 +0000] "GET /wp-content/uploads/2023/09/2201-Grief.mp4?_=1 HTTP/1.1" 206 156009165 "https://cpd.mhcollab.ca/courses/2201/lessons/2201-grief-to-wholeness-presentation" "Mozilla/5.0 (Macintosh; Intel Mac OS X 10_15_7) AppleWebKit/605.1.15 (KHTML, like Gecko) Version/15.6.1 Safari/605.1.15"
198.161.4.84 - - [21/Jan/2025:18:36:24 +0000] "GET /wp-content/plugins/user-registration/assets/images/wpspin_light-2x.gif HTTP/1.1" 200 9133 "https://cpd.mhcollab.ca/wp-content/plugins/user-registration/assets/css/user-registration.css?ver=3.3.5.2" "Mozilla/5.0 (Windows NT 10.0; Win64; x64) AppleWebKit/537.36 (KHTML, like Gecko) Chrome/131.0.0.0 Safari/537.36 Edg/131.0.0.0"
198.161.4.84 - - [21/Jan/2025:18:36:24 +0000] "POST /wp-admin/admin-ajax.php HTTP/1.1" 200 95 "https://cpd.mhcollab.ca/user-2/edit-profile" "Mozilla/5.0 (Windows NT 10.0; Win64; x64) AppleWebKit/537.36 (KHTML, like Gecko) Chrome/131.0.0.0 Safari/537.36 Edg/131.0.0.0"
70.72.216.60 - - [21/Jan/2025:18:36:27 +0000] "GET /wp-content/uploads/2023/09/2201-Grief.mp4?_=1 HTTP/1.1" 206 153912013 "https://cpd.mhcollab.ca/courses/2201/lessons/2201-grief-to-wholeness-presentation" "Mozilla/5.0 (Macintosh; Intel Mac OS X 10_15_7) AppleWebKit/605.1.15 (KHTML, like Gecko) Version/15.6.1 Safari/605.1.15"
198.161.4.84 - - [21/Jan/2025:18:36:24 +0000] "POST /wp-admin/admin-ajax.php HTTP/1.1" 200 95 "https://cpd.mhcollab.ca/user-2/edit-profile" "Mozilla/5.0 (Windows NT 10.0; Win64; x64) AppleWebKit/537.36 (KHTML, like Gecko) Chrome/131.0.0.0 Safari/537.36 Edg/131.0.0.0"
70.72.216.60 - - [21/Jan/2025:18:36:43 +0000] "GET /wp-content/uploads/2023/09/2201-Grief.mp4?_=1 HTTP/1.1" 206 151814861 "https://cpd.mhcollab.ca/courses/2201/lessons/2201-grief-to-wholeness-presentation" "Mozilla/5.0 (Macintosh; Intel Mac OS X 10_15_7) AppleWebKit/605.1.15 (KHTML, like Gecko) Version/15.6.1 Safari/605.1.15"
70.72.216.60 - - [21/Jan/2025:18:37:01 +0000] "GET /wp-content/uploads/2023/09/2201-Grief.mp4?_=1 HTTP/1.1" 206 149521101 "https://cpd.mhcollab.ca/courses/2201/lessons/2201-grief-to-wholeness-presentation" "Mozilla/5.0 (Macintosh; Intel Mac OS X 10_15_7) AppleWebKit/605.1.15 (KHTML, like Gecko) Version/15.6.1 Safari/605.1.15"
70.72.216.60 - - [21/Jan/2025:18:37:22 +0000] "GET /wp-content/uploads/2023/09/2201-Grief.mp4?_=1 HTTP/1.1" 206 147292877 "https://cpd.mhcollab.ca/courses/2201/lessons/2201-grief-to-wholeness-presentation" "Mozilla/5.0 (Macintosh; Intel Mac OS X 10_15_7) AppleWebKit/605.1.15 (KHTML, like Gecko) Version/15.6.1 Safari/605.1.15"
70.72.216.60 - - [21/Jan/2025:18:37:39 +0000] "GET /wp-content/uploads/2023/09/2201-Grief.mp4?_=1 HTTP/1.1" 206 145064653 "https://cpd.mhcollab.ca/courses/2201/lessons/2201-grief-to-wholeness-presentation" "Mozilla/5.0 (Macintosh; Intel Mac OS X 10_15_7) AppleWebKit/605.1.15 (KHTML, like Gecko) Version/15.6.1 Safari/605.1.15"
70.72.216.60 - - [21/Jan/2025:18:37:55 +0000] "GET /wp-content/uploads/2023/09/2201-Grief.mp4?_=1 HTTP/1.1" 206 142705357 "https://cpd.mhcollab.ca/courses/2201/lessons/2201-grief-to-wholeness-presentation" "Mozilla/5.0 (Macintosh; Intel Mac OS X 10_15_7) AppleWebKit/605.1.15 (KHTML, like Gecko) Version/15.6.1 Safari/605.1.15"
45.56.220.125 - - [21/Jan/2025:18:38:02 +0000] "POST /wp-cron.php?doing_wp_cron=1737484682.7440769672393798828125 HTTP/1.1" 200 - "-" "WordPress/6.7.1; https://cpd.mhcollab.ca"
198.161.4.84 - - [21/Jan/2025:18:38:01 +0000] "GET /user-2/user-logout/?_wpnonce=1f8bf677dc HTTP/1.1" 301 - "https://cpd.mhcollab.ca/user-2/edit-profile" "Mozilla/5.0 (Windows NT 10.0; Win64; x64) AppleWebKit/537.36 (KHTML, like Gecko) Chrome/131.0.0.0 Safari/537.36 Edg/131.0.0.0"
198.161.4.84 - - [21/Jan/2025:18:38:02 +0000] "GET /user-2/user-logout?_wpnonce=1f8bf677dc HTTP/1.1" 302 - "https://cpd.mhcollab.ca/user-2/edit-profile" "Mozilla/5.0 (Windows NT 10.0; Win64; x64) AppleWebKit/537.36 (KHTML, like Gecko) Chrome/131.0.0.0 Safari/537.36 Edg/131.0.0.0"
198.161.4.84 - - [21/Jan/2025:18:38:04 +0000] "GET /wp-login.php?action=logout&redirect_to=user-2&_wpnonce=349b50e655 HTTP/1.1" 302 - "https://cpd.mhcollab.ca/user-2/edit-profile" "Mozilla/5.0 (Windows NT 10.0; Win64; x64) AppleWebKit/537.36 (KHTML, like Gecko) Chrome/131.0.0.0 Safari/537.36 Edg/131.0.0.0"
198.161.4.84 - - [21/Jan/2025:18:38:05 +0000] "GET /wp-login.php HTTP/1.1" 200 2499 "https://cpd.mhcollab.ca/user-2/edit-profile" "Mozilla/5.0 (Windows NT 10.0; Win64; x64) AppleWebKit/537.36 (KHTML, like Gecko) Chrome/131.0.0.0 Safari/537.36 Edg/131.0.0.0"
198.161.4.84 - - [21/Jan/2025:18:38:07 +0000] "GET /wp-admin/css/l10n.min.css?ver=6.7.1 HTTP/1.1" 200 767 "https://cpd.mhcollab.ca/wp-login.php" "Mozilla/5.0 (Windows NT 10.0; Win64; x64) AppleWebKit/537.36 (KHTML, like Gecko) Chrome/131.0.0.0 Safari/537.36 Edg/131.0.0.0"
198.161.4.84 - - [21/Jan/2025:18:38:07 +0000] "GET /wp-admin/css/forms.min.css?ver=6.7.1 HTTP/1.1" 200 6694 "https://cpd.mhcollab.ca/wp-login.php" "Mozilla/5.0 (Windows NT 10.0; Win64; x64) AppleWebKit/537.36 (KHTML, like Gecko) Chrome/131.0.0.0 Safari/537.36 Edg/131.0.0.0"
198.161.4.84 - - [21/Jan/2025:18:38:07 +0000] "GET /wp-admin/css/login.min.css?ver=6.7.1 HTTP/1.1" 200 2189 "https://cpd.mhcollab.ca/wp-login.php" "Mozilla/5.0 (Windows NT 10.0; Win64; x64) AppleWebKit/537.36 (KHTML, like Gecko) Chrome/131.0.0.0 Safari/537.36 Edg/131.0.0.0"
198.161.4.84 - - [21/Jan/2025:18:38:07 +0000] "GET /wp-includes/js/zxcvbn-async.min.js?ver=1.0 HTTP/1.1" 200 256 "https://cpd.mhcollab.ca/wp-login.php" "Mozilla/5.0 (Windows NT 10.0; Win64; x64) AppleWebKit/537.36 (KHTML, like Gecko) Chrome/131.0.0.0 Safari/537.36 Edg/131.0.0.0"
198.161.4.84 - - [21/Jan/2025:18:38:07 +0000] "GET /wp-admin/js/password-strength-meter.min.js?ver=6.7.1 HTTP/1.1" 200 621 "https://cpd.mhcollab.ca/wp-login.php" "Mozilla/5.0 (Windows NT 10.0; Win64; x64) AppleWebKit/537.36 (KHTML, like Gecko) Chrome/131.0.0.0 Safari/537.36 Edg/131.0.0.0"
198.161.4.84 - - [21/Jan/2025:18:38:07 +0000] "GET /wp-admin/js/user-profile.min.js?ver=6.7.1 HTTP/1.1" 200 2610 "https://cpd.mhcollab.ca/wp-login.php" "Mozilla/5.0 (Windows NT 10.0; Win64; x64) AppleWebKit/537.36 (KHTML, like Gecko) Chrome/131.0.0.0 Safari/537.36 Edg/131.0.0.0"
198.161.4.84 - - [21/Jan/2025:18:38:07 +0000] "GET /wp-admin/images/wordpress-logo.svg?ver=20131107 HTTP/1.1" 200 818 "https://cpd.mhcollab.ca/wp-admin/css/login.min.css?ver=6.7.1" "Mozilla/5.0 (Windows NT 10.0; Win64; x64) AppleWebKit/537.36 (KHTML, like Gecko) Chrome/131.0.0.0 Safari/537.36 Edg/131.0.0.0"
198.161.4.84 - - [21/Jan/2025:18:38:07 +0000] "GET /wp-includes/js/zxcvbn.min.js HTTP/1.1" 200 399661 "https://cpd.mhcollab.ca/wp-login.php" "Mozilla/5.0 (Windows NT 10.0; Win64; x64) AppleWebKit/537.36 (KHTML, like Gecko) Chrome/131.0.0.0 Safari/537.36 Edg/131.0.0.0"
70.72.216.60 - - [21/Jan/2025:18:38:15 +0000] "GET /wp-content/uploads/2023/09/2201-Grief.mp4?_=1 HTTP/1.1" 206 140608205 "https://cpd.mhcollab.ca/courses/2201/lessons/2201-grief-to-wholeness-presentation" "Mozilla/5.0 (Macintosh; Intel Mac OS X 10_15_7) AppleWebKit/605.1.15 (KHTML, like Gecko) Version/15.6.1 Safari/605.1.15"
70.72.216.60 - - [21/Jan/2025:18:38:36 +0000] "GET /wp-content/uploads/2023/09/2201-Grief.mp4?_=1 HTTP/1.1" 206 138379981 "https://cpd.mhcollab.ca/courses/2201/lessons/2201-grief-to-wholeness-presentation" "Mozilla/5.0 (Macintosh; Intel Mac OS X 10_15_7) AppleWebKit/605.1.15 (KHTML, like Gecko) Version/15.6.1 Safari/605.1.15"
70.72.216.60 - - [21/Jan/2025:18:38:50 +0000] "GET /wp-content/uploads/2023/09/2201-Grief.mp4?_=1 HTTP/1.1" 206 136217293 "https://cpd.mhcollab.ca/courses/2201/lessons/2201-grief-to-wholeness-presentation" "Mozilla/5.0 (Macintosh; Intel Mac OS X 10_15_7) AppleWebKit/605.1.15 (KHTML, like Gecko) Version/15.6.1 Safari/605.1.15"
70.72.216.60 - - [21/Jan/2025:18:39:07 +0000] "GET /wp-content/uploads/2023/09/2201-Grief.mp4?_=1 HTTP/1.1" 206 133857997 "https://cpd.mhcollab.ca/courses/2201/lessons/2201-grief-to-wholeness-presentation" "Mozilla/5.0 (Macintosh; Intel Mac OS X 10_15_7) AppleWebKit/605.1.15 (KHTML, like Gecko) Version/15.6.1 Safari/605.1.15"
70.72.216.60 - - [21/Jan/2025:18:39:25 +0000] "GET /wp-content/uploads/2023/09/2201-Grief.mp4?_=1 HTTP/1.1" 206 131760845 "https://cpd.mhcollab.ca/courses/2201/lessons/2201-grief-to-wholeness-presentation" "Mozilla/5.0 (Macintosh; Intel Mac OS X 10_15_7) AppleWebKit/605.1.15 (KHTML, like Gecko) Version/15.6.1 Safari/605.1.15"
70.72.216.60 - - [21/Jan/2025:18:39:38 +0000] "GET /wp-content/uploads/2023/09/2201-Grief.mp4?_=1 HTTP/1.1" 206 129663693 "https://cpd.mhcollab.ca/courses/2201/lessons/2201-grief-to-wholeness-presentation" "Mozilla/5.0 (Macintosh; Intel Mac OS X 10_15_7) AppleWebKit/605.1.15 (KHTML, like Gecko) Version/15.6.1 Safari/605.1.15"
70.72.216.60 - - [21/Jan/2025:18:39:52 +0000] "GET /wp-content/uploads/2023/09/2201-Grief.mp4?_=1 HTTP/1.1" 206 127238861 "https://cpd.mhcollab.ca/courses/2201/lessons/2201-grief-to-wholeness-presentation" "Mozilla/5.0 (Macintosh; Intel Mac OS X 10_15_7) AppleWebKit/605.1.15 (KHTML, like Gecko) Version/15.6.1 Safari/605.1.15"
70.72.216.60 - - [21/Jan/2025:18:40:10 +0000] "GET /wp-content/uploads/2023/09/2201-Grief.mp4?_=1 HTTP/1.1" 206 125141709 "https://cpd.mhcollab.ca/courses/2201/lessons/2201-grief-to-wholeness-presentation" "Mozilla/5.0 (Macintosh; Intel Mac OS X 10_15_7) AppleWebKit/605.1.15 (KHTML, like Gecko) Version/15.6.1 Safari/605.1.15"
70.72.216.60 - - [21/Jan/2025:18:40:26 +0000] "GET /wp-content/uploads/2023/09/2201-Grief.mp4?_=1 HTTP/1.1" 206 122913485 "https://cpd.mhcollab.ca/courses/2201/lessons/2201-grief-to-wholeness-presentation" "Mozilla/5.0 (Macintosh; Intel Mac OS X 10_15_7) AppleWebKit/605.1.15 (KHTML, like Gecko) Version/15.6.1 Safari/605.1.15"
70.72.216.60 - - [21/Jan/2025:18:40:38 +0000] "GET /wp-content/uploads/2023/09/2201-Grief.mp4?_=1 HTTP/1.1" 206 120816333 "https://cpd.mhcollab.ca/courses/2201/lessons/2201-grief-to-wholeness-presentation" "Mozilla/5.0 (Macintosh; Intel Mac OS X 10_15_7) AppleWebKit/605.1.15 (KHTML, like Gecko) Version/15.6.1 Safari/605.1.15"
70.72.216.60 - - [21/Jan/2025:18:40:48 +0000] "GET /wp-content/uploads/2023/09/2201-Grief.mp4?_=1 HTTP/1.1" 206 118391501 "https://cpd.mhcollab.ca/courses/2201/lessons/2201-grief-to-wholeness-presentation" "Mozilla/5.0 (Macintosh; Intel Mac OS X 10_15_7) AppleWebKit/605.1.15 (KHTML, like Gecko) Version/15.6.1 Safari/605.1.15"
70.72.216.60 - - [21/Jan/2025:18:41:03 +0000] "GET /wp-content/uploads/2023/09/2201-Grief.mp4?_=1 HTTP/1.1" 206 116228813 "https://cpd.mhcollab.ca/courses/2201/lessons/2201-grief-to-wholeness-presentation" "Mozilla/5.0 (Macintosh; Intel Mac OS X 10_15_7) AppleWebKit/605.1.15 (KHTML, like Gecko) Version/15.6.1 Safari/605.1.15"
70.72.216.60 - - [21/Jan/2025:18:41:17 +0000] "GET /wp-content/uploads/2023/09/2201-Grief.mp4?_=1 HTTP/1.1" 206 114000589 "https://cpd.mhcollab.ca/courses/2201/lessons/2201-grief-to-wholeness-presentation" "Mozilla/5.0 (Macintosh; Intel Mac OS X 10_15_7) AppleWebKit/605.1.15 (KHTML, like Gecko) Version/15.6.1 Safari/605.1.15"
70.72.216.60 - - [21/Jan/2025:18:41:32 +0000] "GET /wp-content/uploads/2023/09/2201-Grief.mp4?_=1 HTTP/1.1" 206 111772365 "https://cpd.mhcollab.ca/courses/2201/lessons/2201-grief-to-wholeness-presentation" "Mozilla/5.0 (Macintosh; Intel Mac OS X 10_15_7) AppleWebKit/605.1.15 (KHTML, like Gecko) Version/15.6.1 Safari/605.1.15"
70.72.216.60 - - [21/Jan/2025:18:41:41 +0000] "GET /wp-content/uploads/2023/09/2201-Grief.mp4?_=1 HTTP/1.1" 206 109413069 "https://cpd.mhcollab.ca/courses/2201/lessons/2201-grief-to-wholeness-presentation" "Mozilla/5.0 (Macintosh; Intel Mac OS X 10_15_7) AppleWebKit/605.1.15 (KHTML, like Gecko) Version/15.6.1 Safari/605.1.15"
70.72.216.60 - - [21/Jan/2025:18:41:57 +0000] "GET /wp-content/uploads/2023/09/2201-Grief.mp4?_=1 HTTP/1.1" 206 107250381 "https://cpd.mhcollab.ca/courses/2201/lessons/2201-grief-to-wholeness-presentation" "Mozilla/5.0 (Macintosh; Intel Mac OS X 10_15_7) AppleWebKit/605.1.15 (KHTML, like Gecko) Version/15.6.1 Safari/605.1.15"
70.72.216.60 - - [21/Jan/2025:18:42:15 +0000] "GET /wp-content/uploads/2023/09/2201-Grief.mp4?_=1 HTTP/1.1" 206 105153229 "https://cpd.mhcollab.ca/courses/2201/lessons/2201-grief-to-wholeness-presentation" "Mozilla/5.0 (Macintosh; Intel Mac OS X 10_15_7) AppleWebKit/605.1.15 (KHTML, like Gecko) Version/15.6.1 Safari/605.1.15"
70.72.216.60 - - [21/Jan/2025:18:42:34 +0000] "GET /wp-content/uploads/2023/09/2201-Grief.mp4?_=1 HTTP/1.1" 206 103056077 "https://cpd.mhcollab.ca/courses/2201/lessons/2201-grief-to-wholeness-presentation" "Mozilla/5.0 (Macintosh; Intel Mac OS X 10_15_7) AppleWebKit/605.1.15 (KHTML, like Gecko) Version/15.6.1 Safari/605.1.15"
70.72.216.60 - - [21/Jan/2025:18:42:53 +0000] "GET /wp-content/uploads/2023/09/2201-Grief.mp4?_=1 HTTP/1.1" 206 100762317 "https://cpd.mhcollab.ca/courses/2201/lessons/2201-grief-to-wholeness-presentation" "Mozilla/5.0 (Macintosh; Intel Mac OS X 10_15_7) AppleWebKit/605.1.15 (KHTML, like Gecko) Version/15.6.1 Safari/605.1.15"
70.72.216.60 - - [21/Jan/2025:18:43:11 +0000] "GET /wp-content/uploads/2023/09/2201-Grief.mp4?_=1 HTTP/1.1" 206 98534093 "https://cpd.mhcollab.ca/courses/2201/lessons/2201-grief-to-wholeness-presentation" "Mozilla/5.0 (Macintosh; Intel Mac OS X 10_15_7) AppleWebKit/605.1.15 (KHTML, like Gecko) Version/15.6.1 Safari/605.1.15"
70.72.216.60 - - [21/Jan/2025:18:43:27 +0000] "GET /wp-content/uploads/2023/09/2201-Grief.mp4?_=1 HTTP/1.1" 206 96436941 "https://cpd.mhcollab.ca/courses/2201/lessons/2201-grief-to-wholeness-presentation" "Mozilla/5.0 (Macintosh; Intel Mac OS X 10_15_7) AppleWebKit/605.1.15 (KHTML, like Gecko) Version/15.6.1 Safari/605.1.15"
70.72.216.60 - - [21/Jan/2025:18:43:38 +0000] "GET /wp-content/uploads/2023/09/2201-Grief.mp4?_=1 HTTP/1.1" 206 94077645 "https://cpd.mhcollab.ca/courses/2201/lessons/2201-grief-to-wholeness-presentation" "Mozilla/5.0 (Macintosh; Intel Mac OS X 10_15_7) AppleWebKit/605.1.15 (KHTML, like Gecko) Version/15.6.1 Safari/605.1.15"
70.72.216.60 - - [21/Jan/2025:18:43:54 +0000] "GET /wp-content/uploads/2023/09/2201-Grief.mp4?_=1 HTTP/1.1" 206 91914957 "https://cpd.mhcollab.ca/courses/2201/lessons/2201-grief-to-wholeness-presentation" "Mozilla/5.0 (Macintosh; Intel Mac OS X 10_15_7) AppleWebKit/605.1.15 (KHTML, like Gecko) Version/15.6.1 Safari/605.1.15"
70.72.216.60 - - [21/Jan/2025:18:44:10 +0000] "GET /wp-content/uploads/2023/09/2201-Grief.mp4?_=1 HTTP/1.1" 206 89817805 "https://cpd.mhcollab.ca/courses/2201/lessons/2201-grief-to-wholeness-presentation" "Mozilla/5.0 (Macintosh; Intel Mac OS X 10_15_7) AppleWebKit/605.1.15 (KHTML, like Gecko) Version/15.6.1 Safari/605.1.15"
70.72.216.60 - - [21/Jan/2025:18:44:18 +0000] "GET /wp-content/uploads/2023/09/2201-Grief.mp4?_=1 HTTP/1.1" 206 87655117 "https://cpd.mhcollab.ca/courses/2201/lessons/2201-grief-to-wholeness-presentation" "Mozilla/5.0 (Macintosh; Intel Mac OS X 10_15_7) AppleWebKit/605.1.15 (KHTML, like Gecko) Version/15.6.1 Safari/605.1.15"
70.72.216.60 - - [21/Jan/2025:18:44:34 +0000] "GET /wp-content/uploads/2023/09/2201-Grief.mp4?_=1 HTTP/1.1" 206 85557965 "https://cpd.mhcollab.ca/courses/2201/lessons/2201-grief-to-wholeness-presentation" "Mozilla/5.0 (Macintosh; Intel Mac OS X 10_15_7) AppleWebKit/605.1.15 (KHTML, like Gecko) Version/15.6.1 Safari/605.1.15"
70.72.216.60 - - [21/Jan/2025:18:44:52 +0000] "GET /wp-content/uploads/2023/09/2201-Grief.mp4?_=1 HTTP/1.1" 206 83395277 "https://cpd.mhcollab.ca/courses/2201/lessons/2201-grief-to-wholeness-presentation" "Mozilla/5.0 (Macintosh; Intel Mac OS X 10_15_7) AppleWebKit/605.1.15 (KHTML, like Gecko) Version/15.6.1 Safari/605.1.15"
70.72.216.60 - - [21/Jan/2025:18:45:08 +0000] "GET /wp-content/uploads/2023/09/2201-Grief.mp4?_=1 HTTP/1.1" 206 81232589 "https://cpd.mhcollab.ca/courses/2201/lessons/2201-grief-to-wholeness-presentation" "Mozilla/5.0 (Macintosh; Intel Mac OS X 10_15_7) AppleWebKit/605.1.15 (KHTML, like Gecko) Version/15.6.1 Safari/605.1.15"
70.72.216.60 - - [21/Jan/2025:18:45:26 +0000] "GET /wp-content/uploads/2023/09/2201-Grief.mp4?_=1 HTTP/1.1" 206 79069901 "https://cpd.mhcollab.ca/courses/2201/lessons/2201-grief-to-wholeness-presentation" "Mozilla/5.0 (Macintosh; Intel Mac OS X 10_15_7) AppleWebKit/605.1.15 (KHTML, like Gecko) Version/15.6.1 Safari/605.1.15"
70.72.216.60 - - [21/Jan/2025:18:45:40 +0000] "GET /wp-content/uploads/2023/09/2201-Grief.mp4?_=1 HTTP/1.1" 206 76841677 "https://cpd.mhcollab.ca/courses/2201/lessons/2201-grief-to-wholeness-presentation" "Mozilla/5.0 (Macintosh; Intel Mac OS X 10_15_7) AppleWebKit/605.1.15 (KHTML, like Gecko) Version/15.6.1 Safari/605.1.15"
70.72.216.60 - - [21/Jan/2025:18:45:53 +0000] "GET /wp-content/uploads/2023/09/2201-Grief.mp4?_=1 HTTP/1.1" 206 74220237 "https://cpd.mhcollab.ca/courses/2201/lessons/2201-grief-to-wholeness-presentation" "Mozilla/5.0 (Macintosh; Intel Mac OS X 10_15_7) AppleWebKit/605.1.15 (KHTML, like Gecko) Version/15.6.1 Safari/605.1.15"
70.72.216.60 - - [21/Jan/2025:18:46:09 +0000] "GET /wp-content/uploads/2023/09/2201-Grief.mp4?_=1 HTTP/1.1" 206 71992013 "https://cpd.mhcollab.ca/courses/2201/lessons/2201-grief-to-wholeness-presentation" "Mozilla/5.0 (Macintosh; Intel Mac OS X 10_15_7) AppleWebKit/605.1.15 (KHTML, like Gecko) Version/15.6.1 Safari/605.1.15"
114.119.133.34 - - [21/Jan/2025:18:46:11 +0000] "GET /wp-content/uploads/elementor/thumbs/GettyImages-624700374-ny1sc6qbeknk2ofawmg6w7md2zjbnjuf4i6jqkyahs-ptnd4k7h2eejpcx6gbt9yeeyr3680p8ad71nvhpf34.jpg HTTP/1.1" 200 35329 "https://cpd.mhcollab.ca/?page_id=2873" "Mozilla/5.0 (Linux; Android 7.0;) AppleWebKit/537.36 (KHTML, like Gecko) Mobile Safari/537.36 (compatible; PetalBot;+https://webmaster.petalsearch.com/site/petalbot)"
70.72.216.60 - - [21/Jan/2025:18:46:25 +0000] "GET /wp-content/uploads/2023/09/2201-Grief.mp4?_=1 HTTP/1.1" 206 69763789 "https://cpd.mhcollab.ca/courses/2201/lessons/2201-grief-to-wholeness-presentation" "Mozilla/5.0 (Macintosh; Intel Mac OS X 10_15_7) AppleWebKit/605.1.15 (KHTML, like Gecko) Version/15.6.1 Safari/605.1.15"
70.72.216.60 - - [21/Jan/2025:18:46:41 +0000] "GET /wp-content/uploads/2023/09/2201-Grief.mp4?_=1 HTTP/1.1" 206 67535565 "https://cpd.mhcollab.ca/courses/2201/lessons/2201-grief-to-wholeness-presentation" "Mozilla/5.0 (Macintosh; Intel Mac OS X 10_15_7) AppleWebKit/605.1.15 (KHTML, like Gecko) Version/15.6.1 Safari/605.1.15"
70.72.216.60 - - [21/Jan/2025:18:46:49 +0000] "GET /wp-content/uploads/2023/09/2201-Grief.mp4?_=1 HTTP/1.1" 206 65307341 "https://cpd.mhcollab.ca/courses/2201/lessons/2201-grief-to-wholeness-presentation" "Mozilla/5.0 (Macintosh; Intel Mac OS X 10_15_7) AppleWebKit/605.1.15 (KHTML, like Gecko) Version/15.6.1 Safari/605.1.15"
70.72.216.60 - - [21/Jan/2025:18:47:03 +0000] "GET /wp-content/uploads/2023/09/2201-Grief.mp4?_=1 HTTP/1.1" 206 62882509 "https://cpd.mhcollab.ca/courses/2201/lessons/2201-grief-to-wholeness-presentation" "Mozilla/5.0 (Macintosh; Intel Mac OS X 10_15_7) AppleWebKit/605.1.15 (KHTML, like Gecko) Version/15.6.1 Safari/605.1.15"
70.72.216.60 - - [21/Jan/2025:18:47:14 +0000] "GET /wp-content/uploads/2023/09/2201-Grief.mp4?_=1 HTTP/1.1" 206 65536 "https://cpd.mhcollab.ca/courses/2201/lessons/2201-grief-to-wholeness-presentation" "Mozilla/5.0 (Macintosh; Intel Mac OS X 10_15_7) AppleWebKit/605.1.15 (KHTML, like Gecko) Version/15.6.1 Safari/605.1.15"
70.72.216.60 - - [21/Jan/2025:18:47:14 +0000] "GET /wp-content/uploads/2023/09/2201-Grief.mp4?_=1 HTTP/1.1" 206 65536 "https://cpd.mhcollab.ca/courses/2201/lessons/2201-grief-to-wholeness-presentation" "Mozilla/5.0 (Macintosh; Intel Mac OS X 10_15_7) AppleWebKit/605.1.15 (KHTML, like Gecko) Version/15.6.1 Safari/605.1.15"
70.72.216.60 - - [21/Jan/2025:18:47:14 +0000] "GET /wp-content/uploads/2023/09/2201-Grief.mp4?_=1 HTTP/1.1" 206 65536 "https://cpd.mhcollab.ca/courses/2201/lessons/2201-grief-to-wholeness-presentation" "Mozilla/5.0 (Macintosh; Intel Mac OS X 10_15_7) AppleWebKit/605.1.15 (KHTML, like Gecko) Version/15.6.1 Safari/605.1.15"
70.72.216.60 - - [21/Jan/2025:18:47:14 +0000] "GET /wp-content/uploads/2023/09/2201-Grief.mp4?_=1 HTTP/1.1" 206 37520077 "https://cpd.mhcollab.ca/courses/2201/lessons/2201-grief-to-wholeness-presentation" "Mozilla/5.0 (Macintosh; Intel Mac OS X 10_15_7) AppleWebKit/605.1.15 (KHTML, like Gecko) Version/15.6.1 Safari/605.1.15"
70.72.216.60 - - [21/Jan/2025:18:47:17 +0000] "GET /wp-content/uploads/2023/09/2201-Grief.mp4?_=1 HTTP/1.1" 206 3637965 "https://cpd.mhcollab.ca/courses/2201/lessons/2201-grief-to-wholeness-presentation" "Mozilla/5.0 (Macintosh; Intel Mac OS X 10_15_7) AppleWebKit/605.1.15 (KHTML, like Gecko) Version/15.6.1 Safari/605.1.15"
70.72.216.60 - - [21/Jan/2025:18:47:30 +0000] "GET /wp-content/plugins/uncanny-toolkit-pro/src/includes/simple_timer_performance.php?course_id=5065&post_id=5075&_=1737483117561 HTTP/1.1" 200 78 "https://cpd.mhcollab.ca/courses/2201/lessons/2201-grief-to-wholeness-presentation" "Mozilla/5.0 (Macintosh; Intel Mac OS X 10_15_7) AppleWebKit/605.1.15 (KHTML, like Gecko) Version/15.6.1 Safari/605.1.15"
70.72.216.60 - - [21/Jan/2025:18:47:39 +0000] "GET /wp-content/uploads/2023/09/2201-Grief.mp4?_=1 HTTP/1.1" 206 329449472 "https://cpd.mhcollab.ca/courses/2201/lessons/2201-grief-to-wholeness-presentation" "Mozilla/5.0 (Macintosh; Intel Mac OS X 10_15_7) AppleWebKit/605.1.15 (KHTML, like Gecko) Version/15.6.1 Safari/605.1.15"
70.72.216.60 - - [21/Jan/2025:18:47:51 +0000] "GET /wp-content/plugins/uncanny-toolkit-pro/src/includes/simple_timer_performance.php?course_id=5065&post_id=5075&_=1737483117562 HTTP/1.1" 200 78 "https://cpd.mhcollab.ca/courses/2201/lessons/2201-grief-to-wholeness-presentation" "Mozilla/5.0 (Macintosh; Intel Mac OS X 10_15_7) AppleWebKit/605.1.15 (KHTML, like Gecko) Version/15.6.1 Safari/605.1.15"
70.72.216.60 - - [21/Jan/2025:18:47:57 +0000] "GET /wp-content/uploads/2023/09/2201-Grief.mp4?_=1 HTTP/1.1" 206 329417888 "https://cpd.mhcollab.ca/courses/2201/lessons/2201-grief-to-wholeness-presentation" "Mozilla/5.0 (Macintosh; Intel Mac OS X 10_15_7) AppleWebKit/605.1.15 (KHTML, like Gecko) Version/15.6.1 Safari/605.1.15"
45.56.220.125 - - [21/Jan/2025:18:48:00 +0000] "POST /wp-cron.php?doing_wp_cron=1737485280.4753429889678955078125 HTTP/1.1" 200 - "-" "WordPress/6.7.1; https://cpd.mhcollab.ca"
70.72.216.60 - - [21/Jan/2025:18:47:59 +0000] "POST /wp-admin/admin-ajax.php HTTP/1.1" 200 36 "https://cpd.mhcollab.ca/courses/2201/lessons/2201-grief-to-wholeness-presentation" "Mozilla/5.0 (Macintosh; Intel Mac OS X 10_15_7) AppleWebKit/605.1.15 (KHTML, like Gecko) Version/15.6.1 Safari/605.1.15"
70.72.216.60 - - [21/Jan/2025:18:48:01 +0000] "POST /courses/2201/lessons/2201-grief-to-wholeness-presentation HTTP/1.1" 302 - "https://cpd.mhcollab.ca/courses/2201/lessons/2201-grief-to-wholeness-presentation" "Mozilla/5.0 (Macintosh; Intel Mac OS X 10_15_7) AppleWebKit/605.1.15 (KHTML, like Gecko) Version/15.6.1 Safari/605.1.15"
70.72.216.60 - - [21/Jan/2025:18:48:03 +0000] "POST /courses/2201/lessons/2201-grief-to-wholeness-presentation HTTP/1.1" 302 - "https://cpd.mhcollab.ca/courses/2201/lessons/2201-grief-to-wholeness-presentation" "Mozilla/5.0 (Macintosh; Intel Mac OS X 10_15_7) AppleWebKit/605.1.15 (KHTML, like Gecko) Version/15.6.1 Safari/605.1.15"
70.72.216.60 - - [21/Jan/2025:18:48:04 +0000] "GET /courses/2201 HTTP/1.1" 200 29199 "https://cpd.mhcollab.ca/courses/2201/lessons/2201-grief-to-wholeness-presentation" "Mozilla/5.0 (Macintosh; Intel Mac OS X 10_15_7) AppleWebKit/605.1.15 (KHTML, like Gecko) Version/15.6.1 Safari/605.1.15"
45.56.220.125 - - [21/Jan/2025:18:48:00 +0000] "POST /wp-admin/admin-ajax.php?action=as_async_request_queue_runner&nonce=50dc060ce9 HTTP/1.1" 200 - "-" "WordPress/6.7.1; https://cpd.mhcollab.ca"
70.72.216.60 - - [21/Jan/2025:18:48:09 +0000] "POST /wp-admin/admin-ajax.php HTTP/1.1" 200 36 "https://cpd.mhcollab.ca/courses/2201" "Mozilla/5.0 (Macintosh; Intel Mac OS X 10_15_7) AppleWebKit/605.1.15 (KHTML, like Gecko) Version/15.6.1 Safari/605.1.15"
70.72.216.60 - - [21/Jan/2025:18:48:09 +0000] "POST /wp-admin/admin-ajax.php HTTP/1.1" 200 36 "https://cpd.mhcollab.ca/courses/2201" "Mozilla/5.0 (Macintosh; Intel Mac OS X 10_15_7) AppleWebKit/605.1.15 (KHTML, like Gecko) Version/15.6.1 Safari/605.1.15"
45.56.220.125 - - [21/Jan/2025:18:48:18 +0000] "GET /wp-content/uploads/2023/12/CertTemplate-Web-Archive.jpg HTTP/1.1" 200 72547 "https://cpd.mhcollab.ca/courses/2201" "Mozilla/5.0 (X11; Ubuntu; Linux x86_64; rv:108.0) Gecko/20100101 Firefox/108.0"
70.72.216.60 - - [21/Jan/2025:18:48:16 +0000] "GET /certificates/arch_cert?course_id=5065&cert-nonce=9aeb51eec8 HTTP/1.1" 200 143880 "https://cpd.mhcollab.ca/courses/2201" "Mozilla/5.0 (Macintosh; Intel Mac OS X 10_15_7) AppleWebKit/605.1.15 (KHTML, like Gecko) Version/15.6.1 Safari/605.1.15"
45.56.220.125 - - [21/Jan/2025:18:48:20 +0000] "GET /wp-content/uploads/2023/12/CertTemplate-Web-Archive.jpg HTTP/1.1" 200 72547 "https://cpd.mhcollab.ca/courses/2201" "Mozilla/5.0 (X11; Ubuntu; Linux x86_64; rv:108.0) Gecko/20100101 Firefox/108.0"
70.72.216.60 - - [21/Jan/2025:18:48:18 +0000] "GET /certificates/arch_cert?course_id=5065&cert-nonce=9aeb51eec8 HTTP/1.1" 200 143879 "https://cpd.mhcollab.ca/courses/2201" "Mozilla/5.0 (Macintosh; Intel Mac OS X 10_15_7) AppleWebKit/605.1.15 (KHTML, like Gecko) Version/15.6.1 Safari/605.1.15"
