70.72.216.60 - - [21/Jan/2025:17:11:18 +0000] "GET /wp-content/uploads/2024/05/2307-Supporting-Borderline-Personality-Disorder_-Clinical-Insights-and-Effective-Intervention.mp4?_=1 HTTP/1.1" 206 177221873 "https://cpd.mhcollab.ca/courses/2307b/lessons/2307-2" "Mozilla/5.0 (Macintosh; Intel Mac OS X 10_15_7) AppleWebKit/605.1.15 (KHTML, like Gecko) Version/15.6.1 Safari/605.1.15"
70.72.216.60 - - [21/Jan/2025:17:11:42 +0000] "GET /wp-content/uploads/2024/05/2307-Supporting-Borderline-Personality-Disorder_-Clinical-Insights-and-Effective-Intervention.mp4?_=1 HTTP/1.1" 206 175059185 "https://cpd.mhcollab.ca/courses/2307b/lessons/2307-2" "Mozilla/5.0 (Macintosh; Intel Mac OS X 10_15_7) AppleWebKit/605.1.15 (KHTML, like Gecko) Version/15.6.1 Safari/605.1.15"
70.72.216.60 - - [21/Jan/2025:17:12:06 +0000] "GET /wp-content/uploads/2024/05/2307-Supporting-Borderline-Personality-Disorder_-Clinical-Insights-and-Effective-Intervention.mp4?_=1 HTTP/1.1" 206 172896497 "https://cpd.mhcollab.ca/courses/2307b/lessons/2307-2" "Mozilla/5.0 (Macintosh; Intel Mac OS X 10_15_7) AppleWebKit/605.1.15 (KHTML, like Gecko) Version/15.6.1 Safari/605.1.15"
70.72.216.60 - - [21/Jan/2025:17:12:24 +0000] "GET /wp-content/uploads/2024/05/2307-Supporting-Borderline-Personality-Disorder_-Clinical-Insights-and-Effective-Intervention.mp4?_=1 HTTP/1.1" 206 170733809 "https://cpd.mhcollab.ca/courses/2307b/lessons/2307-2" "Mozilla/5.0 (Macintosh; Intel Mac OS X 10_15_7) AppleWebKit/605.1.15 (KHTML, like Gecko) Version/15.6.1 Safari/605.1.15"
70.72.216.60 - - [21/Jan/2025:17:12:43 +0000] "GET /wp-content/uploads/2024/05/2307-Supporting-Borderline-Personality-Disorder_-Clinical-Insights-and-Effective-Intervention.mp4?_=1 HTTP/1.1" 206 168440049 "https://cpd.mhcollab.ca/courses/2307b/lessons/2307-2" "Mozilla/5.0 (Macintosh; Intel Mac OS X 10_15_7) AppleWebKit/605.1.15 (KHTML, like Gecko) Version/15.6.1 Safari/605.1.15"
70.72.216.60 - - [21/Jan/2025:17:13:00 +0000] "GET /wp-content/uploads/2024/05/2307-Supporting-Borderline-Personality-Disorder_-Clinical-Insights-and-Effective-Intervention.mp4?_=1 HTTP/1.1" 206 166211825 "https://cpd.mhcollab.ca/courses/2307b/lessons/2307-2" "Mozilla/5.0 (Macintosh; Intel Mac OS X 10_15_7) AppleWebKit/605.1.15 (KHTML, like Gecko) Version/15.6.1 Safari/605.1.15"
70.72.216.60 - - [21/Jan/2025:17:13:17 +0000] "GET /wp-content/uploads/2024/05/2307-Supporting-Borderline-Personality-Disorder_-Clinical-Insights-and-Effective-Intervention.mp4?_=1 HTTP/1.1" 206 164049137 "https://cpd.mhcollab.ca/courses/2307b/lessons/2307-2" "Mozilla/5.0 (Macintosh; Intel Mac OS X 10_15_7) AppleWebKit/605.1.15 (KHTML, like Gecko) Version/15.6.1 Safari/605.1.15"
70.72.216.60 - - [21/Jan/2025:17:13:44 +0000] "GET /wp-content/uploads/2024/05/2307-Supporting-Borderline-Personality-Disorder_-Clinical-Insights-and-Effective-Intervention.mp4?_=1 HTTP/1.1" 206 161755377 "https://cpd.mhcollab.ca/courses/2307b/lessons/2307-2" "Mozilla/5.0 (Macintosh; Intel Mac OS X 10_15_7) AppleWebKit/605.1.15 (KHTML, like Gecko) Version/15.6.1 Safari/605.1.15"
207.46.13.151 - - [21/Jan/2025:17:13:46 +0000] "GET /wp-content/uploads/2023/06/Children-School-300x200.jpg HTTP/1.1" 200 17473 "-" "Mozilla/5.0 AppleWebKit/537.36 (KHTML, like Gecko; compatible; bingbot/2.0; +http://www.bing.com/bingbot.htm) Chrome/116.0.1938.76 Safari/537.36"
70.72.216.60 - - [21/Jan/2025:17:14:10 +0000] "GET /wp-content/uploads/2024/05/2307-Supporting-Borderline-Personality-Disorder_-Clinical-Insights-and-Effective-Intervention.mp4?_=1 HTTP/1.1" 206 159592689 "https://cpd.mhcollab.ca/courses/2307b/lessons/2307-2" "Mozilla/5.0 (Macintosh; Intel Mac OS X 10_15_7) AppleWebKit/605.1.15 (KHTML, like Gecko) Version/15.6.1 Safari/605.1.15"
70.72.216.60 - - [21/Jan/2025:17:14:17 +0000] "GET /wp-content/plugins/uncanny-toolkit-pro/src/includes/simple_timer_performance.php?course_id=6244&post_id=6237&_=1737478601549 HTTP/1.1" 200 78 "https://cpd.mhcollab.ca/courses/2307b/lessons/2307-2" "Mozilla/5.0 (Macintosh; Intel Mac OS X 10_15_7) AppleWebKit/605.1.15 (KHTML, like Gecko) Version/15.6.1 Safari/605.1.15"
70.72.216.60 - - [21/Jan/2025:17:14:37 +0000] "GET /wp-content/plugins/uncanny-toolkit-pro/src/includes/simple_timer_performance.php?course_id=6244&post_id=6237&_=1737478601550 HTTP/1.1" 200 78 "https://cpd.mhcollab.ca/courses/2307b/lessons/2307-2" "Mozilla/5.0 (Macintosh; Intel Mac OS X 10_15_7) AppleWebKit/605.1.15 (KHTML, like Gecko) Version/15.6.1 Safari/605.1.15"
70.72.216.60 - - [21/Jan/2025:17:14:37 +0000] "GET /wp-content/uploads/2024/05/2307-Supporting-Borderline-Personality-Disorder_-Clinical-Insights-and-Effective-Intervention.mp4?_=1 HTTP/1.1" 206 157495537 "https://cpd.mhcollab.ca/courses/2307b/lessons/2307-2" "Mozilla/5.0 (Macintosh; Intel Mac OS X 10_15_7) AppleWebKit/605.1.15 (KHTML, like Gecko) Version/15.6.1 Safari/605.1.15"
70.72.216.60 - - [21/Jan/2025:17:14:57 +0000] "GET /wp-content/plugins/uncanny-toolkit-pro/src/includes/simple_timer_performance.php?course_id=6244&post_id=6237&_=1737478601551 HTTP/1.1" 200 78 "https://cpd.mhcollab.ca/courses/2307b/lessons/2307-2" "Mozilla/5.0 (Macintosh; Intel Mac OS X 10_15_7) AppleWebKit/605.1.15 (KHTML, like Gecko) Version/15.6.1 Safari/605.1.15"
70.72.216.60 - - [21/Jan/2025:17:15:04 +0000] "GET /wp-content/uploads/2024/05/2307-Supporting-Borderline-Personality-Disorder_-Clinical-Insights-and-Effective-Intervention.mp4?_=1 HTTP/1.1" 206 155398385 "https://cpd.mhcollab.ca/courses/2307b/lessons/2307-2" "Mozilla/5.0 (Macintosh; Intel Mac OS X 10_15_7) AppleWebKit/605.1.15 (KHTML, like Gecko) Version/15.6.1 Safari/605.1.15"
70.72.216.60 - - [21/Jan/2025:17:15:17 +0000] "GET /wp-content/plugins/uncanny-toolkit-pro/src/includes/simple_timer_performance.php?course_id=6244&post_id=6237&_=1737478601552 HTTP/1.1" 200 78 "https://cpd.mhcollab.ca/courses/2307b/lessons/2307-2" "Mozilla/5.0 (Macintosh; Intel Mac OS X 10_15_7) AppleWebKit/605.1.15 (KHTML, like Gecko) Version/15.6.1 Safari/605.1.15"
70.72.216.60 - - [21/Jan/2025:17:15:31 +0000] "GET /wp-content/uploads/2024/05/2307-Supporting-Borderline-Personality-Disorder_-Clinical-Insights-and-Effective-Intervention.mp4?_=1 HTTP/1.1" 206 153235697 "https://cpd.mhcollab.ca/courses/2307b/lessons/2307-2" "Mozilla/5.0 (Macintosh; Intel Mac OS X 10_15_7) AppleWebKit/605.1.15 (KHTML, like Gecko) Version/15.6.1 Safari/605.1.15"
70.72.216.60 - - [21/Jan/2025:17:15:37 +0000] "GET /wp-content/plugins/uncanny-toolkit-pro/src/includes/simple_timer_performance.php?course_id=6244&post_id=6237&_=1737478601553 HTTP/1.1" 200 78 "https://cpd.mhcollab.ca/courses/2307b/lessons/2307-2" "Mozilla/5.0 (Macintosh; Intel Mac OS X 10_15_7) AppleWebKit/605.1.15 (KHTML, like Gecko) Version/15.6.1 Safari/605.1.15"
70.72.216.60 - - [21/Jan/2025:17:15:52 +0000] "GET /wp-content/uploads/2024/05/2307-Supporting-Borderline-Personality-Disorder_-Clinical-Insights-and-Effective-Intervention.mp4?_=1 HTTP/1.1" 206 151138545 "https://cpd.mhcollab.ca/courses/2307b/lessons/2307-2" "Mozilla/5.0 (Macintosh; Intel Mac OS X 10_15_7) AppleWebKit/605.1.15 (KHTML, like Gecko) Version/15.6.1 Safari/605.1.15"
70.72.216.60 - - [21/Jan/2025:17:15:57 +0000] "GET /wp-content/plugins/uncanny-toolkit-pro/src/includes/simple_timer_performance.php?course_id=6244&post_id=6237&_=1737478601554 HTTP/1.1" 200 78 "https://cpd.mhcollab.ca/courses/2307b/lessons/2307-2" "Mozilla/5.0 (Macintosh; Intel Mac OS X 10_15_7) AppleWebKit/605.1.15 (KHTML, like Gecko) Version/15.6.1 Safari/605.1.15"
70.72.216.60 - - [21/Jan/2025:17:16:11 +0000] "GET /wp-content/uploads/2024/05/2307-Supporting-Borderline-Personality-Disorder_-Clinical-Insights-and-Effective-Intervention.mp4?_=1 HTTP/1.1" 206 148975857 "https://cpd.mhcollab.ca/courses/2307b/lessons/2307-2" "Mozilla/5.0 (Macintosh; Intel Mac OS X 10_15_7) AppleWebKit/605.1.15 (KHTML, like Gecko) Version/15.6.1 Safari/605.1.15"
70.72.216.60 - - [21/Jan/2025:17:16:17 +0000] "GET /wp-content/plugins/uncanny-toolkit-pro/src/includes/simple_timer_performance.php?course_id=6244&post_id=6237&_=1737478601555 HTTP/1.1" 200 78 "https://cpd.mhcollab.ca/courses/2307b/lessons/2307-2" "Mozilla/5.0 (Macintosh; Intel Mac OS X 10_15_7) AppleWebKit/605.1.15 (KHTML, like Gecko) Version/15.6.1 Safari/605.1.15"
70.72.216.60 - - [21/Jan/2025:17:16:30 +0000] "GET /wp-content/uploads/2024/05/2307-Supporting-Borderline-Personality-Disorder_-Clinical-Insights-and-Effective-Intervention.mp4?_=1 HTTP/1.1" 206 146813169 "https://cpd.mhcollab.ca/courses/2307b/lessons/2307-2" "Mozilla/5.0 (Macintosh; Intel Mac OS X 10_15_7) AppleWebKit/605.1.15 (KHTML, like Gecko) Version/15.6.1 Safari/605.1.15"
70.72.216.60 - - [21/Jan/2025:17:16:37 +0000] "GET /wp-content/plugins/uncanny-toolkit-pro/src/includes/simple_timer_performance.php?course_id=6244&post_id=6237&_=1737478601556 HTTP/1.1" 200 78 "https://cpd.mhcollab.ca/courses/2307b/lessons/2307-2" "Mozilla/5.0 (Macintosh; Intel Mac OS X 10_15_7) AppleWebKit/605.1.15 (KHTML, like Gecko) Version/15.6.1 Safari/605.1.15"
45.56.220.125 - - [21/Jan/2025:17:16:46 +0000] "POST /wp-cron.php?doing_wp_cron=1737479806.5967869758605957031250 HTTP/1.1" 200 - "-" "WordPress/6.7.1; https://cpd.mhcollab.ca"
198.161.9.86 - - [21/Jan/2025:17:16:45 +0000] "GET /user-2 HTTP/1.1" 200 29431 "-" "Mozilla/5.0 (Windows NT 10.0; Win64; x64) AppleWebKit/537.36 (KHTML, like Gecko) Chrome/131.0.0.0 Safari/537.36 Edg/131.0.0.0"
70.72.216.60 - - [21/Jan/2025:17:16:49 +0000] "GET /wp-content/uploads/2024/05/2307-Supporting-Borderline-Personality-Disorder_-Clinical-Insights-and-Effective-Intervention.mp4?_=1 HTTP/1.1" 206 144650481 "https://cpd.mhcollab.ca/courses/2307b/lessons/2307-2" "Mozilla/5.0 (Macintosh; Intel Mac OS X 10_15_7) AppleWebKit/605.1.15 (KHTML, like Gecko) Version/15.6.1 Safari/605.1.15"
198.161.9.86 - - [21/Jan/2025:17:16:55 +0000] "POST /user-2 HTTP/1.1" 200 2370 "https://cpd.mhcollab.ca/user-2" "Mozilla/5.0 (Windows NT 10.0; Win64; x64) AppleWebKit/537.36 (KHTML, like Gecko) Chrome/131.0.0.0 Safari/537.36 Edg/131.0.0.0"
198.161.9.86 - - [21/Jan/2025:17:16:57 +0000] "GET /wp-includes/css/buttons.min.css?ver=1f041886d6beac9432c1496850c082e4 HTTP/1.1" 200 1470 "https://cpd.mhcollab.ca/user-2" "Mozilla/5.0 (Windows NT 10.0; Win64; x64) AppleWebKit/537.36 (KHTML, like Gecko) Chrome/131.0.0.0 Safari/537.36 Edg/131.0.0.0"
198.161.9.86 - - [21/Jan/2025:17:16:57 +0000] "GET /wp-admin/css/forms.min.css?ver=6.7.1 HTTP/1.1" 200 6694 "https://cpd.mhcollab.ca/user-2" "Mozilla/5.0 (Windows NT 10.0; Win64; x64) AppleWebKit/537.36 (KHTML, like Gecko) Chrome/131.0.0.0 Safari/537.36 Edg/131.0.0.0"
198.161.9.86 - - [21/Jan/2025:17:16:57 +0000] "GET /wp-admin/css/l10n.min.css?ver=6.7.1 HTTP/1.1" 200 767 "https://cpd.mhcollab.ca/user-2" "Mozilla/5.0 (Windows NT 10.0; Win64; x64) AppleWebKit/537.36 (KHTML, like Gecko) Chrome/131.0.0.0 Safari/537.36 Edg/131.0.0.0"
198.161.9.86 - - [21/Jan/2025:17:16:57 +0000] "GET /wp-admin/css/login.min.css?ver=6.7.1 HTTP/1.1" 200 2189 "https://cpd.mhcollab.ca/user-2" "Mozilla/5.0 (Windows NT 10.0; Win64; x64) AppleWebKit/537.36 (KHTML, like Gecko) Chrome/131.0.0.0 Safari/537.36 Edg/131.0.0.0"
198.161.9.86 - - [21/Jan/2025:17:16:57 +0000] "GET /wp-admin/images/wordpress-logo.svg?ver=20131107 HTTP/1.1" 200 818 "https://cpd.mhcollab.ca/wp-admin/css/login.min.css?ver=6.7.1" "Mozilla/5.0 (Windows NT 10.0; Win64; x64) AppleWebKit/537.36 (KHTML, like Gecko) Chrome/131.0.0.0 Safari/537.36 Edg/131.0.0.0"
70.72.216.60 - - [21/Jan/2025:17:16:58 +0000] "GET /wp-content/plugins/uncanny-toolkit-pro/src/includes/simple_timer_performance.php?course_id=6244&post_id=6237&_=1737478601557 HTTP/1.1" 200 78 "https://cpd.mhcollab.ca/courses/2307b/lessons/2307-2" "Mozilla/5.0 (Macintosh; Intel Mac OS X 10_15_7) AppleWebKit/605.1.15 (KHTML, like Gecko) Version/15.6.1 Safari/605.1.15"
70.72.216.60 - - [21/Jan/2025:17:17:08 +0000] "GET /wp-content/uploads/2024/05/2307-Supporting-Borderline-Personality-Disorder_-Clinical-Insights-and-Effective-Intervention.mp4?_=1 HTTP/1.1" 206 142553329 "https://cpd.mhcollab.ca/courses/2307b/lessons/2307-2" "Mozilla/5.0 (Macintosh; Intel Mac OS X 10_15_7) AppleWebKit/605.1.15 (KHTML, like Gecko) Version/15.6.1 Safari/605.1.15"
70.72.216.60 - - [21/Jan/2025:17:17:19 +0000] "GET /wp-content/plugins/uncanny-toolkit-pro/src/includes/simple_timer_performance.php?course_id=6244&post_id=6237&_=1737478601558 HTTP/1.1" 200 78 "https://cpd.mhcollab.ca/courses/2307b/lessons/2307-2" "Mozilla/5.0 (Macintosh; Intel Mac OS X 10_15_7) AppleWebKit/605.1.15 (KHTML, like Gecko) Version/15.6.1 Safari/605.1.15"
70.72.216.60 - - [21/Jan/2025:17:17:28 +0000] "GET /wp-content/uploads/2024/05/2307-Supporting-Borderline-Personality-Disorder_-Clinical-Insights-and-Effective-Intervention.mp4?_=1 HTTP/1.1" 206 140390641 "https://cpd.mhcollab.ca/courses/2307b/lessons/2307-2" "Mozilla/5.0 (Macintosh; Intel Mac OS X 10_15_7) AppleWebKit/605.1.15 (KHTML, like Gecko) Version/15.6.1 Safari/605.1.15"
70.72.216.60 - - [21/Jan/2025:17:17:40 +0000] "GET /wp-content/plugins/uncanny-toolkit-pro/src/includes/simple_timer_performance.php?course_id=6244&post_id=6237&_=1737478601559 HTTP/1.1" 200 78 "https://cpd.mhcollab.ca/courses/2307b/lessons/2307-2" "Mozilla/5.0 (Macintosh; Intel Mac OS X 10_15_7) AppleWebKit/605.1.15 (KHTML, like Gecko) Version/15.6.1 Safari/605.1.15"
198.161.9.86 - - [21/Jan/2025:17:17:43 +0000] "POST /wp-login.php?action=validate_2fa HTTP/1.1" 302 - "https://cpd.mhcollab.ca/user-2" "Mozilla/5.0 (Windows NT 10.0; Win64; x64) AppleWebKit/537.36 (KHTML, like Gecko) Chrome/131.0.0.0 Safari/537.36 Edg/131.0.0.0"
45.56.220.125 - - [21/Jan/2025:17:17:47 +0000] "POST /wp-cron.php?doing_wp_cron=1737479867.0498530864715576171875 HTTP/1.1" 200 - "-" "WordPress/6.7.1; https://cpd.mhcollab.ca"
198.161.9.86 - - [21/Jan/2025:17:17:45 +0000] "GET /wp-admin/profile.php HTTP/1.1" 302 - "https://cpd.mhcollab.ca/user-2" "Mozilla/5.0 (Windows NT 10.0; Win64; x64) AppleWebKit/537.36 (KHTML, like Gecko) Chrome/131.0.0.0 Safari/537.36 Edg/131.0.0.0"
70.72.216.60 - - [21/Jan/2025:17:17:48 +0000] "GET /wp-content/uploads/2024/05/2307-Supporting-Borderline-Personality-Disorder_-Clinical-Insights-and-Effective-Intervention.mp4?_=1 HTTP/1.1" 206 138162417 "https://cpd.mhcollab.ca/courses/2307b/lessons/2307-2" "Mozilla/5.0 (Macintosh; Intel Mac OS X 10_15_7) AppleWebKit/605.1.15 (KHTML, like Gecko) Version/15.6.1 Safari/605.1.15"
198.161.9.86 - - [21/Jan/2025:17:17:47 +0000] "GET /user-2 HTTP/1.1" 200 33361 "https://cpd.mhcollab.ca/user-2" "Mozilla/5.0 (Windows NT 10.0; Win64; x64) AppleWebKit/537.36 (KHTML, like Gecko) Chrome/131.0.0.0 Safari/537.36 Edg/131.0.0.0"
70.72.216.60 - - [21/Jan/2025:17:18:01 +0000] "GET /wp-content/plugins/uncanny-toolkit-pro/src/includes/simple_timer_performance.php?course_id=6244&post_id=6237&_=1737478601560 HTTP/1.1" 200 78 "https://cpd.mhcollab.ca/courses/2307b/lessons/2307-2" "Mozilla/5.0 (Macintosh; Intel Mac OS X 10_15_7) AppleWebKit/605.1.15 (KHTML, like Gecko) Version/15.6.1 Safari/605.1.15"
45.56.220.125 - - [21/Jan/2025:17:18:01 +0000] "POST /wp-cron.php?doing_wp_cron=1737479881.7146019935607910156250 HTTP/1.1" 200 - "-" "WordPress/6.7.1; https://cpd.mhcollab.ca"
198.161.9.86 - - [21/Jan/2025:17:18:00 +0000] "GET /courseinfo-2 HTTP/1.1" 200 33304 "https://cpd.mhcollab.ca/user-2" "Mozilla/5.0 (Windows NT 10.0; Win64; x64) AppleWebKit/537.36 (KHTML, like Gecko) Chrome/131.0.0.0 Safari/537.36 Edg/131.0.0.0"
198.161.9.86 - - [21/Jan/2025:17:18:02 +0000] "GET /wp-content/uploads/2025/01/2023-HaveYourSay-LearnngNeedsSurvey-768x192.png HTTP/1.1" 200 71231 "https://cpd.mhcollab.ca/courseinfo-2" "Mozilla/5.0 (Windows NT 10.0; Win64; x64) AppleWebKit/537.36 (KHTML, like Gecko) Chrome/131.0.0.0 Safari/537.36 Edg/131.0.0.0"
70.72.216.60 - - [21/Jan/2025:17:18:06 +0000] "GET /wp-content/uploads/2024/05/2307-Supporting-Borderline-Personality-Disorder_-Clinical-Insights-and-Effective-Intervention.mp4?_=1 HTTP/1.1" 206 135999729 "https://cpd.mhcollab.ca/courses/2307b/lessons/2307-2" "Mozilla/5.0 (Macintosh; Intel Mac OS X 10_15_7) AppleWebKit/605.1.15 (KHTML, like Gecko) Version/15.6.1 Safari/605.1.15"
198.161.9.86 - - [21/Jan/2025:17:18:07 +0000] "GET /accred HTTP/1.1" 301 - "https://cpd.mhcollab.ca/courseinfo-2" "Mozilla/5.0 (Windows NT 10.0; Win64; x64) AppleWebKit/537.36 (KHTML, like Gecko) Chrome/131.0.0.0 Safari/537.36 Edg/131.0.0.0"
66.249.77.161 - - [21/Jan/2025:17:18:08 +0000] "GET /robots.txt HTTP/1.1" 200 111 "-" "Mozilla/5.0 (compatible; Googlebot/2.1; +http://www.google.com/bot.html)"
66.249.77.162 - - [21/Jan/2025:17:18:08 +0000] "GET /wp-sitemap-posts-sfwd-courses-1.xml HTTP/1.1" 200 573 "-" "Mozilla/5.0 (compatible; Googlebot/2.1; +http://www.google.com/bot.html)"
198.161.9.86 - - [21/Jan/2025:17:18:09 +0000] "GET /courseinfo-2/accred HTTP/1.1" 200 32986 "https://cpd.mhcollab.ca/courseinfo-2" "Mozilla/5.0 (Windows NT 10.0; Win64; x64) AppleWebKit/537.36 (KHTML, like Gecko) Chrome/131.0.0.0 Safari/537.36 Edg/131.0.0.0"
198.161.9.86 - - [21/Jan/2025:17:18:11 +0000] "GET /wp-content/plugins/kadence-blocks/dist/style-blocks-image.css?ver=3.4.5 HTTP/1.1" 200 1163 "https://cpd.mhcollab.ca/courseinfo-2/accred" "Mozilla/5.0 (Windows NT 10.0; Win64; x64) AppleWebKit/537.36 (KHTML, like Gecko) Chrome/131.0.0.0 Safari/537.36 Edg/131.0.0.0"
198.161.9.86 - - [21/Jan/2025:17:18:11 +0000] "GET /wp-content/uploads/2024/07/2405.png HTTP/1.1" 200 395005 "https://cpd.mhcollab.ca/courseinfo-2/accred" "Mozilla/5.0 (Windows NT 10.0; Win64; x64) AppleWebKit/537.36 (KHTML, like Gecko) Chrome/131.0.0.0 Safari/537.36 Edg/131.0.0.0"
198.161.9.86 - - [21/Jan/2025:17:18:11 +0000] "GET /wp-content/uploads/2024/07/2401-1024x1024.png HTTP/1.1" 200 1095316 "https://cpd.mhcollab.ca/courseinfo-2/accred" "Mozilla/5.0 (Windows NT 10.0; Win64; x64) AppleWebKit/537.36 (KHTML, like Gecko) Chrome/131.0.0.0 Safari/537.36 Edg/131.0.0.0"
198.161.9.86 - - [21/Jan/2025:17:18:11 +0000] "GET /wp-content/uploads/2024/07/2407-1024x1024.png HTTP/1.1" 200 1218287 "https://cpd.mhcollab.ca/courseinfo-2/accred" "Mozilla/5.0 (Windows NT 10.0; Win64; x64) AppleWebKit/537.36 (KHTML, like Gecko) Chrome/131.0.0.0 Safari/537.36 Edg/131.0.0.0"
198.161.9.86 - - [21/Jan/2025:17:18:11 +0000] "GET /wp-content/uploads/2024/07/2402.png HTTP/1.1" 200 950608 "https://cpd.mhcollab.ca/courseinfo-2/accred" "Mozilla/5.0 (Windows NT 10.0; Win64; x64) AppleWebKit/537.36 (KHTML, like Gecko) Chrome/131.0.0.0 Safari/537.36 Edg/131.0.0.0"
198.161.9.86 - - [21/Jan/2025:17:18:11 +0000] "GET /wp-content/uploads/2024/07/2406.png HTTP/1.1" 200 379230 "https://cpd.mhcollab.ca/courseinfo-2/accred" "Mozilla/5.0 (Windows NT 10.0; Win64; x64) AppleWebKit/537.36 (KHTML, like Gecko) Chrome/131.0.0.0 Safari/537.36 Edg/131.0.0.0"
198.161.9.86 - - [21/Jan/2025:17:18:11 +0000] "GET /wp-content/uploads/2024/07/2404-1024x1024.png HTTP/1.1" 200 1194966 "https://cpd.mhcollab.ca/courseinfo-2/accred" "Mozilla/5.0 (Windows NT 10.0; Win64; x64) AppleWebKit/537.36 (KHTML, like Gecko) Chrome/131.0.0.0 Safari/537.36 Edg/131.0.0.0"
198.161.9.86 - - [21/Jan/2025:17:18:11 +0000] "GET /wp-content/uploads/2024/07/2403-1-1024x1024.png HTTP/1.1" 200 1274170 "https://cpd.mhcollab.ca/courseinfo-2/accred" "Mozilla/5.0 (Windows NT 10.0; Win64; x64) AppleWebKit/537.36 (KHTML, like Gecko) Chrome/131.0.0.0 Safari/537.36 Edg/131.0.0.0"
70.72.216.60 - - [21/Jan/2025:17:18:22 +0000] "GET /wp-content/plugins/uncanny-toolkit-pro/src/includes/simple_timer_performance.php?course_id=6244&post_id=6237&_=1737478601561 HTTP/1.1" 200 78 "https://cpd.mhcollab.ca/courses/2307b/lessons/2307-2" "Mozilla/5.0 (Macintosh; Intel Mac OS X 10_15_7) AppleWebKit/605.1.15 (KHTML, like Gecko) Version/15.6.1 Safari/605.1.15"
70.72.216.60 - - [21/Jan/2025:17:18:26 +0000] "GET /wp-content/uploads/2024/05/2307-Supporting-Borderline-Personality-Disorder_-Clinical-Insights-and-Effective-Intervention.mp4?_=1 HTTP/1.1" 206 133902577 "https://cpd.mhcollab.ca/courses/2307b/lessons/2307-2" "Mozilla/5.0 (Macintosh; Intel Mac OS X 10_15_7) AppleWebKit/605.1.15 (KHTML, like Gecko) Version/15.6.1 Safari/605.1.15"
70.72.216.60 - - [21/Jan/2025:17:18:43 +0000] "GET /wp-content/plugins/uncanny-toolkit-pro/src/includes/simple_timer_performance.php?course_id=6244&post_id=6237&_=1737478601562 HTTP/1.1" 200 78 "https://cpd.mhcollab.ca/courses/2307b/lessons/2307-2" "Mozilla/5.0 (Macintosh; Intel Mac OS X 10_15_7) AppleWebKit/605.1.15 (KHTML, like Gecko) Version/15.6.1 Safari/605.1.15"
70.72.216.60 - - [21/Jan/2025:17:18:45 +0000] "GET /wp-content/uploads/2024/05/2307-Supporting-Borderline-Personality-Disorder_-Clinical-Insights-and-Effective-Intervention.mp4?_=1 HTTP/1.1" 206 131674353 "https://cpd.mhcollab.ca/courses/2307b/lessons/2307-2" "Mozilla/5.0 (Macintosh; Intel Mac OS X 10_15_7) AppleWebKit/605.1.15 (KHTML, like Gecko) Version/15.6.1 Safari/605.1.15"
70.72.216.60 - - [21/Jan/2025:17:19:04 +0000] "GET /wp-content/plugins/uncanny-toolkit-pro/src/includes/simple_timer_performance.php?course_id=6244&post_id=6237&_=1737478601563 HTTP/1.1" 200 79 "https://cpd.mhcollab.ca/courses/2307b/lessons/2307-2" "Mozilla/5.0 (Macintosh; Intel Mac OS X 10_15_7) AppleWebKit/605.1.15 (KHTML, like Gecko) Version/15.6.1 Safari/605.1.15"
70.72.216.60 - - [21/Jan/2025:17:19:04 +0000] "GET /wp-content/uploads/2024/05/2307-Supporting-Borderline-Personality-Disorder_-Clinical-Insights-and-Effective-Intervention.mp4?_=1 HTTP/1.1" 206 129511665 "https://cpd.mhcollab.ca/courses/2307b/lessons/2307-2" "Mozilla/5.0 (Macintosh; Intel Mac OS X 10_15_7) AppleWebKit/605.1.15 (KHTML, like Gecko) Version/15.6.1 Safari/605.1.15"
70.72.216.60 - - [21/Jan/2025:17:19:23 +0000] "GET /wp-content/uploads/2024/05/2307-Supporting-Borderline-Personality-Disorder_-Clinical-Insights-and-Effective-Intervention.mp4?_=1 HTTP/1.1" 206 127348977 "https://cpd.mhcollab.ca/courses/2307b/lessons/2307-2" "Mozilla/5.0 (Macintosh; Intel Mac OS X 10_15_7) AppleWebKit/605.1.15 (KHTML, like Gecko) Version/15.6.1 Safari/605.1.15"
70.72.216.60 - - [21/Jan/2025:17:19:25 +0000] "GET /wp-content/plugins/uncanny-toolkit-pro/src/includes/simple_timer_performance.php?course_id=6244&post_id=6237&_=1737478601564 HTTP/1.1" 200 80 "https://cpd.mhcollab.ca/courses/2307b/lessons/2307-2" "Mozilla/5.0 (Macintosh; Intel Mac OS X 10_15_7) AppleWebKit/605.1.15 (KHTML, like Gecko) Version/15.6.1 Safari/605.1.15"
70.72.216.60 - - [21/Jan/2025:17:19:41 +0000] "GET /wp-content/uploads/2024/05/2307-Supporting-Borderline-Personality-Disorder_-Clinical-Insights-and-Effective-Intervention.mp4?_=1 HTTP/1.1" 206 125120753 "https://cpd.mhcollab.ca/courses/2307b/lessons/2307-2" "Mozilla/5.0 (Macintosh; Intel Mac OS X 10_15_7) AppleWebKit/605.1.15 (KHTML, like Gecko) Version/15.6.1 Safari/605.1.15"
70.72.216.60 - - [21/Jan/2025:17:19:46 +0000] "GET /wp-content/plugins/uncanny-toolkit-pro/src/includes/simple_timer_performance.php?course_id=6244&post_id=6237&_=1737478601565 HTTP/1.1" 200 80 "https://cpd.mhcollab.ca/courses/2307b/lessons/2307-2" "Mozilla/5.0 (Macintosh; Intel Mac OS X 10_15_7) AppleWebKit/605.1.15 (KHTML, like Gecko) Version/15.6.1 Safari/605.1.15"
70.72.216.60 - - [21/Jan/2025:17:20:00 +0000] "GET /wp-content/uploads/2024/05/2307-Supporting-Borderline-Personality-Disorder_-Clinical-Insights-and-Effective-Intervention.mp4?_=1 HTTP/1.1" 206 123023601 "https://cpd.mhcollab.ca/courses/2307b/lessons/2307-2" "Mozilla/5.0 (Macintosh; Intel Mac OS X 10_15_7) AppleWebKit/605.1.15 (KHTML, like Gecko) Version/15.6.1 Safari/605.1.15"
70.72.216.60 - - [21/Jan/2025:17:20:07 +0000] "GET /wp-content/plugins/uncanny-toolkit-pro/src/includes/simple_timer_performance.php?course_id=6244&post_id=6237&_=1737478601566 HTTP/1.1" 200 80 "https://cpd.mhcollab.ca/courses/2307b/lessons/2307-2" "Mozilla/5.0 (Macintosh; Intel Mac OS X 10_15_7) AppleWebKit/605.1.15 (KHTML, like Gecko) Version/15.6.1 Safari/605.1.15"
70.72.216.60 - - [21/Jan/2025:17:20:19 +0000] "GET /wp-content/uploads/2024/05/2307-Supporting-Borderline-Personality-Disorder_-Clinical-Insights-and-Effective-Intervention.mp4?_=1 HTTP/1.1" 206 120795377 "https://cpd.mhcollab.ca/courses/2307b/lessons/2307-2" "Mozilla/5.0 (Macintosh; Intel Mac OS X 10_15_7) AppleWebKit/605.1.15 (KHTML, like Gecko) Version/15.6.1 Safari/605.1.15"
70.72.216.60 - - [21/Jan/2025:17:20:28 +0000] "GET /wp-content/plugins/uncanny-toolkit-pro/src/includes/simple_timer_performance.php?course_id=6244&post_id=6237&_=1737478601567 HTTP/1.1" 200 80 "https://cpd.mhcollab.ca/courses/2307b/lessons/2307-2" "Mozilla/5.0 (Macintosh; Intel Mac OS X 10_15_7) AppleWebKit/605.1.15 (KHTML, like Gecko) Version/15.6.1 Safari/605.1.15"
70.72.216.60 - - [21/Jan/2025:17:20:48 +0000] "GET /wp-content/plugins/uncanny-toolkit-pro/src/includes/simple_timer_performance.php?course_id=6244&post_id=6237&_=1737478601568 HTTP/1.1" 200 80 "https://cpd.mhcollab.ca/courses/2307b/lessons/2307-2" "Mozilla/5.0 (Macintosh; Intel Mac OS X 10_15_7) AppleWebKit/605.1.15 (KHTML, like Gecko) Version/15.6.1 Safari/605.1.15"
70.72.216.60 - - [21/Jan/2025:17:21:10 +0000] "GET /wp-content/plugins/uncanny-toolkit-pro/src/includes/simple_timer_performance.php?course_id=6244&post_id=6237&_=1737478601569 HTTP/1.1" 200 80 "https://cpd.mhcollab.ca/courses/2307b/lessons/2307-2" "Mozilla/5.0 (Macintosh; Intel Mac OS X 10_15_7) AppleWebKit/605.1.15 (KHTML, like Gecko) Version/15.6.1 Safari/605.1.15"
70.72.216.60 - - [21/Jan/2025:17:21:59 +0000] "GET /wp-content/plugins/uncanny-toolkit-pro/src/includes/simple_timer_performance.php?course_id=6244&post_id=6237&_=1737478601570 HTTP/1.1" 200 80 "https://cpd.mhcollab.ca/courses/2307b/lessons/2307-2" "Mozilla/5.0 (Macintosh; Intel Mac OS X 10_15_7) AppleWebKit/605.1.15 (KHTML, like Gecko) Version/15.6.1 Safari/605.1.15"
70.72.216.60 - - [21/Jan/2025:17:23:03 +0000] "GET /wp-content/plugins/uncanny-toolkit-pro/src/includes/simple_timer_performance.php?course_id=6244&post_id=6237&_=1737478601571 HTTP/1.1" 200 80 "https://cpd.mhcollab.ca/courses/2307b/lessons/2307-2" "Mozilla/5.0 (Macintosh; Intel Mac OS X 10_15_7) AppleWebKit/605.1.15 (KHTML, like Gecko) Version/15.6.1 Safari/605.1.15"
70.72.216.60 - - [21/Jan/2025:17:24:05 +0000] "GET /wp-content/plugins/uncanny-toolkit-pro/src/includes/simple_timer_performance.php?course_id=6244&post_id=6237&_=1737478601572 HTTP/1.1" 200 80 "https://cpd.mhcollab.ca/courses/2307b/lessons/2307-2" "Mozilla/5.0 (Macintosh; Intel Mac OS X 10_15_7) AppleWebKit/605.1.15 (KHTML, like Gecko) Version/15.6.1 Safari/605.1.15"
45.56.220.125 - - [21/Jan/2025:17:25:38 +0000] "POST /wp-cron.php?doing_wp_cron=1737480338.9439499378204345703125 HTTP/1.1" 200 - "-" "WordPress/6.7.1; https://cpd.mhcollab.ca"
198.161.9.86 - - [21/Jan/2025:17:25:37 +0000] "GET /courseinfo-2 HTTP/1.1" 200 33305 "https://cpd.mhcollab.ca/courseinfo-2/accred" "Mozilla/5.0 (Windows NT 10.0; Win64; x64) AppleWebKit/537.36 (KHTML, like Gecko) Chrome/131.0.0.0 Safari/537.36 Edg/131.0.0.0"
198.161.9.86 - - [21/Jan/2025:17:25:40 +0000] "GET /user-2 HTTP/1.1" 200 33360 "https://cpd.mhcollab.ca/courseinfo-2" "Mozilla/5.0 (Windows NT 10.0; Win64; x64) AppleWebKit/537.36 (KHTML, like Gecko) Chrome/131.0.0.0 Safari/537.36 Edg/131.0.0.0"
45.56.220.125 - - [21/Jan/2025:17:25:50 +0000] "POST /wp-cron.php?doing_wp_cron=1737480350.9224278926849365234375 HTTP/1.1" 200 - "-" "WordPress/6.7.1; https://cpd.mhcollab.ca"
198.161.9.86 - - [21/Jan/2025:17:25:49 +0000] "GET /courses/2407c HTTP/1.1" 200 28608 "https://cpd.mhcollab.ca/user-2" "Mozilla/5.0 (Windows NT 10.0; Win64; x64) AppleWebKit/537.36 (KHTML, like Gecko) Chrome/131.0.0.0 Safari/537.36 Edg/131.0.0.0"
198.161.9.86 - - [21/Jan/2025:17:25:51 +0000] "GET /wp-content/plugins/sfwd-lms/assets/js/learndash-payments.min.js?ver=4.20.0.1 HTTP/1.1" 200 408 "https://cpd.mhcollab.ca/courses/2407c" "Mozilla/5.0 (Windows NT 10.0; Win64; x64) AppleWebKit/537.36 (KHTML, like Gecko) Chrome/131.0.0.0 Safari/537.36 Edg/131.0.0.0"
45.56.220.125 - - [21/Jan/2025:17:26:00 +0000] "POST /wp-cron.php?doing_wp_cron=1737480360.5164849758148193359375 HTTP/1.1" 200 - "-" "WordPress/6.7.1; https://cpd.mhcollab.ca"
198.161.9.86 - - [21/Jan/2025:17:25:59 +0000] "GET /courseinfo-2 HTTP/1.1" 200 33303 "https://cpd.mhcollab.ca/courses/2407c" "Mozilla/5.0 (Windows NT 10.0; Win64; x64) AppleWebKit/537.36 (KHTML, like Gecko) Chrome/131.0.0.0 Safari/537.36 Edg/131.0.0.0"
198.161.9.86 - - [21/Jan/2025:17:26:10 +0000] "GET /accred HTTP/1.1" 301 - "https://cpd.mhcollab.ca/courseinfo-2" "Mozilla/5.0 (Windows NT 10.0; Win64; x64) AppleWebKit/537.36 (KHTML, like Gecko) Chrome/131.0.0.0 Safari/537.36 Edg/131.0.0.0"
198.161.9.86 - - [21/Jan/2025:17:26:11 +0000] "GET /courseinfo-2/accred HTTP/1.1" 200 32986 "https://cpd.mhcollab.ca/courseinfo-2" "Mozilla/5.0 (Windows NT 10.0; Win64; x64) AppleWebKit/537.36 (KHTML, like Gecko) Chrome/131.0.0.0 Safari/537.36 Edg/131.0.0.0"
70.72.216.60 - - [21/Jan/2025:17:27:35 +0000] "GET /wp-content/uploads/2024/05/2307-Supporting-Borderline-Personality-Disorder_-Clinical-Insights-and-Effective-Intervention.mp4?_=1 HTTP/1.1" 206 118632689 "https://cpd.mhcollab.ca/courses/2307b/lessons/2307-2" "Mozilla/5.0 (Macintosh; Intel Mac OS X 10_15_7) AppleWebKit/605.1.15 (KHTML, like Gecko) Version/15.6.1 Safari/605.1.15"
70.72.216.60 - - [21/Jan/2025:17:27:54 +0000] "GET /wp-content/plugins/uncanny-toolkit-pro/src/includes/simple_timer_performance.php?course_id=6244&post_id=6237&_=1737478601573 HTTP/1.1" 200 80 "https://cpd.mhcollab.ca/courses/2307b/lessons/2307-2" "Mozilla/5.0 (Macintosh; Intel Mac OS X 10_15_7) AppleWebKit/605.1.15 (KHTML, like Gecko) Version/15.6.1 Safari/605.1.15"
70.72.216.60 - - [21/Jan/2025:17:27:54 +0000] "GET /wp-content/uploads/2024/05/2307-Supporting-Borderline-Personality-Disorder_-Clinical-Insights-and-Effective-Intervention.mp4?_=1 HTTP/1.1" 206 116928753 "https://cpd.mhcollab.ca/courses/2307b/lessons/2307-2" "Mozilla/5.0 (Macintosh; Intel Mac OS X 10_15_7) AppleWebKit/605.1.15 (KHTML, like Gecko) Version/15.6.1 Safari/605.1.15"
70.72.216.60 - - [21/Jan/2025:17:28:14 +0000] "GET /wp-content/plugins/uncanny-toolkit-pro/src/includes/simple_timer_performance.php?course_id=6244&post_id=6237&_=1737478601574 HTTP/1.1" 200 80 "https://cpd.mhcollab.ca/courses/2307b/lessons/2307-2" "Mozilla/5.0 (Macintosh; Intel Mac OS X 10_15_7) AppleWebKit/605.1.15 (KHTML, like Gecko) Version/15.6.1 Safari/605.1.15"
70.72.216.60 - - [21/Jan/2025:17:28:14 +0000] "GET /wp-content/uploads/2024/05/2307-Supporting-Borderline-Personality-Disorder_-Clinical-Insights-and-Effective-Intervention.mp4?_=1 HTTP/1.1" 206 114634993 "https://cpd.mhcollab.ca/courses/2307b/lessons/2307-2" "Mozilla/5.0 (Macintosh; Intel Mac OS X 10_15_7) AppleWebKit/605.1.15 (KHTML, like Gecko) Version/15.6.1 Safari/605.1.15"
70.72.216.60 - - [21/Jan/2025:17:28:32 +0000] "GET /wp-content/uploads/2024/05/2307-Supporting-Borderline-Personality-Disorder_-Clinical-Insights-and-Effective-Intervention.mp4?_=1 HTTP/1.1" 206 112472305 "https://cpd.mhcollab.ca/courses/2307b/lessons/2307-2" "Mozilla/5.0 (Macintosh; Intel Mac OS X 10_15_7) AppleWebKit/605.1.15 (KHTML, like Gecko) Version/15.6.1 Safari/605.1.15"
70.72.216.60 - - [21/Jan/2025:17:28:34 +0000] "GET /wp-content/plugins/uncanny-toolkit-pro/src/includes/simple_timer_performance.php?course_id=6244&post_id=6237&_=1737478601575 HTTP/1.1" 200 80 "https://cpd.mhcollab.ca/courses/2307b/lessons/2307-2" "Mozilla/5.0 (Macintosh; Intel Mac OS X 10_15_7) AppleWebKit/605.1.15 (KHTML, like Gecko) Version/15.6.1 Safari/605.1.15"
70.72.216.60 - - [21/Jan/2025:17:28:50 +0000] "GET /wp-content/uploads/2024/05/2307-Supporting-Borderline-Personality-Disorder_-Clinical-Insights-and-Effective-Intervention.mp4?_=1 HTTP/1.1" 206 110375153 "https://cpd.mhcollab.ca/courses/2307b/lessons/2307-2" "Mozilla/5.0 (Macintosh; Intel Mac OS X 10_15_7) AppleWebKit/605.1.15 (KHTML, like Gecko) Version/15.6.1 Safari/605.1.15"
70.72.216.60 - - [21/Jan/2025:17:28:54 +0000] "GET /wp-content/plugins/uncanny-toolkit-pro/src/includes/simple_timer_performance.php?course_id=6244&post_id=6237&_=1737478601576 HTTP/1.1" 200 80 "https://cpd.mhcollab.ca/courses/2307b/lessons/2307-2" "Mozilla/5.0 (Macintosh; Intel Mac OS X 10_15_7) AppleWebKit/605.1.15 (KHTML, like Gecko) Version/15.6.1 Safari/605.1.15"
70.72.216.60 - - [21/Jan/2025:17:29:10 +0000] "GET /wp-content/uploads/2024/05/2307-Supporting-Borderline-Personality-Disorder_-Clinical-Insights-and-Effective-Intervention.mp4?_=1 HTTP/1.1" 206 108146929 "https://cpd.mhcollab.ca/courses/2307b/lessons/2307-2" "Mozilla/5.0 (Macintosh; Intel Mac OS X 10_15_7) AppleWebKit/605.1.15 (KHTML, like Gecko) Version/15.6.1 Safari/605.1.15"
70.72.216.60 - - [21/Jan/2025:17:29:14 +0000] "GET /wp-content/plugins/uncanny-toolkit-pro/src/includes/simple_timer_performance.php?course_id=6244&post_id=6237&_=1737478601577 HTTP/1.1" 200 80 "https://cpd.mhcollab.ca/courses/2307b/lessons/2307-2" "Mozilla/5.0 (Macintosh; Intel Mac OS X 10_15_7) AppleWebKit/605.1.15 (KHTML, like Gecko) Version/15.6.1 Safari/605.1.15"
70.72.216.60 - - [21/Jan/2025:17:29:30 +0000] "GET /wp-content/uploads/2024/05/2307-Supporting-Borderline-Personality-Disorder_-Clinical-Insights-and-Effective-Intervention.mp4?_=1 HTTP/1.1" 206 105984241 "https://cpd.mhcollab.ca/courses/2307b/lessons/2307-2" "Mozilla/5.0 (Macintosh; Intel Mac OS X 10_15_7) AppleWebKit/605.1.15 (KHTML, like Gecko) Version/15.6.1 Safari/605.1.15"
70.72.216.60 - - [21/Jan/2025:17:29:34 +0000] "GET /wp-content/plugins/uncanny-toolkit-pro/src/includes/simple_timer_performance.php?course_id=6244&post_id=6237&_=1737478601578 HTTP/1.1" 200 80 "https://cpd.mhcollab.ca/courses/2307b/lessons/2307-2" "Mozilla/5.0 (Macintosh; Intel Mac OS X 10_15_7) AppleWebKit/605.1.15 (KHTML, like Gecko) Version/15.6.1 Safari/605.1.15"
70.72.216.60 - - [21/Jan/2025:17:29:49 +0000] "GET /wp-content/uploads/2024/05/2307-Supporting-Borderline-Personality-Disorder_-Clinical-Insights-and-Effective-Intervention.mp4?_=1 HTTP/1.1" 206 103756017 "https://cpd.mhcollab.ca/courses/2307b/lessons/2307-2" "Mozilla/5.0 (Macintosh; Intel Mac OS X 10_15_7) AppleWebKit/605.1.15 (KHTML, like Gecko) Version/15.6.1 Safari/605.1.15"
70.72.216.60 - - [21/Jan/2025:17:29:54 +0000] "GET /wp-content/plugins/uncanny-toolkit-pro/src/includes/simple_timer_performance.php?course_id=6244&post_id=6237&_=1737478601579 HTTP/1.1" 200 80 "https://cpd.mhcollab.ca/courses/2307b/lessons/2307-2" "Mozilla/5.0 (Macintosh; Intel Mac OS X 10_15_7) AppleWebKit/605.1.15 (KHTML, like Gecko) Version/15.6.1 Safari/605.1.15"
70.72.216.60 - - [21/Jan/2025:17:30:08 +0000] "GET /wp-content/uploads/2024/05/2307-Supporting-Borderline-Personality-Disorder_-Clinical-Insights-and-Effective-Intervention.mp4?_=1 HTTP/1.1" 206 101527793 "https://cpd.mhcollab.ca/courses/2307b/lessons/2307-2" "Mozilla/5.0 (Macintosh; Intel Mac OS X 10_15_7) AppleWebKit/605.1.15 (KHTML, like Gecko) Version/15.6.1 Safari/605.1.15"
70.72.216.60 - - [21/Jan/2025:17:30:15 +0000] "GET /wp-content/plugins/uncanny-toolkit-pro/src/includes/simple_timer_performance.php?course_id=6244&post_id=6237&_=1737478601580 HTTP/1.1" 200 80 "https://cpd.mhcollab.ca/courses/2307b/lessons/2307-2" "Mozilla/5.0 (Macintosh; Intel Mac OS X 10_15_7) AppleWebKit/605.1.15 (KHTML, like Gecko) Version/15.6.1 Safari/605.1.15"
70.72.216.60 - - [21/Jan/2025:17:30:26 +0000] "GET /wp-content/uploads/2024/05/2307-Supporting-Borderline-Personality-Disorder_-Clinical-Insights-and-Effective-Intervention.mp4?_=1 HTTP/1.1" 206 99299569 "https://cpd.mhcollab.ca/courses/2307b/lessons/2307-2" "Mozilla/5.0 (Macintosh; Intel Mac OS X 10_15_7) AppleWebKit/605.1.15 (KHTML, like Gecko) Version/15.6.1 Safari/605.1.15"
70.72.216.60 - - [21/Jan/2025:17:30:36 +0000] "GET /wp-content/plugins/uncanny-toolkit-pro/src/includes/simple_timer_performance.php?course_id=6244&post_id=6237&_=1737478601581 HTTP/1.1" 200 80 "https://cpd.mhcollab.ca/courses/2307b/lessons/2307-2" "Mozilla/5.0 (Macintosh; Intel Mac OS X 10_15_7) AppleWebKit/605.1.15 (KHTML, like Gecko) Version/15.6.1 Safari/605.1.15"
70.72.216.60 - - [21/Jan/2025:17:30:45 +0000] "GET /wp-content/uploads/2024/05/2307-Supporting-Borderline-Personality-Disorder_-Clinical-Insights-and-Effective-Intervention.mp4?_=1 HTTP/1.1" 206 97071345 "https://cpd.mhcollab.ca/courses/2307b/lessons/2307-2" "Mozilla/5.0 (Macintosh; Intel Mac OS X 10_15_7) AppleWebKit/605.1.15 (KHTML, like Gecko) Version/15.6.1 Safari/605.1.15"
70.72.216.60 - - [21/Jan/2025:17:30:57 +0000] "GET /wp-content/plugins/uncanny-toolkit-pro/src/includes/simple_timer_performance.php?course_id=6244&post_id=6237&_=1737478601582 HTTP/1.1" 200 80 "https://cpd.mhcollab.ca/courses/2307b/lessons/2307-2" "Mozilla/5.0 (Macintosh; Intel Mac OS X 10_15_7) AppleWebKit/605.1.15 (KHTML, like Gecko) Version/15.6.1 Safari/605.1.15"
70.72.216.60 - - [21/Jan/2025:17:31:04 +0000] "GET /wp-content/uploads/2024/05/2307-Supporting-Borderline-Personality-Disorder_-Clinical-Insights-and-Effective-Intervention.mp4?_=1 HTTP/1.1" 206 94843121 "https://cpd.mhcollab.ca/courses/2307b/lessons/2307-2" "Mozilla/5.0 (Macintosh; Intel Mac OS X 10_15_7) AppleWebKit/605.1.15 (KHTML, like Gecko) Version/15.6.1 Safari/605.1.15"
70.72.216.60 - - [21/Jan/2025:17:31:18 +0000] "GET /wp-content/plugins/uncanny-toolkit-pro/src/includes/simple_timer_performance.php?course_id=6244&post_id=6237&_=1737478601583 HTTP/1.1" 200 79 "https://cpd.mhcollab.ca/courses/2307b/lessons/2307-2" "Mozilla/5.0 (Macintosh; Intel Mac OS X 10_15_7) AppleWebKit/605.1.15 (KHTML, like Gecko) Version/15.6.1 Safari/605.1.15"
70.72.216.60 - - [21/Jan/2025:17:31:22 +0000] "GET /wp-content/uploads/2024/05/2307-Supporting-Borderline-Personality-Disorder_-Clinical-Insights-and-Effective-Intervention.mp4?_=1 HTTP/1.1" 206 92614897 "https://cpd.mhcollab.ca/courses/2307b/lessons/2307-2" "Mozilla/5.0 (Macintosh; Intel Mac OS X 10_15_7) AppleWebKit/605.1.15 (KHTML, like Gecko) Version/15.6.1 Safari/605.1.15"
70.72.216.60 - - [21/Jan/2025:17:31:39 +0000] "GET /wp-content/plugins/uncanny-toolkit-pro/src/includes/simple_timer_performance.php?course_id=6244&post_id=6237&_=1737478601584 HTTP/1.1" 200 79 "https://cpd.mhcollab.ca/courses/2307b/lessons/2307-2" "Mozilla/5.0 (Macintosh; Intel Mac OS X 10_15_7) AppleWebKit/605.1.15 (KHTML, like Gecko) Version/15.6.1 Safari/605.1.15"
70.72.216.60 - - [21/Jan/2025:17:31:41 +0000] "GET /wp-content/uploads/2024/05/2307-Supporting-Borderline-Personality-Disorder_-Clinical-Insights-and-Effective-Intervention.mp4?_=1 HTTP/1.1" 206 90517745 "https://cpd.mhcollab.ca/courses/2307b/lessons/2307-2" "Mozilla/5.0 (Macintosh; Intel Mac OS X 10_15_7) AppleWebKit/605.1.15 (KHTML, like Gecko) Version/15.6.1 Safari/605.1.15"
70.72.216.60 - - [21/Jan/2025:17:31:59 +0000] "GET /wp-content/uploads/2024/05/2307-Supporting-Borderline-Personality-Disorder_-Clinical-Insights-and-Effective-Intervention.mp4?_=1 HTTP/1.1" 206 88355057 "https://cpd.mhcollab.ca/courses/2307b/lessons/2307-2" "Mozilla/5.0 (Macintosh; Intel Mac OS X 10_15_7) AppleWebKit/605.1.15 (KHTML, like Gecko) Version/15.6.1 Safari/605.1.15"
70.72.216.60 - - [21/Jan/2025:17:32:00 +0000] "GET /wp-content/plugins/uncanny-toolkit-pro/src/includes/simple_timer_performance.php?course_id=6244&post_id=6237&_=1737478601585 HTTP/1.1" 200 80 "https://cpd.mhcollab.ca/courses/2307b/lessons/2307-2" "Mozilla/5.0 (Macintosh; Intel Mac OS X 10_15_7) AppleWebKit/605.1.15 (KHTML, like Gecko) Version/15.6.1 Safari/605.1.15"
70.72.216.60 - - [21/Jan/2025:17:32:16 +0000] "GET /wp-content/uploads/2024/05/2307-Supporting-Borderline-Personality-Disorder_-Clinical-Insights-and-Effective-Intervention.mp4?_=1 HTTP/1.1" 206 86192369 "https://cpd.mhcollab.ca/courses/2307b/lessons/2307-2" "Mozilla/5.0 (Macintosh; Intel Mac OS X 10_15_7) AppleWebKit/605.1.15 (KHTML, like Gecko) Version/15.6.1 Safari/605.1.15"
70.72.216.60 - - [21/Jan/2025:17:32:21 +0000] "GET /wp-content/plugins/uncanny-toolkit-pro/src/includes/simple_timer_performance.php?course_id=6244&post_id=6237&_=1737478601586 HTTP/1.1" 200 80 "https://cpd.mhcollab.ca/courses/2307b/lessons/2307-2" "Mozilla/5.0 (Macintosh; Intel Mac OS X 10_15_7) AppleWebKit/605.1.15 (KHTML, like Gecko) Version/15.6.1 Safari/605.1.15"
70.72.216.60 - - [21/Jan/2025:17:32:34 +0000] "GET /wp-content/uploads/2024/05/2307-Supporting-Borderline-Personality-Disorder_-Clinical-Insights-and-Effective-Intervention.mp4?_=1 HTTP/1.1" 206 84095217 "https://cpd.mhcollab.ca/courses/2307b/lessons/2307-2" "Mozilla/5.0 (Macintosh; Intel Mac OS X 10_15_7) AppleWebKit/605.1.15 (KHTML, like Gecko) Version/15.6.1 Safari/605.1.15"
70.72.216.60 - - [21/Jan/2025:17:32:54 +0000] "GET /wp-content/uploads/2024/05/2307-Supporting-Borderline-Personality-Disorder_-Clinical-Insights-and-Effective-Intervention.mp4?_=1 HTTP/1.1" 206 81866993 "https://cpd.mhcollab.ca/courses/2307b/lessons/2307-2" "Mozilla/5.0 (Macintosh; Intel Mac OS X 10_15_7) AppleWebKit/605.1.15 (KHTML, like Gecko) Version/15.6.1 Safari/605.1.15"
70.72.216.60 - - [21/Jan/2025:17:33:13 +0000] "GET /wp-content/uploads/2024/05/2307-Supporting-Borderline-Personality-Disorder_-Clinical-Insights-and-Effective-Intervention.mp4?_=1 HTTP/1.1" 206 79704305 "https://cpd.mhcollab.ca/courses/2307b/lessons/2307-2" "Mozilla/5.0 (Macintosh; Intel Mac OS X 10_15_7) AppleWebKit/605.1.15 (KHTML, like Gecko) Version/15.6.1 Safari/605.1.15"
70.72.216.60 - - [21/Jan/2025:17:33:31 +0000] "GET /wp-content/uploads/2024/05/2307-Supporting-Borderline-Personality-Disorder_-Clinical-Insights-and-Effective-Intervention.mp4?_=1 HTTP/1.1" 206 77607153 "https://cpd.mhcollab.ca/courses/2307b/lessons/2307-2" "Mozilla/5.0 (Macintosh; Intel Mac OS X 10_15_7) AppleWebKit/605.1.15 (KHTML, like Gecko) Version/15.6.1 Safari/605.1.15"
70.72.216.60 - - [21/Jan/2025:17:33:49 +0000] "GET /wp-content/uploads/2024/05/2307-Supporting-Borderline-Personality-Disorder_-Clinical-Insights-and-Effective-Intervention.mp4?_=1 HTTP/1.1" 206 75444465 "https://cpd.mhcollab.ca/courses/2307b/lessons/2307-2" "Mozilla/5.0 (Macintosh; Intel Mac OS X 10_15_7) AppleWebKit/605.1.15 (KHTML, like Gecko) Version/15.6.1 Safari/605.1.15"
70.72.216.60 - - [21/Jan/2025:17:34:08 +0000] "GET /wp-content/uploads/2024/05/2307-Supporting-Borderline-Personality-Disorder_-Clinical-Insights-and-Effective-Intervention.mp4?_=1 HTTP/1.1" 206 73216241 "https://cpd.mhcollab.ca/courses/2307b/lessons/2307-2" "Mozilla/5.0 (Macintosh; Intel Mac OS X 10_15_7) AppleWebKit/605.1.15 (KHTML, like Gecko) Version/15.6.1 Safari/605.1.15"
70.72.216.60 - - [21/Jan/2025:17:34:26 +0000] "GET /wp-content/uploads/2024/05/2307-Supporting-Borderline-Personality-Disorder_-Clinical-Insights-and-Effective-Intervention.mp4?_=1 HTTP/1.1" 206 70988017 "https://cpd.mhcollab.ca/courses/2307b/lessons/2307-2" "Mozilla/5.0 (Macintosh; Intel Mac OS X 10_15_7) AppleWebKit/605.1.15 (KHTML, like Gecko) Version/15.6.1 Safari/605.1.15"
70.72.216.60 - - [21/Jan/2025:17:34:45 +0000] "GET /wp-content/uploads/2024/05/2307-Supporting-Borderline-Personality-Disorder_-Clinical-Insights-and-Effective-Intervention.mp4?_=1 HTTP/1.1" 206 68694257 "https://cpd.mhcollab.ca/courses/2307b/lessons/2307-2" "Mozilla/5.0 (Macintosh; Intel Mac OS X 10_15_7) AppleWebKit/605.1.15 (KHTML, like Gecko) Version/15.6.1 Safari/605.1.15"
70.72.216.60 - - [21/Jan/2025:17:35:02 +0000] "GET /wp-content/uploads/2024/05/2307-Supporting-Borderline-Personality-Disorder_-Clinical-Insights-and-Effective-Intervention.mp4?_=1 HTTP/1.1" 206 66531569 "https://cpd.mhcollab.ca/courses/2307b/lessons/2307-2" "Mozilla/5.0 (Macintosh; Intel Mac OS X 10_15_7) AppleWebKit/605.1.15 (KHTML, like Gecko) Version/15.6.1 Safari/605.1.15"
70.72.216.60 - - [21/Jan/2025:17:35:19 +0000] "GET /wp-content/plugins/uncanny-toolkit-pro/src/includes/simple_timer_performance.php?course_id=6244&post_id=6237&_=1737478601587 HTTP/1.1" 200 80 "https://cpd.mhcollab.ca/courses/2307b/lessons/2307-2" "Mozilla/5.0 (Macintosh; Intel Mac OS X 10_15_7) AppleWebKit/605.1.15 (KHTML, like Gecko) Version/15.6.1 Safari/605.1.15"
70.72.216.60 - - [21/Jan/2025:17:35:19 +0000] "GET /wp-content/uploads/2024/05/2307-Supporting-Borderline-Personality-Disorder_-Clinical-Insights-and-Effective-Intervention.mp4?_=1 HTTP/1.1" 206 64434417 "https://cpd.mhcollab.ca/courses/2307b/lessons/2307-2" "Mozilla/5.0 (Macintosh; Intel Mac OS X 10_15_7) AppleWebKit/605.1.15 (KHTML, like Gecko) Version/15.6.1 Safari/605.1.15"
70.72.216.60 - - [21/Jan/2025:17:35:24 +0000] "GET /wp-content/uploads/2024/05/2307-Supporting-Borderline-Personality-Disorder_-Clinical-Insights-and-Effective-Intervention.mp4?_=1 HTTP/1.1" 206 62206193 "https://cpd.mhcollab.ca/courses/2307b/lessons/2307-2" "Mozilla/5.0 (Macintosh; Intel Mac OS X 10_15_7) AppleWebKit/605.1.15 (KHTML, like Gecko) Version/15.6.1 Safari/605.1.15"
70.72.216.60 - - [21/Jan/2025:17:35:27 +0000] "GET /wp-content/uploads/2024/05/2307-Supporting-Borderline-Personality-Disorder_-Clinical-Insights-and-Effective-Intervention.mp4?_=1 HTTP/1.1" 206 56570097 "https://cpd.mhcollab.ca/courses/2307b/lessons/2307-2" "Mozilla/5.0 (Macintosh; Intel Mac OS X 10_15_7) AppleWebKit/605.1.15 (KHTML, like Gecko) Version/15.6.1 Safari/605.1.15"
70.72.216.60 - - [21/Jan/2025:17:35:30 +0000] "GET /wp-content/uploads/2024/05/2307-Supporting-Borderline-Personality-Disorder_-Clinical-Insights-and-Effective-Intervention.mp4?_=1 HTTP/1.1" 206 54210801 "https://cpd.mhcollab.ca/courses/2307b/lessons/2307-2" "Mozilla/5.0 (Macintosh; Intel Mac OS X 10_15_7) AppleWebKit/605.1.15 (KHTML, like Gecko) Version/15.6.1 Safari/605.1.15"
70.72.216.60 - - [21/Jan/2025:17:35:33 +0000] "GET /wp-content/uploads/2024/05/2307-Supporting-Borderline-Personality-Disorder_-Clinical-Insights-and-Effective-Intervention.mp4?_=1 HTTP/1.1" 206 51327217 "https://cpd.mhcollab.ca/courses/2307b/lessons/2307-2" "Mozilla/5.0 (Macintosh; Intel Mac OS X 10_15_7) AppleWebKit/605.1.15 (KHTML, like Gecko) Version/15.6.1 Safari/605.1.15"
70.72.216.60 - - [21/Jan/2025:17:35:39 +0000] "GET /wp-content/plugins/uncanny-toolkit-pro/src/includes/simple_timer_performance.php?course_id=6244&post_id=6237&_=1737478601588 HTTP/1.1" 200 80 "https://cpd.mhcollab.ca/courses/2307b/lessons/2307-2" "Mozilla/5.0 (Macintosh; Intel Mac OS X 10_15_7) AppleWebKit/605.1.15 (KHTML, like Gecko) Version/15.6.1 Safari/605.1.15"
70.72.216.60 - - [21/Jan/2025:17:35:39 +0000] "GET /wp-content/uploads/2024/05/2307-Supporting-Borderline-Personality-Disorder_-Clinical-Insights-and-Effective-Intervention.mp4?_=1 HTTP/1.1" 206 50671857 "https://cpd.mhcollab.ca/courses/2307b/lessons/2307-2" "Mozilla/5.0 (Macintosh; Intel Mac OS X 10_15_7) AppleWebKit/605.1.15 (KHTML, like Gecko) Version/15.6.1 Safari/605.1.15"
70.72.216.60 - - [21/Jan/2025:17:35:59 +0000] "GET /wp-content/plugins/uncanny-toolkit-pro/src/includes/simple_timer_performance.php?course_id=6244&post_id=6237&_=1737478601589 HTTP/1.1" 200 80 "https://cpd.mhcollab.ca/courses/2307b/lessons/2307-2" "Mozilla/5.0 (Macintosh; Intel Mac OS X 10_15_7) AppleWebKit/605.1.15 (KHTML, like Gecko) Version/15.6.1 Safari/605.1.15"
70.72.216.60 - - [21/Jan/2025:17:36:04 +0000] "GET /wp-content/uploads/2024/05/2307-Supporting-Borderline-Personality-Disorder_-Clinical-Insights-and-Effective-Intervention.mp4?_=1 HTTP/1.1" 206 47788273 "https://cpd.mhcollab.ca/courses/2307b/lessons/2307-2" "Mozilla/5.0 (Macintosh; Intel Mac OS X 10_15_7) AppleWebKit/605.1.15 (KHTML, like Gecko) Version/15.6.1 Safari/605.1.15"
70.72.216.60 - - [21/Jan/2025:17:36:19 +0000] "GET /wp-content/plugins/uncanny-toolkit-pro/src/includes/simple_timer_performance.php?course_id=6244&post_id=6237&_=1737478601590 HTTP/1.1" 200 80 "https://cpd.mhcollab.ca/courses/2307b/lessons/2307-2" "Mozilla/5.0 (Macintosh; Intel Mac OS X 10_15_7) AppleWebKit/605.1.15 (KHTML, like Gecko) Version/15.6.1 Safari/605.1.15"
70.72.216.60 - - [21/Jan/2025:17:36:30 +0000] "GET /wp-content/uploads/2024/05/2307-Supporting-Borderline-Personality-Disorder_-Clinical-Insights-and-Effective-Intervention.mp4?_=1 HTTP/1.1" 206 45691121 "https://cpd.mhcollab.ca/courses/2307b/lessons/2307-2" "Mozilla/5.0 (Macintosh; Intel Mac OS X 10_15_7) AppleWebKit/605.1.15 (KHTML, like Gecko) Version/15.6.1 Safari/605.1.15"
70.72.216.60 - - [21/Jan/2025:17:36:39 +0000] "GET /wp-content/plugins/uncanny-toolkit-pro/src/includes/simple_timer_performance.php?course_id=6244&post_id=6237&_=1737478601591 HTTP/1.1" 200 80 "https://cpd.mhcollab.ca/courses/2307b/lessons/2307-2" "Mozilla/5.0 (Macintosh; Intel Mac OS X 10_15_7) AppleWebKit/605.1.15 (KHTML, like Gecko) Version/15.6.1 Safari/605.1.15"
70.72.216.60 - - [21/Jan/2025:17:36:54 +0000] "GET /wp-content/uploads/2024/05/2307-Supporting-Borderline-Personality-Disorder_-Clinical-Insights-and-Effective-Intervention.mp4?_=1 HTTP/1.1" 206 43462897 "https://cpd.mhcollab.ca/courses/2307b/lessons/2307-2" "Mozilla/5.0 (Macintosh; Intel Mac OS X 10_15_7) AppleWebKit/605.1.15 (KHTML, like Gecko) Version/15.6.1 Safari/605.1.15"
70.72.216.60 - - [21/Jan/2025:17:36:59 +0000] "GET /wp-content/plugins/uncanny-toolkit-pro/src/includes/simple_timer_performance.php?course_id=6244&post_id=6237&_=1737478601592 HTTP/1.1" 200 80 "https://cpd.mhcollab.ca/courses/2307b/lessons/2307-2" "Mozilla/5.0 (Macintosh; Intel Mac OS X 10_15_7) AppleWebKit/605.1.15 (KHTML, like Gecko) Version/15.6.1 Safari/605.1.15"
70.72.216.60 - - [21/Jan/2025:17:37:14 +0000] "GET /wp-content/uploads/2024/05/2307-Supporting-Borderline-Personality-Disorder_-Clinical-Insights-and-Effective-Intervention.mp4?_=1 HTTP/1.1" 206 41300209 "https://cpd.mhcollab.ca/courses/2307b/lessons/2307-2" "Mozilla/5.0 (Macintosh; Intel Mac OS X 10_15_7) AppleWebKit/605.1.15 (KHTML, like Gecko) Version/15.6.1 Safari/605.1.15"
70.72.216.60 - - [21/Jan/2025:17:37:19 +0000] "GET /wp-content/plugins/uncanny-toolkit-pro/src/includes/simple_timer_performance.php?course_id=6244&post_id=6237&_=1737478601593 HTTP/1.1" 200 80 "https://cpd.mhcollab.ca/courses/2307b/lessons/2307-2" "Mozilla/5.0 (Macintosh; Intel Mac OS X 10_15_7) AppleWebKit/605.1.15 (KHTML, like Gecko) Version/15.6.1 Safari/605.1.15"
