24.66.118.184 - - [21/Jan/2025:22:15:59 +0000] "GET /wp-content/uploads/2024/08/CatB-MHL2-1-150x150.png HTTP/1.1" 200 23384 "https://cpd.mhcollab.ca/courseinfo-2/cat_b" "Mozilla/5.0 (Windows NT 10.0; Win64; x64) AppleWebKit/537.36 (KHTML, like Gecko) Chrome/131.0.0.0 Safari/537.36"
24.66.118.184 - - [21/Jan/2025:22:15:59 +0000] "GET /wp-content/uploads/2024/07/2401-150x150.png HTTP/1.1" 200 38654 "https://cpd.mhcollab.ca/courseinfo-2/cat_b" "Mozilla/5.0 (Windows NT 10.0; Win64; x64) AppleWebKit/537.36 (KHTML, like Gecko) Chrome/131.0.0.0 Safari/537.36"
24.66.118.184 - - [21/Jan/2025:22:15:59 +0000] "GET /wp-content/uploads/2023/06/DBT-150x150.jpg HTTP/1.1" 200 4202 "https://cpd.mhcollab.ca/courseinfo-2/cat_b" "Mozilla/5.0 (Windows NT 10.0; Win64; x64) AppleWebKit/537.36 (KHTML, like Gecko) Chrome/131.0.0.0 Safari/537.36"
24.66.118.184 - - [21/Jan/2025:22:15:59 +0000] "GET /wp-content/uploads/2023/06/Multiple-Personality-150x150.jpg HTTP/1.1" 200 8556 "https://cpd.mhcollab.ca/courseinfo-2/cat_b" "Mozilla/5.0 (Windows NT 10.0; Win64; x64) AppleWebKit/537.36 (KHTML, like Gecko) Chrome/131.0.0.0 Safari/537.36"
24.66.118.184 - - [21/Jan/2025:22:16:00 +0000] "GET /wp-content/uploads/2022/08/smiling-businesswoman-sitting-at-office-desk-holding-coffee-while-working-on-laptop--150x150.jpg HTTP/1.1" 200 5777 "https://cpd.mhcollab.ca/courseinfo-2/cat_b" "Mozilla/5.0 (Windows NT 10.0; Win64; x64) AppleWebKit/537.36 (KHTML, like Gecko) Chrome/131.0.0.0 Safari/537.36"
24.66.118.184 - - [21/Jan/2025:22:16:01 +0000] "GET /wp-content/uploads/2023/06/Adolescence-School-150x150.jpg HTTP/1.1" 200 7479 "https://cpd.mhcollab.ca/courseinfo-2/cat_b" "Mozilla/5.0 (Windows NT 10.0; Win64; x64) AppleWebKit/537.36 (KHTML, like Gecko) Chrome/131.0.0.0 Safari/537.36"
24.66.118.184 - - [21/Jan/2025:22:16:01 +0000] "GET /wp-content/uploads/2023/06/Children-School-150x150.jpg HTTP/1.1" 200 8136 "https://cpd.mhcollab.ca/courseinfo-2/cat_b" "Mozilla/5.0 (Windows NT 10.0; Win64; x64) AppleWebKit/537.36 (KHTML, like Gecko) Chrome/131.0.0.0 Safari/537.36"
24.66.118.184 - - [21/Jan/2025:22:16:01 +0000] "GET /wp-content/uploads/2023/06/Eating-Disorders-150x150.jpg HTTP/1.1" 200 7427 "https://cpd.mhcollab.ca/courseinfo-2/cat_b" "Mozilla/5.0 (Windows NT 10.0; Win64; x64) AppleWebKit/537.36 (KHTML, like Gecko) Chrome/131.0.0.0 Safari/537.36"
24.66.118.184 - - [21/Jan/2025:22:15:59 +0000] "GET /wp-content/uploads/2023/07/Untitled-design-50.png HTTP/1.1" 200 1917553 "https://cpd.mhcollab.ca/courseinfo-2/cat_b" "Mozilla/5.0 (Windows NT 10.0; Win64; x64) AppleWebKit/537.36 (KHTML, like Gecko) Chrome/131.0.0.0 Safari/537.36"
24.66.118.184 - - [21/Jan/2025:22:16:06 +0000] "GET /wp-content/uploads/2023/06/Outside-the-Box-150x150.jpg HTTP/1.1" 200 3054 "https://cpd.mhcollab.ca/courseinfo-2/cat_b" "Mozilla/5.0 (Windows NT 10.0; Win64; x64) AppleWebKit/537.36 (KHTML, like Gecko) Chrome/131.0.0.0 Safari/537.36"
24.66.118.184 - - [21/Jan/2025:22:16:06 +0000] "GET /wp-content/uploads/2023/09/2206-Cognitive-Flexibility-150x150.png HTTP/1.1" 200 26878 "https://cpd.mhcollab.ca/courseinfo-2/cat_b" "Mozilla/5.0 (Windows NT 10.0; Win64; x64) AppleWebKit/537.36 (KHTML, like Gecko) Chrome/131.0.0.0 Safari/537.36"
24.66.118.184 - - [21/Jan/2025:22:16:06 +0000] "GET /wp-content/uploads/2023/09/2207-COVID-Young-Child-development-150x150.png HTTP/1.1" 200 46185 "https://cpd.mhcollab.ca/courseinfo-2/cat_b" "Mozilla/5.0 (Windows NT 10.0; Win64; x64) AppleWebKit/537.36 (KHTML, like Gecko) Chrome/131.0.0.0 Safari/537.36"
24.66.118.184 - - [21/Jan/2025:22:16:15 +0000] "GET /wp-content/uploads/2023/09/2205-img-Flourishing-150x150.png HTTP/1.1" 200 38113 "https://cpd.mhcollab.ca/courseinfo-2/cat_b" "Mozilla/5.0 (Windows NT 10.0; Win64; x64) AppleWebKit/537.36 (KHTML, like Gecko) Chrome/131.0.0.0 Safari/537.36"
24.66.118.184 - - [21/Jan/2025:22:16:15 +0000] "GET /wp-content/uploads/2023/09/2204-Transgender-Youth-Ash-Tree-150x150.png HTTP/1.1" 200 63328 "https://cpd.mhcollab.ca/courseinfo-2/cat_b" "Mozilla/5.0 (Windows NT 10.0; Win64; x64) AppleWebKit/537.36 (KHTML, like Gecko) Chrome/131.0.0.0 Safari/537.36"
24.66.118.184 - - [21/Jan/2025:22:16:15 +0000] "GET /wp-content/uploads/2023/09/Pendulating-150x150.png HTTP/1.1" 200 20715 "https://cpd.mhcollab.ca/courseinfo-2/cat_b" "Mozilla/5.0 (Windows NT 10.0; Win64; x64) AppleWebKit/537.36 (KHTML, like Gecko) Chrome/131.0.0.0 Safari/537.36"
24.66.118.184 - - [21/Jan/2025:22:16:19 +0000] "GET /wp-content/uploads/2023/09/2202-AutisticWellbeing-150x150.png HTTP/1.1" 200 14396 "https://cpd.mhcollab.ca/courseinfo-2/cat_b" "Mozilla/5.0 (Windows NT 10.0; Win64; x64) AppleWebKit/537.36 (KHTML, like Gecko) Chrome/131.0.0.0 Safari/537.36"
24.66.118.184 - - [21/Jan/2025:22:16:19 +0000] "GET /wp-content/uploads/2023/09/2201-150x150.png HTTP/1.1" 200 12920 "https://cpd.mhcollab.ca/courseinfo-2/cat_b" "Mozilla/5.0 (Windows NT 10.0; Win64; x64) AppleWebKit/537.36 (KHTML, like Gecko) Chrome/131.0.0.0 Safari/537.36"
24.66.118.184 - - [21/Jan/2025:22:16:19 +0000] "GET /wp-content/uploads/2023/09/wooden-doll-figures-of-family-with-break-love-heart-concept-of-divorce-e1693552514253-150x150.jpg HTTP/1.1" 200 3004 "https://cpd.mhcollab.ca/courseinfo-2/cat_b" "Mozilla/5.0 (Windows NT 10.0; Win64; x64) AppleWebKit/537.36 (KHTML, like Gecko) Chrome/131.0.0.0 Safari/537.36"
24.66.118.184 - - [21/Jan/2025:22:16:24 +0000] "GET /wp-content/uploads/2023/09/young-adult-friends-youth-culture-concept-150x150.jpg HTTP/1.1" 200 7029 "https://cpd.mhcollab.ca/courseinfo-2/cat_b" "Mozilla/5.0 (Windows NT 10.0; Win64; x64) AppleWebKit/537.36 (KHTML, like Gecko) Chrome/131.0.0.0 Safari/537.36"
24.66.118.184 - - [21/Jan/2025:22:16:24 +0000] "GET /wp-content/uploads/2023/08/2107-150x150.png HTTP/1.1" 200 11831 "https://cpd.mhcollab.ca/courseinfo-2/cat_b" "Mozilla/5.0 (Windows NT 10.0; Win64; x64) AppleWebKit/537.36 (KHTML, like Gecko) Chrome/131.0.0.0 Safari/537.36"
24.66.118.184 - - [21/Jan/2025:22:16:24 +0000] "GET /wp-content/uploads/2023/08/Prescribe-150x150.png HTTP/1.1" 200 11020 "https://cpd.mhcollab.ca/courseinfo-2/cat_b" "Mozilla/5.0 (Windows NT 10.0; Win64; x64) AppleWebKit/537.36 (KHTML, like Gecko) Chrome/131.0.0.0 Safari/537.36"
24.66.118.184 - - [21/Jan/2025:22:16:29 +0000] "GET /wp-content/uploads/2023/08/ToxicRelationship-150x150.png HTTP/1.1" 200 12355 "https://cpd.mhcollab.ca/courseinfo-2/cat_b" "Mozilla/5.0 (Windows NT 10.0; Win64; x64) AppleWebKit/537.36 (KHTML, like Gecko) Chrome/131.0.0.0 Safari/537.36"
24.66.118.184 - - [21/Jan/2025:22:16:29 +0000] "GET /wp-content/uploads/2023/08/SchoolItems-150x150.png HTTP/1.1" 200 55514 "https://cpd.mhcollab.ca/courseinfo-2/cat_b" "Mozilla/5.0 (Windows NT 10.0; Win64; x64) AppleWebKit/537.36 (KHTML, like Gecko) Chrome/131.0.0.0 Safari/537.36"
24.66.118.184 - - [21/Jan/2025:22:16:29 +0000] "GET /wp-content/uploads/2023/08/EmotionRegulation-150x150.png HTTP/1.1" 200 12608 "https://cpd.mhcollab.ca/courseinfo-2/cat_b" "Mozilla/5.0 (Windows NT 10.0; Win64; x64) AppleWebKit/537.36 (KHTML, like Gecko) Chrome/131.0.0.0 Safari/537.36"
24.66.118.184 - - [21/Jan/2025:22:16:34 +0000] "GET /wp-content/uploads/2023/08/MountainLake-150x150.png HTTP/1.1" 200 32393 "https://cpd.mhcollab.ca/courseinfo-2/cat_b" "Mozilla/5.0 (Windows NT 10.0; Win64; x64) AppleWebKit/537.36 (KHTML, like Gecko) Chrome/131.0.0.0 Safari/537.36"
24.66.118.184 - - [21/Jan/2025:22:16:34 +0000] "GET /wp-content/uploads/2022/07/TitleImage-e1690839275614-150x150.jpg HTTP/1.1" 200 4973 "https://cpd.mhcollab.ca/courseinfo-2/cat_b" "Mozilla/5.0 (Windows NT 10.0; Win64; x64) AppleWebKit/537.36 (KHTML, like Gecko) Chrome/131.0.0.0 Safari/537.36"
198.161.4.63 - - [21/Jan/2025:22:16:47 +0000] "POST /wp-admin/admin-ajax.php HTTP/1.1" 200 126 "https://cpd.mhcollab.ca/wp-admin/user-edit.php?user_id=456&wp_http_referer=%2Fwp-admin%2Fusers.php%3Fs%3Dbrooks%26action%3D-1%26new_role%26ur_user_approval_status%3Dpending%26ur_specific_form_user%26ure_add_role%26ure_revoke_role%26primary_role%3Dbbp_blocked%26ld-listing-nonce%3D57f136eb89%26group_id%26course_id%26paged%3D1%26action2%3D-1%26new_role2%26ur_user_approval_status2%26ur_specific_form_user2%26ure_add_role_2%26ure_revoke_role_2" "Mozilla/5.0 (Windows NT 10.0; Win64; x64) AppleWebKit/537.36 (KHTML, like Gecko) Chrome/131.0.0.0 Safari/537.36 Edg/131.0.0.0"
45.56.220.125 - - [21/Jan/2025:22:16:53 +0000] "POST /wp-cron.php?doing_wp_cron=1737497813.5786359310150146484375 HTTP/1.1" 200 - "-" "WordPress/6.7.1; https://cpd.mhcollab.ca"
24.66.118.184 - - [21/Jan/2025:22:16:52 +0000] "GET /courses/ces_grief HTTP/1.1" 200 27684 "https://cpd.mhcollab.ca/courseinfo-2/cat_b" "Mozilla/5.0 (Windows NT 10.0; Win64; x64) AppleWebKit/537.36 (KHTML, like Gecko) Chrome/131.0.0.0 Safari/537.36"
24.66.118.184 - - [21/Jan/2025:22:16:53 +0000] "GET /wp-content/uploads/2022/07/cropped-cropped-CPD_2022-blue.png HTTP/1.1" 200 58563 "https://cpd.mhcollab.ca/courses/ces_grief" "Mozilla/5.0 (Windows NT 10.0; Win64; x64) AppleWebKit/537.36 (KHTML, like Gecko) Chrome/131.0.0.0 Safari/537.36"
24.66.118.184 - - [21/Jan/2025:22:16:54 +0000] "GET /wp-content/uploads/2024/08/CatB-CES2.png HTTP/1.1" 200 557293 "https://cpd.mhcollab.ca/courses/ces_grief" "Mozilla/5.0 (Windows NT 10.0; Win64; x64) AppleWebKit/537.36 (KHTML, like Gecko) Chrome/131.0.0.0 Safari/537.36"
24.66.118.184 - - [21/Jan/2025:22:16:54 +0000] "GET /wp-content/plugins/better-youtube-embed-block/build/frontend.js?ver=11bae4f5d21ec5a7b544 HTTP/1.1" 200 1053 "https://cpd.mhcollab.ca/courses/ces_grief" "Mozilla/5.0 (Windows NT 10.0; Win64; x64) AppleWebKit/537.36 (KHTML, like Gecko) Chrome/131.0.0.0 Safari/537.36"
45.56.220.125 - - [21/Jan/2025:22:17:03 +0000] "POST /wp-cron.php?doing_wp_cron=1737497823.8691658973693847656250 HTTP/1.1" 200 - "-" "WordPress/6.7.1; https://cpd.mhcollab.ca"
198.161.4.63 - - [21/Jan/2025:22:17:02 +0000] "POST /wp-admin/admin-ajax.php HTTP/1.1" 200 912 "https://cpd.mhcollab.ca/wp-admin/user-edit.php?user_id=456&wp_http_referer=%2Fwp-admin%2Fusers.php%3Fs%3Dbrooks%26action%3D-1%26new_role%26ur_user_approval_status%3Dpending%26ur_specific_form_user%26ure_add_role%26ure_revoke_role%26primary_role%3Dbbp_blocked%26ld-listing-nonce%3D57f136eb89%26group_id%26course_id%26paged%3D1%26action2%3D-1%26new_role2%26ur_user_approval_status2%26ur_specific_form_user2%26ure_add_role_2%26ure_revoke_role_2" "Mozilla/5.0 (Windows NT 10.0; Win64; x64) AppleWebKit/537.36 (KHTML, like Gecko) Chrome/131.0.0.0 Safari/537.36 Edg/131.0.0.0"
45.56.220.125 - - [21/Jan/2025:22:17:03 +0000] "POST /wp-admin/admin-ajax.php?action=as_async_request_queue_runner&nonce=86acc78db0 HTTP/1.1" 200 - "-" "WordPress/6.7.1; https://cpd.mhcollab.ca"
24.66.118.184 - - [21/Jan/2025:22:17:26 +0000] "GET /courses/ces_grief HTTP/1.1" 200 27684 "https://cpd.mhcollab.ca/courseinfo-2/cat_b" "Mozilla/5.0 (Windows NT 10.0; Win64; x64) AppleWebKit/537.36 (KHTML, like Gecko) Chrome/131.0.0.0 Safari/537.36"
24.66.118.184 - - [21/Jan/2025:22:17:29 +0000] "GET /courses/mhl_words-matter HTTP/1.1" 200 28588 "https://cpd.mhcollab.ca/courseinfo-2/cat_b" "Mozilla/5.0 (Windows NT 10.0; Win64; x64) AppleWebKit/537.36 (KHTML, like Gecko) Chrome/131.0.0.0 Safari/537.36"
24.66.118.184 - - [21/Jan/2025:22:17:31 +0000] "GET /wp-content/plugins/kadence-blocks/dist/style-blocks-accordion.css?ver=3.4.5 HTTP/1.1" 200 1384 "https://cpd.mhcollab.ca/courses/mhl_words-matter" "Mozilla/5.0 (Windows NT 10.0; Win64; x64) AppleWebKit/537.36 (KHTML, like Gecko) Chrome/131.0.0.0 Safari/537.36"
24.66.118.184 - - [21/Jan/2025:22:17:31 +0000] "GET /wp-includes/js/dist/script-modules/block-library/file/view.min.js?ver=fdc2f6842e015af83140 HTTP/1.1" 200 416 "https://cpd.mhcollab.ca/courses/mhl_words-matter" "Mozilla/5.0 (Windows NT 10.0; Win64; x64) AppleWebKit/537.36 (KHTML, like Gecko) Chrome/131.0.0.0 Safari/537.36"
24.66.118.184 - - [21/Jan/2025:22:17:31 +0000] "GET /wp-includes/js/dist/script-modules/interactivity/index.min.js?ver=06b8f695ef48ab2d9277 HTTP/1.1" 200 13567 "https://cpd.mhcollab.ca/courses/mhl_words-matter" "Mozilla/5.0 (Windows NT 10.0; Win64; x64) AppleWebKit/537.36 (KHTML, like Gecko) Chrome/131.0.0.0 Safari/537.36"
24.66.118.184 - - [21/Jan/2025:22:17:31 +0000] "GET /wp-content/plugins/kadence-blocks/includes/assets/js/kt-accordion.min.js?ver=3.4.5 HTTP/1.1" 200 3701 "https://cpd.mhcollab.ca/courses/mhl_words-matter" "Mozilla/5.0 (Windows NT 10.0; Win64; x64) AppleWebKit/537.36 (KHTML, like Gecko) Chrome/131.0.0.0 Safari/537.36"
24.66.118.184 - - [21/Jan/2025:22:17:31 +0000] "GET /wp-content/uploads/2024/08/CatB-MHL2-1.png HTTP/1.1" 200 382252 "https://cpd.mhcollab.ca/courses/mhl_words-matter" "Mozilla/5.0 (Windows NT 10.0; Win64; x64) AppleWebKit/537.36 (KHTML, like Gecko) Chrome/131.0.0.0 Safari/537.36"
198.161.4.63 - - [21/Jan/2025:22:17:47 +0000] "POST /wp-admin/admin-ajax.php HTTP/1.1" 200 127 "https://cpd.mhcollab.ca/wp-admin/user-edit.php?user_id=456&wp_http_referer=%2Fwp-admin%2Fusers.php%3Fs%3Dbrooks%26action%3D-1%26new_role%26ur_user_approval_status%3Dpending%26ur_specific_form_user%26ure_add_role%26ure_revoke_role%26primary_role%3Dbbp_blocked%26ld-listing-nonce%3D57f136eb89%26group_id%26course_id%26paged%3D1%26action2%3D-1%26new_role2%26ur_user_approval_status2%26ur_specific_form_user2%26ure_add_role_2%26ure_revoke_role_2" "Mozilla/5.0 (Windows NT 10.0; Win64; x64) AppleWebKit/537.36 (KHTML, like Gecko) Chrome/131.0.0.0 Safari/537.36 Edg/131.0.0.0"
45.56.220.125 - - [21/Jan/2025:22:18:49 +0000] "POST /wp-cron.php?doing_wp_cron=1737497929.2287139892578125000000 HTTP/1.1" 200 - "-" "WordPress/6.7.1; https://cpd.mhcollab.ca"
198.161.4.63 - - [21/Jan/2025:22:18:47 +0000] "POST /wp-admin/admin-ajax.php HTTP/1.1" 200 126 "https://cpd.mhcollab.ca/wp-admin/user-edit.php?user_id=456&wp_http_referer=%2Fwp-admin%2Fusers.php%3Fs%3Dbrooks%26action%3D-1%26new_role%26ur_user_approval_status%3Dpending%26ur_specific_form_user%26ure_add_role%26ure_revoke_role%26primary_role%3Dbbp_blocked%26ld-listing-nonce%3D57f136eb89%26group_id%26course_id%26paged%3D1%26action2%3D-1%26new_role2%26ur_user_approval_status2%26ur_specific_form_user2%26ure_add_role_2%26ure_revoke_role_2" "Mozilla/5.0 (Windows NT 10.0; Win64; x64) AppleWebKit/537.36 (KHTML, like Gecko) Chrome/131.0.0.0 Safari/537.36 Edg/131.0.0.0"
45.56.220.125 - - [21/Jan/2025:22:19:49 +0000] "POST /wp-cron.php?doing_wp_cron=1737497989.5188388824462890625000 HTTP/1.1" 200 - "-" "WordPress/6.7.1; https://cpd.mhcollab.ca"
198.161.4.63 - - [21/Jan/2025:22:19:47 +0000] "POST /wp-admin/admin-ajax.php HTTP/1.1" 200 126 "https://cpd.mhcollab.ca/wp-admin/user-edit.php?user_id=456&wp_http_referer=%2Fwp-admin%2Fusers.php%3Fs%3Dbrooks%26action%3D-1%26new_role%26ur_user_approval_status%3Dpending%26ur_specific_form_user%26ure_add_role%26ure_revoke_role%26primary_role%3Dbbp_blocked%26ld-listing-nonce%3D57f136eb89%26group_id%26course_id%26paged%3D1%26action2%3D-1%26new_role2%26ur_user_approval_status2%26ur_specific_form_user2%26ure_add_role_2%26ure_revoke_role_2" "Mozilla/5.0 (Windows NT 10.0; Win64; x64) AppleWebKit/537.36 (KHTML, like Gecko) Chrome/131.0.0.0 Safari/537.36 Edg/131.0.0.0"
45.56.220.125 - - [21/Jan/2025:22:20:22 +0000] "POST /wp-cron.php?doing_wp_cron=1737498022.8957030773162841796875 HTTP/1.1" 200 - "-" "WordPress/6.7.1; https://cpd.mhcollab.ca"
198.161.4.63 - - [21/Jan/2025:22:20:21 +0000] "POST /wp-admin/user-edit.php HTTP/1.1" 302 - "https://cpd.mhcollab.ca/wp-admin/user-edit.php?user_id=456&wp_http_referer=%2Fwp-admin%2Fusers.php%3Fs%3Dbrooks%26action%3D-1%26new_role%26ur_user_approval_status%3Dpending%26ur_specific_form_user%26ure_add_role%26ure_revoke_role%26primary_role%3Dbbp_blocked%26ld-listing-nonce%3D57f136eb89%26group_id%26course_id%26paged%3D1%26action2%3D-1%26new_role2%26ur_user_approval_status2%26ur_specific_form_user2%26ure_add_role_2%26ure_revoke_role_2" "Mozilla/5.0 (Windows NT 10.0; Win64; x64) AppleWebKit/537.36 (KHTML, like Gecko) Chrome/131.0.0.0 Safari/537.36 Edg/131.0.0.0"
198.161.4.63 - - [21/Jan/2025:22:20:23 +0000] "GET /wp-admin/user-edit.php?user_id=456&updated=1&wp_http_referer=%2Fwp-admin%2Fusers.php%3Fs%3Dbrooks%26action%3D-1%26new_role%26ur_user_approval_status%3Dpending%26ur_specific_form_user%26ure_add_role%26ure_revoke_role%26primary_role%3Dbbp_blocked%26ld-listing-nonce%3D57f136eb89%26group_id%26course_id%26paged%3D1%26action2%3D-1%26new_role2%26ur_user_approval_status2%26ur_specific_form_user2%26ure_add_role_2%26ure_revoke_role_2 HTTP/1.1" 200 86590 "https://cpd.mhcollab.ca/wp-admin/user-edit.php?user_id=456&wp_http_referer=%2Fwp-admin%2Fusers.php%3Fs%3Dbrooks%26action%3D-1%26new_role%26ur_user_approval_status%3Dpending%26ur_specific_form_user%26ure_add_role%26ure_revoke_role%26primary_role%3Dbbp_blocked%26ld-listing-nonce%3D57f136eb89%26group_id%26course_id%26paged%3D1%26action2%3D-1%26new_role2%26ur_user_approval_status2%26ur_specific_form_user2%26ure_add_role_2%26ure_revoke_role_2" "Mozilla/5.0 (Windows NT 10.0; Win64; x64) AppleWebKit/537.36 (KHTML, like Gecko) Chrome/131.0.0.0 Safari/537.36 Edg/131.0.0.0"
198.161.4.63 - - [21/Jan/2025:22:20:25 +0000] "GET /wp-content/uploads/2024/03/owl-icon-15559.png HTTP/1.1" 404 36557 "https://cpd.mhcollab.ca/wp-admin/user-edit.php?user_id=456&updated=1&wp_http_referer=%2Fwp-admin%2Fusers.php%3Fs%3Dbrooks%26action%3D-1%26new_role%26ur_user_approval_status%3Dpending%26ur_specific_form_user%26ure_add_role%26ure_revoke_role%26primary_role%3Dbbp_blocked%26ld-listing-nonce%3D57f136eb89%26group_id%26course_id%26paged%3D1%26action2%3D-1%26new_role2%26ur_user_approval_status2%26ur_specific_form_user2%26ure_add_role_2%26ure_revoke_role_2" "Mozilla/5.0 (Windows NT 10.0; Win64; x64) AppleWebKit/537.36 (KHTML, like Gecko) Chrome/131.0.0.0 Safari/537.36 Edg/131.0.0.0"
198.161.4.63 - - [21/Jan/2025:22:20:25 +0000] "POST /wp-admin/admin-ajax.php HTTP/1.1" 200 67 "https://cpd.mhcollab.ca/wp-admin/user-edit.php?user_id=456&wp_http_referer=%2Fwp-admin%2Fusers.php%3Fs%3Dbrooks%26action%3D-1%26new_role%26ur_user_approval_status%3Dpending%26ur_specific_form_user%26ure_add_role%26ure_revoke_role%26primary_role%3Dbbp_blocked%26ld-listing-nonce%3D57f136eb89%26group_id%26course_id%26paged%3D1%26action2%3D-1%26new_role2%26ur_user_approval_status2%26ur_specific_form_user2%26ure_add_role_2%26ure_revoke_role_2" "Mozilla/5.0 (Windows NT 10.0; Win64; x64) AppleWebKit/537.36 (KHTML, like Gecko) Chrome/131.0.0.0 Safari/537.36 Edg/131.0.0.0"
198.161.4.63 - - [21/Jan/2025:22:20:30 +0000] "POST /wp-admin/admin-ajax.php HTTP/1.1" 200 127 "https://cpd.mhcollab.ca/wp-admin/user-edit.php?user_id=456&wp_http_referer=%2Fwp-admin%2Fusers.php%3Fs%3Dbrooks%26action%3D-1%26new_role%26ur_user_approval_status%3Dpending%26ur_specific_form_user%26ure_add_role%26ure_revoke_role%26primary_role%3Dbbp_blocked%26ld-listing-nonce%3D57f136eb89%26group_id%26course_id%26paged%3D1%26action2%3D-1%26new_role2%26ur_user_approval_status2%26ur_specific_form_user2%26ure_add_role_2%26ure_revoke_role_2" "Mozilla/5.0 (Windows NT 10.0; Win64; x64) AppleWebKit/537.36 (KHTML, like Gecko) Chrome/131.0.0.0 Safari/537.36 Edg/131.0.0.0"
198.161.4.63 - - [21/Jan/2025:22:20:33 +0000] "GET /wp-admin/user-edit.php?user_id=456&wp_http_referer=%2Fwp-admin%2Fusers.php%3Fs%3Dbrooks%26action%3D-1%26new_role%26ur_user_approval_status%3Dpending%26ur_specific_form_user%26ure_add_role%26ure_revoke_role%26primary_role%3Dbbp_blocked%26ld-listing-nonce%3D57f136eb89%26group_id%26course_id%26paged%3D1%26action2%3D-1%26new_role2%26ur_user_approval_status2%26ur_specific_form_user2%26ure_add_role_2%26ure_revoke_role_2 HTTP/1.1" 200 86337 "https://cpd.mhcollab.ca/wp-admin/user-edit.php?user_id=456&wp_http_referer=%2Fwp-admin%2Fusers.php%3Fs%3Dbrooks%26action%3D-1%26new_role%26ur_user_approval_status%3Dpending%26ur_specific_form_user%26ure_add_role%26ure_revoke_role%26primary_role%3Dbbp_blocked%26ld-listing-nonce%3D57f136eb89%26group_id%26course_id%26paged%3D1%26action2%3D-1%26new_role2%26ur_user_approval_status2%26ur_specific_form_user2%26ure_add_role_2%26ure_revoke_role_2" "Mozilla/5.0 (Windows NT 10.0; Win64; x64) AppleWebKit/537.36 (KHTML, like Gecko) Chrome/131.0.0.0 Safari/537.36 Edg/131.0.0.0"
198.161.4.63 - - [21/Jan/2025:22:20:35 +0000] "GET /wp-content/uploads/2024/03/owl-icon-15559.png HTTP/1.1" 404 36551 "https://cpd.mhcollab.ca/wp-admin/user-edit.php?user_id=456&wp_http_referer=%2Fwp-admin%2Fusers.php%3Fs%3Dbrooks%26action%3D-1%26new_role%26ur_user_approval_status%3Dpending%26ur_specific_form_user%26ure_add_role%26ure_revoke_role%26primary_role%3Dbbp_blocked%26ld-listing-nonce%3D57f136eb89%26group_id%26course_id%26paged%3D1%26action2%3D-1%26new_role2%26ur_user_approval_status2%26ur_specific_form_user2%26ure_add_role_2%26ure_revoke_role_2" "Mozilla/5.0 (Windows NT 10.0; Win64; x64) AppleWebKit/537.36 (KHTML, like Gecko) Chrome/131.0.0.0 Safari/537.36 Edg/131.0.0.0"
198.161.4.63 - - [21/Jan/2025:22:20:36 +0000] "POST /wp-admin/admin-ajax.php HTTP/1.1" 200 67 "https://cpd.mhcollab.ca/wp-admin/user-edit.php?user_id=456&wp_http_referer=%2Fwp-admin%2Fusers.php%3Fs%3Dbrooks%26action%3D-1%26new_role%26ur_user_approval_status%3Dpending%26ur_specific_form_user%26ure_add_role%26ure_revoke_role%26primary_role%3Dbbp_blocked%26ld-listing-nonce%3D57f136eb89%26group_id%26course_id%26paged%3D1%26action2%3D-1%26new_role2%26ur_user_approval_status2%26ur_specific_form_user2%26ure_add_role_2%26ure_revoke_role_2" "Mozilla/5.0 (Windows NT 10.0; Win64; x64) AppleWebKit/537.36 (KHTML, like Gecko) Chrome/131.0.0.0 Safari/537.36 Edg/131.0.0.0"
198.161.4.63 - - [21/Jan/2025:22:20:41 +0000] "POST /wp-admin/admin-ajax.php HTTP/1.1" 200 127 "https://cpd.mhcollab.ca/wp-admin/user-edit.php?user_id=456&wp_http_referer=%2Fwp-admin%2Fusers.php%3Fs%3Dbrooks%26action%3D-1%26new_role%26ur_user_approval_status%3Dpending%26ur_specific_form_user%26ure_add_role%26ure_revoke_role%26primary_role%3Dbbp_blocked%26ld-listing-nonce%3D57f136eb89%26group_id%26course_id%26paged%3D1%26action2%3D-1%26new_role2%26ur_user_approval_status2%26ur_specific_form_user2%26ure_add_role_2%26ure_revoke_role_2" "Mozilla/5.0 (Windows NT 10.0; Win64; x64) AppleWebKit/537.36 (KHTML, like Gecko) Chrome/131.0.0.0 Safari/537.36 Edg/131.0.0.0"
198.161.4.63 - - [21/Jan/2025:22:20:43 +0000] "GET /wp-admin/edit.php?post_type=sfwd-courses HTTP/1.1" 200 87231 "https://cpd.mhcollab.ca/wp-admin/user-edit.php?user_id=456&wp_http_referer=%2Fwp-admin%2Fusers.php%3Fs%3Dbrooks%26action%3D-1%26new_role%26ur_user_approval_status%3Dpending%26ur_specific_form_user%26ure_add_role%26ure_revoke_role%26primary_role%3Dbbp_blocked%26ld-listing-nonce%3D57f136eb89%26group_id%26course_id%26paged%3D1%26action2%3D-1%26new_role2%26ur_user_approval_status2%26ur_specific_form_user2%26ure_add_role_2%26ure_revoke_role_2" "Mozilla/5.0 (Windows NT 10.0; Win64; x64) AppleWebKit/537.36 (KHTML, like Gecko) Chrome/131.0.0.0 Safari/537.36 Edg/131.0.0.0"
198.161.4.63 - - [21/Jan/2025:22:20:46 +0000] "GET /wp-content/plugins/bdthemes-element-pack/admin/assets/vendor/select2/select2.min.css?ver=4.0.7 HTTP/1.1" 200 1877 "https://cpd.mhcollab.ca/wp-admin/edit.php?post_type=sfwd-courses" "Mozilla/5.0 (Windows NT 10.0; Win64; x64) AppleWebKit/537.36 (KHTML, like Gecko) Chrome/131.0.0.0 Safari/537.36 Edg/131.0.0.0"
198.161.4.63 - - [21/Jan/2025:22:20:46 +0000] "GET /wp-content/plugins/uncanny-automator/src/assets/legacy/css/admin/recipe-details.css?ver=6.1.1 HTTP/1.1" 200 1160 "https://cpd.mhcollab.ca/wp-admin/edit.php?post_type=sfwd-courses" "Mozilla/5.0 (Windows NT 10.0; Win64; x64) AppleWebKit/537.36 (KHTML, like Gecko) Chrome/131.0.0.0 Safari/537.36 Edg/131.0.0.0"
198.161.4.63 - - [21/Jan/2025:22:20:46 +0000] "GET /wp-content/plugins/sfwd-lms/assets/js/builder/dist/header.min.css?ver=4.20.0.1 HTTP/1.1" 200 5503 "https://cpd.mhcollab.ca/wp-admin/edit.php?post_type=sfwd-courses" "Mozilla/5.0 (Windows NT 10.0; Win64; x64) AppleWebKit/537.36 (KHTML, like Gecko) Chrome/131.0.0.0 Safari/537.36 Edg/131.0.0.0"
198.161.4.63 - - [21/Jan/2025:22:20:46 +0000] "GET /wp-admin/js/tags-suggest.min.js?ver=6.7.1 HTTP/1.1" 200 1085 "https://cpd.mhcollab.ca/wp-admin/edit.php?post_type=sfwd-courses" "Mozilla/5.0 (Windows NT 10.0; Win64; x64) AppleWebKit/537.36 (KHTML, like Gecko) Chrome/131.0.0.0 Safari/537.36 Edg/131.0.0.0"
198.161.4.63 - - [21/Jan/2025:22:20:46 +0000] "GET /wp-admin/js/inline-edit-post.min.js?ver=6.7.1 HTTP/1.1" 200 3308 "https://cpd.mhcollab.ca/wp-admin/edit.php?post_type=sfwd-courses" "Mozilla/5.0 (Windows NT 10.0; Win64; x64) AppleWebKit/537.36 (KHTML, like Gecko) Chrome/131.0.0.0 Safari/537.36 Edg/131.0.0.0"
198.161.4.63 - - [21/Jan/2025:22:20:46 +0000] "GET /wp-content/plugins/bdthemes-element-pack/admin/assets/vendor/select2/select2.min.js?ver=4.0.7 HTTP/1.1" 200 20599 "https://cpd.mhcollab.ca/wp-admin/edit.php?post_type=sfwd-courses" "Mozilla/5.0 (Windows NT 10.0; Win64; x64) AppleWebKit/537.36 (KHTML, like Gecko) Chrome/131.0.0.0 Safari/537.36 Edg/131.0.0.0"
198.161.4.63 - - [21/Jan/2025:22:20:46 +0000] "GET /wp-content/plugins/sfwd-lms/src/assets/dist/js/admin/copy-text/button.js?ver=4.20.0.1 HTTP/1.1" 200 372 "https://cpd.mhcollab.ca/wp-admin/edit.php?post_type=sfwd-courses" "Mozilla/5.0 (Windows NT 10.0; Win64; x64) AppleWebKit/537.36 (KHTML, like Gecko) Chrome/131.0.0.0 Safari/537.36 Edg/131.0.0.0"
198.161.4.63 - - [21/Jan/2025:22:20:46 +0000] "GET /wp-content/plugins/sfwd-lms/assets/js/builder/dist/header.min.js?ver=4.20.0.1 HTTP/1.1" 200 80626 "https://cpd.mhcollab.ca/wp-admin/edit.php?post_type=sfwd-courses" "Mozilla/5.0 (Windows NT 10.0; Win64; x64) AppleWebKit/537.36 (KHTML, like Gecko) Chrome/131.0.0.0 Safari/537.36 Edg/131.0.0.0"
198.161.4.63 - - [21/Jan/2025:22:20:46 +0000] "GET /wp-content/uploads/2024/03/owl-icon-15559.png HTTP/1.1" 404 36376 "https://cpd.mhcollab.ca/wp-admin/edit.php?post_type=sfwd-courses" "Mozilla/5.0 (Windows NT 10.0; Win64; x64) AppleWebKit/537.36 (KHTML, like Gecko) Chrome/131.0.0.0 Safari/537.36 Edg/131.0.0.0"
45.56.220.125 - - [21/Jan/2025:22:20:48 +0000] "POST /wp-cron.php?doing_wp_cron=1737498048.2816319465637207031250 HTTP/1.1" 200 - "-" "WordPress/6.7.1; https://cpd.mhcollab.ca"
198.161.4.63 - - [21/Jan/2025:22:20:46 +0000] "POST /wp-admin/admin-ajax.php HTTP/1.1" 200 67 "https://cpd.mhcollab.ca/wp-admin/edit.php?post_type=sfwd-courses" "Mozilla/5.0 (Windows NT 10.0; Win64; x64) AppleWebKit/537.36 (KHTML, like Gecko) Chrome/131.0.0.0 Safari/537.36 Edg/131.0.0.0"
45.56.220.125 - - [21/Jan/2025:22:20:58 +0000] "POST /wp-cron.php?doing_wp_cron=1737498058.2003109455108642578125 HTTP/1.1" 200 - "-" "WordPress/6.7.1; https://cpd.mhcollab.ca"
198.161.4.63 - - [21/Jan/2025:22:20:56 +0000] "POST /wp-admin/admin-ajax.php HTTP/1.1" 200 127 "https://cpd.mhcollab.ca/wp-admin/edit.php?post_type=sfwd-courses" "Mozilla/5.0 (Windows NT 10.0; Win64; x64) AppleWebKit/537.36 (KHTML, like Gecko) Chrome/131.0.0.0 Safari/537.36 Edg/131.0.0.0"
198.161.4.63 - - [21/Jan/2025:22:21:31 +0000] "POST /wp-admin/admin-ajax.php HTTP/1.1" 200 127 "https://cpd.mhcollab.ca/wp-admin/user-edit.php?user_id=456&wp_http_referer=%2Fwp-admin%2Fusers.php%3Fs%3Dbrooks%26action%3D-1%26new_role%26ur_user_approval_status%3Dpending%26ur_specific_form_user%26ure_add_role%26ure_revoke_role%26primary_role%3Dbbp_blocked%26ld-listing-nonce%3D57f136eb89%26group_id%26course_id%26paged%3D1%26action2%3D-1%26new_role2%26ur_user_approval_status2%26ur_specific_form_user2%26ure_add_role_2%26ure_revoke_role_2" "Mozilla/5.0 (Windows NT 10.0; Win64; x64) AppleWebKit/537.36 (KHTML, like Gecko) Chrome/131.0.0.0 Safari/537.36 Edg/131.0.0.0"
198.161.4.63 - - [21/Jan/2025:22:21:42 +0000] "POST /wp-admin/admin-ajax.php HTTP/1.1" 200 1446 "https://cpd.mhcollab.ca/wp-admin/edit.php?post_type=sfwd-courses" "Mozilla/5.0 (Windows NT 10.0; Win64; x64) AppleWebKit/537.36 (KHTML, like Gecko) Chrome/131.0.0.0 Safari/537.36 Edg/131.0.0.0"
45.56.220.125 - - [21/Jan/2025:22:21:58 +0000] "POST /wp-cron.php?doing_wp_cron=1737498118.7647330760955810546875 HTTP/1.1" 200 - "-" "WordPress/6.7.1; https://cpd.mhcollab.ca"
198.161.4.63 - - [21/Jan/2025:22:21:57 +0000] "POST /wp-admin/admin-ajax.php HTTP/1.1" 200 126 "https://cpd.mhcollab.ca/wp-admin/edit.php?post_type=sfwd-courses" "Mozilla/5.0 (Windows NT 10.0; Win64; x64) AppleWebKit/537.36 (KHTML, like Gecko) Chrome/131.0.0.0 Safari/537.36 Edg/131.0.0.0"
198.161.4.63 - - [21/Jan/2025:22:22:31 +0000] "POST /wp-admin/admin-ajax.php HTTP/1.1" 200 127 "https://cpd.mhcollab.ca/wp-admin/user-edit.php?user_id=456&wp_http_referer=%2Fwp-admin%2Fusers.php%3Fs%3Dbrooks%26action%3D-1%26new_role%26ur_user_approval_status%3Dpending%26ur_specific_form_user%26ure_add_role%26ure_revoke_role%26primary_role%3Dbbp_blocked%26ld-listing-nonce%3D57f136eb89%26group_id%26course_id%26paged%3D1%26action2%3D-1%26new_role2%26ur_user_approval_status2%26ur_specific_form_user2%26ure_add_role_2%26ure_revoke_role_2" "Mozilla/5.0 (Windows NT 10.0; Win64; x64) AppleWebKit/537.36 (KHTML, like Gecko) Chrome/131.0.0.0 Safari/537.36 Edg/131.0.0.0"
173.252.69.114 - - [21/Jan/2025:22:22:36 +0000] "GET /wp-json/wp/v2/sfwd-courses/8188 HTTP/1.1" 401 129 "-" "meta-externalagent/1.1 (+https://developers.facebook.com/docs/sharing/webmasters/crawler)"
45.56.220.125 - - [21/Jan/2025:22:23:03 +0000] "POST /wp-cron.php?doing_wp_cron=1737498183.3465099334716796875000 HTTP/1.1" 200 - "-" "WordPress/6.7.1; https://cpd.mhcollab.ca"
198.161.4.63 - - [21/Jan/2025:22:23:01 +0000] "POST /wp-admin/admin-ajax.php HTTP/1.1" 200 914 "https://cpd.mhcollab.ca/wp-admin/user-edit.php?user_id=456&wp_http_referer=%2Fwp-admin%2Fusers.php%3Fs%3Dbrooks%26action%3D-1%26new_role%26ur_user_approval_status%3Dpending%26ur_specific_form_user%26ure_add_role%26ure_revoke_role%26primary_role%3Dbbp_blocked%26ld-listing-nonce%3D57f136eb89%26group_id%26course_id%26paged%3D1%26action2%3D-1%26new_role2%26ur_user_approval_status2%26ur_specific_form_user2%26ure_add_role_2%26ure_revoke_role_2" "Mozilla/5.0 (Windows NT 10.0; Win64; x64) AppleWebKit/537.36 (KHTML, like Gecko) Chrome/131.0.0.0 Safari/537.36 Edg/131.0.0.0"
198.161.4.63 - - [21/Jan/2025:22:23:13 +0000] "POST /wp-admin/user-edit.php HTTP/1.1" 302 - "https://cpd.mhcollab.ca/wp-admin/user-edit.php?user_id=456&wp_http_referer=%2Fwp-admin%2Fusers.php%3Fs%3Dbrooks%26action%3D-1%26new_role%26ur_user_approval_status%3Dpending%26ur_specific_form_user%26ure_add_role%26ure_revoke_role%26primary_role%3Dbbp_blocked%26ld-listing-nonce%3D57f136eb89%26group_id%26course_id%26paged%3D1%26action2%3D-1%26new_role2%26ur_user_approval_status2%26ur_specific_form_user2%26ure_add_role_2%26ure_revoke_role_2" "Mozilla/5.0 (Windows NT 10.0; Win64; x64) AppleWebKit/537.36 (KHTML, like Gecko) Chrome/131.0.0.0 Safari/537.36 Edg/131.0.0.0"
198.161.4.63 - - [21/Jan/2025:22:23:15 +0000] "GET /wp-admin/user-edit.php?user_id=456&updated=1&wp_http_referer=%2Fwp-admin%2Fusers.php%3Fs%3Dbrooks%26action%3D-1%26new_role%26ur_user_approval_status%3Dpending%26ur_specific_form_user%26ure_add_role%26ure_revoke_role%26primary_role%3Dbbp_blocked%26ld-listing-nonce%3D57f136eb89%26group_id%26course_id%26paged%3D1%26action2%3D-1%26new_role2%26ur_user_approval_status2%26ur_specific_form_user2%26ure_add_role_2%26ure_revoke_role_2 HTTP/1.1" 200 88346 "https://cpd.mhcollab.ca/wp-admin/user-edit.php?user_id=456&wp_http_referer=%2Fwp-admin%2Fusers.php%3Fs%3Dbrooks%26action%3D-1%26new_role%26ur_user_approval_status%3Dpending%26ur_specific_form_user%26ure_add_role%26ure_revoke_role%26primary_role%3Dbbp_blocked%26ld-listing-nonce%3D57f136eb89%26group_id%26course_id%26paged%3D1%26action2%3D-1%26new_role2%26ur_user_approval_status2%26ur_specific_form_user2%26ure_add_role_2%26ure_revoke_role_2" "Mozilla/5.0 (Windows NT 10.0; Win64; x64) AppleWebKit/537.36 (KHTML, like Gecko) Chrome/131.0.0.0 Safari/537.36 Edg/131.0.0.0"
198.161.4.63 - - [21/Jan/2025:22:23:17 +0000] "GET /wp-content/uploads/2024/03/owl-icon-15559.png HTTP/1.1" 404 36557 "https://cpd.mhcollab.ca/wp-admin/user-edit.php?user_id=456&updated=1&wp_http_referer=%2Fwp-admin%2Fusers.php%3Fs%3Dbrooks%26action%3D-1%26new_role%26ur_user_approval_status%3Dpending%26ur_specific_form_user%26ure_add_role%26ure_revoke_role%26primary_role%3Dbbp_blocked%26ld-listing-nonce%3D57f136eb89%26group_id%26course_id%26paged%3D1%26action2%3D-1%26new_role2%26ur_user_approval_status2%26ur_specific_form_user2%26ure_add_role_2%26ure_revoke_role_2" "Mozilla/5.0 (Windows NT 10.0; Win64; x64) AppleWebKit/537.36 (KHTML, like Gecko) Chrome/131.0.0.0 Safari/537.36 Edg/131.0.0.0"
198.161.4.63 - - [21/Jan/2025:22:23:18 +0000] "POST /wp-admin/admin-ajax.php HTTP/1.1" 200 67 "https://cpd.mhcollab.ca/wp-admin/user-edit.php?user_id=456&wp_http_referer=%2Fwp-admin%2Fusers.php%3Fs%3Dbrooks%26action%3D-1%26new_role%26ur_user_approval_status%3Dpending%26ur_specific_form_user%26ure_add_role%26ure_revoke_role%26primary_role%3Dbbp_blocked%26ld-listing-nonce%3D57f136eb89%26group_id%26course_id%26paged%3D1%26action2%3D-1%26new_role2%26ur_user_approval_status2%26ur_specific_form_user2%26ure_add_role_2%26ure_revoke_role_2" "Mozilla/5.0 (Windows NT 10.0; Win64; x64) AppleWebKit/537.36 (KHTML, like Gecko) Chrome/131.0.0.0 Safari/537.36 Edg/131.0.0.0"
198.161.4.63 - - [21/Jan/2025:22:23:23 +0000] "POST /wp-admin/admin-ajax.php HTTP/1.1" 200 127 "https://cpd.mhcollab.ca/wp-admin/user-edit.php?user_id=456&wp_http_referer=%2Fwp-admin%2Fusers.php%3Fs%3Dbrooks%26action%3D-1%26new_role%26ur_user_approval_status%3Dpending%26ur_specific_form_user%26ure_add_role%26ure_revoke_role%26primary_role%3Dbbp_blocked%26ld-listing-nonce%3D57f136eb89%26group_id%26course_id%26paged%3D1%26action2%3D-1%26new_role2%26ur_user_approval_status2%26ur_specific_form_user2%26ure_add_role_2%26ure_revoke_role_2" "Mozilla/5.0 (Windows NT 10.0; Win64; x64) AppleWebKit/537.36 (KHTML, like Gecko) Chrome/131.0.0.0 Safari/537.36 Edg/131.0.0.0"
198.161.4.63 - - [21/Jan/2025:22:23:30 +0000] "GET /wp-admin/users.php?s&action=-1&new_role&ur_user_approval_status=pending&ur_user_filter_action=Filter&paged=1&action2=-1&new_role2&ur_user_approval_status2&ur_specific_form_user2 HTTP/1.1" 200 52562 "https://cpd.mhcollab.ca/wp-admin/user-edit.php?user_id=456&wp_http_referer=%2Fwp-admin%2Fusers.php%3Fs%3Dbrooks%26action%3D-1%26new_role%26ur_user_approval_status%3Dpending%26ur_specific_form_user%26ure_add_role%26ure_revoke_role%26primary_role%3Dbbp_blocked%26ld-listing-nonce%3D57f136eb89%26group_id%26course_id%26paged%3D1%26action2%3D-1%26new_role2%26ur_user_approval_status2%26ur_specific_form_user2%26ure_add_role_2%26ure_revoke_role_2" "Mozilla/5.0 (Windows NT 10.0; Win64; x64) AppleWebKit/537.36 (KHTML, like Gecko) Chrome/131.0.0.0 Safari/537.36 Edg/131.0.0.0"
198.161.4.63 - - [21/Jan/2025:22:23:31 +0000] "GET /wp-content/uploads/2024/03/owl-icon-15559.png HTTP/1.1" 404 36444 "https://cpd.mhcollab.ca/wp-admin/users.php?s&action=-1&new_role&ur_user_approval_status=pending&ur_user_filter_action=Filter&paged=1&action2=-1&new_role2&ur_user_approval_status2&ur_specific_form_user2" "Mozilla/5.0 (Windows NT 10.0; Win64; x64) AppleWebKit/537.36 (KHTML, like Gecko) Chrome/131.0.0.0 Safari/537.36 Edg/131.0.0.0"
198.161.4.63 - - [21/Jan/2025:22:23:31 +0000] "POST /wp-admin/admin-ajax.php HTTP/1.1" 200 67 "https://cpd.mhcollab.ca/wp-admin/users.php?s&action=-1&new_role&ur_user_approval_status=pending&ur_user_filter_action=Filter&paged=1&action2=-1&new_role2&ur_user_approval_status2&ur_specific_form_user2" "Mozilla/5.0 (Windows NT 10.0; Win64; x64) AppleWebKit/537.36 (KHTML, like Gecko) Chrome/131.0.0.0 Safari/537.36 Edg/131.0.0.0"
24.66.118.184 - - [21/Jan/2025:22:23:36 +0000] "GET /courses/2308b HTTP/1.1" 200 27822 "https://cpd.mhcollab.ca/courseinfo-2/cat_b" "Mozilla/5.0 (Windows NT 10.0; Win64; x64) AppleWebKit/537.36 (KHTML, like Gecko) Chrome/131.0.0.0 Safari/537.36"
24.66.118.184 - - [21/Jan/2025:22:23:38 +0000] "GET /wp-content/plugins/kadence-blocks/dist/style-blocks-column.css?ver=3.4.5 HTTP/1.1" 200 508 "https://cpd.mhcollab.ca/courses/2308b" "Mozilla/5.0 (Windows NT 10.0; Win64; x64) AppleWebKit/537.36 (KHTML, like Gecko) Chrome/131.0.0.0 Safari/537.36"
24.66.118.184 - - [21/Jan/2025:22:23:38 +0000] "GET /wp-content/plugins/kadence-blocks/dist/style-blocks-rowlayout.css?ver=3.4.5 HTTP/1.1" 200 1652 "https://cpd.mhcollab.ca/courses/2308b" "Mozilla/5.0 (Windows NT 10.0; Win64; x64) AppleWebKit/537.36 (KHTML, like Gecko) Chrome/131.0.0.0 Safari/537.36"
198.161.4.63 - - [21/Jan/2025:22:23:36 +0000] "POST /wp-admin/admin-ajax.php HTTP/1.1" 200 127 "https://cpd.mhcollab.ca/wp-admin/users.php?s&action=-1&new_role&ur_user_approval_status=pending&ur_user_filter_action=Filter&paged=1&action2=-1&new_role2&ur_user_approval_status2&ur_specific_form_user2" "Mozilla/5.0 (Windows NT 10.0; Win64; x64) AppleWebKit/537.36 (KHTML, like Gecko) Chrome/131.0.0.0 Safari/537.36 Edg/131.0.0.0"
45.56.220.125 - - [21/Jan/2025:22:23:55 +0000] "POST /wp-cron.php?doing_wp_cron=1737498235.3869690895080566406250 HTTP/1.1" 200 - "-" "WordPress/6.7.1; https://cpd.mhcollab.ca"
198.161.4.63 - - [21/Jan/2025:22:23:53 +0000] "GET /wp-admin/user-edit.php?user_id=455&wp_http_referer=%2Fwp-admin%2Fusers.php%3Fs%26action%3D-1%26new_role%26ur_user_approval_status%3Dpending%26ur_user_filter_action%3DFilter%26paged%3D1%26action2%3D-1%26new_role2%26ur_user_approval_status2%26ur_specific_form_user2 HTTP/1.1" 200 85926 "https://cpd.mhcollab.ca/wp-admin/users.php?s&action=-1&new_role&ur_user_approval_status=pending&ur_user_filter_action=Filter&paged=1&action2=-1&new_role2&ur_user_approval_status2&ur_specific_form_user2" "Mozilla/5.0 (Windows NT 10.0; Win64; x64) AppleWebKit/537.36 (KHTML, like Gecko) Chrome/131.0.0.0 Safari/537.36 Edg/131.0.0.0"
198.161.4.63 - - [21/Jan/2025:22:23:55 +0000] "GET /wp-content/uploads/2024/03/owl-icon-15559.png HTTP/1.1" 404 36485 "https://cpd.mhcollab.ca/wp-admin/user-edit.php?user_id=455&wp_http_referer=%2Fwp-admin%2Fusers.php%3Fs%26action%3D-1%26new_role%26ur_user_approval_status%3Dpending%26ur_user_filter_action%3DFilter%26paged%3D1%26action2%3D-1%26new_role2%26ur_user_approval_status2%26ur_specific_form_user2" "Mozilla/5.0 (Windows NT 10.0; Win64; x64) AppleWebKit/537.36 (KHTML, like Gecko) Chrome/131.0.0.0 Safari/537.36 Edg/131.0.0.0"
198.161.4.63 - - [21/Jan/2025:22:23:56 +0000] "POST /wp-admin/admin-ajax.php HTTP/1.1" 200 67 "https://cpd.mhcollab.ca/wp-admin/user-edit.php?user_id=455&wp_http_referer=%2Fwp-admin%2Fusers.php%3Fs%26action%3D-1%26new_role%26ur_user_approval_status%3Dpending%26ur_user_filter_action%3DFilter%26paged%3D1%26action2%3D-1%26new_role2%26ur_user_approval_status2%26ur_specific_form_user2" "Mozilla/5.0 (Windows NT 10.0; Win64; x64) AppleWebKit/537.36 (KHTML, like Gecko) Chrome/131.0.0.0 Safari/537.36 Edg/131.0.0.0"
198.161.4.63 - - [21/Jan/2025:22:23:58 +0000] "POST /wp-admin/admin-ajax.php HTTP/1.1" 200 127 "https://cpd.mhcollab.ca/wp-admin/edit.php?post_type=sfwd-courses" "Mozilla/5.0 (Windows NT 10.0; Win64; x64) AppleWebKit/537.36 (KHTML, like Gecko) Chrome/131.0.0.0 Safari/537.36 Edg/131.0.0.0"
198.161.4.63 - - [21/Jan/2025:22:24:01 +0000] "POST /wp-admin/admin-ajax.php HTTP/1.1" 200 127 "https://cpd.mhcollab.ca/wp-admin/user-edit.php?user_id=455&wp_http_referer=%2Fwp-admin%2Fusers.php%3Fs%26action%3D-1%26new_role%26ur_user_approval_status%3Dpending%26ur_user_filter_action%3DFilter%26paged%3D1%26action2%3D-1%26new_role2%26ur_user_approval_status2%26ur_specific_form_user2" "Mozilla/5.0 (Windows NT 10.0; Win64; x64) AppleWebKit/537.36 (KHTML, like Gecko) Chrome/131.0.0.0 Safari/537.36 Edg/131.0.0.0"
45.56.220.125 - - [21/Jan/2025:22:25:03 +0000] "POST /wp-cron.php?doing_wp_cron=1737498303.5759859085083007812500 HTTP/1.1" 200 - "-" "WordPress/6.7.1; https://cpd.mhcollab.ca"
198.161.4.63 - - [21/Jan/2025:22:25:01 +0000] "POST /wp-admin/admin-ajax.php HTTP/1.1" 200 126 "https://cpd.mhcollab.ca/wp-admin/user-edit.php?user_id=455&wp_http_referer=%2Fwp-admin%2Fusers.php%3Fs%26action%3D-1%26new_role%26ur_user_approval_status%3Dpending%26ur_user_filter_action%3DFilter%26paged%3D1%26action2%3D-1%26new_role2%26ur_user_approval_status2%26ur_specific_form_user2" "Mozilla/5.0 (Windows NT 10.0; Win64; x64) AppleWebKit/537.36 (KHTML, like Gecko) Chrome/131.0.0.0 Safari/537.36 Edg/131.0.0.0"
45.56.220.125 - - [21/Jan/2025:22:25:03 +0000] "POST /wp-admin/admin-ajax.php?action=as_async_request_queue_runner&nonce=86acc78db0 HTTP/1.1" 200 - "-" "WordPress/6.7.1; https://cpd.mhcollab.ca"
45.56.220.125 - - [21/Jan/2025:22:26:00 +0000] "POST /wp-cron.php?doing_wp_cron=1737498360.8064379692077636718750 HTTP/1.1" 200 - "-" "WordPress/6.7.1; https://cpd.mhcollab.ca"
198.161.4.63 - - [21/Jan/2025:22:25:59 +0000] "POST /wp-admin/admin-ajax.php HTTP/1.1" 200 127 "https://cpd.mhcollab.ca/wp-admin/edit.php?post_type=sfwd-courses" "Mozilla/5.0 (Windows NT 10.0; Win64; x64) AppleWebKit/537.36 (KHTML, like Gecko) Chrome/131.0.0.0 Safari/537.36 Edg/131.0.0.0"
45.56.220.125 - - [21/Jan/2025:22:27:03 +0000] "POST /wp-cron.php?doing_wp_cron=1737498423.2367429733276367187500 HTTP/1.1" 200 - "-" "WordPress/6.7.1; https://cpd.mhcollab.ca"
198.161.4.63 - - [21/Jan/2025:22:27:01 +0000] "POST /wp-admin/admin-ajax.php HTTP/1.1" 200 127 "https://cpd.mhcollab.ca/wp-admin/user-edit.php?user_id=455&wp_http_referer=%2Fwp-admin%2Fusers.php%3Fs%26action%3D-1%26new_role%26ur_user_approval_status%3Dpending%26ur_user_filter_action%3DFilter%26paged%3D1%26action2%3D-1%26new_role2%26ur_user_approval_status2%26ur_specific_form_user2" "Mozilla/5.0 (Windows NT 10.0; Win64; x64) AppleWebKit/537.36 (KHTML, like Gecko) Chrome/131.0.0.0 Safari/537.36 Edg/131.0.0.0"
66.249.75.45 - - [21/Jan/2025:22:27:05 +0000] "GET /robots.txt HTTP/1.1" 301 - "-" "Mozilla/5.0 (compatible; Googlebot/2.1; +http://www.google.com/bot.html)"
66.249.77.162 - - [21/Jan/2025:22:27:07 +0000] "GET /robots.txt HTTP/1.1" 200 111 "-" "Mozilla/5.0 (compatible; Googlebot/2.1; +http://www.google.com/bot.html)"
45.56.220.125 - - [21/Jan/2025:22:28:02 +0000] "POST /wp-cron.php?doing_wp_cron=1737498482.0534460544586181640625 HTTP/1.1" 200 - "-" "WordPress/6.7.1; https://cpd.mhcollab.ca"
198.161.4.63 - - [21/Jan/2025:22:28:00 +0000] "POST /wp-admin/admin-ajax.php HTTP/1.1" 200 127 "https://cpd.mhcollab.ca/wp-admin/edit.php?post_type=sfwd-courses" "Mozilla/5.0 (Windows NT 10.0; Win64; x64) AppleWebKit/537.36 (KHTML, like Gecko) Chrome/131.0.0.0 Safari/537.36 Edg/131.0.0.0"
198.161.4.63 - - [21/Jan/2025:22:28:02 +0000] "POST /wp-admin/admin-ajax.php HTTP/1.1" 200 126 "https://cpd.mhcollab.ca/wp-admin/user-edit.php?user_id=455&wp_http_referer=%2Fwp-admin%2Fusers.php%3Fs%26action%3D-1%26new_role%26ur_user_approval_status%3Dpending%26ur_user_filter_action%3DFilter%26paged%3D1%26action2%3D-1%26new_role2%26ur_user_approval_status2%26ur_specific_form_user2" "Mozilla/5.0 (Windows NT 10.0; Win64; x64) AppleWebKit/537.36 (KHTML, like Gecko) Chrome/131.0.0.0 Safari/537.36 Edg/131.0.0.0"
45.56.220.125 - - [21/Jan/2025:22:28:04 +0000] "POST /wp-admin/admin-ajax.php HTTP/1.1" 200 - "-" "WordPress/6.7.1; https://cpd.mhcollab.ca"
45.56.220.125 - - [21/Jan/2025:22:28:04 +0000] "POST /wp-admin/admin-ajax.php?action=as_async_request_queue_runner&nonce=86acc78db0 HTTP/1.1" 200 - "-" "WordPress/6.7.1; https://cpd.mhcollab.ca"
45.56.220.125 - - [21/Jan/2025:22:30:04 +0000] "POST /wp-cron.php?doing_wp_cron=1737498604.0182440280914306640625 HTTP/1.1" 200 - "-" "WordPress/6.7.1; https://cpd.mhcollab.ca"
198.161.4.63 - - [21/Jan/2025:22:30:01 +0000] "POST /wp-admin/admin-ajax.php HTTP/1.1" 200 127 "https://cpd.mhcollab.ca/wp-admin/edit.php?post_type=sfwd-courses" "Mozilla/5.0 (Windows NT 10.0; Win64; x64) AppleWebKit/537.36 (KHTML, like Gecko) Chrome/131.0.0.0 Safari/537.36 Edg/131.0.0.0"
198.161.4.63 - - [21/Jan/2025:22:30:03 +0000] "POST /wp-admin/admin-ajax.php HTTP/1.1" 200 127 "https://cpd.mhcollab.ca/wp-admin/user-edit.php?user_id=455&wp_http_referer=%2Fwp-admin%2Fusers.php%3Fs%26action%3D-1%26new_role%26ur_user_approval_status%3Dpending%26ur_user_filter_action%3DFilter%26paged%3D1%26action2%3D-1%26new_role2%26ur_user_approval_status2%26ur_specific_form_user2" "Mozilla/5.0 (Windows NT 10.0; Win64; x64) AppleWebKit/537.36 (KHTML, like Gecko) Chrome/131.0.0.0 Safari/537.36 Edg/131.0.0.0"
24.66.118.184 - - [21/Jan/2025:22:30:04 +0000] "GET /registration HTTP/1.1" 200 33865 "https://cpd.mhcollab.ca/courses/ces_grief" "Mozilla/5.0 (Windows NT 10.0; Win64; x64) AppleWebKit/537.36 (KHTML, like Gecko) Chrome/131.0.0.0 Safari/537.36"
24.66.118.184 - - [21/Jan/2025:22:30:07 +0000] "GET /wp-content/uploads/elementor/css/post-3709.css?ver=1734990914 HTTP/1.1" 200 206 "https://cpd.mhcollab.ca/registration" "Mozilla/5.0 (Windows NT 10.0; Win64; x64) AppleWebKit/537.36 (KHTML, like Gecko) Chrome/131.0.0.0 Safari/537.36"
24.66.118.184 - - [21/Jan/2025:22:30:07 +0000] "GET /wp-content/plugins/user-registration/assets/js/frontend/user-registration-form-validator.min.js?ver=3.3.5.2 HTTP/1.1" 200 2969 "https://cpd.mhcollab.ca/registration" "Mozilla/5.0 (Windows NT 10.0; Win64; x64) AppleWebKit/537.36 (KHTML, like Gecko) Chrome/131.0.0.0 Safari/537.36"
24.66.118.184 - - [21/Jan/2025:22:30:07 +0000] "GET /wp-includes/js/zxcvbn-async.min.js?ver=1.0 HTTP/1.1" 200 256 "https://cpd.mhcollab.ca/registration" "Mozilla/5.0 (Windows NT 10.0; Win64; x64) AppleWebKit/537.36 (KHTML, like Gecko) Chrome/131.0.0.0 Safari/537.36"
24.66.118.184 - - [21/Jan/2025:22:30:07 +0000] "GET /wp-admin/js/password-strength-meter.min.js?ver=1f041886d6beac9432c1496850c082e4 HTTP/1.1" 200 621 "https://cpd.mhcollab.ca/registration" "Mozilla/5.0 (Windows NT 10.0; Win64; x64) AppleWebKit/537.36 (KHTML, like Gecko) Chrome/131.0.0.0 Safari/537.36"
24.66.118.184 - - [21/Jan/2025:22:30:07 +0000] "GET /wp-content/plugins/user-registration/assets/js/frontend/password-strength-meter.min.js?ver=3.3.5.2 HTTP/1.1" 200 1041 "https://cpd.mhcollab.ca/registration" "Mozilla/5.0 (Windows NT 10.0; Win64; x64) AppleWebKit/537.36 (KHTML, like Gecko) Chrome/131.0.0.0 Safari/537.36"
24.66.118.184 - - [21/Jan/2025:22:30:07 +0000] "GET /wp-includes/js/zxcvbn.min.js HTTP/1.1" 200 399661 "https://cpd.mhcollab.ca/registration" "Mozilla/5.0 (Windows NT 10.0; Win64; x64) AppleWebKit/537.36 (KHTML, like Gecko) Chrome/131.0.0.0 Safari/537.36"
45.56.220.125 - - [21/Jan/2025:22:30:51 +0000] "POST /wp-cron.php?doing_wp_cron=1737498651.1313099861145019531250 HTTP/1.1" 200 - "-" "WordPress/6.7.1; https://cpd.mhcollab.ca"
198.161.4.63 - - [21/Jan/2025:22:30:49 +0000] "GET /wp-admin/users.php HTTP/1.1" 200 98492 "https://cpd.mhcollab.ca/wp-admin/edit.php?post_type=sfwd-courses" "Mozilla/5.0 (Windows NT 10.0; Win64; x64) AppleWebKit/537.36 (KHTML, like Gecko) Chrome/131.0.0.0 Safari/537.36 Edg/131.0.0.0"
198.161.4.63 - - [21/Jan/2025:22:30:53 +0000] "GET /wp-content/uploads/2024/03/owl-icon-15559.png HTTP/1.1" 404 36373 "https://cpd.mhcollab.ca/wp-admin/users.php" "Mozilla/5.0 (Windows NT 10.0; Win64; x64) AppleWebKit/537.36 (KHTML, like Gecko) Chrome/131.0.0.0 Safari/537.36 Edg/131.0.0.0"
198.161.4.63 - - [21/Jan/2025:22:30:53 +0000] "POST /wp-admin/admin-ajax.php HTTP/1.1" 200 67 "https://cpd.mhcollab.ca/wp-admin/users.php" "Mozilla/5.0 (Windows NT 10.0; Win64; x64) AppleWebKit/537.36 (KHTML, like Gecko) Chrome/131.0.0.0 Safari/537.36 Edg/131.0.0.0"
45.56.220.125 - - [21/Jan/2025:22:31:00 +0000] "POST /wp-cron.php?doing_wp_cron=1737498660.0287599563598632812500 HTTP/1.1" 200 - "-" "WordPress/6.7.1; https://cpd.mhcollab.ca"
198.161.4.63 - - [21/Jan/2025:22:30:58 +0000] "POST /wp-admin/admin-ajax.php HTTP/1.1" 200 127 "https://cpd.mhcollab.ca/wp-admin/users.php" "Mozilla/5.0 (Windows NT 10.0; Win64; x64) AppleWebKit/537.36 (KHTML, like Gecko) Chrome/131.0.0.0 Safari/537.36 Edg/131.0.0.0"
198.161.4.63 - - [21/Jan/2025:22:31:02 +0000] "GET /wp-admin/users.php?s=brooks&_wpnonce=951212089f&_wp_http_referer=%2Fwp-admin%2Fusers.php&action=-1&new_role=&ur_user_approval_status=&ur_specific_form_user=&ure_add_role=&ure_revoke_role=&primary_role=bbp_blocked&ld-listing-nonce=57f136eb89&group_id=&course_id=&paged=1&action2=-1&new_role2=&ur_user_approval_status2=&ur_specific_form_user2=&ure_add_role_2=&ure_revoke_role_2= HTTP/1.1" 302 - "https://cpd.mhcollab.ca/wp-admin/users.php" "Mozilla/5.0 (Windows NT 10.0; Win64; x64) AppleWebKit/537.36 (KHTML, like Gecko) Chrome/131.0.0.0 Safari/537.36 Edg/131.0.0.0"
198.161.4.63 - - [21/Jan/2025:22:31:03 +0000] "GET /wp-admin/users.php?s=brooks&action=-1&new_role&ur_user_approval_status&ur_specific_form_user&ure_add_role&ure_revoke_role&primary_role=bbp_blocked&ld-listing-nonce=57f136eb89&group_id&course_id&paged=1&action2=-1&new_role2&ur_user_approval_status2&ur_specific_form_user2&ure_add_role_2&ure_revoke_role_2 HTTP/1.1" 200 51749 "https://cpd.mhcollab.ca/wp-admin/users.php" "Mozilla/5.0 (Windows NT 10.0; Win64; x64) AppleWebKit/537.36 (KHTML, like Gecko) Chrome/131.0.0.0 Safari/537.36 Edg/131.0.0.0"
198.161.4.63 - - [21/Jan/2025:22:31:05 +0000] "GET /wp-content/uploads/2024/03/owl-icon-15559.png HTTP/1.1" 404 36501 "https://cpd.mhcollab.ca/wp-admin/users.php?s=brooks&action=-1&new_role&ur_user_approval_status&ur_specific_form_user&ure_add_role&ure_revoke_role&primary_role=bbp_blocked&ld-listing-nonce=57f136eb89&group_id&course_id&paged=1&action2=-1&new_role2&ur_user_approval_status2&ur_specific_form_user2&ure_add_role_2&ure_revoke_role_2" "Mozilla/5.0 (Windows NT 10.0; Win64; x64) AppleWebKit/537.36 (KHTML, like Gecko) Chrome/131.0.0.0 Safari/537.36 Edg/131.0.0.0"
198.161.4.63 - - [21/Jan/2025:22:31:05 +0000] "POST /wp-admin/admin-ajax.php HTTP/1.1" 200 67 "https://cpd.mhcollab.ca/wp-admin/users.php?s=brooks&action=-1&new_role&ur_user_approval_status&ur_specific_form_user&ure_add_role&ure_revoke_role&primary_role=bbp_blocked&ld-listing-nonce=57f136eb89&group_id&course_id&paged=1&action2=-1&new_role2&ur_user_approval_status2&ur_specific_form_user2&ure_add_role_2&ure_revoke_role_2" "Mozilla/5.0 (Windows NT 10.0; Win64; x64) AppleWebKit/537.36 (KHTML, like Gecko) Chrome/131.0.0.0 Safari/537.36 Edg/131.0.0.0"
