24.207.13.210 - - [21/Jan/2025:15:55:04 +0000] "GET /wp-content/plugins/elementor-pro/assets/css/conditionals/popup.min.css?ver=3.26.2 HTTP/1.1" 200 420 "https://cpd.mhcollab.ca/courseinfo-2" "Mozilla/5.0 (Windows NT 10.0; Win64; x64) AppleWebKit/537.36 (KHTML, like Gecko) Chrome/132.0.0.0 Safari/537.36 Edg/132.0.0.0"
24.207.13.210 - - [21/Jan/2025:15:55:04 +0000] "GET /wp-content/plugins/user-registration/assets/css/sweetalert2/sweetalert2.min.css?ver=10.16.7 HTTP/1.1" 200 4232 "https://cpd.mhcollab.ca/courseinfo-2" "Mozilla/5.0 (Windows NT 10.0; Win64; x64) AppleWebKit/537.36 (KHTML, like Gecko) Chrome/132.0.0.0 Safari/537.36 Edg/132.0.0.0"
24.207.13.210 - - [21/Jan/2025:15:55:04 +0000] "GET /wp-content/plugins/elementor-pro/assets/css/modules/motion-fx.min.css?ver=3.26.2 HTTP/1.1" 200 272 "https://cpd.mhcollab.ca/courseinfo-2" "Mozilla/5.0 (Windows NT 10.0; Win64; x64) AppleWebKit/537.36 (KHTML, like Gecko) Chrome/132.0.0.0 Safari/537.36 Edg/132.0.0.0"
24.207.13.210 - - [21/Jan/2025:15:55:04 +0000] "GET /wp-content/uploads/2023/07/altumcode-PuxTq4DwUHE-unsplash.jpg HTTP/1.1" 200 49530 "https://cpd.mhcollab.ca/wp-content/uploads/elementor/css/post-4785.css?ver=1736370455" "Mozilla/5.0 (Windows NT 10.0; Win64; x64) AppleWebKit/537.36 (KHTML, like Gecko) Chrome/132.0.0.0 Safari/537.36 Edg/132.0.0.0"
24.207.13.210 - - [21/Jan/2025:15:55:04 +0000] "GET /wp-content/plugins/elementor/assets/lib/font-awesome/webfonts/fa-regular-400.woff2 HTTP/1.1" 200 13299 "https://cpd.mhcollab.ca/wp-content/plugins/elementor/assets/lib/font-awesome/css/regular.min.css?ver=5.15.3" "Mozilla/5.0 (Windows NT 10.0; Win64; x64) AppleWebKit/537.36 (KHTML, like Gecko) Chrome/132.0.0.0 Safari/537.36 Edg/132.0.0.0"
24.207.13.210 - - [21/Jan/2025:15:55:04 +0000] "GET /wp-content/plugins/elementor/assets/lib/font-awesome/webfonts/fa-solid-900.woff2 HTTP/1.1" 200 78099 "https://cpd.mhcollab.ca/wp-content/plugins/elementor/assets/lib/font-awesome/css/solid.min.css?ver=5.15.3" "Mozilla/5.0 (Windows NT 10.0; Win64; x64) AppleWebKit/537.36 (KHTML, like Gecko) Chrome/132.0.0.0 Safari/537.36 Edg/132.0.0.0"
24.207.13.210 - - [21/Jan/2025:15:55:04 +0000] "GET /wp-content/plugins/bdthemes-element-pack/assets/js/modules/ep-accordion.min.js?ver=7.18.15 HTTP/1.1" 200 662 "https://cpd.mhcollab.ca/courseinfo-2" "Mozilla/5.0 (Windows NT 10.0; Win64; x64) AppleWebKit/537.36 (KHTML, like Gecko) Chrome/132.0.0.0 Safari/537.36 Edg/132.0.0.0"
24.207.13.210 - - [21/Jan/2025:15:55:04 +0000] "GET /wp-content/plugins/user-registration/assets/js/frontend/ur-login.min.js?ver=3.3.5.2 HTTP/1.1" 200 675 "https://cpd.mhcollab.ca/courseinfo-2" "Mozilla/5.0 (Windows NT 10.0; Win64; x64) AppleWebKit/537.36 (KHTML, like Gecko) Chrome/132.0.0.0 Safari/537.36 Edg/132.0.0.0"
24.207.13.210 - - [21/Jan/2025:15:55:04 +0000] "GET /wp-content/plugins/user-registration/assets/js/frontend/ur-common.min.js?ver=3.3.5.2 HTTP/1.1" 200 399 "https://cpd.mhcollab.ca/courseinfo-2" "Mozilla/5.0 (Windows NT 10.0; Win64; x64) AppleWebKit/537.36 (KHTML, like Gecko) Chrome/132.0.0.0 Safari/537.36 Edg/132.0.0.0"
24.207.13.210 - - [21/Jan/2025:15:55:04 +0000] "GET /wp-content/plugins/user-registration/assets/js/frontend/jquery.validate.min.js?ver=1.19.5 HTTP/1.1" 200 7917 "https://cpd.mhcollab.ca/courseinfo-2" "Mozilla/5.0 (Windows NT 10.0; Win64; x64) AppleWebKit/537.36 (KHTML, like Gecko) Chrome/132.0.0.0 Safari/537.36 Edg/132.0.0.0"
24.207.13.210 - - [21/Jan/2025:15:55:04 +0000] "GET /wp-content/plugins/user-registration/assets/js/inputmask/jquery.inputmask.bundle.min.js?ver=4.0.0-beta.58 HTTP/1.1" 200 23163 "https://cpd.mhcollab.ca/courseinfo-2" "Mozilla/5.0 (Windows NT 10.0; Win64; x64) AppleWebKit/537.36 (KHTML, like Gecko) Chrome/132.0.0.0 Safari/537.36 Edg/132.0.0.0"
24.207.13.210 - - [21/Jan/2025:15:55:04 +0000] "GET /wp-content/plugins/user-registration/assets/js/frontend/user-registration-recaptcha.min.js?ver=3.3.5.2 HTTP/1.1" 200 1050 "https://cpd.mhcollab.ca/courseinfo-2" "Mozilla/5.0 (Windows NT 10.0; Win64; x64) AppleWebKit/537.36 (KHTML, like Gecko) Chrome/132.0.0.0 Safari/537.36 Edg/132.0.0.0"
24.207.13.210 - - [21/Jan/2025:15:55:04 +0000] "GET /wp-content/plugins/user-registration/assets/js/frontend/user-registration.min.js?ver=3.3.5.2 HTTP/1.1" 200 6685 "https://cpd.mhcollab.ca/courseinfo-2" "Mozilla/5.0 (Windows NT 10.0; Win64; x64) AppleWebKit/537.36 (KHTML, like Gecko) Chrome/132.0.0.0 Safari/537.36 Edg/132.0.0.0"
24.207.13.210 - - [21/Jan/2025:15:55:04 +0000] "GET /wp-content/uploads/2025/01/2023-HaveYourSay-LearnngNeedsSurvey-1024x256.png HTTP/1.1" 200 113103 "https://cpd.mhcollab.ca/courseinfo-2" "Mozilla/5.0 (Windows NT 10.0; Win64; x64) AppleWebKit/537.36 (KHTML, like Gecko) Chrome/132.0.0.0 Safari/537.36 Edg/132.0.0.0"
24.207.13.210 - - [21/Jan/2025:15:55:04 +0000] "GET /wp-content/plugins/elementor/assets/lib/dialog/dialog.min.js?ver=4.9.3 HTTP/1.1" 200 3683 "https://cpd.mhcollab.ca/courseinfo-2" "Mozilla/5.0 (Windows NT 10.0; Win64; x64) AppleWebKit/537.36 (KHTML, like Gecko) Chrome/132.0.0.0 Safari/537.36 Edg/132.0.0.0"
24.207.13.210 - - [21/Jan/2025:15:55:04 +0000] "GET /wp-content/plugins/elementor/assets/js/lightbox.02f75f989ef2fbab5147.bundle.min.js HTTP/1.1" 200 9509 "https://cpd.mhcollab.ca/courseinfo-2" "Mozilla/5.0 (Windows NT 10.0; Win64; x64) AppleWebKit/537.36 (KHTML, like Gecko) Chrome/132.0.0.0 Safari/537.36 Edg/132.0.0.0"
24.207.13.210 - - [21/Jan/2025:15:55:04 +0000] "GET /wp-content/plugins/elementor/assets/css/conditionals/dialog.min.css?ver=3.26.4 HTTP/1.1" 200 1502 "https://cpd.mhcollab.ca/courseinfo-2" "Mozilla/5.0 (Windows NT 10.0; Win64; x64) AppleWebKit/537.36 (KHTML, like Gecko) Chrome/132.0.0.0 Safari/537.36 Edg/132.0.0.0"
24.207.13.210 - - [21/Jan/2025:15:55:04 +0000] "GET /wp-content/plugins/elementor/assets/lib/share-link/share-link.min.js?ver=3.26.4 HTTP/1.1" 200 1169 "https://cpd.mhcollab.ca/courseinfo-2" "Mozilla/5.0 (Windows NT 10.0; Win64; x64) AppleWebKit/537.36 (KHTML, like Gecko) Chrome/132.0.0.0 Safari/537.36 Edg/132.0.0.0"
24.207.13.210 - - [21/Jan/2025:15:55:04 +0000] "GET /wp-content/uploads/2024/10/Brochure_Side_1.jpg HTTP/1.1" 200 108904 "https://cpd.mhcollab.ca/courseinfo-2" "Mozilla/5.0 (Windows NT 10.0; Win64; x64) AppleWebKit/537.36 (KHTML, like Gecko) Chrome/132.0.0.0 Safari/537.36 Edg/132.0.0.0"
24.207.13.210 - - [21/Jan/2025:15:55:04 +0000] "GET /wp-content/plugins/elementor/assets/css/conditionals/lightbox.min.css?ver=3.26.4 HTTP/1.1" 200 1932 "https://cpd.mhcollab.ca/courseinfo-2" "Mozilla/5.0 (Windows NT 10.0; Win64; x64) AppleWebKit/537.36 (KHTML, like Gecko) Chrome/132.0.0.0 Safari/537.36 Edg/132.0.0.0"
24.207.13.210 - - [21/Jan/2025:15:55:04 +0000] "GET /wp-content/plugins/elementor/assets/js/accordion.2424bd8d44d33c06248a.bundle.min.js HTTP/1.1" 200 1399 "https://cpd.mhcollab.ca/courseinfo-2" "Mozilla/5.0 (Windows NT 10.0; Win64; x64) AppleWebKit/537.36 (KHTML, like Gecko) Chrome/132.0.0.0 Safari/537.36 Edg/132.0.0.0"
24.207.13.210 - - [21/Jan/2025:15:55:04 +0000] "GET /wp-content/plugins/elementor/assets/js/toggle.5a98241a5a40d37968b0.bundle.min.js HTTP/1.1" 200 1408 "https://cpd.mhcollab.ca/courseinfo-2" "Mozilla/5.0 (Windows NT 10.0; Win64; x64) AppleWebKit/537.36 (KHTML, like Gecko) Chrome/132.0.0.0 Safari/537.36 Edg/132.0.0.0"
24.207.13.210 - - [21/Jan/2025:15:55:04 +0000] "GET /wp-content/plugins/elementor/assets/lib/swiper/v8/css/swiper.min.css?ver=8.4.5 HTTP/1.1" 200 4583 "https://cpd.mhcollab.ca/courseinfo-2" "Mozilla/5.0 (Windows NT 10.0; Win64; x64) AppleWebKit/537.36 (KHTML, like Gecko) Chrome/132.0.0.0 Safari/537.36 Edg/132.0.0.0"
24.207.13.210 - - [21/Jan/2025:15:55:07 +0000] "GET /wp-content/uploads/2023/07/online-training-young-latin-american-girl-student-doctor-studies-online-at-home-from-laptop.jpg HTTP/1.1" 200 247291 "https://cpd.mhcollab.ca/courseinfo-2" "Mozilla/5.0 (Windows NT 10.0; Win64; x64) AppleWebKit/537.36 (KHTML, like Gecko) Chrome/132.0.0.0 Safari/537.36 Edg/132.0.0.0"
24.207.13.210 - - [21/Jan/2025:15:55:07 +0000] "GET /wp-content/uploads/2021/06/Course-V2-P5R78L5.jpg HTTP/1.1" 200 174226 "https://cpd.mhcollab.ca/courseinfo-2" "Mozilla/5.0 (Windows NT 10.0; Win64; x64) AppleWebKit/537.36 (KHTML, like Gecko) Chrome/132.0.0.0 Safari/537.36 Edg/132.0.0.0"
24.207.13.210 - - [21/Jan/2025:15:55:13 +0000] "GET /wp-content/uploads/2024/10/Brochure_Side2.jpg HTTP/1.1" 200 97593 "https://cpd.mhcollab.ca/courseinfo-2" "Mozilla/5.0 (Windows NT 10.0; Win64; x64) AppleWebKit/537.36 (KHTML, like Gecko) Chrome/132.0.0.0 Safari/537.36 Edg/132.0.0.0"
24.207.13.210 - - [21/Jan/2025:15:55:17 +0000] "GET /courseinfo/cat_b HTTP/1.1" 301 - "https://cpd.mhcollab.ca/courseinfo-2" "Mozilla/5.0 (Windows NT 10.0; Win64; x64) AppleWebKit/537.36 (KHTML, like Gecko) Chrome/132.0.0.0 Safari/537.36 Edg/132.0.0.0"
24.207.13.210 - - [21/Jan/2025:15:55:19 +0000] "GET /courseinfo-2/cat_b HTTP/1.1" 200 31775 "https://cpd.mhcollab.ca/courseinfo-2" "Mozilla/5.0 (Windows NT 10.0; Win64; x64) AppleWebKit/537.36 (KHTML, like Gecko) Chrome/132.0.0.0 Safari/537.36 Edg/132.0.0.0"
24.207.13.210 - - [21/Jan/2025:15:55:21 +0000] "GET /wp-content/plugins/learndash-course-grid/templates/skins/grid/style.css?ver=2.0.10 HTTP/1.1" 200 209 "https://cpd.mhcollab.ca/courseinfo-2/cat_b" "Mozilla/5.0 (Windows NT 10.0; Win64; x64) AppleWebKit/537.36 (KHTML, like Gecko) Chrome/132.0.0.0 Safari/537.36 Edg/132.0.0.0"
24.207.13.210 - - [21/Jan/2025:15:55:21 +0000] "GET /wp-content/plugins/learndash-course-grid/assets/css/style.css?ver=2.0.10 HTTP/1.1" 200 239 "https://cpd.mhcollab.ca/courseinfo-2/cat_b" "Mozilla/5.0 (Windows NT 10.0; Win64; x64) AppleWebKit/537.36 (KHTML, like Gecko) Chrome/132.0.0.0 Safari/537.36 Edg/132.0.0.0"
24.207.13.210 - - [21/Jan/2025:15:55:21 +0000] "GET /wp-content/plugins/learndash-course-grid/templates/pagination/style.css?ver=2.0.10 HTTP/1.1" 200 366 "https://cpd.mhcollab.ca/courseinfo-2/cat_b" "Mozilla/5.0 (Windows NT 10.0; Win64; x64) AppleWebKit/537.36 (KHTML, like Gecko) Chrome/132.0.0.0 Safari/537.36 Edg/132.0.0.0"
24.207.13.210 - - [21/Jan/2025:15:55:21 +0000] "GET /wp-content/plugins/learndash-course-grid/templates/filter/style.css?ver=2.0.10 HTTP/1.1" 200 1223 "https://cpd.mhcollab.ca/courseinfo-2/cat_b" "Mozilla/5.0 (Windows NT 10.0; Win64; x64) AppleWebKit/537.36 (KHTML, like Gecko) Chrome/132.0.0.0 Safari/537.36 Edg/132.0.0.0"
24.207.13.210 - - [21/Jan/2025:15:55:21 +0000] "GET /wp-content/plugins/learndash-course-grid/templates/cards/grid-2/style.css?ver=2.0.10 HTTP/1.1" 200 907 "https://cpd.mhcollab.ca/courseinfo-2/cat_b" "Mozilla/5.0 (Windows NT 10.0; Win64; x64) AppleWebKit/537.36 (KHTML, like Gecko) Chrome/132.0.0.0 Safari/537.36 Edg/132.0.0.0"
24.207.13.210 - - [21/Jan/2025:15:55:21 +0000] "GET /wp-includes/css/dist/block-library/style.min.css?ver=1f041886d6beac9432c1496850c082e4 HTTP/1.1" 200 15177 "https://cpd.mhcollab.ca/courseinfo-2/cat_b" "Mozilla/5.0 (Windows NT 10.0; Win64; x64) AppleWebKit/537.36 (KHTML, like Gecko) Chrome/132.0.0.0 Safari/537.36 Edg/132.0.0.0"
24.207.13.210 - - [21/Jan/2025:15:55:21 +0000] "GET /wp-content/plugins/learndash-course-grid/templates/skins/grid/script.js?ver=2.0.10 HTTP/1.1" 200 624 "https://cpd.mhcollab.ca/courseinfo-2/cat_b" "Mozilla/5.0 (Windows NT 10.0; Win64; x64) AppleWebKit/537.36 (KHTML, like Gecko) Chrome/132.0.0.0 Safari/537.36 Edg/132.0.0.0"
24.207.13.210 - - [21/Jan/2025:15:55:21 +0000] "GET /wp-content/plugins/learndash-course-grid/assets/js/script.js?ver=2.0.10 HTTP/1.1" 200 2361 "https://cpd.mhcollab.ca/courseinfo-2/cat_b" "Mozilla/5.0 (Windows NT 10.0; Win64; x64) AppleWebKit/537.36 (KHTML, like Gecko) Chrome/132.0.0.0 Safari/537.36 Edg/132.0.0.0"
24.207.13.210 - - [21/Jan/2025:15:55:21 +0000] "GET /wp-content/plugins/sfwd-lms/themes/legacy/templates/learndash_pager.min.js?ver=4.20.0.1 HTTP/1.1" 200 915 "https://cpd.mhcollab.ca/courseinfo-2/cat_b" "Mozilla/5.0 (Windows NT 10.0; Win64; x64) AppleWebKit/537.36 (KHTML, like Gecko) Chrome/132.0.0.0 Safari/537.36 Edg/132.0.0.0"
24.207.13.210 - - [21/Jan/2025:15:55:21 +0000] "GET /wp-content/plugins/sfwd-lms/themes/legacy/templates/learndash_template_script.min.js?ver=4.20.0.1 HTTP/1.1" 200 1131 "https://cpd.mhcollab.ca/courseinfo-2/cat_b" "Mozilla/5.0 (Windows NT 10.0; Win64; x64) AppleWebKit/537.36 (KHTML, like Gecko) Chrome/132.0.0.0 Safari/537.36 Edg/132.0.0.0"
24.207.13.210 - - [21/Jan/2025:15:55:21 +0000] "GET /wp-content/plugins/sfwd-lms/assets/js/jquery.dropdown.min.js?ver=4.20.0.1 HTTP/1.1" 200 936 "https://cpd.mhcollab.ca/courseinfo-2/cat_b" "Mozilla/5.0 (Windows NT 10.0; Win64; x64) AppleWebKit/537.36 (KHTML, like Gecko) Chrome/132.0.0.0 Safari/537.36 Edg/132.0.0.0"
24.207.13.210 - - [21/Jan/2025:15:55:21 +0000] "GET /wp-content/uploads/2024/07/2401-150x150.png HTTP/1.1" 200 38654 "https://cpd.mhcollab.ca/courseinfo-2/cat_b" "Mozilla/5.0 (Windows NT 10.0; Win64; x64) AppleWebKit/537.36 (KHTML, like Gecko) Chrome/132.0.0.0 Safari/537.36 Edg/132.0.0.0"
24.207.13.210 - - [21/Jan/2025:15:55:21 +0000] "GET /wp-content/uploads/2024/08/CatB-CES2-150x150.png HTTP/1.1" 200 45491 "https://cpd.mhcollab.ca/courseinfo-2/cat_b" "Mozilla/5.0 (Windows NT 10.0; Win64; x64) AppleWebKit/537.36 (KHTML, like Gecko) Chrome/132.0.0.0 Safari/537.36 Edg/132.0.0.0"
24.207.13.210 - - [21/Jan/2025:15:55:21 +0000] "GET /wp-content/uploads/2024/08/CatB-MHL2-1-150x150.png HTTP/1.1" 200 23384 "https://cpd.mhcollab.ca/courseinfo-2/cat_b" "Mozilla/5.0 (Windows NT 10.0; Win64; x64) AppleWebKit/537.36 (KHTML, like Gecko) Chrome/132.0.0.0 Safari/537.36 Edg/132.0.0.0"
24.207.13.210 - - [21/Jan/2025:15:55:21 +0000] "GET /wp-content/uploads/2023/06/Multiple-Personality-150x150.jpg HTTP/1.1" 200 8556 "https://cpd.mhcollab.ca/courseinfo-2/cat_b" "Mozilla/5.0 (Windows NT 10.0; Win64; x64) AppleWebKit/537.36 (KHTML, like Gecko) Chrome/132.0.0.0 Safari/537.36 Edg/132.0.0.0"
24.207.13.210 - - [21/Jan/2025:15:55:21 +0000] "GET /wp-content/uploads/2023/06/DBT-150x150.jpg HTTP/1.1" 200 4202 "https://cpd.mhcollab.ca/courseinfo-2/cat_b" "Mozilla/5.0 (Windows NT 10.0; Win64; x64) AppleWebKit/537.36 (KHTML, like Gecko) Chrome/132.0.0.0 Safari/537.36 Edg/132.0.0.0"
24.207.13.210 - - [21/Jan/2025:15:55:21 +0000] "GET /wp-content/uploads/2022/08/smiling-businesswoman-sitting-at-office-desk-holding-coffee-while-working-on-laptop--150x150.jpg HTTP/1.1" 200 5777 "https://cpd.mhcollab.ca/courseinfo-2/cat_b" "Mozilla/5.0 (Windows NT 10.0; Win64; x64) AppleWebKit/537.36 (KHTML, like Gecko) Chrome/132.0.0.0 Safari/537.36 Edg/132.0.0.0"
24.207.13.210 - - [21/Jan/2025:15:55:21 +0000] "GET /wp-content/uploads/2023/07/Untitled-design-50.png HTTP/1.1" 200 1917553 "https://cpd.mhcollab.ca/courseinfo-2/cat_b" "Mozilla/5.0 (Windows NT 10.0; Win64; x64) AppleWebKit/537.36 (KHTML, like Gecko) Chrome/132.0.0.0 Safari/537.36 Edg/132.0.0.0"
24.207.13.210 - - [21/Jan/2025:15:55:27 +0000] "GET /wp-content/uploads/2023/06/Eating-Disorders-150x150.jpg HTTP/1.1" 200 7427 "https://cpd.mhcollab.ca/courseinfo-2/cat_b" "Mozilla/5.0 (Windows NT 10.0; Win64; x64) AppleWebKit/537.36 (KHTML, like Gecko) Chrome/132.0.0.0 Safari/537.36 Edg/132.0.0.0"
24.207.13.210 - - [21/Jan/2025:15:55:27 +0000] "GET /wp-content/uploads/2023/06/Children-School-150x150.jpg HTTP/1.1" 200 8136 "https://cpd.mhcollab.ca/courseinfo-2/cat_b" "Mozilla/5.0 (Windows NT 10.0; Win64; x64) AppleWebKit/537.36 (KHTML, like Gecko) Chrome/132.0.0.0 Safari/537.36 Edg/132.0.0.0"
24.207.13.210 - - [21/Jan/2025:15:55:27 +0000] "GET /wp-content/uploads/2023/06/Adolescence-School-150x150.jpg HTTP/1.1" 200 7479 "https://cpd.mhcollab.ca/courseinfo-2/cat_b" "Mozilla/5.0 (Windows NT 10.0; Win64; x64) AppleWebKit/537.36 (KHTML, like Gecko) Chrome/132.0.0.0 Safari/537.36 Edg/132.0.0.0"
24.207.13.210 - - [21/Jan/2025:15:55:29 +0000] "GET /wp-content/uploads/2023/06/Outside-the-Box-150x150.jpg HTTP/1.1" 200 3054 "https://cpd.mhcollab.ca/courseinfo-2/cat_b" "Mozilla/5.0 (Windows NT 10.0; Win64; x64) AppleWebKit/537.36 (KHTML, like Gecko) Chrome/132.0.0.0 Safari/537.36 Edg/132.0.0.0"
24.207.13.210 - - [21/Jan/2025:15:55:29 +0000] "GET /wp-content/uploads/2023/09/2206-Cognitive-Flexibility-150x150.png HTTP/1.1" 200 26878 "https://cpd.mhcollab.ca/courseinfo-2/cat_b" "Mozilla/5.0 (Windows NT 10.0; Win64; x64) AppleWebKit/537.36 (KHTML, like Gecko) Chrome/132.0.0.0 Safari/537.36 Edg/132.0.0.0"
24.207.13.210 - - [21/Jan/2025:15:55:29 +0000] "GET /wp-content/uploads/2023/09/2207-COVID-Young-Child-development-150x150.png HTTP/1.1" 200 46185 "https://cpd.mhcollab.ca/courseinfo-2/cat_b" "Mozilla/5.0 (Windows NT 10.0; Win64; x64) AppleWebKit/537.36 (KHTML, like Gecko) Chrome/132.0.0.0 Safari/537.36 Edg/132.0.0.0"
24.207.13.210 - - [21/Jan/2025:15:55:33 +0000] "GET /wp-content/uploads/2023/09/Pendulating-150x150.png HTTP/1.1" 200 20715 "https://cpd.mhcollab.ca/courseinfo-2/cat_b" "Mozilla/5.0 (Windows NT 10.0; Win64; x64) AppleWebKit/537.36 (KHTML, like Gecko) Chrome/132.0.0.0 Safari/537.36 Edg/132.0.0.0"
24.207.13.210 - - [21/Jan/2025:15:55:33 +0000] "GET /wp-content/uploads/2023/09/2204-Transgender-Youth-Ash-Tree-150x150.png HTTP/1.1" 200 63328 "https://cpd.mhcollab.ca/courseinfo-2/cat_b" "Mozilla/5.0 (Windows NT 10.0; Win64; x64) AppleWebKit/537.36 (KHTML, like Gecko) Chrome/132.0.0.0 Safari/537.36 Edg/132.0.0.0"
24.207.13.210 - - [21/Jan/2025:15:55:33 +0000] "GET /wp-content/uploads/2023/09/2205-img-Flourishing-150x150.png HTTP/1.1" 200 38113 "https://cpd.mhcollab.ca/courseinfo-2/cat_b" "Mozilla/5.0 (Windows NT 10.0; Win64; x64) AppleWebKit/537.36 (KHTML, like Gecko) Chrome/132.0.0.0 Safari/537.36 Edg/132.0.0.0"
24.207.13.210 - - [21/Jan/2025:15:55:37 +0000] "GET /wp-content/uploads/2023/09/2202-AutisticWellbeing-150x150.png HTTP/1.1" 200 14396 "https://cpd.mhcollab.ca/courseinfo-2/cat_b" "Mozilla/5.0 (Windows NT 10.0; Win64; x64) AppleWebKit/537.36 (KHTML, like Gecko) Chrome/132.0.0.0 Safari/537.36 Edg/132.0.0.0"
24.207.13.210 - - [21/Jan/2025:15:55:37 +0000] "GET /wp-content/uploads/2023/09/2201-150x150.png HTTP/1.1" 200 12920 "https://cpd.mhcollab.ca/courseinfo-2/cat_b" "Mozilla/5.0 (Windows NT 10.0; Win64; x64) AppleWebKit/537.36 (KHTML, like Gecko) Chrome/132.0.0.0 Safari/537.36 Edg/132.0.0.0"
24.207.13.210 - - [21/Jan/2025:15:55:37 +0000] "GET /wp-content/uploads/2023/09/wooden-doll-figures-of-family-with-break-love-heart-concept-of-divorce-e1693552514253-150x150.jpg HTTP/1.1" 200 3004 "https://cpd.mhcollab.ca/courseinfo-2/cat_b" "Mozilla/5.0 (Windows NT 10.0; Win64; x64) AppleWebKit/537.36 (KHTML, like Gecko) Chrome/132.0.0.0 Safari/537.36 Edg/132.0.0.0"
24.207.13.210 - - [21/Jan/2025:15:55:45 +0000] "GET /wp-content/uploads/2023/09/young-adult-friends-youth-culture-concept-150x150.jpg HTTP/1.1" 200 7029 "https://cpd.mhcollab.ca/courseinfo-2/cat_b" "Mozilla/5.0 (Windows NT 10.0; Win64; x64) AppleWebKit/537.36 (KHTML, like Gecko) Chrome/132.0.0.0 Safari/537.36 Edg/132.0.0.0"
24.207.13.210 - - [21/Jan/2025:15:55:45 +0000] "GET /wp-content/uploads/2023/08/2107-150x150.png HTTP/1.1" 200 11831 "https://cpd.mhcollab.ca/courseinfo-2/cat_b" "Mozilla/5.0 (Windows NT 10.0; Win64; x64) AppleWebKit/537.36 (KHTML, like Gecko) Chrome/132.0.0.0 Safari/537.36 Edg/132.0.0.0"
24.207.13.210 - - [21/Jan/2025:15:55:45 +0000] "GET /wp-content/uploads/2023/08/Prescribe-150x150.png HTTP/1.1" 200 11020 "https://cpd.mhcollab.ca/courseinfo-2/cat_b" "Mozilla/5.0 (Windows NT 10.0; Win64; x64) AppleWebKit/537.36 (KHTML, like Gecko) Chrome/132.0.0.0 Safari/537.36 Edg/132.0.0.0"
24.207.13.210 - - [21/Jan/2025:15:55:51 +0000] "GET /wp-content/uploads/2023/08/ToxicRelationship-150x150.png HTTP/1.1" 200 12355 "https://cpd.mhcollab.ca/courseinfo-2/cat_b" "Mozilla/5.0 (Windows NT 10.0; Win64; x64) AppleWebKit/537.36 (KHTML, like Gecko) Chrome/132.0.0.0 Safari/537.36 Edg/132.0.0.0"
24.207.13.210 - - [21/Jan/2025:15:55:51 +0000] "GET /wp-content/uploads/2023/08/EmotionRegulation-150x150.png HTTP/1.1" 200 12608 "https://cpd.mhcollab.ca/courseinfo-2/cat_b" "Mozilla/5.0 (Windows NT 10.0; Win64; x64) AppleWebKit/537.36 (KHTML, like Gecko) Chrome/132.0.0.0 Safari/537.36 Edg/132.0.0.0"
24.207.13.210 - - [21/Jan/2025:15:55:51 +0000] "GET /wp-content/uploads/2023/08/SchoolItems-150x150.png HTTP/1.1" 200 55514 "https://cpd.mhcollab.ca/courseinfo-2/cat_b" "Mozilla/5.0 (Windows NT 10.0; Win64; x64) AppleWebKit/537.36 (KHTML, like Gecko) Chrome/132.0.0.0 Safari/537.36 Edg/132.0.0.0"
45.56.220.125 - - [21/Jan/2025:15:55:55 +0000] "POST /wp-cron.php?doing_wp_cron=1737474955.1144158840179443359375 HTTP/1.1" 200 - "-" "WordPress/6.7.1; https://cpd.mhcollab.ca"
24.207.13.210 - - [21/Jan/2025:15:55:53 +0000] "GET /courses/2203 HTTP/1.1" 200 27930 "https://cpd.mhcollab.ca/courseinfo-2/cat_b" "Mozilla/5.0 (Windows NT 10.0; Win64; x64) AppleWebKit/537.36 (KHTML, like Gecko) Chrome/132.0.0.0 Safari/537.36 Edg/132.0.0.0"
24.207.13.210 - - [21/Jan/2025:15:55:55 +0000] "GET /wp-content/plugins/kadence-blocks/dist/style-blocks-column.css?ver=3.4.5 HTTP/1.1" 200 508 "https://cpd.mhcollab.ca/courses/2203" "Mozilla/5.0 (Windows NT 10.0; Win64; x64) AppleWebKit/537.36 (KHTML, like Gecko) Chrome/132.0.0.0 Safari/537.36 Edg/132.0.0.0"
24.207.13.210 - - [21/Jan/2025:15:55:55 +0000] "GET /wp-content/plugins/kadence-blocks/dist/style-blocks-rowlayout.css?ver=3.4.5 HTTP/1.1" 200 1652 "https://cpd.mhcollab.ca/courses/2203" "Mozilla/5.0 (Windows NT 10.0; Win64; x64) AppleWebKit/537.36 (KHTML, like Gecko) Chrome/132.0.0.0 Safari/537.36 Edg/132.0.0.0"
24.207.13.210 - - [21/Jan/2025:15:55:55 +0000] "GET /wp-content/uploads/2022/07/cropped-cropped-CPD_2022-blue.png HTTP/1.1" 200 58563 "https://cpd.mhcollab.ca/courses/2203" "Mozilla/5.0 (Windows NT 10.0; Win64; x64) AppleWebKit/537.36 (KHTML, like Gecko) Chrome/132.0.0.0 Safari/537.36 Edg/132.0.0.0"
45.56.220.125 - - [21/Jan/2025:15:57:07 +0000] "POST /wp-cron.php?doing_wp_cron=1737475027.3219189643859863281250 HTTP/1.1" 200 - "-" "WordPress/6.7.1; https://cpd.mhcollab.ca"
198.161.9.31 - - [21/Jan/2025:15:57:05 +0000] "GET /courses/2203/lessons/2203-the-art-of-pendulating-presentation HTTP/1.1" 200 28653 "https://cpd.mhcollab.ca/courses/2203" "Mozilla/5.0 (Windows NT 10.0; Win64; x64) AppleWebKit/537.36 (KHTML, like Gecko) Chrome/131.0.0.0 Safari/537.36 Edg/131.0.0.0"
198.161.9.31 - - [21/Jan/2025:15:57:05 +0000] "GET /courseinfo-2/cat_b HTTP/1.1" 200 32744 "https://cpd.mhcollab.ca/courseinfo-2" "Mozilla/5.0 (Windows NT 10.0; Win64; x64) AppleWebKit/537.36 (KHTML, like Gecko) Chrome/131.0.0.0 Safari/537.36 Edg/131.0.0.0"
198.161.9.31 - - [21/Jan/2025:15:57:11 +0000] "GET /wp-content/uploads/2023/08/ToxicRelationship-150x150.png HTTP/1.1" 200 12355 "https://cpd.mhcollab.ca/courseinfo-2/cat_b" "Mozilla/5.0 (Windows NT 10.0; Win64; x64) AppleWebKit/537.36 (KHTML, like Gecko) Chrome/131.0.0.0 Safari/537.36 Edg/131.0.0.0"
198.161.9.31 - - [21/Jan/2025:15:57:11 +0000] "GET /wp-content/uploads/2023/08/SchoolItems-150x150.png HTTP/1.1" 200 55514 "https://cpd.mhcollab.ca/courseinfo-2/cat_b" "Mozilla/5.0 (Windows NT 10.0; Win64; x64) AppleWebKit/537.36 (KHTML, like Gecko) Chrome/131.0.0.0 Safari/537.36 Edg/131.0.0.0"
198.161.9.31 - - [21/Jan/2025:15:57:11 +0000] "GET /wp-content/uploads/2023/08/EmotionRegulation-150x150.png HTTP/1.1" 200 12608 "https://cpd.mhcollab.ca/courseinfo-2/cat_b" "Mozilla/5.0 (Windows NT 10.0; Win64; x64) AppleWebKit/537.36 (KHTML, like Gecko) Chrome/131.0.0.0 Safari/537.36 Edg/131.0.0.0"
198.161.9.31 - - [21/Jan/2025:15:57:11 +0000] "GET /wp-content/uploads/2023/08/MountainLake-150x150.png HTTP/1.1" 200 32393 "https://cpd.mhcollab.ca/courseinfo-2/cat_b" "Mozilla/5.0 (Windows NT 10.0; Win64; x64) AppleWebKit/537.36 (KHTML, like Gecko) Chrome/131.0.0.0 Safari/537.36 Edg/131.0.0.0"
198.161.9.31 - - [21/Jan/2025:15:57:11 +0000] "GET /wp-content/uploads/2022/07/TitleImage-e1690839275614-150x150.jpg HTTP/1.1" 200 4973 "https://cpd.mhcollab.ca/courseinfo-2/cat_b" "Mozilla/5.0 (Windows NT 10.0; Win64; x64) AppleWebKit/537.36 (KHTML, like Gecko) Chrome/131.0.0.0 Safari/537.36 Edg/131.0.0.0"
198.161.9.31 - - [21/Jan/2025:15:57:13 +0000] "GET /wp-content/uploads/2022/07/cropped-CPD_Logo_acr-2022-e1658354457929-32x32.png HTTP/1.1" 200 1476 "https://cpd.mhcollab.ca/courseinfo-2/cat_b" "Mozilla/5.0 (Windows NT 10.0; Win64; x64) AppleWebKit/537.36 (KHTML, like Gecko) Chrome/131.0.0.0 Safari/537.36 Edg/131.0.0.0"
157.55.39.63 - - [21/Jan/2025:16:00:13 +0000] "GET /wp-content/uploads/2024/09/CatB-CES-150x150.png HTTP/1.1" 200 36881 "-" "Mozilla/5.0 AppleWebKit/537.36 (KHTML, like Gecko; compatible; bingbot/2.0; +http://www.bing.com/bingbot.htm) Chrome/116.0.1938.76 Safari/537.36"
45.56.220.125 - - [21/Jan/2025:16:02:29 +0000] "POST /wp-cron.php?doing_wp_cron=1737475349.9354829788208007812500 HTTP/1.1" 200 - "-" "WordPress/6.7.1; https://cpd.mhcollab.ca"
198.161.9.99 - - [21/Jan/2025:16:02:28 +0000] "GET / HTTP/1.1" 200 30116 "-" "Mozilla/5.0 (Windows NT 10.0; Win64; x64) AppleWebKit/537.36 (KHTML, like Gecko) Chrome/131.0.0.0 Safari/537.36 Edg/131.0.0.0"
198.161.9.99 - - [21/Jan/2025:16:02:30 +0000] "GET /wp-content/plugins/elementor/assets/css/widget-image-box.min.css?ver=3.26.4 HTTP/1.1" 200 365 "https://cpd.mhcollab.ca/" "Mozilla/5.0 (Windows NT 10.0; Win64; x64) AppleWebKit/537.36 (KHTML, like Gecko) Chrome/131.0.0.0 Safari/537.36 Edg/131.0.0.0"
198.161.9.99 - - [21/Jan/2025:16:02:30 +0000] "GET /wp-content/plugins/elementor/assets/lib/animations/styles/swing.min.css?ver=3.26.4 HTTP/1.1" 200 138 "https://cpd.mhcollab.ca/" "Mozilla/5.0 (Windows NT 10.0; Win64; x64) AppleWebKit/537.36 (KHTML, like Gecko) Chrome/131.0.0.0 Safari/537.36 Edg/131.0.0.0"
198.161.9.99 - - [21/Jan/2025:16:02:30 +0000] "GET /wp-content/uploads/elementor/css/post-3854.css?ver=1736184241 HTTP/1.1" 200 2468 "https://cpd.mhcollab.ca/" "Mozilla/5.0 (Windows NT 10.0; Win64; x64) AppleWebKit/537.36 (KHTML, like Gecko) Chrome/131.0.0.0 Safari/537.36 Edg/131.0.0.0"
198.161.9.99 - - [21/Jan/2025:16:02:31 +0000] "GET /wp-content/uploads/2024/12/2023-HaveYourSay-LearnngNeedsSurvey-768x192.png HTTP/1.1" 200 69014 "https://cpd.mhcollab.ca/" "Mozilla/5.0 (Windows NT 10.0; Win64; x64) AppleWebKit/537.36 (KHTML, like Gecko) Chrome/131.0.0.0 Safari/537.36 Edg/131.0.0.0"
198.161.9.99 - - [21/Jan/2025:16:02:31 +0000] "GET /wp-content/uploads/2023/07/Icon-Certification-e1690834824234.png HTTP/1.1" 200 2853 "https://cpd.mhcollab.ca/" "Mozilla/5.0 (Windows NT 10.0; Win64; x64) AppleWebKit/537.36 (KHTML, like Gecko) Chrome/131.0.0.0 Safari/537.36 Edg/131.0.0.0"
198.161.9.99 - - [21/Jan/2025:16:02:31 +0000] "GET /wp-content/uploads/2023/07/top_ico_03.png HTTP/1.1" 200 2520 "https://cpd.mhcollab.ca/" "Mozilla/5.0 (Windows NT 10.0; Win64; x64) AppleWebKit/537.36 (KHTML, like Gecko) Chrome/131.0.0.0 Safari/537.36 Edg/131.0.0.0"
198.161.9.99 - - [21/Jan/2025:16:02:31 +0000] "GET /wp-content/uploads/2023/07/top_ico_02.png HTTP/1.1" 200 1226 "https://cpd.mhcollab.ca/" "Mozilla/5.0 (Windows NT 10.0; Win64; x64) AppleWebKit/537.36 (KHTML, like Gecko) Chrome/131.0.0.0 Safari/537.36 Edg/131.0.0.0"
198.161.9.99 - - [21/Jan/2025:16:02:30 +0000] "GET /wp-content/uploads/2023/07/bg_comm.png HTTP/1.1" 200 203400 "https://cpd.mhcollab.ca/wp-content/uploads/elementor/css/post-3854.css?ver=1736184241" "Mozilla/5.0 (Windows NT 10.0; Win64; x64) AppleWebKit/537.36 (KHTML, like Gecko) Chrome/131.0.0.0 Safari/537.36 Edg/131.0.0.0"
198.161.9.99 - - [21/Jan/2025:16:02:31 +0000] "GET /wp-content/uploads/2024/07/2402-1024x1024.png HTTP/1.1" 200 843776 "https://cpd.mhcollab.ca/" "Mozilla/5.0 (Windows NT 10.0; Win64; x64) AppleWebKit/537.36 (KHTML, like Gecko) Chrome/131.0.0.0 Safari/537.36 Edg/131.0.0.0"
198.161.9.99 - - [21/Jan/2025:16:02:30 +0000] "GET /wp-content/uploads/2023/07/Untitled-1140-%C3%97-550-px.png HTTP/1.1" 200 290890 "https://cpd.mhcollab.ca/wp-content/uploads/elementor/css/post-3854.css?ver=1736184241" "Mozilla/5.0 (Windows NT 10.0; Win64; x64) AppleWebKit/537.36 (KHTML, like Gecko) Chrome/131.0.0.0 Safari/537.36 Edg/131.0.0.0"
198.161.9.99 - - [21/Jan/2025:16:02:31 +0000] "GET /wp-content/uploads/2024/07/2403-1-1024x1024.png HTTP/1.1" 200 1274170 "https://cpd.mhcollab.ca/" "Mozilla/5.0 (Windows NT 10.0; Win64; x64) AppleWebKit/537.36 (KHTML, like Gecko) Chrome/131.0.0.0 Safari/537.36 Edg/131.0.0.0"
45.56.220.125 - - [21/Jan/2025:16:02:59 +0000] "POST /wp-cron.php?doing_wp_cron=1737475379.4806339740753173828125 HTTP/1.1" 200 - "-" "WordPress/6.7.1; https://cpd.mhcollab.ca"
198.161.9.99 - - [21/Jan/2025:16:02:57 +0000] "GET /user-2 HTTP/1.1" 200 29431 "https://cpd.mhcollab.ca/" "Mozilla/5.0 (Windows NT 10.0; Win64; x64) AppleWebKit/537.36 (KHTML, like Gecko) Chrome/131.0.0.0 Safari/537.36 Edg/131.0.0.0"
45.56.220.125 - - [21/Jan/2025:16:03:19 +0000] "POST /wp-cron.php?doing_wp_cron=1737475399.9121000766754150390625 HTTP/1.1" 200 - "-" "WordPress/6.7.1; https://cpd.mhcollab.ca"
198.161.9.99 - - [21/Jan/2025:16:03:18 +0000] "POST /user-2 HTTP/1.1" 200 29500 "https://cpd.mhcollab.ca/user-2" "Mozilla/5.0 (Windows NT 10.0; Win64; x64) AppleWebKit/537.36 (KHTML, like Gecko) Chrome/131.0.0.0 Safari/537.36 Edg/131.0.0.0"
198.161.9.99 - - [21/Jan/2025:16:03:55 +0000] "POST /user-2 HTTP/1.1" 200 2469 "https://cpd.mhcollab.ca/user-2" "Mozilla/5.0 (Windows NT 10.0; Win64; x64) AppleWebKit/537.36 (KHTML, like Gecko) Chrome/131.0.0.0 Safari/537.36 Edg/131.0.0.0"
198.161.9.99 - - [21/Jan/2025:16:03:58 +0000] "GET /wp-includes/css/buttons.min.css?ver=1f041886d6beac9432c1496850c082e4 HTTP/1.1" 200 1470 "https://cpd.mhcollab.ca/user-2" "Mozilla/5.0 (Windows NT 10.0; Win64; x64) AppleWebKit/537.36 (KHTML, like Gecko) Chrome/131.0.0.0 Safari/537.36 Edg/131.0.0.0"
198.161.9.99 - - [21/Jan/2025:16:03:58 +0000] "GET /wp-admin/css/forms.min.css?ver=6.7.1 HTTP/1.1" 200 6694 "https://cpd.mhcollab.ca/user-2" "Mozilla/5.0 (Windows NT 10.0; Win64; x64) AppleWebKit/537.36 (KHTML, like Gecko) Chrome/131.0.0.0 Safari/537.36 Edg/131.0.0.0"
198.161.9.99 - - [21/Jan/2025:16:03:58 +0000] "GET /wp-admin/css/l10n.min.css?ver=6.7.1 HTTP/1.1" 200 767 "https://cpd.mhcollab.ca/user-2" "Mozilla/5.0 (Windows NT 10.0; Win64; x64) AppleWebKit/537.36 (KHTML, like Gecko) Chrome/131.0.0.0 Safari/537.36 Edg/131.0.0.0"
198.161.9.99 - - [21/Jan/2025:16:03:58 +0000] "GET /wp-admin/css/login.min.css?ver=6.7.1 HTTP/1.1" 200 2189 "https://cpd.mhcollab.ca/user-2" "Mozilla/5.0 (Windows NT 10.0; Win64; x64) AppleWebKit/537.36 (KHTML, like Gecko) Chrome/131.0.0.0 Safari/537.36 Edg/131.0.0.0"
198.161.9.99 - - [21/Jan/2025:16:03:58 +0000] "GET /wp-admin/images/wordpress-logo.svg?ver=20131107 HTTP/1.1" 200 818 "https://cpd.mhcollab.ca/wp-admin/css/login.min.css?ver=6.7.1" "Mozilla/5.0 (Windows NT 10.0; Win64; x64) AppleWebKit/537.36 (KHTML, like Gecko) Chrome/131.0.0.0 Safari/537.36 Edg/131.0.0.0"
198.161.9.99 - - [21/Jan/2025:16:04:16 +0000] "POST /wp-login.php?action=validate_2fa HTTP/1.1" 302 - "https://cpd.mhcollab.ca/user-2" "Mozilla/5.0 (Windows NT 10.0; Win64; x64) AppleWebKit/537.36 (KHTML, like Gecko) Chrome/131.0.0.0 Safari/537.36 Edg/131.0.0.0"
45.56.220.125 - - [21/Jan/2025:16:04:19 +0000] "POST /wp-cron.php?doing_wp_cron=1737475459.8287510871887207031250 HTTP/1.1" 200 - "-" "WordPress/6.7.1; https://cpd.mhcollab.ca"
45.56.220.125 - - [21/Jan/2025:16:04:19 +0000] "GET / HTTP/1.1" 200 30116 "-" "WordPress/6.7.1; https://cpd.mhcollab.ca"
198.161.9.99 - - [21/Jan/2025:16:04:17 +0000] "GET /wp-admin/profile.php HTTP/1.1" 302 - "https://cpd.mhcollab.ca/user-2" "Mozilla/5.0 (Windows NT 10.0; Win64; x64) AppleWebKit/537.36 (KHTML, like Gecko) Chrome/131.0.0.0 Safari/537.36 Edg/131.0.0.0"
198.161.9.99 - - [21/Jan/2025:16:04:23 +0000] "GET /user-2 HTTP/1.1" 200 34518 "https://cpd.mhcollab.ca/user-2" "Mozilla/5.0 (Windows NT 10.0; Win64; x64) AppleWebKit/537.36 (KHTML, like Gecko) Chrome/131.0.0.0 Safari/537.36 Edg/131.0.0.0"
45.56.220.125 - - [21/Jan/2025:16:05:07 +0000] "POST /wp-cron.php?doing_wp_cron=1737475507.0519459247589111328125 HTTP/1.1" 200 - "-" "WordPress/6.7.1; https://cpd.mhcollab.ca"
198.161.9.99 - - [21/Jan/2025:16:05:05 +0000] "GET /courses/2405c HTTP/1.1" 200 28679 "https://cpd.mhcollab.ca/user-2" "Mozilla/5.0 (Windows NT 10.0; Win64; x64) AppleWebKit/537.36 (KHTML, like Gecko) Chrome/131.0.0.0 Safari/537.36 Edg/131.0.0.0"
198.161.9.99 - - [21/Jan/2025:16:05:07 +0000] "GET /wp-content/plugins/uncanny-learndash-groups/src/assets/frontend/dist/bundle.min.css?ver=6.1.1 HTTP/1.1" 200 17292 "https://cpd.mhcollab.ca/courses/2405c" "Mozilla/5.0 (Windows NT 10.0; Win64; x64) AppleWebKit/537.36 (KHTML, like Gecko) Chrome/131.0.0.0 Safari/537.36 Edg/131.0.0.0"
198.161.9.99 - - [21/Jan/2025:16:05:07 +0000] "GET /wp-content/plugins/uncanny-learndash-groups/src/assets/vendor/select2/css/select2.min.css?ver=6.1.1 HTTP/1.1" 200 2005 "https://cpd.mhcollab.ca/courses/2405c" "Mozilla/5.0 (Windows NT 10.0; Win64; x64) AppleWebKit/537.36 (KHTML, like Gecko) Chrome/131.0.0.0 Safari/537.36 Edg/131.0.0.0"
198.161.9.99 - - [21/Jan/2025:16:05:07 +0000] "GET /wp-content/plugins/uncanny-learndash-groups/src/assets/frontend/dist/bundle.min.js?ver=6.1.1 HTTP/1.1" 200 30316 "https://cpd.mhcollab.ca/courses/2405c" "Mozilla/5.0 (Windows NT 10.0; Win64; x64) AppleWebKit/537.36 (KHTML, like Gecko) Chrome/131.0.0.0 Safari/537.36 Edg/131.0.0.0"
198.161.9.99 - - [21/Jan/2025:16:05:07 +0000] "GET /wp-content/plugins/uncanny-learndash-groups/src/assets/vendor/select2/js/select2.min.js?ver=6.1.1 HTTP/1.1" 200 19349 "https://cpd.mhcollab.ca/courses/2405c" "Mozilla/5.0 (Windows NT 10.0; Win64; x64) AppleWebKit/537.36 (KHTML, like Gecko) Chrome/131.0.0.0 Safari/537.36 Edg/131.0.0.0"
198.161.9.99 - - [21/Jan/2025:16:05:07 +0000] "GET /wp-content/plugins/uncanny-learndash-groups/src/assets/legacy/frontend/js/select2-user-search.js?ver=6.1.1 HTTP/1.1" 200 2231 "https://cpd.mhcollab.ca/courses/2405c" "Mozilla/5.0 (Windows NT 10.0; Win64; x64) AppleWebKit/537.36 (KHTML, like Gecko) Chrome/131.0.0.0 Safari/537.36 Edg/131.0.0.0"
198.161.9.99 - - [21/Jan/2025:16:05:27 +0000] "GET /wp-content/plugins/uncanny-toolkit-pro/src/includes/simple_timer_performance.php?course_id=7731&post_id=7731&_=1737475507630 HTTP/1.1" 200 78 "https://cpd.mhcollab.ca/courses/2405c" "Mozilla/5.0 (Windows NT 10.0; Win64; x64) AppleWebKit/537.36 (KHTML, like Gecko) Chrome/131.0.0.0 Safari/537.36 Edg/131.0.0.0"
198.161.9.99 - - [21/Jan/2025:16:05:47 +0000] "GET /wp-content/plugins/uncanny-toolkit-pro/src/includes/simple_timer_performance.php?course_id=7731&post_id=7731&_=1737475507631 HTTP/1.1" 200 76 "https://cpd.mhcollab.ca/courses/2405c" "Mozilla/5.0 (Windows NT 10.0; Win64; x64) AppleWebKit/537.36 (KHTML, like Gecko) Chrome/131.0.0.0 Safari/537.36 Edg/131.0.0.0"
198.161.9.99 - - [21/Jan/2025:16:06:08 +0000] "GET /wp-content/plugins/uncanny-toolkit-pro/src/includes/simple_timer_performance.php?course_id=7731&post_id=7731&_=1737475507632 HTTP/1.1" 200 74 "https://cpd.mhcollab.ca/courses/2405c" "Mozilla/5.0 (Windows NT 10.0; Win64; x64) AppleWebKit/537.36 (KHTML, like Gecko) Chrome/131.0.0.0 Safari/537.36 Edg/131.0.0.0"
45.56.220.125 - - [21/Jan/2025:16:06:23 +0000] "POST /wp-cron.php?doing_wp_cron=1737475583.3373160362243652343750 HTTP/1.1" 200 - "-" "WordPress/6.7.1; https://cpd.mhcollab.ca"
198.161.9.99 - - [21/Jan/2025:16:06:21 +0000] "GET /user-2 HTTP/1.1" 200 34518 "https://cpd.mhcollab.ca/user-2" "Mozilla/5.0 (Windows NT 10.0; Win64; x64) AppleWebKit/537.36 (KHTML, like Gecko) Chrome/131.0.0.0 Safari/537.36 Edg/131.0.0.0"
45.56.220.125 - - [21/Jan/2025:16:07:00 +0000] "POST /wp-cron.php?doing_wp_cron=1737475620.6908969879150390625000 HTTP/1.1" 200 - "-" "WordPress/6.7.1; https://cpd.mhcollab.ca"
198.161.9.99 - - [21/Jan/2025:16:06:59 +0000] "GET /courses/ces_grief HTTP/1.1" 200 28402 "https://cpd.mhcollab.ca/user-2" "Mozilla/5.0 (Windows NT 10.0; Win64; x64) AppleWebKit/537.36 (KHTML, like Gecko) Chrome/131.0.0.0 Safari/537.36 Edg/131.0.0.0"
198.161.9.99 - - [21/Jan/2025:16:07:01 +0000] "GET /wp-content/uploads/2024/08/CatB-CES2.png HTTP/1.1" 200 557293 "https://cpd.mhcollab.ca/courses/ces_grief" "Mozilla/5.0 (Windows NT 10.0; Win64; x64) AppleWebKit/537.36 (KHTML, like Gecko) Chrome/131.0.0.0 Safari/537.36 Edg/131.0.0.0"
198.161.9.99 - - [21/Jan/2025:16:07:06 +0000] "GET /user-2 HTTP/1.1" 200 34518 "https://cpd.mhcollab.ca/user-2" "Mozilla/5.0 (Windows NT 10.0; Win64; x64) AppleWebKit/537.36 (KHTML, like Gecko) Chrome/131.0.0.0 Safari/537.36 Edg/131.0.0.0"
198.161.9.99 - - [21/Jan/2025:16:07:06 +0000] "POST /wp-admin/admin-ajax.php HTTP/1.1" 200 36 "https://cpd.mhcollab.ca/courses/ces_grief" "Mozilla/5.0 (Windows NT 10.0; Win64; x64) AppleWebKit/537.36 (KHTML, like Gecko) Chrome/131.0.0.0 Safari/537.36 Edg/131.0.0.0"
198.161.9.99 - - [21/Jan/2025:16:07:19 +0000] "GET /courses/ces_grief HTTP/1.1" 200 28404 "https://cpd.mhcollab.ca/user-2" "Mozilla/5.0 (Windows NT 10.0; Win64; x64) AppleWebKit/537.36 (KHTML, like Gecko) Chrome/131.0.0.0 Safari/537.36 Edg/131.0.0.0"
198.161.9.99 - - [21/Jan/2025:16:07:42 +0000] "GET /wp-content/plugins/uncanny-toolkit-pro/src/includes/simple_timer_performance.php?course_id=7006&post_id=7006&_=1737475641786 HTTP/1.1" 200 78 "https://cpd.mhcollab.ca/courses/ces_grief" "Mozilla/5.0 (Windows NT 10.0; Win64; x64) AppleWebKit/537.36 (KHTML, like Gecko) Chrome/131.0.0.0 Safari/537.36 Edg/131.0.0.0"
45.56.220.125 - - [21/Jan/2025:16:07:56 +0000] "POST /wp-cron.php?doing_wp_cron=1737475676.0452749729156494140625 HTTP/1.1" 200 - "-" "WordPress/6.7.1; https://cpd.mhcollab.ca"
198.161.9.99 - - [21/Jan/2025:16:07:54 +0000] "POST /wp-admin/admin-ajax.php HTTP/1.1" 200 36 "https://cpd.mhcollab.ca/courses/ces_grief" "Mozilla/5.0 (Windows NT 10.0; Win64; x64) AppleWebKit/537.36 (KHTML, like Gecko) Chrome/131.0.0.0 Safari/537.36 Edg/131.0.0.0"
198.161.9.99 - - [21/Jan/2025:16:07:54 +0000] "GET /user-2 HTTP/1.1" 200 34518 "https://cpd.mhcollab.ca/user-2" "Mozilla/5.0 (Windows NT 10.0; Win64; x64) AppleWebKit/537.36 (KHTML, like Gecko) Chrome/131.0.0.0 Safari/537.36 Edg/131.0.0.0"
198.161.9.99 - - [21/Jan/2025:16:08:03 +0000] "GET /courses/2308b HTTP/1.1" 200 29213 "https://cpd.mhcollab.ca/user-2" "Mozilla/5.0 (Windows NT 10.0; Win64; x64) AppleWebKit/537.36 (KHTML, like Gecko) Chrome/131.0.0.0 Safari/537.36 Edg/131.0.0.0"
198.161.9.99 - - [21/Jan/2025:16:08:05 +0000] "GET /wp-content/plugins/kadence-blocks/dist/style-blocks-rowlayout.css?ver=3.4.5 HTTP/1.1" 200 1652 "https://cpd.mhcollab.ca/courses/2308b" "Mozilla/5.0 (Windows NT 10.0; Win64; x64) AppleWebKit/537.36 (KHTML, like Gecko) Chrome/131.0.0.0 Safari/537.36 Edg/131.0.0.0"
198.161.9.99 - - [21/Jan/2025:16:08:05 +0000] "GET /wp-content/uploads/2023/08/Instructor-image-default.png HTTP/1.1" 200 653205 "https://cpd.mhcollab.ca/courses/2308b" "Mozilla/5.0 (Windows NT 10.0; Win64; x64) AppleWebKit/537.36 (KHTML, like Gecko) Chrome/131.0.0.0 Safari/537.36 Edg/131.0.0.0"
198.161.9.99 - - [21/Jan/2025:16:08:18 +0000] "GET /courses/2308b/lessons/2308-resources HTTP/1.1" 200 27827 "https://cpd.mhcollab.ca/courses/2308b" "Mozilla/5.0 (Windows NT 10.0; Win64; x64) AppleWebKit/537.36 (KHTML, like Gecko) Chrome/131.0.0.0 Safari/537.36 Edg/131.0.0.0"
198.161.9.99 - - [21/Jan/2025:16:08:18 +0000] "POST /wp-admin/admin-ajax.php HTTP/1.1" 200 36 "https://cpd.mhcollab.ca/courses/2308b" "Mozilla/5.0 (Windows NT 10.0; Win64; x64) AppleWebKit/537.36 (KHTML, like Gecko) Chrome/131.0.0.0 Safari/537.36 Edg/131.0.0.0"
198.161.9.99 - - [21/Jan/2025:16:08:24 +0000] "POST /wp-admin/admin-ajax.php HTTP/1.1" 200 36 "https://cpd.mhcollab.ca/courses/2308b/lessons/2308-resources" "Mozilla/5.0 (Windows NT 10.0; Win64; x64) AppleWebKit/537.36 (KHTML, like Gecko) Chrome/131.0.0.0 Safari/537.36 Edg/131.0.0.0"
198.161.9.99 - - [21/Jan/2025:16:08:24 +0000] "GET /courses/2308b/lessons/2308-applying-dbt-presentation HTTP/1.1" 503 26858 "https://cpd.mhcollab.ca/courses/2308b/lessons/2308-resources" "Mozilla/5.0 (Windows NT 10.0; Win64; x64) AppleWebKit/537.36 (KHTML, like Gecko) Chrome/131.0.0.0 Safari/537.36 Edg/131.0.0.0"
198.161.9.99 - - [21/Jan/2025:16:08:32 +0000] "POST /wp-admin/admin-ajax.php HTTP/1.1" 200 36 "https://cpd.mhcollab.ca/courses/2308b/lessons/2308-applying-dbt-presentation" "Mozilla/5.0 (Windows NT 10.0; Win64; x64) AppleWebKit/537.36 (KHTML, like Gecko) Chrome/131.0.0.0 Safari/537.36 Edg/131.0.0.0"
198.161.9.99 - - [21/Jan/2025:16:08:32 +0000] "GET /courses/2308b/lessons/2308-side-handout HTTP/1.1" 200 27317 "https://cpd.mhcollab.ca/courses/2308b/lessons/2308-applying-dbt-presentation" "Mozilla/5.0 (Windows NT 10.0; Win64; x64) AppleWebKit/537.36 (KHTML, like Gecko) Chrome/131.0.0.0 Safari/537.36 Edg/131.0.0.0"
198.161.9.99 - - [21/Jan/2025:16:08:35 +0000] "GET /wp-content/uploads/2024/04/2308-Handouts-with-notes_Applying-DBT_Enhancing-Youth-Mental-Health-Outcomes.pdf HTTP/1.1" 200 295669 "https://cpd.mhcollab.ca/courses/2308b/lessons/2308-side-handout" "Mozilla/5.0 (Windows NT 10.0; Win64; x64) AppleWebKit/537.36 (KHTML, like Gecko) Chrome/131.0.0.0 Safari/537.36 Edg/131.0.0.0"
198.161.9.99 - - [21/Jan/2025:16:08:48 +0000] "POST /wp-admin/admin-ajax.php HTTP/1.1" 200 36 "https://cpd.mhcollab.ca/courses/2308b/lessons/2308-side-handout" "Mozilla/5.0 (Windows NT 10.0; Win64; x64) AppleWebKit/537.36 (KHTML, like Gecko) Chrome/131.0.0.0 Safari/537.36 Edg/131.0.0.0"
198.161.9.99 - - [21/Jan/2025:16:08:48 +0000] "GET /courses/2308b/lessons/2308-applying-dbt-presentation HTTP/1.1" 200 26857 "https://cpd.mhcollab.ca/courses/2308b/lessons/2308-resources" "Mozilla/5.0 (Windows NT 10.0; Win64; x64) AppleWebKit/537.36 (KHTML, like Gecko) Chrome/131.0.0.0 Safari/537.36 Edg/131.0.0.0"
45.56.220.125 - - [21/Jan/2025:16:08:54 +0000] "POST /wp-cron.php?doing_wp_cron=1737475734.7668159008026123046875 HTTP/1.1" 200 - "-" "WordPress/6.7.1; https://cpd.mhcollab.ca"
198.161.9.99 - - [21/Jan/2025:16:08:53 +0000] "POST /wp-admin/admin-ajax.php HTTP/1.1" 200 36 "https://cpd.mhcollab.ca/courses/2308b/lessons/2308-applying-dbt-presentation" "Mozilla/5.0 (Windows NT 10.0; Win64; x64) AppleWebKit/537.36 (KHTML, like Gecko) Chrome/131.0.0.0 Safari/537.36 Edg/131.0.0.0"
198.161.9.99 - - [21/Jan/2025:16:08:53 +0000] "GET /courses/2308b HTTP/1.1" 200 29238 "https://cpd.mhcollab.ca/courses/2308b/lessons/2308-applying-dbt-presentation" "Mozilla/5.0 (Windows NT 10.0; Win64; x64) AppleWebKit/537.36 (KHTML, like Gecko) Chrome/131.0.0.0 Safari/537.36 Edg/131.0.0.0"
198.161.9.99 - - [21/Jan/2025:16:08:59 +0000] "POST /wp-admin/admin-ajax.php HTTP/1.1" 200 36 "https://cpd.mhcollab.ca/courses/2308b" "Mozilla/5.0 (Windows NT 10.0; Win64; x64) AppleWebKit/537.36 (KHTML, like Gecko) Chrome/131.0.0.0 Safari/537.36 Edg/131.0.0.0"
198.161.9.99 - - [21/Jan/2025:16:08:59 +0000] "GET /courses/2308b/lessons/2308-applying-dbt-presentation HTTP/1.1" 200 26854 "https://cpd.mhcollab.ca/courses/2308b" "Mozilla/5.0 (Windows NT 10.0; Win64; x64) AppleWebKit/537.36 (KHTML, like Gecko) Chrome/131.0.0.0 Safari/537.36 Edg/131.0.0.0"
198.161.9.99 - - [21/Jan/2025:16:09:08 +0000] "POST /wp-admin/admin-ajax.php HTTP/1.1" 200 36 "https://cpd.mhcollab.ca/courses/2308b/lessons/2308-applying-dbt-presentation" "Mozilla/5.0 (Windows NT 10.0; Win64; x64) AppleWebKit/537.36 (KHTML, like Gecko) Chrome/131.0.0.0 Safari/537.36 Edg/131.0.0.0"
198.161.9.99 - - [21/Jan/2025:16:09:08 +0000] "GET /courses/2308b HTTP/1.1" 200 29234 "https://cpd.mhcollab.ca/courses/2308b/lessons/2308-applying-dbt-presentation" "Mozilla/5.0 (Windows NT 10.0; Win64; x64) AppleWebKit/537.36 (KHTML, like Gecko) Chrome/131.0.0.0 Safari/537.36 Edg/131.0.0.0"
198.161.9.99 - - [21/Jan/2025:16:09:16 +0000] "POST /wp-admin/admin-ajax.php HTTP/1.1" 200 36 "https://cpd.mhcollab.ca/courses/2308b" "Mozilla/5.0 (Windows NT 10.0; Win64; x64) AppleWebKit/537.36 (KHTML, like Gecko) Chrome/131.0.0.0 Safari/537.36 Edg/131.0.0.0"
198.161.9.99 - - [21/Jan/2025:16:09:16 +0000] "GET /courses/2308b/lessons/2308-applying-dbt-presentation HTTP/1.1" 200 26855 "https://cpd.mhcollab.ca/courses/2308b" "Mozilla/5.0 (Windows NT 10.0; Win64; x64) AppleWebKit/537.36 (KHTML, like Gecko) Chrome/131.0.0.0 Safari/537.36 Edg/131.0.0.0"
198.161.9.99 - - [21/Jan/2025:16:09:25 +0000] "POST /wp-admin/admin-ajax.php HTTP/1.1" 404 26055 "https://cpd.mhcollab.ca/courses/2308b/lessons/2308-applying-dbt-presentation" "Mozilla/5.0 (Windows NT 10.0; Win64; x64) AppleWebKit/537.36 (KHTML, like Gecko) Chrome/131.0.0.0 Safari/537.36 Edg/131.0.0.0"
198.161.9.99 - - [21/Jan/2025:16:09:26 +0000] "GET /courses/2308b/lessons/2308-applying-dbt-presentation HTTP/1.1" 503 26855 "https://cpd.mhcollab.ca/courses/2308b/lessons/2308-applying-dbt-presentation" "Mozilla/5.0 (Windows NT 10.0; Win64; x64) AppleWebKit/537.36 (KHTML, like Gecko) Chrome/131.0.0.0 Safari/537.36 Edg/131.0.0.0"
198.161.9.99 - - [21/Jan/2025:16:09:31 +0000] "POST /wp-admin/admin-ajax.php HTTP/1.1" 200 36 "https://cpd.mhcollab.ca/courses/2308b/lessons/2308-applying-dbt-presentation" "Mozilla/5.0 (Windows NT 10.0; Win64; x64) AppleWebKit/537.36 (KHTML, like Gecko) Chrome/131.0.0.0 Safari/537.36 Edg/131.0.0.0"
198.161.9.99 - - [21/Jan/2025:16:09:33 +0000] "POST /wp-admin/admin-ajax.php HTTP/1.1" 200 36 "https://cpd.mhcollab.ca/courses/2308b/lessons/2308-applying-dbt-presentation" "Mozilla/5.0 (Windows NT 10.0; Win64; x64) AppleWebKit/537.36 (KHTML, like Gecko) Chrome/131.0.0.0 Safari/537.36 Edg/131.0.0.0"
198.161.9.99 - - [21/Jan/2025:16:09:34 +0000] "GET /courses/2308b HTTP/1.1" 200 29235 "https://cpd.mhcollab.ca/courses/2308b/lessons/2308-applying-dbt-presentation" "Mozilla/5.0 (Windows NT 10.0; Win64; x64) AppleWebKit/537.36 (KHTML, like Gecko) Chrome/131.0.0.0 Safari/537.36 Edg/131.0.0.0"
198.161.9.99 - - [21/Jan/2025:16:09:46 +0000] "POST /wp-admin/admin-ajax.php HTTP/1.1" 200 36 "https://cpd.mhcollab.ca/courses/2308b" "Mozilla/5.0 (Windows NT 10.0; Win64; x64) AppleWebKit/537.36 (KHTML, like Gecko) Chrome/131.0.0.0 Safari/537.36 Edg/131.0.0.0"
198.161.9.99 - - [21/Jan/2025:16:09:45 +0000] "GET /courses/2308b/lessons/2308-resources HTTP/1.1" 200 27824 "https://cpd.mhcollab.ca/courses/2308b" "Mozilla/5.0 (Windows NT 10.0; Win64; x64) AppleWebKit/537.36 (KHTML, like Gecko) Chrome/131.0.0.0 Safari/537.36 Edg/131.0.0.0"
45.56.220.125 - - [21/Jan/2025:16:15:58 +0000] "POST /wp-cron.php?doing_wp_cron=1737476158.5156509876251220703125 HTTP/1.1" 200 - "-" "WordPress/6.7.1; https://cpd.mhcollab.ca"
66.249.77.161 - - [21/Jan/2025:16:15:57 +0000] "GET /wp-sitemap-posts-e-landing-page-1.xml HTTP/1.1" 200 241 "-" "Mozilla/5.0 (compatible; Googlebot/2.1; +http://www.google.com/bot.html)"
66.249.77.161 - - [21/Jan/2025:16:15:57 +0000] "GET /robots.txt HTTP/1.1" 200 111 "-" "Mozilla/5.0 (compatible; Googlebot/2.1; +http://www.google.com/bot.html)"
45.56.220.125 - - [21/Jan/2025:16:20:19 +0000] "POST /wp-cron.php?doing_wp_cron=1737476419.1571729183197021484375 HTTP/1.1" 200 - "-" "WordPress/6.7.1; https://cpd.mhcollab.ca"
173.252.87.4 - - [21/Jan/2025:16:20:17 +0000] "GET /robots.txt HTTP/1.1" 200 116 "-" "facebookexternalhit/1.1 (+http://www.facebook.com/externalhit_uatext.php)"
173.252.79.125 - - [21/Jan/2025:16:20:20 +0000] "GET /robots.txt HTTP/1.1" 200 111 "-" "facebookexternalhit/1.1 (+http://www.facebook.com/externalhit_uatext.php)"
45.56.220.125 - - [21/Jan/2025:16:36:28 +0000] "POST /wp-cron.php?doing_wp_cron=1737477388.9734089374542236328125 HTTP/1.1" 200 - "-" "WordPress/6.7.1; https://cpd.mhcollab.ca"
69.171.230.112 - - [21/Jan/2025:16:36:26 +0000] "GET /courses/2302 HTTP/1.1" 503 157944 "-" "meta-externalagent/1.1 (+https://developers.facebook.com/docs/sharing/webmasters/crawler)"
45.56.220.125 - - [21/Jan/2025:16:37:04 +0000] "POST /wp-cron.php?doing_wp_cron=1737477424.0445849895477294921875 HTTP/1.1" 200 - "-" "WordPress/6.7.1; https://cpd.mhcollab.ca"
173.252.87.114 - - [21/Jan/2025:16:37:02 +0000] "GET /courses/2302 HTTP/1.1" 200 157944 "-" "meta-externalagent/1.1 (+https://developers.facebook.com/docs/sharing/webmasters/crawler)"
45.56.220.125 - - [21/Jan/2025:16:55:27 +0000] "POST /wp-cron.php?doing_wp_cron=1737478527.2831470966339111328125 HTTP/1.1" 200 - "-" "WordPress/6.7.1; https://cpd.mhcollab.ca"
70.72.216.60 - - [21/Jan/2025:16:55:25 +0000] "GET /user-2 HTTP/1.1" 200 30098 "https://cpd.mhcollab.ca/news" "Mozilla/5.0 (Macintosh; Intel Mac OS X 10_15_7) AppleWebKit/605.1.15 (KHTML, like Gecko) Version/15.6.1 Safari/605.1.15"
70.72.216.60 - - [21/Jan/2025:16:55:35 +0000] "GET /courseinfo HTTP/1.1" 301 - "https://cpd.mhcollab.ca/user-2" "Mozilla/5.0 (Macintosh; Intel Mac OS X 10_15_7) AppleWebKit/605.1.15 (KHTML, like Gecko) Version/15.6.1 Safari/605.1.15"
70.72.216.60 - - [21/Jan/2025:16:55:36 +0000] "GET /courseinfo-2 HTTP/1.1" 200 33298 "https://cpd.mhcollab.ca/user-2" "Mozilla/5.0 (Macintosh; Intel Mac OS X 10_15_7) AppleWebKit/605.1.15 (KHTML, like Gecko) Version/15.6.1 Safari/605.1.15"
70.72.216.60 - - [21/Jan/2025:16:55:44 +0000] "GET /courseinfo/cat_b HTTP/1.1" 301 - "https://cpd.mhcollab.ca/courseinfo-2" "Mozilla/5.0 (Macintosh; Intel Mac OS X 10_15_7) AppleWebKit/605.1.15 (KHTML, like Gecko) Version/15.6.1 Safari/605.1.15"
70.72.216.60 - - [21/Jan/2025:16:55:46 +0000] "GET /courseinfo-2/cat_b HTTP/1.1" 200 32637 "https://cpd.mhcollab.ca/courseinfo-2" "Mozilla/5.0 (Macintosh; Intel Mac OS X 10_15_7) AppleWebKit/605.1.15 (KHTML, like Gecko) Version/15.6.1 Safari/605.1.15"
70.72.216.60 - - [21/Jan/2025:16:55:47 +0000] "GET /wp-content/plugins/learndash-course-grid/templates/skins/grid/style.css?ver=2.0.10 HTTP/1.1" 200 209 "https://cpd.mhcollab.ca/courseinfo-2/cat_b" "Mozilla/5.0 (Macintosh; Intel Mac OS X 10_15_7) AppleWebKit/605.1.15 (KHTML, like Gecko) Version/15.6.1 Safari/605.1.15"
70.72.216.60 - - [21/Jan/2025:16:55:47 +0000] "GET /wp-content/plugins/learndash-course-grid/templates/skins/grid/script.js?ver=2.0.10 HTTP/1.1" 200 624 "https://cpd.mhcollab.ca/courseinfo-2/cat_b" "Mozilla/5.0 (Macintosh; Intel Mac OS X 10_15_7) AppleWebKit/605.1.15 (KHTML, like Gecko) Version/15.6.1 Safari/605.1.15"
