4.204.184.33 - - [22/Jan/2025:02:24:34 +0000] "GET /wp-content/uploads/2023/07/Untitled-1140-%C3%97-550-px.png HTTP/1.1" 200 290890 "https://cpd.mhcollab.ca/wp-content/uploads/elementor/css/post-3854.css?ver=1736184241" "Mozilla/5.0 (Windows NT 10.0; Win64; x64) AppleWebKit/537.36 (KHTML, like Gecko) Chrome/125.0.6422.143 Safari/537.36"
4.204.184.33 - - [22/Jan/2025:02:24:34 +0000] "GET /wp-content/uploads/2023/07/Icon-Certification-e1690834824234.png HTTP/1.1" 200 2853 "https://cpd.mhcollab.ca/" "Mozilla/5.0 (Windows NT 10.0; Win64; x64) AppleWebKit/537.36 (KHTML, like Gecko) Chrome/125.0.6422.143 Safari/537.36"
4.204.184.33 - - [22/Jan/2025:02:24:34 +0000] "GET /wp-content/uploads/2023/07/top_ico_03.png HTTP/1.1" 200 2520 "https://cpd.mhcollab.ca/" "Mozilla/5.0 (Windows NT 10.0; Win64; x64) AppleWebKit/537.36 (KHTML, like Gecko) Chrome/125.0.6422.143 Safari/537.36"
4.204.184.33 - - [22/Jan/2025:02:24:34 +0000] "GET /wp-content/uploads/2023/07/bg_comm.png HTTP/1.1" 200 203400 "https://cpd.mhcollab.ca/wp-content/uploads/elementor/css/post-3854.css?ver=1736184241" "Mozilla/5.0 (Windows NT 10.0; Win64; x64) AppleWebKit/537.36 (KHTML, like Gecko) Chrome/125.0.6422.143 Safari/537.36"
4.204.184.33 - - [22/Jan/2025:02:24:34 +0000] "GET /wp-content/uploads/2023/07/top_ico_02.png HTTP/1.1" 200 1226 "https://cpd.mhcollab.ca/" "Mozilla/5.0 (Windows NT 10.0; Win64; x64) AppleWebKit/537.36 (KHTML, like Gecko) Chrome/125.0.6422.143 Safari/537.36"
4.204.184.33 - - [22/Jan/2025:02:24:34 +0000] "GET /wp-content/uploads/2024/07/2402-1024x1024.png HTTP/1.1" 200 843776 "https://cpd.mhcollab.ca/" "Mozilla/5.0 (Windows NT 10.0; Win64; x64) AppleWebKit/537.36 (KHTML, like Gecko) Chrome/125.0.6422.143 Safari/537.36"
4.204.184.33 - - [22/Jan/2025:02:24:34 +0000] "GET /wp-content/uploads/2024/07/2403-1-1024x1024.png HTTP/1.1" 200 1274170 "https://cpd.mhcollab.ca/" "Mozilla/5.0 (Windows NT 10.0; Win64; x64) AppleWebKit/537.36 (KHTML, like Gecko) Chrome/125.0.6422.143 Safari/537.36"
4.204.184.33 - - [22/Jan/2025:02:24:35 +0000] "GET /wp-includes/js/wp-emoji-release.min.js?ver=1f041886d6beac9432c1496850c082e4 HTTP/1.1" 200 5062 "https://cpd.mhcollab.ca/" "Mozilla/5.0 (Windows NT 10.0; Win64; x64) AppleWebKit/537.36 (KHTML, like Gecko) Chrome/125.0.6422.143 Safari/537.36"
4.204.184.33 - - [22/Jan/2025:02:24:35 +0000] "GET /wp-content/plugins/elementor/assets/js/text-editor.2cbb801863b5118e0825.bundle.min.js HTTP/1.1" 200 666 "https://cpd.mhcollab.ca/" "Mozilla/5.0 (Windows NT 10.0; Win64; x64) AppleWebKit/537.36 (KHTML, like Gecko) Chrome/125.0.6422.143 Safari/537.36"
4.204.184.33 - - [22/Jan/2025:02:24:39 +0000] "GET /wp-content/uploads/2022/07/cropped-CPD_Logo_acr-2022-e1658354457929-192x192.png HTTP/1.1" 200 14453 "https://cpd.mhcollab.ca/" "Mozilla/5.0 (Windows NT 10.0; Win64; x64) AppleWebKit/537.36 (KHTML, like Gecko) Chrome/125.0.6422.143 Safari/537.36"
162.157.240.196 - - [22/Jan/2025:02:24:38 +0000] "POST /user-2 HTTP/1.1" 302 - "https://cpd.mhcollab.ca/user-2" "Mozilla/5.0 (Windows NT 10.0; Win64; x64) AppleWebKit/537.36 (KHTML, like Gecko) Chrome/131.0.0.0 Safari/537.36"
162.157.240.196 - - [22/Jan/2025:02:24:40 +0000] "GET /wp-2fa-config?return=%2Fuser-2 HTTP/1.1" 200 35451 "https://cpd.mhcollab.ca/user-2" "Mozilla/5.0 (Windows NT 10.0; Win64; x64) AppleWebKit/537.36 (KHTML, like Gecko) Chrome/131.0.0.0 Safari/537.36"
162.157.240.196 - - [22/Jan/2025:02:24:43 +0000] "GET /wp-content/plugins/wp-2fa/dist/images/authy-logo.png HTTP/1.1" 200 5922 "https://cpd.mhcollab.ca/wp-2fa-config?return=%2Fuser-2" "Mozilla/5.0 (Windows NT 10.0; Win64; x64) AppleWebKit/537.36 (KHTML, like Gecko) Chrome/131.0.0.0 Safari/537.36"
162.157.240.196 - - [22/Jan/2025:02:24:43 +0000] "GET /wp-content/plugins/wp-2fa/dist/css/styles.css?ver=2.8.0 HTTP/1.1" 200 4088 "https://cpd.mhcollab.ca/wp-2fa-config?return=%2Fuser-2" "Mozilla/5.0 (Windows NT 10.0; Win64; x64) AppleWebKit/537.36 (KHTML, like Gecko) Chrome/131.0.0.0 Safari/537.36"
162.157.240.196 - - [22/Jan/2025:02:24:43 +0000] "GET /wp-content/plugins/wp-2fa/dist/js/micromodal.js?ver=2.8.0 HTTP/1.1" 200 4405 "https://cpd.mhcollab.ca/wp-2fa-config?return=%2Fuser-2" "Mozilla/5.0 (Windows NT 10.0; Win64; x64) AppleWebKit/537.36 (KHTML, like Gecko) Chrome/131.0.0.0 Safari/537.36"
162.157.240.196 - - [22/Jan/2025:02:24:43 +0000] "GET /wp-content/plugins/wp-2fa/dist/js/wp-2fa.js?ver=2.8.0 HTTP/1.1" 200 5494 "https://cpd.mhcollab.ca/wp-2fa-config?return=%2Fuser-2" "Mozilla/5.0 (Windows NT 10.0; Win64; x64) AppleWebKit/537.36 (KHTML, like Gecko) Chrome/131.0.0.0 Safari/537.36"
162.157.240.196 - - [22/Jan/2025:02:24:43 +0000] "GET /wp-content/plugins/wp-2fa/dist/images/google-logo.png HTTP/1.1" 200 9214 "https://cpd.mhcollab.ca/wp-2fa-config?return=%2Fuser-2" "Mozilla/5.0 (Windows NT 10.0; Win64; x64) AppleWebKit/537.36 (KHTML, like Gecko) Chrome/131.0.0.0 Safari/537.36"
162.157.240.196 - - [22/Jan/2025:02:24:43 +0000] "GET /wp-content/plugins/wp-2fa/dist/images/microsoft-logo.png HTTP/1.1" 200 8220 "https://cpd.mhcollab.ca/wp-2fa-config?return=%2Fuser-2" "Mozilla/5.0 (Windows NT 10.0; Win64; x64) AppleWebKit/537.36 (KHTML, like Gecko) Chrome/131.0.0.0 Safari/537.36"
162.157.240.196 - - [22/Jan/2025:02:24:43 +0000] "GET /wp-content/plugins/wp-2fa/dist/images/duo-logo.png HTTP/1.1" 200 5254 "https://cpd.mhcollab.ca/wp-2fa-config?return=%2Fuser-2" "Mozilla/5.0 (Windows NT 10.0; Win64; x64) AppleWebKit/537.36 (KHTML, like Gecko) Chrome/131.0.0.0 Safari/537.36"
162.157.240.196 - - [22/Jan/2025:02:24:43 +0000] "GET /wp-content/plugins/wp-2fa/dist/images/lastpass-logo.png HTTP/1.1" 200 9038 "https://cpd.mhcollab.ca/wp-2fa-config?return=%2Fuser-2" "Mozilla/5.0 (Windows NT 10.0; Win64; x64) AppleWebKit/537.36 (KHTML, like Gecko) Chrome/131.0.0.0 Safari/537.36"
162.157.240.196 - - [22/Jan/2025:02:24:43 +0000] "GET /wp-content/plugins/wp-2fa/dist/images/free-otp-logo.png HTTP/1.1" 200 8572 "https://cpd.mhcollab.ca/wp-2fa-config?return=%2Fuser-2" "Mozilla/5.0 (Windows NT 10.0; Win64; x64) AppleWebKit/537.36 (KHTML, like Gecko) Chrome/131.0.0.0 Safari/537.36"
162.157.240.196 - - [22/Jan/2025:02:24:43 +0000] "GET /wp-content/plugins/wp-2fa/dist/images/okta-logo.png HTTP/1.1" 200 9215 "https://cpd.mhcollab.ca/wp-2fa-config?return=%2Fuser-2" "Mozilla/5.0 (Windows NT 10.0; Win64; x64) AppleWebKit/537.36 (KHTML, like Gecko) Chrome/131.0.0.0 Safari/537.36"
45.56.220.125 - - [22/Jan/2025:02:24:52 +0000] "POST /wp-cron.php?doing_wp_cron=1737512692.6202349662780761718750 HTTP/1.1" 200 - "-" "WordPress/6.7.1; https://cpd.mhcollab.ca"
162.157.240.196 - - [22/Jan/2025:02:24:51 +0000] "POST /wp-admin/admin-ajax.php HTTP/1.1" 200 21 "https://cpd.mhcollab.ca/wp-2fa-config?return=%2Fuser-2" "Mozilla/5.0 (Windows NT 10.0; Win64; x64) AppleWebKit/537.36 (KHTML, like Gecko) Chrome/131.0.0.0 Safari/537.36"
45.56.220.125 - - [22/Jan/2025:02:25:31 +0000] "POST /wp-cron.php?doing_wp_cron=1737512731.5892529487609863281250 HTTP/1.1" 200 - "-" "WordPress/6.7.1; https://cpd.mhcollab.ca"
162.157.240.196 - - [22/Jan/2025:02:25:30 +0000] "POST /wp-admin/admin-ajax.php HTTP/1.1" 200 36 "https://cpd.mhcollab.ca/wp-2fa-config?return=%2Fuser-2" "Mozilla/5.0 (Windows NT 10.0; Win64; x64) AppleWebKit/537.36 (KHTML, like Gecko) Chrome/131.0.0.0 Safari/537.36"
162.157.240.196 - - [22/Jan/2025:02:25:35 +0000] "GET //user-2 HTTP/1.1" 301 - "https://cpd.mhcollab.ca/wp-2fa-config?return=%2Fuser-2" "Mozilla/5.0 (Windows NT 10.0; Win64; x64) AppleWebKit/537.36 (KHTML, like Gecko) Chrome/131.0.0.0 Safari/537.36"
162.157.240.196 - - [22/Jan/2025:02:25:37 +0000] "GET /user-2 HTTP/1.1" 200 30118 "https://cpd.mhcollab.ca/wp-2fa-config?return=%2Fuser-2" "Mozilla/5.0 (Windows NT 10.0; Win64; x64) AppleWebKit/537.36 (KHTML, like Gecko) Chrome/131.0.0.0 Safari/537.36"
162.157.240.196 - - [22/Jan/2025:02:25:39 +0000] "GET /wp-content/plugins/user-registration/assets/css/my-account-layout.css?ver=3.3.5.2 HTTP/1.1" 200 5261 "https://cpd.mhcollab.ca/user-2" "Mozilla/5.0 (Windows NT 10.0; Win64; x64) AppleWebKit/537.36 (KHTML, like Gecko) Chrome/131.0.0.0 Safari/537.36"
162.157.240.196 - - [22/Jan/2025:02:25:39 +0000] "GET /wp-content/plugins/sfwd-lms/themes/legacy/templates/learndash_pager.min.js?ver=4.20.0.1 HTTP/1.1" 200 915 "https://cpd.mhcollab.ca/user-2" "Mozilla/5.0 (Windows NT 10.0; Win64; x64) AppleWebKit/537.36 (KHTML, like Gecko) Chrome/131.0.0.0 Safari/537.36"
162.157.240.196 - - [22/Jan/2025:02:25:39 +0000] "GET /wp-content/plugins/sfwd-lms/themes/legacy/templates/learndash_template_script.min.js?ver=4.20.0.1 HTTP/1.1" 200 1131 "https://cpd.mhcollab.ca/user-2" "Mozilla/5.0 (Windows NT 10.0; Win64; x64) AppleWebKit/537.36 (KHTML, like Gecko) Chrome/131.0.0.0 Safari/537.36"
162.157.240.196 - - [22/Jan/2025:02:25:39 +0000] "GET /wp-content/plugins/sfwd-lms/assets/js/jquery.dropdown.min.js?ver=4.20.0.1 HTTP/1.1" 200 936 "https://cpd.mhcollab.ca/user-2" "Mozilla/5.0 (Windows NT 10.0; Win64; x64) AppleWebKit/537.36 (KHTML, like Gecko) Chrome/131.0.0.0 Safari/537.36"
162.157.240.196 - - [22/Jan/2025:02:25:39 +0000] "GET /wp-content/plugins/user-registration/assets/js/frontend/my-account.min.js?ver=3.3.5.2 HTTP/1.1" 200 1616 "https://cpd.mhcollab.ca/user-2" "Mozilla/5.0 (Windows NT 10.0; Win64; x64) AppleWebKit/537.36 (KHTML, like Gecko) Chrome/131.0.0.0 Safari/537.36"
162.157.240.196 - - [22/Jan/2025:02:25:39 +0000] "GET /wp-content/plugins/user-registration/assets/css/user-registration-smallscreen.css?ver=3.3.5.2 HTTP/1.1" 200 740 "https://cpd.mhcollab.ca/user-2" "Mozilla/5.0 (Windows NT 10.0; Win64; x64) AppleWebKit/537.36 (KHTML, like Gecko) Chrome/131.0.0.0 Safari/537.36"
162.157.240.196 - - [22/Jan/2025:02:25:39 +0000] "GET /wp-content/plugins/user-registration/assets/js/sweetalert2/sweetalert2.min.js?ver=10.16.7 HTTP/1.1" 200 15048 "https://cpd.mhcollab.ca/user-2" "Mozilla/5.0 (Windows NT 10.0; Win64; x64) AppleWebKit/537.36 (KHTML, like Gecko) Chrome/131.0.0.0 Safari/537.36"
162.157.240.196 - - [22/Jan/2025:02:25:41 +0000] "GET /courseinfo-2 HTTP/1.1" 200 33298 "https://cpd.mhcollab.ca/user-2" "Mozilla/5.0 (Windows NT 10.0; Win64; x64) AppleWebKit/537.36 (KHTML, like Gecko) Chrome/131.0.0.0 Safari/537.36"
162.157.240.196 - - [22/Jan/2025:02:25:50 +0000] "GET /wp-content/plugins/elementor/assets/lib/eicons/fonts/eicons.woff2?5.34.0 HTTP/1.1" 200 98341 "https://cpd.mhcollab.ca/wp-content/plugins/elementor/assets/lib/eicons/css/elementor-icons.min.css?ver=5.34.0" "Mozilla/5.0 (Windows NT 10.0; Win64; x64) AppleWebKit/537.36 (KHTML, like Gecko) Chrome/131.0.0.0 Safari/537.36"
45.56.220.125 - - [22/Jan/2025:02:25:59 +0000] "POST /wp-cron.php?doing_wp_cron=1737512759.9230420589447021484375 HTTP/1.1" 200 - "-" "WordPress/6.7.1; https://cpd.mhcollab.ca"
162.157.240.196 - - [22/Jan/2025:02:25:58 +0000] "GET /courseinfo/cat_b HTTP/1.1" 301 - "https://cpd.mhcollab.ca/courseinfo-2" "Mozilla/5.0 (Windows NT 10.0; Win64; x64) AppleWebKit/537.36 (KHTML, like Gecko) Chrome/131.0.0.0 Safari/537.36"
162.157.240.196 - - [22/Jan/2025:02:26:00 +0000] "GET /courseinfo-2/cat_b HTTP/1.1" 200 32638 "https://cpd.mhcollab.ca/courseinfo-2" "Mozilla/5.0 (Windows NT 10.0; Win64; x64) AppleWebKit/537.36 (KHTML, like Gecko) Chrome/131.0.0.0 Safari/537.36"
162.157.240.196 - - [22/Jan/2025:02:26:02 +0000] "GET /wp-content/plugins/learndash-course-grid/templates/cards/grid-2/style.css?ver=2.0.10 HTTP/1.1" 200 907 "https://cpd.mhcollab.ca/courseinfo-2/cat_b" "Mozilla/5.0 (Windows NT 10.0; Win64; x64) AppleWebKit/537.36 (KHTML, like Gecko) Chrome/131.0.0.0 Safari/537.36"
162.157.240.196 - - [22/Jan/2025:02:26:03 +0000] "GET /wp-content/uploads/2024/07/2401-150x150.png HTTP/1.1" 200 38654 "https://cpd.mhcollab.ca/courseinfo-2/cat_b" "Mozilla/5.0 (Windows NT 10.0; Win64; x64) AppleWebKit/537.36 (KHTML, like Gecko) Chrome/131.0.0.0 Safari/537.36"
162.157.240.196 - - [22/Jan/2025:02:26:03 +0000] "GET /wp-content/uploads/2024/08/CatB-CES2-150x150.png HTTP/1.1" 200 45491 "https://cpd.mhcollab.ca/courseinfo-2/cat_b" "Mozilla/5.0 (Windows NT 10.0; Win64; x64) AppleWebKit/537.36 (KHTML, like Gecko) Chrome/131.0.0.0 Safari/537.36"
162.157.240.196 - - [22/Jan/2025:02:26:03 +0000] "GET /wp-content/uploads/2024/08/CatB-MHL2-1-150x150.png HTTP/1.1" 200 23384 "https://cpd.mhcollab.ca/courseinfo-2/cat_b" "Mozilla/5.0 (Windows NT 10.0; Win64; x64) AppleWebKit/537.36 (KHTML, like Gecko) Chrome/131.0.0.0 Safari/537.36"
162.157.240.196 - - [22/Jan/2025:02:26:03 +0000] "GET /wp-content/uploads/2023/06/DBT-150x150.jpg HTTP/1.1" 200 4202 "https://cpd.mhcollab.ca/courseinfo-2/cat_b" "Mozilla/5.0 (Windows NT 10.0; Win64; x64) AppleWebKit/537.36 (KHTML, like Gecko) Chrome/131.0.0.0 Safari/537.36"
162.157.240.196 - - [22/Jan/2025:02:26:03 +0000] "GET /wp-content/uploads/2023/06/Multiple-Personality-150x150.jpg HTTP/1.1" 200 8556 "https://cpd.mhcollab.ca/courseinfo-2/cat_b" "Mozilla/5.0 (Windows NT 10.0; Win64; x64) AppleWebKit/537.36 (KHTML, like Gecko) Chrome/131.0.0.0 Safari/537.36"
162.157.240.196 - - [22/Jan/2025:02:26:03 +0000] "GET /wp-content/uploads/2022/08/smiling-businesswoman-sitting-at-office-desk-holding-coffee-while-working-on-laptop--150x150.jpg HTTP/1.1" 200 5777 "https://cpd.mhcollab.ca/courseinfo-2/cat_b" "Mozilla/5.0 (Windows NT 10.0; Win64; x64) AppleWebKit/537.36 (KHTML, like Gecko) Chrome/131.0.0.0 Safari/537.36"
162.157.240.196 - - [22/Jan/2025:02:26:04 +0000] "GET /wp-content/uploads/2023/06/Adolescence-School-150x150.jpg HTTP/1.1" 200 7479 "https://cpd.mhcollab.ca/courseinfo-2/cat_b" "Mozilla/5.0 (Windows NT 10.0; Win64; x64) AppleWebKit/537.36 (KHTML, like Gecko) Chrome/131.0.0.0 Safari/537.36"
162.157.240.196 - - [22/Jan/2025:02:26:04 +0000] "GET /wp-content/uploads/2023/06/Eating-Disorders-150x150.jpg HTTP/1.1" 200 7427 "https://cpd.mhcollab.ca/courseinfo-2/cat_b" "Mozilla/5.0 (Windows NT 10.0; Win64; x64) AppleWebKit/537.36 (KHTML, like Gecko) Chrome/131.0.0.0 Safari/537.36"
162.157.240.196 - - [22/Jan/2025:02:26:04 +0000] "GET /wp-content/uploads/2023/06/Children-School-150x150.jpg HTTP/1.1" 200 8136 "https://cpd.mhcollab.ca/courseinfo-2/cat_b" "Mozilla/5.0 (Windows NT 10.0; Win64; x64) AppleWebKit/537.36 (KHTML, like Gecko) Chrome/131.0.0.0 Safari/537.36"
162.157.240.196 - - [22/Jan/2025:02:26:06 +0000] "GET /wp-content/uploads/2023/06/Outside-the-Box-150x150.jpg HTTP/1.1" 200 3054 "https://cpd.mhcollab.ca/courseinfo-2/cat_b" "Mozilla/5.0 (Windows NT 10.0; Win64; x64) AppleWebKit/537.36 (KHTML, like Gecko) Chrome/131.0.0.0 Safari/537.36"
162.157.240.196 - - [22/Jan/2025:02:26:06 +0000] "GET /wp-content/uploads/2023/09/2206-Cognitive-Flexibility-150x150.png HTTP/1.1" 200 26878 "https://cpd.mhcollab.ca/courseinfo-2/cat_b" "Mozilla/5.0 (Windows NT 10.0; Win64; x64) AppleWebKit/537.36 (KHTML, like Gecko) Chrome/131.0.0.0 Safari/537.36"
162.157.240.196 - - [22/Jan/2025:02:26:06 +0000] "GET /wp-content/uploads/2023/09/2207-COVID-Young-Child-development-150x150.png HTTP/1.1" 200 46185 "https://cpd.mhcollab.ca/courseinfo-2/cat_b" "Mozilla/5.0 (Windows NT 10.0; Win64; x64) AppleWebKit/537.36 (KHTML, like Gecko) Chrome/131.0.0.0 Safari/537.36"
162.157.240.196 - - [22/Jan/2025:02:26:15 +0000] "GET /wp-content/uploads/2023/09/2204-Transgender-Youth-Ash-Tree-150x150.png HTTP/1.1" 200 63328 "https://cpd.mhcollab.ca/courseinfo-2/cat_b" "Mozilla/5.0 (Windows NT 10.0; Win64; x64) AppleWebKit/537.36 (KHTML, like Gecko) Chrome/131.0.0.0 Safari/537.36"
162.157.240.196 - - [22/Jan/2025:02:26:15 +0000] "GET /wp-content/uploads/2023/09/2205-img-Flourishing-150x150.png HTTP/1.1" 200 38113 "https://cpd.mhcollab.ca/courseinfo-2/cat_b" "Mozilla/5.0 (Windows NT 10.0; Win64; x64) AppleWebKit/537.36 (KHTML, like Gecko) Chrome/131.0.0.0 Safari/537.36"
162.157.240.196 - - [22/Jan/2025:02:26:15 +0000] "GET /wp-content/uploads/2023/09/Pendulating-150x150.png HTTP/1.1" 200 20715 "https://cpd.mhcollab.ca/courseinfo-2/cat_b" "Mozilla/5.0 (Windows NT 10.0; Win64; x64) AppleWebKit/537.36 (KHTML, like Gecko) Chrome/131.0.0.0 Safari/537.36"
162.157.240.196 - - [22/Jan/2025:02:26:18 +0000] "GET /wp-content/uploads/2023/09/wooden-doll-figures-of-family-with-break-love-heart-concept-of-divorce-e1693552514253-150x150.jpg HTTP/1.1" 200 3004 "https://cpd.mhcollab.ca/courseinfo-2/cat_b" "Mozilla/5.0 (Windows NT 10.0; Win64; x64) AppleWebKit/537.36 (KHTML, like Gecko) Chrome/131.0.0.0 Safari/537.36"
162.157.240.196 - - [22/Jan/2025:02:26:18 +0000] "GET /wp-content/uploads/2023/09/2201-150x150.png HTTP/1.1" 200 12920 "https://cpd.mhcollab.ca/courseinfo-2/cat_b" "Mozilla/5.0 (Windows NT 10.0; Win64; x64) AppleWebKit/537.36 (KHTML, like Gecko) Chrome/131.0.0.0 Safari/537.36"
162.157.240.196 - - [22/Jan/2025:02:26:18 +0000] "GET /wp-content/uploads/2023/09/2202-AutisticWellbeing-150x150.png HTTP/1.1" 200 14396 "https://cpd.mhcollab.ca/courseinfo-2/cat_b" "Mozilla/5.0 (Windows NT 10.0; Win64; x64) AppleWebKit/537.36 (KHTML, like Gecko) Chrome/131.0.0.0 Safari/537.36"
162.157.240.196 - - [22/Jan/2025:02:26:21 +0000] "GET /wp-content/uploads/2023/08/Prescribe-150x150.png HTTP/1.1" 200 11020 "https://cpd.mhcollab.ca/courseinfo-2/cat_b" "Mozilla/5.0 (Windows NT 10.0; Win64; x64) AppleWebKit/537.36 (KHTML, like Gecko) Chrome/131.0.0.0 Safari/537.36"
162.157.240.196 - - [22/Jan/2025:02:26:21 +0000] "GET /wp-content/uploads/2023/09/young-adult-friends-youth-culture-concept-150x150.jpg HTTP/1.1" 200 7029 "https://cpd.mhcollab.ca/courseinfo-2/cat_b" "Mozilla/5.0 (Windows NT 10.0; Win64; x64) AppleWebKit/537.36 (KHTML, like Gecko) Chrome/131.0.0.0 Safari/537.36"
162.157.240.196 - - [22/Jan/2025:02:26:21 +0000] "GET /wp-content/uploads/2023/08/2107-150x150.png HTTP/1.1" 200 11831 "https://cpd.mhcollab.ca/courseinfo-2/cat_b" "Mozilla/5.0 (Windows NT 10.0; Win64; x64) AppleWebKit/537.36 (KHTML, like Gecko) Chrome/131.0.0.0 Safari/537.36"
162.157.240.196 - - [22/Jan/2025:02:26:27 +0000] "GET /wp-content/uploads/2023/08/ToxicRelationship-150x150.png HTTP/1.1" 200 12355 "https://cpd.mhcollab.ca/courseinfo-2/cat_b" "Mozilla/5.0 (Windows NT 10.0; Win64; x64) AppleWebKit/537.36 (KHTML, like Gecko) Chrome/131.0.0.0 Safari/537.36"
162.157.240.196 - - [22/Jan/2025:02:26:27 +0000] "GET /wp-content/uploads/2023/08/SchoolItems-150x150.png HTTP/1.1" 200 55514 "https://cpd.mhcollab.ca/courseinfo-2/cat_b" "Mozilla/5.0 (Windows NT 10.0; Win64; x64) AppleWebKit/537.36 (KHTML, like Gecko) Chrome/131.0.0.0 Safari/537.36"
162.157.240.196 - - [22/Jan/2025:02:26:27 +0000] "GET /wp-content/uploads/2023/08/EmotionRegulation-150x150.png HTTP/1.1" 200 12608 "https://cpd.mhcollab.ca/courseinfo-2/cat_b" "Mozilla/5.0 (Windows NT 10.0; Win64; x64) AppleWebKit/537.36 (KHTML, like Gecko) Chrome/131.0.0.0 Safari/537.36"
162.157.240.196 - - [22/Jan/2025:02:26:31 +0000] "GET /wp-content/uploads/2022/07/TitleImage-e1690839275614-150x150.jpg HTTP/1.1" 200 4973 "https://cpd.mhcollab.ca/courseinfo-2/cat_b" "Mozilla/5.0 (Windows NT 10.0; Win64; x64) AppleWebKit/537.36 (KHTML, like Gecko) Chrome/131.0.0.0 Safari/537.36"
162.157.240.196 - - [22/Jan/2025:02:26:31 +0000] "GET /wp-content/uploads/2023/08/MountainLake-150x150.png HTTP/1.1" 200 32393 "https://cpd.mhcollab.ca/courseinfo-2/cat_b" "Mozilla/5.0 (Windows NT 10.0; Win64; x64) AppleWebKit/537.36 (KHTML, like Gecko) Chrome/131.0.0.0 Safari/537.36"
162.157.240.196 - - [22/Jan/2025:02:26:32 +0000] "GET /courses/2202 HTTP/1.1" 200 27977 "https://cpd.mhcollab.ca/courseinfo-2/cat_b" "Mozilla/5.0 (Windows NT 10.0; Win64; x64) AppleWebKit/537.36 (KHTML, like Gecko) Chrome/131.0.0.0 Safari/537.36"
162.157.240.196 - - [22/Jan/2025:02:26:34 +0000] "GET /wp-content/plugins/uncanny-toolkit-pro/src/assets/legacy/frontend/css/jquery.dialogbox.css?ver=4.3.1 HTTP/1.1" 200 1074 "https://cpd.mhcollab.ca/courses/2202" "Mozilla/5.0 (Windows NT 10.0; Win64; x64) AppleWebKit/537.36 (KHTML, like Gecko) Chrome/131.0.0.0 Safari/537.36"
162.157.240.196 - - [22/Jan/2025:02:26:34 +0000] "GET /wp-content/plugins/kadence-blocks/dist/style-blocks-rowlayout.css?ver=3.4.5 HTTP/1.1" 200 1652 "https://cpd.mhcollab.ca/courses/2202" "Mozilla/5.0 (Windows NT 10.0; Win64; x64) AppleWebKit/537.36 (KHTML, like Gecko) Chrome/131.0.0.0 Safari/537.36"
162.157.240.196 - - [22/Jan/2025:02:26:34 +0000] "GET /wp-content/plugins/uncanny-toolkit-pro/src/assets/legacy/frontend/js/jquery.dialogBox.js?ver=0.0.2 HTTP/1.1" 200 3454 "https://cpd.mhcollab.ca/courses/2202" "Mozilla/5.0 (Windows NT 10.0; Win64; x64) AppleWebKit/537.36 (KHTML, like Gecko) Chrome/131.0.0.0 Safari/537.36"
162.157.240.196 - - [22/Jan/2025:02:26:34 +0000] "GET /wp-content/plugins/uncanny-toolkit-pro/src/assets/legacy/frontend/js/idle-timer.js?ver=1.1.0 HTTP/1.1" 200 3113 "https://cpd.mhcollab.ca/courses/2202" "Mozilla/5.0 (Windows NT 10.0; Win64; x64) AppleWebKit/537.36 (KHTML, like Gecko) Chrome/131.0.0.0 Safari/537.36"
162.157.240.196 - - [22/Jan/2025:02:26:34 +0000] "GET /wp-content/plugins/sfwd-lms/assets/js/learndash-payments.min.js?ver=4.20.0.1 HTTP/1.1" 200 408 "https://cpd.mhcollab.ca/courses/2202" "Mozilla/5.0 (Windows NT 10.0; Win64; x64) AppleWebKit/537.36 (KHTML, like Gecko) Chrome/131.0.0.0 Safari/537.36"
162.157.240.196 - - [22/Jan/2025:02:26:34 +0000] "GET /wp-content/plugins/uncanny-toolkit-pro/src/assets/legacy/frontend/js/uo-timer.js?ver=4.3.1 HTTP/1.1" 200 1299 "https://cpd.mhcollab.ca/courses/2202" "Mozilla/5.0 (Windows NT 10.0; Win64; x64) AppleWebKit/537.36 (KHTML, like Gecko) Chrome/131.0.0.0 Safari/537.36"
162.157.240.196 - - [22/Jan/2025:02:26:39 +0000] "POST /courses/2202 HTTP/1.1" 200 29027 "https://cpd.mhcollab.ca/courses/2202" "Mozilla/5.0 (Windows NT 10.0; Win64; x64) AppleWebKit/537.36 (KHTML, like Gecko) Chrome/131.0.0.0 Safari/537.36"
162.157.240.196 - - [22/Jan/2025:02:26:42 +0000] "GET /wp-content/plugins/learndash-propanel/includes/reports-base/assets/js/time-tracking/index.js?ver=3.0.2 HTTP/1.1" 200 1729 "https://cpd.mhcollab.ca/courses/2202" "Mozilla/5.0 (Windows NT 10.0; Win64; x64) AppleWebKit/537.36 (KHTML, like Gecko) Chrome/131.0.0.0 Safari/537.36"
162.157.240.196 - - [22/Jan/2025:02:26:42 +0000] "GET /wp-content/uploads/2023/09/Brown-edited-1.jpg HTTP/1.1" 200 26257 "https://cpd.mhcollab.ca/courses/2202" "Mozilla/5.0 (Windows NT 10.0; Win64; x64) AppleWebKit/537.36 (KHTML, like Gecko) Chrome/131.0.0.0 Safari/537.36"
45.56.220.125 - - [22/Jan/2025:02:26:59 +0000] "POST /wp-cron.php?doing_wp_cron=1737512819.4988310337066650390625 HTTP/1.1" 200 - "-" "WordPress/6.7.1; https://cpd.mhcollab.ca"
162.157.240.196 - - [22/Jan/2025:02:26:57 +0000] "GET /courses/2202/lessons/2202-1 HTTP/1.1" 200 28500 "https://cpd.mhcollab.ca/courses/2202" "Mozilla/5.0 (Windows NT 10.0; Win64; x64) AppleWebKit/537.36 (KHTML, like Gecko) Chrome/131.0.0.0 Safari/537.36"
162.157.240.196 - - [22/Jan/2025:02:27:00 +0000] "GET /wp-content/plugins/sfwd-lms/themes/ld30/assets/fonts/ld-icons.ttf?e0vk6b HTTP/1.1" 200 3087 "https://cpd.mhcollab.ca/wp-content/plugins/sfwd-lms/themes/ld30/assets/css/learndash.min.css?ver=4.20.0.1" "Mozilla/5.0 (Windows NT 10.0; Win64; x64) AppleWebKit/537.36 (KHTML, like Gecko) Chrome/131.0.0.0 Safari/537.36"
162.157.240.196 - - [22/Jan/2025:02:26:57 +0000] "POST /wp-admin/admin-ajax.php HTTP/1.1" 200 36 "https://cpd.mhcollab.ca/courses/2202" "Mozilla/5.0 (Windows NT 10.0; Win64; x64) AppleWebKit/537.36 (KHTML, like Gecko) Chrome/131.0.0.0 Safari/537.36"
162.157.240.196 - - [22/Jan/2025:02:27:03 +0000] "POST /wp-admin/admin-ajax.php HTTP/1.1" 200 36 "https://cpd.mhcollab.ca/courses/2202/lessons/2202-1" "Mozilla/5.0 (Windows NT 10.0; Win64; x64) AppleWebKit/537.36 (KHTML, like Gecko) Chrome/131.0.0.0 Safari/537.36"
45.56.220.125 - - [22/Jan/2025:02:26:59 +0000] "POST /wp-admin/admin-ajax.php?action=as_async_request_queue_runner&nonce=e52e0e0d3c HTTP/1.1" 404 26029 "-" "WordPress/6.7.1; https://cpd.mhcollab.ca"
162.157.240.196 - - [22/Jan/2025:02:27:05 +0000] "POST /courses/2202 HTTP/1.1" 503 29054 "https://cpd.mhcollab.ca/courses/2202" "Mozilla/5.0 (Windows NT 10.0; Win64; x64) AppleWebKit/537.36 (KHTML, like Gecko) Chrome/131.0.0.0 Safari/537.36"
162.157.240.196 - - [22/Jan/2025:02:27:08 +0000] "GET /wp-content/uploads/2022/07/cropped-CPD_Logo_acr-2022-e1658354457929-32x32.png HTTP/1.1" 200 1476 "https://cpd.mhcollab.ca/courses/2202" "Mozilla/5.0 (Windows NT 10.0; Win64; x64) AppleWebKit/537.36 (KHTML, like Gecko) Chrome/131.0.0.0 Safari/537.36"
162.157.240.196 - - [22/Jan/2025:02:27:12 +0000] "POST /wp-admin/admin-ajax.php HTTP/1.1" 200 36 "https://cpd.mhcollab.ca/courses/2202" "Mozilla/5.0 (Windows NT 10.0; Win64; x64) AppleWebKit/537.36 (KHTML, like Gecko) Chrome/131.0.0.0 Safari/537.36"
162.157.240.196 - - [22/Jan/2025:02:27:12 +0000] "GET /courses/2202/lessons/2202-2 HTTP/1.1" 200 26839 "https://cpd.mhcollab.ca/courses/2202" "Mozilla/5.0 (Windows NT 10.0; Win64; x64) AppleWebKit/537.36 (KHTML, like Gecko) Chrome/131.0.0.0 Safari/537.36"
162.157.240.196 - - [22/Jan/2025:02:27:23 +0000] "GET /courses/2202/lessons/2202-1 HTTP/1.1" 200 28500 "https://cpd.mhcollab.ca/courses/2202/lessons/2202-2" "Mozilla/5.0 (Windows NT 10.0; Win64; x64) AppleWebKit/537.36 (KHTML, like Gecko) Chrome/131.0.0.0 Safari/537.36"
162.157.240.196 - - [22/Jan/2025:02:27:23 +0000] "POST /wp-admin/admin-ajax.php HTTP/1.1" 200 36 "https://cpd.mhcollab.ca/courses/2202/lessons/2202-2" "Mozilla/5.0 (Windows NT 10.0; Win64; x64) AppleWebKit/537.36 (KHTML, like Gecko) Chrome/131.0.0.0 Safari/537.36"
162.157.240.196 - - [22/Jan/2025:02:27:29 +0000] "GET /wp-content/uploads/2023/09/2202-Slide-Handout-2-per-page.pdf HTTP/1.1" 200 13886944 "https://cpd.mhcollab.ca/courses/2202/lessons/2202-1" "Mozilla/5.0 (Windows NT 10.0; Win64; x64) AppleWebKit/537.36 (KHTML, like Gecko) Chrome/131.0.0.0 Safari/537.36"
162.157.240.196 - - [22/Jan/2025:02:27:45 +0000] "GET /wp-content/plugins/uncanny-toolkit-pro/src/includes/simple_timer_performance.php?course_id=5092&post_id=5100&_=1737512847007 HTTP/1.1" 200 78 "https://cpd.mhcollab.ca/courses/2202/lessons/2202-1" "Mozilla/5.0 (Windows NT 10.0; Win64; x64) AppleWebKit/537.36 (KHTML, like Gecko) Chrome/131.0.0.0 Safari/537.36"
45.56.220.125 - - [22/Jan/2025:02:28:01 +0000] "POST /wp-cron.php?doing_wp_cron=1737512881.7067410945892333984375 HTTP/1.1" 200 - "-" "WordPress/6.7.1; https://cpd.mhcollab.ca"
185.191.171.17 - - [22/Jan/2025:02:27:59 +0000] "GET /questions/question-60-2/ HTTP/1.1" 404 25570 "-" "Mozilla/5.0 (compatible; SemrushBot/7~bl; +http://www.semrush.com/bot.html)"
162.157.240.196 - - [22/Jan/2025:02:28:06 +0000] "GET /wp-content/plugins/uncanny-toolkit-pro/src/includes/simple_timer_performance.php?course_id=5092&post_id=5100&_=1737512847008 HTTP/1.1" 200 76 "https://cpd.mhcollab.ca/courses/2202/lessons/2202-1" "Mozilla/5.0 (Windows NT 10.0; Win64; x64) AppleWebKit/537.36 (KHTML, like Gecko) Chrome/131.0.0.0 Safari/537.36"
162.157.240.196 - - [22/Jan/2025:02:28:26 +0000] "GET /wp-content/plugins/uncanny-toolkit-pro/src/includes/simple_timer_performance.php?course_id=5092&post_id=5100&_=1737512847009 HTTP/1.1" 200 74 "https://cpd.mhcollab.ca/courses/2202/lessons/2202-1" "Mozilla/5.0 (Windows NT 10.0; Win64; x64) AppleWebKit/537.36 (KHTML, like Gecko) Chrome/131.0.0.0 Safari/537.36"
157.55.39.11 - - [22/Jan/2025:02:28:40 +0000] "GET /wp-content/uploads/2023/06/CPD-Under-Construction-e1685743745174-300x300.jpg HTTP/1.1" 200 19016 "-" "Mozilla/5.0 AppleWebKit/537.36 (KHTML, like Gecko; compatible; bingbot/2.0; +http://www.bing.com/bingbot.htm) Chrome/116.0.1938.76 Safari/537.36"
162.157.240.196 - - [22/Jan/2025:02:28:46 +0000] "GET /wp-content/plugins/uncanny-toolkit-pro/src/includes/simple_timer_performance.php?course_id=5092&post_id=5100&_=1737512847010 HTTP/1.1" 200 76 "https://cpd.mhcollab.ca/courses/2202/lessons/2202-1" "Mozilla/5.0 (Windows NT 10.0; Win64; x64) AppleWebKit/537.36 (KHTML, like Gecko) Chrome/131.0.0.0 Safari/537.36"
162.157.240.196 - - [22/Jan/2025:02:29:11 +0000] "GET /wp-content/plugins/uncanny-toolkit-pro/src/includes/simple_timer_performance.php?course_id=5092&post_id=5100&_=1737512847011 HTTP/1.1" 200 77 "https://cpd.mhcollab.ca/courses/2202/lessons/2202-1" "Mozilla/5.0 (Windows NT 10.0; Win64; x64) AppleWebKit/537.36 (KHTML, like Gecko) Chrome/131.0.0.0 Safari/537.36"
45.56.220.125 - - [22/Jan/2025:02:29:25 +0000] "POST /wp-cron.php?doing_wp_cron=1737512965.9435920715332031250000 HTTP/1.1" 200 - "-" "WordPress/6.7.1; https://cpd.mhcollab.ca"
162.157.240.196 - - [22/Jan/2025:02:29:26 +0000] "GET /wp-content/plugins/uncanny-toolkit-pro/src/includes/simple_timer_performance.php?course_id=5092&post_id=5100&_=1737512847012 HTTP/1.1" 200 78 "https://cpd.mhcollab.ca/courses/2202/lessons/2202-1" "Mozilla/5.0 (Windows NT 10.0; Win64; x64) AppleWebKit/537.36 (KHTML, like Gecko) Chrome/131.0.0.0 Safari/537.36"
162.157.240.196 - - [22/Jan/2025:02:29:24 +0000] "GET /courses/2202/lessons/2202-2 HTTP/1.1" 200 26838 "https://cpd.mhcollab.ca/courses/2202" "Mozilla/5.0 (Windows NT 10.0; Win64; x64) AppleWebKit/537.36 (KHTML, like Gecko) Chrome/131.0.0.0 Safari/537.36"
162.157.240.196 - - [22/Jan/2025:02:29:24 +0000] "POST /wp-admin/admin-ajax.php HTTP/1.1" 200 36 "https://cpd.mhcollab.ca/courses/2202/lessons/2202-1" "Mozilla/5.0 (Windows NT 10.0; Win64; x64) AppleWebKit/537.36 (KHTML, like Gecko) Chrome/131.0.0.0 Safari/537.36"
162.157.240.196 - - [22/Jan/2025:02:29:29 +0000] "POST /wp-admin/admin-ajax.php HTTP/1.1" 200 36 "https://cpd.mhcollab.ca/courses/2202/lessons/2202-2" "Mozilla/5.0 (Windows NT 10.0; Win64; x64) AppleWebKit/537.36 (KHTML, like Gecko) Chrome/131.0.0.0 Safari/537.36"
162.157.240.196 - - [22/Jan/2025:02:29:29 +0000] "GET /courses/2202/lessons/2202-1 HTTP/1.1" 200 28499 "https://cpd.mhcollab.ca/courses/2202/lessons/2202-2" "Mozilla/5.0 (Windows NT 10.0; Win64; x64) AppleWebKit/537.36 (KHTML, like Gecko) Chrome/131.0.0.0 Safari/537.36"
45.56.220.125 - - [22/Jan/2025:02:29:27 +0000] "POST /wp-admin/admin-ajax.php?action=as_async_request_queue_runner&nonce=e52e0e0d3c HTTP/1.1" 200 - "-" "WordPress/6.7.1; https://cpd.mhcollab.ca"
162.157.240.196 - - [22/Jan/2025:02:29:32 +0000] "POST /wp-admin/admin-ajax.php HTTP/1.1" 200 36 "https://cpd.mhcollab.ca/courses/2202/lessons/2202-1" "Mozilla/5.0 (Windows NT 10.0; Win64; x64) AppleWebKit/537.36 (KHTML, like Gecko) Chrome/131.0.0.0 Safari/537.36"
45.56.220.125 - - [22/Jan/2025:02:52:53 +0000] "POST /wp-cron.php?doing_wp_cron=1737514373.5670330524444580078125 HTTP/1.1" 200 - "-" "WordPress/6.7.1; https://cpd.mhcollab.ca"
185.191.171.4 - - [22/Jan/2025:02:52:52 +0000] "GET /robots.txt HTTP/1.1" 200 111 "-" "Mozilla/5.0 (compatible; SemrushBot/7~bl; +http://www.semrush.com/bot.html)"
85.208.96.199 - - [22/Jan/2025:02:52:53 +0000] "GET /questions/question-54-2/ HTTP/1.1" 404 25571 "-" "Mozilla/5.0 (compatible; SemrushBot/7~bl; +http://www.semrush.com/bot.html)"
34.71.37.55 - - [22/Jan/2025:03:02:45 +0000] "GET /wp-content/uploads/2023/11/lesson-plans-module-1.pdf HTTP/1.1" 200 1815025 "" "Mozilla/5.0 (Windows NT 10.0; Win64; x64) AppleWebKit/537.36 (KHTML, like Gecko) Chrome/108.0.0.0 Safari/537.36 Edg/108.0.1418.42'"
157.55.39.48 - - [22/Jan/2025:03:28:15 +0000] "GET /wp-content/uploads/elementor/thumbs/Multiple-Personality-q8opl6z3nrbhj3simxiskypb932kqw4jrcwkp00fcc.jpg HTTP/1.1" 200 39804 "-" "Mozilla/5.0 AppleWebKit/537.36 (KHTML, like Gecko; compatible; bingbot/2.0; +http://www.bing.com/bingbot.htm) Chrome/116.0.1938.76 Safari/537.36"
45.56.220.125 - - [22/Jan/2025:03:34:55 +0000] "POST /wp-cron.php?doing_wp_cron=1737516895.5692560672760009765625 HTTP/1.1" 200 - "-" "WordPress/6.7.1; https://cpd.mhcollab.ca"
45.56.220.125 - - [22/Jan/2025:03:37:35 +0000] "POST /wp-cron.php?doing_wp_cron=1737517055.0875289440155029296875 HTTP/1.1" 200 - "-" "WordPress/6.7.1; https://cpd.mhcollab.ca"
52.201.182.91 - - [22/Jan/2025:03:37:33 +0000] "GET / HTTP/1.1" 200 30117 "-" "AdsBot-Google-Mobile-Apps"
52.201.182.91 - - [22/Jan/2025:03:37:36 +0000] "GET / HTTP/1.1" 200 30115 "-" "Mozilla/7.0 (Windows; U; Windows 5.1; fr-FR; rev:5.8) Chrome/73.4.7 AppleWebKit/41.5.6 Firefox/80.8.4"
52.201.182.91 - - [22/Jan/2025:03:37:38 +0000] "GET / HTTP/1.1" 200 30116 "-" "Go-http-client/1.1"
45.56.220.125 - - [22/Jan/2025:03:37:51 +0000] "POST /wp-cron.php?doing_wp_cron=1737517071.2840130329132080078125 HTTP/1.1" 200 - "-" "WordPress/6.7.1; https://cpd.mhcollab.ca"
52.201.182.91 - - [22/Jan/2025:03:37:49 +0000] "GET / HTTP/1.1" 200 30116 "-" "Go-http-client/1.1"
157.55.39.63 - - [22/Jan/2025:03:43:18 +0000] "GET /wp-content/uploads/2024/10/Brochure_Side_1-233x300.jpg HTTP/1.1" 200 18071 "-" "Mozilla/5.0 AppleWebKit/537.36 (KHTML, like Gecko; compatible; bingbot/2.0; +http://www.bing.com/bingbot.htm) Chrome/116.0.1938.76 Safari/537.36"
207.46.13.7 - - [22/Jan/2025:03:44:07 +0000] "GET /wp-content/uploads/2024/09/CatB-MHL-2-300x300.png HTTP/1.1" 200 82478 "-" "Mozilla/5.0 AppleWebKit/537.36 (KHTML, like Gecko; compatible; bingbot/2.0; +http://www.bing.com/bingbot.htm) Chrome/116.0.1938.76 Safari/537.36"
45.56.220.125 - - [22/Jan/2025:03:50:34 +0000] "POST /wp-cron.php?doing_wp_cron=1737517834.6299579143524169921875 HTTP/1.1" 200 - "-" "WordPress/6.7.1; https://cpd.mhcollab.ca"
85.208.96.212 - - [22/Jan/2025:03:50:33 +0000] "GET /questions/the-course-met-stated-objectives-2/ HTTP/1.1" 404 25570 "-" "Mozilla/5.0 (compatible; SemrushBot/7~bl; +http://www.semrush.com/bot.html)"
45.56.220.125 - - [22/Jan/2025:04:02:03 +0000] "POST /wp-cron.php?doing_wp_cron=1737518523.0416820049285888671875 HTTP/1.1" 200 - "-" "WordPress/6.7.1; https://cpd.mhcollab.ca"
185.226.197.49 - - [22/Jan/2025:04:02:01 +0000] "GET / HTTP/1.1" 200 30117 "http://cpd.mhcollab.ca/" "Mozilla/5.0 (Windows NT 10.0; WOW64) AppleWebKit/537.36 (KHTML, like Gecko) Chrome/66.0.3359.117 Safari/537.36"
52.201.182.91 - - [22/Jan/2025:04:02:21 +0000] "GET /wp-content/plugins/elementor/assets/js/frontend.min.js?ver=3.26.4 HTTP/1.1" 200 13774 "-" "AdsBot-Google-Mobile-Apps"
52.201.182.91 - - [22/Jan/2025:04:02:22 +0000] "GET /wp-content/plugins/elementor/assets/js/frontend.min.js?ver=3.26.4 HTTP/1.1" 200 13774 "-" "Mozilla/6.0 (compatible; MSIE 10.0; Linux i686; fr-FR; rev:0.4) Chrome/28.7.8 Iron/33.8.6 Safari/8.5.4"
52.201.182.91 - - [22/Jan/2025:04:02:21 +0000] "GET /wp-content/uploads/2024/10/2024-25-CPD-Brochure-RAB.pdf HTTP/1.1" 200 4882393 "-" "APIs-Google (+https://developers.google.com/webmasters/APIs-Google.html)"
52.201.182.91 - - [22/Jan/2025:04:02:22 +0000] "GET /wp-includes/js/jquery/ui/core.min.js?ver=1.13.3 HTTP/1.1" 200 7106 "-" "APIs-Google (+https://developers.google.com/webmasters/APIs-Google.html)"
52.201.182.91 - - [22/Jan/2025:04:02:22 +0000] "GET /wp-content/plugins/elementor-pro/assets/js/elements-handlers.min.js?ver=3.26.2 HTTP/1.1" 200 10654 "-" "AdsBot-Google-Mobile-Apps"
52.201.182.91 - - [22/Jan/2025:04:02:22 +0000] "GET /wp-includes/js/jquery/ui/core.min.js?ver=1.13.3 HTTP/1.1" 200 7106 "-" "Mozilla/5.0 (compatible; MSIE 7.0; CentOS; it-IT; rev:5.6) AppleWebKit/7.0.3 Chrome/73.2.5 Gecko/88.1.8"
52.201.182.91 - - [22/Jan/2025:04:02:22 +0000] "GET /wp-content/plugins/elementor-pro/assets/js/elements-handlers.min.js?ver=3.26.2 HTTP/1.1" 200 10654 "-" "Mozilla/7.0 (compatible; MSIE 6.0; Linux; pl; rv:8.4) Gecko/3.5.9 Safari/75.5.3 Chrome/90.9.7"
52.201.182.91 - - [22/Jan/2025:04:02:22 +0000] "GET /wp-content/plugins/elementor/assets/js/frontend.min.js?ver=3.26.4 HTTP/1.1" 200 13774 "-" "Go-http-client/1.1"
52.201.182.91 - - [22/Jan/2025:04:02:22 +0000] "GET /wp-content/plugins/elementor-pro/assets/js/frontend.min.js?ver=3.26.2 HTTP/1.1" 200 6510 "-" "Mediapartners-Google"
52.201.182.91 - - [22/Jan/2025:04:02:22 +0000] "GET /wp-content/uploads/2024/10/2024-25-CPD-Brochure-RAB.pdf HTTP/1.1" 200 4882393 "-" "Mozilla/7.0 (iPhone; CentOS; no; ver:2.2) Chrome/56.9.9 Firefox/95.0.8 Gecko/86.4.2"
52.201.182.91 - - [22/Jan/2025:04:02:23 +0000] "GET /wp-content/plugins/elementor-pro/assets/js/frontend.min.js?ver=3.26.2 HTTP/1.1" 200 6510 "-" "Mozilla/5.0 (Linux; Android 5.0; x86_64 Linux; de; ver:4.6) Iron/21.8.5 Safari/72.5.0 Safari/4.7.4"
52.201.182.91 - - [22/Jan/2025:04:02:23 +0000] "GET /wp-includes/js/jquery/ui/core.min.js?ver=1.13.3 HTTP/1.1" 200 7106 "-" "Go-http-client/1.1"
52.201.182.91 - - [22/Jan/2025:04:02:23 +0000] "GET /wp-content/plugins/elementor/assets/js/frontend-modules.min.js?ver=3.26.4 HTTP/1.1" 200 15344 "-" "APIs-Google (+https://developers.google.com/webmasters/APIs-Google.html)"
52.201.182.91 - - [22/Jan/2025:04:02:23 +0000] "GET /wp-content/plugins/elementor-pro/assets/js/elements-handlers.min.js?ver=3.26.2 HTTP/1.1" 200 10654 "-" "Go-http-client/1.1"
52.201.182.91 - - [22/Jan/2025:04:02:23 +0000] "GET /wp-content/plugins/elementor/assets/js/frontend-modules.min.js?ver=3.26.4 HTTP/1.1" 200 15344 "-" "Mozilla/7.0 (Windows NT 6.1; U; WIN64; es; rev:0.6) Chromium/72.3.6 Iron/12.7.0 AppleWebKit/88.6.6"
52.201.182.91 - - [22/Jan/2025:04:02:23 +0000] "GET /wp-content/plugins/elementor-pro/assets/js/frontend.min.js?ver=3.26.2 HTTP/1.1" 200 6510 "-" "Go-http-client/1.1"
52.201.182.91 - - [22/Jan/2025:04:02:21 +0000] "GET /courseinfo/accred HTTP/1.1" 301 - "-" "APIs-Google (+https://developers.google.com/webmasters/APIs-Google.html)"
52.201.182.91 - - [22/Jan/2025:04:02:21 +0000] "GET /user/lost-password/ HTTP/1.1" 301 - "-" "APIs-Google (+https://developers.google.com/webmasters/APIs-Google.html)"
52.201.182.91 - - [22/Jan/2025:04:02:21 +0000] "GET /courseinfo-2 HTTP/1.1" 200 34429 "-" "AdsBot-Google-Mobile-Apps"
52.201.182.91 - - [22/Jan/2025:04:02:22 +0000] "GET /0ba813ed-ece8-4bec-a315-c9e9e0202eb6 HTTP/1.1" 404 25570 "http://cpd.mhcollab.ca/0ba813ed-ece8-4bec-a315-c9e9e0202eb6" "AdsBot-Google-Mobile-Apps"
52.201.182.91 - - [22/Jan/2025:04:02:24 +0000] "GET /wp-includes/js/jquery/ui/core.min.js?ver=1.13.3 HTTP/1.1" 200 7106 "-" "Go-http-client/1.1"
52.201.182.91 - - [22/Jan/2025:04:02:22 +0000] "GET /news HTTP/1.1" 200 33071 "-" "APIs-Google (+https://developers.google.com/webmasters/APIs-Google.html)"
52.201.182.91 - - [22/Jan/2025:04:02:23 +0000] "GET /courseinfo-2/accred HTTP/1.1" 200 34122 "https://cpd.mhcollab.ca/courseinfo/accred" "APIs-Google (+https://developers.google.com/webmasters/APIs-Google.html)"
52.201.182.91 - - [22/Jan/2025:04:02:23 +0000] "GET /user-2 HTTP/1.1" 200 29432 "https://cpd.mhcollab.ca/user/lost-password/" "APIs-Google (+https://developers.google.com/webmasters/APIs-Google.html)"
52.201.182.91 - - [22/Jan/2025:04:02:25 +0000] "GET /wp-content/plugins/elementor/assets/js/frontend-modules.min.js?ver=3.26.4 HTTP/1.1" 200 15344 "-" "Go-http-client/1.1"
52.201.182.91 - - [22/Jan/2025:04:02:25 +0000] "GET /wp-content/plugins/elementor-pro/assets/js/frontend.min.js?ver=3.26.2 HTTP/1.1" 200 6510 "-" "Go-http-client/1.1"
52.201.182.91 - - [22/Jan/2025:04:02:26 +0000] "GET /wp-content/plugins/elementor-pro/assets/js/elements-handlers.min.js?ver=3.26.2 HTTP/1.1" 200 10654 "-" "Go-http-client/1.1"
52.201.182.91 - - [22/Jan/2025:04:02:25 +0000] "GET /0ba813ed-ece8-4bec-a315-c9e9e0202eb6 HTTP/1.1" 404 25753 "http://cpd.mhcollab.ca/0ba813ed-ece8-4bec-a315-c9e9e0202eb6" "Mozilla/7.0 (Linux; Android 5.0; Win64; es-ES; rev:0.5) Gecko/27.2.1 AppleWebKit/85.7.1 SeaMonkey/92.1.8"
52.201.182.91 - - [22/Jan/2025:04:02:24 +0000] "GET /courseinfo-2 HTTP/1.1" 200 34429 "-" "Mozilla/7.0 (compatible; MSIE 8.0; Windows NT; ru-RU; ver:5.7) SeaMonkey/34.9.1 Gecko/60.3.6 Safari/18.0.3"
52.201.182.91 - - [22/Jan/2025:04:02:25 +0000] "GET /news HTTP/1.1" 200 33071 "-" "Mozilla/7.0 (compatible; MSIE 7.0; WOW64; gr-GR; rv:0.1) SeaMonkey/39.5.6 Gecko/57.5.5 Firefox/73.9.6"
52.201.182.91 - - [22/Jan/2025:04:02:25 +0000] "GET /courseinfo/accred HTTP/1.1" 301 - "-" "Mozilla/7.0 (Linux; Android 6.0; Gentoo; pl; rv:4.7) Safari/43.2.7 Chrome/32.1.0 Gecko/67.8.6"
52.201.182.91 - - [22/Jan/2025:04:02:25 +0000] "GET /user/lost-password/ HTTP/1.1" 301 - "-" "Mozilla/5.0 (Windows NT 5.1; U; Win64; es; rev:9.3) Iron/13.9.3 Gecko/38.3.3 Chrome/29.7.9"
52.201.182.91 - - [22/Jan/2025:04:02:27 +0000] "GET /user-2 HTTP/1.1" 200 29432 "https://cpd.mhcollab.ca/user/lost-password/" "Mozilla/5.0 (Windows NT 5.1; U; Win64; es; rev:9.3) Iron/13.9.3 Gecko/38.3.3 Chrome/29.7.9"
52.201.182.91 - - [22/Jan/2025:04:02:27 +0000] "GET /courseinfo-2/accred HTTP/1.1" 200 34307 "https://cpd.mhcollab.ca/courseinfo/accred" "Mozilla/7.0 (Linux; Android 6.0; Gentoo; pl; rv:4.7) Safari/43.2.7 Chrome/32.1.0 Gecko/67.8.6"
52.201.182.91 - - [22/Jan/2025:04:02:28 +0000] "GET /0ba813ed-ece8-4bec-a315-c9e9e0202eb6 HTTP/1.1" 404 25570 "http://cpd.mhcollab.ca/0ba813ed-ece8-4bec-a315-c9e9e0202eb6" "Go-http-client/1.1"
52.201.182.91 - - [22/Jan/2025:04:02:29 +0000] "GET /wp-content/plugins/elementor/assets/js/frontend-modules.min.js?ver=3.26.4 HTTP/1.1" 200 15344 "-" "Go-http-client/1.1"
52.201.182.91 - - [22/Jan/2025:04:02:27 +0000] "GET /courseinfo-2 HTTP/1.1" 200 34429 "-" "Go-http-client/1.1"
52.201.182.91 - - [22/Jan/2025:04:02:27 +0000] "GET /news HTTP/1.1" 200 33072 "-" "Go-http-client/1.1"
52.201.182.91 - - [22/Jan/2025:04:02:29 +0000] "GET /courseinfo/accred HTTP/1.1" 301 - "-" "Go-http-client/1.1"
52.201.182.91 - - [22/Jan/2025:04:02:30 +0000] "GET /user/lost-password/ HTTP/1.1" 301 - "-" "Go-http-client/1.1"
52.201.182.91 - - [22/Jan/2025:04:02:31 +0000] "GET /courseinfo-2/accred HTTP/1.1" 200 34122 "https://cpd.mhcollab.ca/courseinfo/accred" "Go-http-client/1.1"
52.201.182.91 - - [22/Jan/2025:04:02:32 +0000] "GET /user-2 HTTP/1.1" 200 29432 "https://cpd.mhcollab.ca/user/lost-password/" "Go-http-client/1.1"
114.119.155.44 - - [22/Jan/2025:04:02:33 +0000] "GET /registration?ld_register_id=5400 HTTP/1.1" 200 34047 "https://cpd.mhcollab.ca/courses/2302" "Mozilla/5.0 (Linux; Android 7.0;) AppleWebKit/537.36 (KHTML, like Gecko) Mobile Safari/537.36 (compatible; PetalBot;+https://webmaster.petalsearch.com/site/petalbot)"
52.201.182.91 - - [22/Jan/2025:04:02:36 +0000] "GET /courseinfo/accred HTTP/1.1" 301 - "-" "Go-http-client/1.1"
52.201.182.91 - - [22/Jan/2025:04:02:38 +0000] "GET /wp-content/plugins/elementor/assets/js/frontend.min.js?ver=3.26.4 HTTP/1.1" 200 13774 "-" "Go-http-client/1.1"
52.201.182.91 - - [22/Jan/2025:04:02:37 +0000] "GET /courseinfo-2/accred HTTP/1.1" 200 34123 "https://cpd.mhcollab.ca/courseinfo/accred" "Go-http-client/1.1"
52.201.182.91 - - [22/Jan/2025:04:02:48 +0000] "GET /0ba813ed-ece8-4bec-a315-c9e9e0202eb6 HTTP/1.1" 404 25570 "http://cpd.mhcollab.ca/0ba813ed-ece8-4bec-a315-c9e9e0202eb6" "Go-http-client/1.1"
45.56.220.125 - - [22/Jan/2025:04:02:51 +0000] "POST /wp-cron.php?doing_wp_cron=1737518571.4664559364318847656250 HTTP/1.1" 200 - "-" "WordPress/6.7.1; https://cpd.mhcollab.ca"
52.201.182.91 - - [22/Jan/2025:04:02:49 +0000] "GET /courseinfo-2 HTTP/1.1" 200 34429 "-" "Go-http-client/1.1"
45.56.220.125 - - [22/Jan/2025:04:02:56 +0000] "POST /wp-cron.php?doing_wp_cron=1737518576.0208549499511718750000 HTTP/1.1" 200 - "-" "WordPress/6.7.1; https://cpd.mhcollab.ca"
52.201.182.91 - - [22/Jan/2025:04:02:54 +0000] "GET /user/lost-password/ HTTP/1.1" 301 - "-" "Go-http-client/1.1"
52.201.182.91 - - [22/Jan/2025:04:02:56 +0000] "GET /user-2 HTTP/1.1" 200 29430 "https://cpd.mhcollab.ca/user/lost-password/" "Go-http-client/1.1"
52.201.182.91 - - [22/Jan/2025:04:02:56 +0000] "GET /news HTTP/1.1" 200 33071 "-" "Go-http-client/1.1"
106.38.226.136 - - [22/Jan/2025:04:07:54 +0000] "GET /wp-content/uploads/2023/06/Adolescence-School-150x150.jpg HTTP/1.1" 200 7479 "-" "Mozilla/5.0 (Windows NT 10.0; WOW64; Trident/7.0; AS; rv:11.0) like Gecko"
45.56.220.125 - - [22/Jan/2025:04:12:30 +0000] "POST /wp-cron.php?doing_wp_cron=1737519150.5766179561614990234375 HTTP/1.1" 200 - "-" "WordPress/6.7.1; https://cpd.mhcollab.ca"
185.191.171.18 - - [22/Jan/2025:04:12:29 +0000] "GET /robots.txt HTTP/1.1" 200 111 "-" "Mozilla/5.0 (compatible; SemrushBot/7~bl; +http://www.semrush.com/bot.html)"
114.119.133.34 - - [22/Jan/2025:04:12:31 +0000] "GET /wp-content/uploads/2023/06/2021-23-CPD-Archives_Brochure.pdf HTTP/1.1" 200 584259 "https://cpd.mhcollab.ca/archived" "Mozilla/5.0 (Linux; Android 7.0;) AppleWebKit/537.36 (KHTML, like Gecko) Mobile Safari/537.36 (compatible; PetalBot;+https://webmaster.petalsearch.com/site/petalbot)"
185.191.171.9 - - [22/Jan/2025:04:12:31 +0000] "GET /questions/question-56-2/ HTTP/1.1" 404 25570 "-" "Mozilla/5.0 (compatible; SemrushBot/7~bl; +http://www.semrush.com/bot.html)"
45.56.220.125 - - [22/Jan/2025:04:17:32 +0000] "POST /wp-cron.php?doing_wp_cron=1737519452.9548339843750000000000 HTTP/1.1" 200 - "-" "WordPress/6.7.1; https://cpd.mhcollab.ca"
114.119.134.212 - - [22/Jan/2025:04:17:31 +0000] "GET /courses/2307b HTTP/1.1" 200 27981 "https://cpd.mhcollab.ca/courseinfo/cat_b" "Mozilla/5.0 (Linux; Android 7.0;) AppleWebKit/537.36 (KHTML, like Gecko) Mobile Safari/537.36 (compatible; PetalBot;+https://webmaster.petalsearch.com/site/petalbot)"
45.56.220.125 - - [22/Jan/2025:04:19:32 +0000] "POST /wp-cron.php?doing_wp_cron=1737519572.1313469409942626953125 HTTP/1.1" 200 - "-" "WordPress/6.7.1; https://cpd.mhcollab.ca"
66.249.77.163 - - [22/Jan/2025:04:19:30 +0000] "GET /robots.txt HTTP/1.1" 200 111 "-" "Mozilla/5.0 (compatible; Googlebot/2.1; +http://www.google.com/bot.html)"
66.249.77.163 - - [22/Jan/2025:04:19:33 +0000] "GET /wp-content/uploads/2023/08/2105-Resources.pdf HTTP/1.1" 200 193503 "-" "Mozilla/5.0 (Linux; Android 6.0.1; Nexus 5X Build/MMB29P) AppleWebKit/537.36 (KHTML, like Gecko) Chrome/132.0.6834.83 Mobile Safari/537.36 (compatible; GoogleOther)"

Filemanager

Name Type Size Permission Actions
.cesbeta.hmhc.ca-ssl_log.40009 File 672.52 KB 0640
.cesbeta.hmhc.ca.40009 File 0 B 0640
.hmhc.hmhc.ca-ssl_log.40009 File 486.65 KB 0640
.hmhc.hmhc.ca.40009 File 469 B 0640
.main.hmhc.ca-ssl_log.40009 File 0 B 0640
.main.hmhc.ca.40009 File 1.53 KB 0640
.orientation.hmhc.ca-ssl_log.40009 File 0 B 0640
.orientation.hmhc.ca.40009 File 0 B 0640
.site.hmhc.ca-ssl_log.40009 File 246.11 KB 0640
.site.hmhc.ca.40009 File 1.52 KB 0640
.test.hmhc.ca-ssl_log.40009 File 0 B 0640
.test.hmhc.ca.40009 File 0 B 0640
ahsces.mhcollab.ca File 163 B 0640
ahsces.mhcollab.ca-ssl_log File 26 KB 0640
ahscpd.mhcollab.ca File 0 B 0640
ahscpd.mhcollab.ca-ssl_log File 1.3 KB 0640
ahsmore.mhcollab.ca File 11.71 KB 0640
ahsmore.mhcollab.ca-ssl_log File 4.47 MB 0640
beta.hmhc.ca File 0 B 0640
beta.hmhc.ca-ssl_log File 770 B 0640
canreach.mhcollab.ca File 2.87 KB 0640
canreach.mhcollab.ca-ssl_log File 465.68 KB 0640
ces.hmhc.ca File 2.17 KB 0640
ces.hmhc.ca-ssl_log File 425.83 KB 0640
ces.mhcollab.ca File 189 B 0640
ces.mhcollab.ca-ssl_log File 2.44 KB 0640
cesbeta.hmhc.ca File 0 B 0640
cesbeta.hmhc.ca-ssl_log File 672.52 KB 0640
chps.hmhc.ca File 0 B 0640
chps.hmhc.ca-ssl_log File 81.89 KB 0640
chps.mhcollab.ca File 9.46 KB 0640
chps.mhcollab.ca-ssl_log File 83.69 KB 0640
community.hmhc.ca File 14.11 KB 0640
community.hmhc.ca-ssl_log File 223.55 KB 0640
cpd.hmhc.ca File 756 B 0640
cpd.hmhc.ca-ssl_log File 94.68 KB 0640
cpd.mhcollab.ca File 3.46 KB 0640
cpd.mhcollab.ca-ssl_log File 1.9 MB 0640
hmhc.ca File 9.25 KB 0640
hmhc.ca-ssl_log File 1.48 MB 0640
hmhc.hmhc.ca File 469 B 0640
hmhc.hmhc.ca-ssl_log File 486.65 KB 0640
main.hmhc.ca File 1.53 KB 0640
main.hmhc.ca-ssl_log File 0 B 0640
mhcollab.hmhc.ca File 4.73 MB 0640
mhcollab.hmhc.ca-ssl_log File 226.77 MB 0640
more.hmhc.ca File 5.29 KB 0640
more.hmhc.ca-ssl_log File 21.5 KB 0640
onlineorientation.hmhc.ca File 4.73 KB 0640
onlineorientation.hmhc.ca-ssl_log File 314 KB 0640
orientation.hmhc.ca File 0 B 0640
orientation.hmhc.ca-ssl_log File 0 B 0640
site.hmhc.ca File 1.52 KB 0640
site.hmhc.ca-ssl_log File 246.11 KB 0640
test.hmhc.ca File 0 B 0640
test.hmhc.ca-ssl_log File 0 B 0640
test.mhcollab.ca File 1.6 KB 0640
test.mhcollab.ca-ssl_log File 8.99 KB 0640
wp.hmhc.ca File 29.93 KB 0640
wp.hmhc.ca-ssl_log File 8.5 MB 0640