198.161.4.63 - - [21/Jan/2025:22:38:35 +0000] "GET /wp-content/uploads/2024/03/owl-icon-15559.png HTTP/1.1" 404 36487 "https://cpd.mhcollab.ca/wp-admin/user-edit.php?user_id=455&wp_http_referer=%2Fwp-admin%2Fusers.php%3Fs%26action%3D-1%26new_role%26ur_user_approval_status%3Dpending%26ur_user_filter_action%3DFilter%26paged%3D1%26action2%3D-1%26new_role2%26ur_user_approval_status2%26ur_specific_form_user2" "Mozilla/5.0 (Windows NT 10.0; Win64; x64) AppleWebKit/537.36 (KHTML, like Gecko) Chrome/131.0.0.0 Safari/537.36 Edg/131.0.0.0"
198.161.4.63 - - [21/Jan/2025:22:38:35 +0000] "POST /wp-admin/admin-ajax.php HTTP/1.1" 404 32180 "https://cpd.mhcollab.ca/wp-admin/users.php?s&action=-1&new_role&ur_user_approval_status=pending&ur_user_filter_action=Filter&paged=1&action2=-1&new_role2&ur_user_approval_status2&ur_specific_form_user2" "Mozilla/5.0 (Windows NT 10.0; Win64; x64) AppleWebKit/537.36 (KHTML, like Gecko) Chrome/131.0.0.0 Safari/537.36 Edg/131.0.0.0"
198.161.4.63 - - [21/Jan/2025:22:38:35 +0000] "POST /wp-admin/admin-ajax.php HTTP/1.1" 404 36434 "https://cpd.mhcollab.ca/wp-admin/user-edit.php?user_id=455&wp_http_referer=%2Fwp-admin%2Fusers.php%3Fs%26action%3D-1%26new_role%26ur_user_approval_status%3Dpending%26ur_user_filter_action%3DFilter%26paged%3D1%26action2%3D-1%26new_role2%26ur_user_approval_status2%26ur_specific_form_user2" "Mozilla/5.0 (Windows NT 10.0; Win64; x64) AppleWebKit/537.36 (KHTML, like Gecko) Chrome/131.0.0.0 Safari/537.36 Edg/131.0.0.0"
198.161.4.63 - - [21/Jan/2025:22:38:41 +0000] "POST /wp-admin/admin-ajax.php HTTP/1.1" 200 126 "https://cpd.mhcollab.ca/wp-admin/user-edit.php?user_id=455&wp_http_referer=%2Fwp-admin%2Fusers.php%3Fs%26action%3D-1%26new_role%26ur_user_approval_status%3Dpending%26ur_user_filter_action%3DFilter%26paged%3D1%26action2%3D-1%26new_role2%26ur_user_approval_status2%26ur_specific_form_user2" "Mozilla/5.0 (Windows NT 10.0; Win64; x64) AppleWebKit/537.36 (KHTML, like Gecko) Chrome/131.0.0.0 Safari/537.36 Edg/131.0.0.0"
45.56.220.125 - - [21/Jan/2025:22:39:42 +0000] "POST /wp-cron.php?doing_wp_cron=1737499182.7432069778442382812500 HTTP/1.1" 200 - "-" "WordPress/6.7.1; https://cpd.mhcollab.ca"
198.161.4.63 - - [21/Jan/2025:22:39:41 +0000] "POST /wp-admin/admin-ajax.php HTTP/1.1" 200 127 "https://cpd.mhcollab.ca/wp-admin/user-edit.php?user_id=455&wp_http_referer=%2Fwp-admin%2Fusers.php%3Fs%26action%3D-1%26new_role%26ur_user_approval_status%3Dpending%26ur_user_filter_action%3DFilter%26paged%3D1%26action2%3D-1%26new_role2%26ur_user_approval_status2%26ur_specific_form_user2" "Mozilla/5.0 (Windows NT 10.0; Win64; x64) AppleWebKit/537.36 (KHTML, like Gecko) Chrome/131.0.0.0 Safari/537.36 Edg/131.0.0.0"
45.56.220.125 - - [21/Jan/2025:22:40:24 +0000] "POST /wp-cron.php?doing_wp_cron=1737499224.2722349166870117187500 HTTP/1.1" 200 - "-" "WordPress/6.7.1; https://cpd.mhcollab.ca"
198.161.4.63 - - [21/Jan/2025:22:40:22 +0000] "POST /wp-admin/user-edit.php HTTP/1.1" 302 - "https://cpd.mhcollab.ca/wp-admin/user-edit.php?user_id=455&wp_http_referer=%2Fwp-admin%2Fusers.php%3Fs%26action%3D-1%26new_role%26ur_user_approval_status%3Dpending%26ur_user_filter_action%3DFilter%26paged%3D1%26action2%3D-1%26new_role2%26ur_user_approval_status2%26ur_specific_form_user2" "Mozilla/5.0 (Windows NT 10.0; Win64; x64) AppleWebKit/537.36 (KHTML, like Gecko) Chrome/131.0.0.0 Safari/537.36 Edg/131.0.0.0"
198.161.4.63 - - [21/Jan/2025:22:40:24 +0000] "GET /wp-admin/user-edit.php?user_id=455&updated=1&wp_http_referer=%2Fwp-admin%2Fusers.php%3Fs%26action%3D-1%26new_role%26ur_user_approval_status%3Dpending%26ur_user_filter_action%3DFilter%26paged%3D1%26action2%3D-1%26new_role2%26ur_user_approval_status2%26ur_specific_form_user2 HTTP/1.1" 200 86057 "https://cpd.mhcollab.ca/wp-admin/user-edit.php?user_id=455&wp_http_referer=%2Fwp-admin%2Fusers.php%3Fs%26action%3D-1%26new_role%26ur_user_approval_status%3Dpending%26ur_user_filter_action%3DFilter%26paged%3D1%26action2%3D-1%26new_role2%26ur_user_approval_status2%26ur_specific_form_user2" "Mozilla/5.0 (Windows NT 10.0; Win64; x64) AppleWebKit/537.36 (KHTML, like Gecko) Chrome/131.0.0.0 Safari/537.36 Edg/131.0.0.0"
198.161.4.63 - - [21/Jan/2025:22:40:26 +0000] "GET /wp-content/uploads/2024/03/owl-icon-15559.png HTTP/1.1" 404 36493 "https://cpd.mhcollab.ca/wp-admin/user-edit.php?user_id=455&updated=1&wp_http_referer=%2Fwp-admin%2Fusers.php%3Fs%26action%3D-1%26new_role%26ur_user_approval_status%3Dpending%26ur_user_filter_action%3DFilter%26paged%3D1%26action2%3D-1%26new_role2%26ur_user_approval_status2%26ur_specific_form_user2" "Mozilla/5.0 (Windows NT 10.0; Win64; x64) AppleWebKit/537.36 (KHTML, like Gecko) Chrome/131.0.0.0 Safari/537.36 Edg/131.0.0.0"
198.161.4.63 - - [21/Jan/2025:22:40:27 +0000] "POST /wp-admin/admin-ajax.php HTTP/1.1" 200 67 "https://cpd.mhcollab.ca/wp-admin/user-edit.php?user_id=455&wp_http_referer=%2Fwp-admin%2Fusers.php%3Fs%26action%3D-1%26new_role%26ur_user_approval_status%3Dpending%26ur_user_filter_action%3DFilter%26paged%3D1%26action2%3D-1%26new_role2%26ur_user_approval_status2%26ur_specific_form_user2" "Mozilla/5.0 (Windows NT 10.0; Win64; x64) AppleWebKit/537.36 (KHTML, like Gecko) Chrome/131.0.0.0 Safari/537.36 Edg/131.0.0.0"
198.161.4.63 - - [21/Jan/2025:22:40:32 +0000] "POST /wp-admin/admin-ajax.php HTTP/1.1" 200 126 "https://cpd.mhcollab.ca/wp-admin/user-edit.php?user_id=455&wp_http_referer=%2Fwp-admin%2Fusers.php%3Fs%26action%3D-1%26new_role%26ur_user_approval_status%3Dpending%26ur_user_filter_action%3DFilter%26paged%3D1%26action2%3D-1%26new_role2%26ur_user_approval_status2%26ur_specific_form_user2" "Mozilla/5.0 (Windows NT 10.0; Win64; x64) AppleWebKit/537.36 (KHTML, like Gecko) Chrome/131.0.0.0 Safari/537.36 Edg/131.0.0.0"
45.56.220.125 - - [21/Jan/2025:22:41:34 +0000] "POST /wp-cron.php?doing_wp_cron=1737499294.0808160305023193359375 HTTP/1.1" 200 - "-" "WordPress/6.7.1; https://cpd.mhcollab.ca"
198.161.4.63 - - [21/Jan/2025:22:41:32 +0000] "POST /wp-admin/admin-ajax.php HTTP/1.1" 200 126 "https://cpd.mhcollab.ca/wp-admin/user-edit.php?user_id=455&wp_http_referer=%2Fwp-admin%2Fusers.php%3Fs%26action%3D-1%26new_role%26ur_user_approval_status%3Dpending%26ur_user_filter_action%3DFilter%26paged%3D1%26action2%3D-1%26new_role2%26ur_user_approval_status2%26ur_specific_form_user2" "Mozilla/5.0 (Windows NT 10.0; Win64; x64) AppleWebKit/537.36 (KHTML, like Gecko) Chrome/131.0.0.0 Safari/537.36 Edg/131.0.0.0"
45.56.220.125 - - [21/Jan/2025:22:41:34 +0000] "POST /wp-admin/admin-ajax.php?action=as_async_request_queue_runner&nonce=86acc78db0 HTTP/1.1" 404 36384 "-" "WordPress/6.7.1; https://cpd.mhcollab.ca"
45.56.220.125 - - [21/Jan/2025:22:42:34 +0000] "POST /wp-cron.php?doing_wp_cron=1737499354.1697170734405517578125 HTTP/1.1" 200 - "-" "WordPress/6.7.1; https://cpd.mhcollab.ca"
198.161.4.63 - - [21/Jan/2025:22:42:32 +0000] "POST /wp-admin/admin-ajax.php HTTP/1.1" 200 126 "https://cpd.mhcollab.ca/wp-admin/user-edit.php?user_id=455&wp_http_referer=%2Fwp-admin%2Fusers.php%3Fs%26action%3D-1%26new_role%26ur_user_approval_status%3Dpending%26ur_user_filter_action%3DFilter%26paged%3D1%26action2%3D-1%26new_role2%26ur_user_approval_status2%26ur_specific_form_user2" "Mozilla/5.0 (Windows NT 10.0; Win64; x64) AppleWebKit/537.36 (KHTML, like Gecko) Chrome/131.0.0.0 Safari/537.36 Edg/131.0.0.0"
45.56.220.125 - - [21/Jan/2025:22:43:34 +0000] "POST /wp-cron.php?doing_wp_cron=1737499413.9520790576934814453125 HTTP/1.1" 200 - "-" "WordPress/6.7.1; https://cpd.mhcollab.ca"
198.161.4.63 - - [21/Jan/2025:22:43:32 +0000] "POST /wp-admin/admin-ajax.php HTTP/1.1" 200 126 "https://cpd.mhcollab.ca/wp-admin/user-edit.php?user_id=455&wp_http_referer=%2Fwp-admin%2Fusers.php%3Fs%26action%3D-1%26new_role%26ur_user_approval_status%3Dpending%26ur_user_filter_action%3DFilter%26paged%3D1%26action2%3D-1%26new_role2%26ur_user_approval_status2%26ur_specific_form_user2" "Mozilla/5.0 (Windows NT 10.0; Win64; x64) AppleWebKit/537.36 (KHTML, like Gecko) Chrome/131.0.0.0 Safari/537.36 Edg/131.0.0.0"
45.56.220.125 - - [21/Jan/2025:22:44:34 +0000] "POST /wp-cron.php?doing_wp_cron=1737499474.0386290550231933593750 HTTP/1.1" 200 - "-" "WordPress/6.7.1; https://cpd.mhcollab.ca"
198.161.4.63 - - [21/Jan/2025:22:44:32 +0000] "POST /wp-admin/admin-ajax.php HTTP/1.1" 200 126 "https://cpd.mhcollab.ca/wp-admin/user-edit.php?user_id=455&wp_http_referer=%2Fwp-admin%2Fusers.php%3Fs%26action%3D-1%26new_role%26ur_user_approval_status%3Dpending%26ur_user_filter_action%3DFilter%26paged%3D1%26action2%3D-1%26new_role2%26ur_user_approval_status2%26ur_specific_form_user2" "Mozilla/5.0 (Windows NT 10.0; Win64; x64) AppleWebKit/537.36 (KHTML, like Gecko) Chrome/131.0.0.0 Safari/537.36 Edg/131.0.0.0"
45.56.220.125 - - [21/Jan/2025:22:45:34 +0000] "POST /wp-cron.php?doing_wp_cron=1737499534.0206298828125000000000 HTTP/1.1" 200 - "-" "WordPress/6.7.1; https://cpd.mhcollab.ca"
198.161.4.63 - - [21/Jan/2025:22:45:32 +0000] "POST /wp-admin/admin-ajax.php HTTP/1.1" 200 126 "https://cpd.mhcollab.ca/wp-admin/user-edit.php?user_id=455&wp_http_referer=%2Fwp-admin%2Fusers.php%3Fs%26action%3D-1%26new_role%26ur_user_approval_status%3Dpending%26ur_user_filter_action%3DFilter%26paged%3D1%26action2%3D-1%26new_role2%26ur_user_approval_status2%26ur_specific_form_user2" "Mozilla/5.0 (Windows NT 10.0; Win64; x64) AppleWebKit/537.36 (KHTML, like Gecko) Chrome/131.0.0.0 Safari/537.36 Edg/131.0.0.0"
45.56.220.125 - - [21/Jan/2025:22:46:34 +0000] "POST /wp-cron.php?doing_wp_cron=1737499594.0832359790802001953125 HTTP/1.1" 200 - "-" "WordPress/6.7.1; https://cpd.mhcollab.ca"
198.161.4.63 - - [21/Jan/2025:22:46:32 +0000] "POST /wp-admin/admin-ajax.php HTTP/1.1" 200 126 "https://cpd.mhcollab.ca/wp-admin/user-edit.php?user_id=455&wp_http_referer=%2Fwp-admin%2Fusers.php%3Fs%26action%3D-1%26new_role%26ur_user_approval_status%3Dpending%26ur_user_filter_action%3DFilter%26paged%3D1%26action2%3D-1%26new_role2%26ur_user_approval_status2%26ur_specific_form_user2" "Mozilla/5.0 (Windows NT 10.0; Win64; x64) AppleWebKit/537.36 (KHTML, like Gecko) Chrome/131.0.0.0 Safari/537.36 Edg/131.0.0.0"
45.56.220.125 - - [21/Jan/2025:22:47:34 +0000] "POST /wp-cron.php?doing_wp_cron=1737499654.3942029476165771484375 HTTP/1.1" 200 - "-" "WordPress/6.7.1; https://cpd.mhcollab.ca"
198.161.4.63 - - [21/Jan/2025:22:47:32 +0000] "POST /wp-admin/admin-ajax.php HTTP/1.1" 200 127 "https://cpd.mhcollab.ca/wp-admin/user-edit.php?user_id=455&wp_http_referer=%2Fwp-admin%2Fusers.php%3Fs%26action%3D-1%26new_role%26ur_user_approval_status%3Dpending%26ur_user_filter_action%3DFilter%26paged%3D1%26action2%3D-1%26new_role2%26ur_user_approval_status2%26ur_specific_form_user2" "Mozilla/5.0 (Windows NT 10.0; Win64; x64) AppleWebKit/537.36 (KHTML, like Gecko) Chrome/131.0.0.0 Safari/537.36 Edg/131.0.0.0"
45.56.220.125 - - [21/Jan/2025:22:48:34 +0000] "POST /wp-cron.php?doing_wp_cron=1737499714.0245819091796875000000 HTTP/1.1" 200 - "-" "WordPress/6.7.1; https://cpd.mhcollab.ca"
198.161.4.63 - - [21/Jan/2025:22:48:32 +0000] "POST /wp-admin/admin-ajax.php HTTP/1.1" 200 126 "https://cpd.mhcollab.ca/wp-admin/user-edit.php?user_id=455&wp_http_referer=%2Fwp-admin%2Fusers.php%3Fs%26action%3D-1%26new_role%26ur_user_approval_status%3Dpending%26ur_user_filter_action%3DFilter%26paged%3D1%26action2%3D-1%26new_role2%26ur_user_approval_status2%26ur_specific_form_user2" "Mozilla/5.0 (Windows NT 10.0; Win64; x64) AppleWebKit/537.36 (KHTML, like Gecko) Chrome/131.0.0.0 Safari/537.36 Edg/131.0.0.0"
45.56.220.125 - - [21/Jan/2025:22:49:50 +0000] "POST /wp-cron.php?doing_wp_cron=1737499790.7155120372772216796875 HTTP/1.1" 200 - "-" "WordPress/6.7.1; https://cpd.mhcollab.ca"
198.161.4.63 - - [21/Jan/2025:22:49:49 +0000] "POST /wp-admin/admin-ajax.php HTTP/1.1" 200 126 "https://cpd.mhcollab.ca/wp-admin/user-edit.php?user_id=455&wp_http_referer=%2Fwp-admin%2Fusers.php%3Fs%26action%3D-1%26new_role%26ur_user_approval_status%3Dpending%26ur_user_filter_action%3DFilter%26paged%3D1%26action2%3D-1%26new_role2%26ur_user_approval_status2%26ur_specific_form_user2" "Mozilla/5.0 (Windows NT 10.0; Win64; x64) AppleWebKit/537.36 (KHTML, like Gecko) Chrome/131.0.0.0 Safari/537.36 Edg/131.0.0.0"
45.56.220.125 - - [21/Jan/2025:22:49:50 +0000] "POST /wp-admin/admin-ajax.php?action=as_async_request_queue_runner&nonce=86acc78db0 HTTP/1.1" 200 - "-" "WordPress/6.7.1; https://cpd.mhcollab.ca"
45.56.220.125 - - [21/Jan/2025:22:50:19 +0000] "POST /wp-cron.php?doing_wp_cron=1737499819.8441579341888427734375 HTTP/1.1" 200 - "-" "WordPress/6.7.1; https://cpd.mhcollab.ca"
198.161.4.63 - - [21/Jan/2025:22:50:18 +0000] "POST /wp-admin/user-edit.php HTTP/1.1" 302 - "https://cpd.mhcollab.ca/wp-admin/user-edit.php?user_id=455&wp_http_referer=%2Fwp-admin%2Fusers.php%3Fs%26action%3D-1%26new_role%26ur_user_approval_status%3Dpending%26ur_user_filter_action%3DFilter%26paged%3D1%26action2%3D-1%26new_role2%26ur_user_approval_status2%26ur_specific_form_user2" "Mozilla/5.0 (Windows NT 10.0; Win64; x64) AppleWebKit/537.36 (KHTML, like Gecko) Chrome/131.0.0.0 Safari/537.36 Edg/131.0.0.0"
198.161.4.63 - - [21/Jan/2025:22:50:20 +0000] "GET /wp-admin/user-edit.php?user_id=455&updated=1&wp_http_referer=%2Fwp-admin%2Fusers.php%3Fs%26action%3D-1%26new_role%26ur_user_approval_status%3Dpending%26ur_user_filter_action%3DFilter%26paged%3D1%26action2%3D-1%26new_role2%26ur_user_approval_status2%26ur_specific_form_user2 HTTP/1.1" 200 86054 "https://cpd.mhcollab.ca/wp-admin/user-edit.php?user_id=455&wp_http_referer=%2Fwp-admin%2Fusers.php%3Fs%26action%3D-1%26new_role%26ur_user_approval_status%3Dpending%26ur_user_filter_action%3DFilter%26paged%3D1%26action2%3D-1%26new_role2%26ur_user_approval_status2%26ur_specific_form_user2" "Mozilla/5.0 (Windows NT 10.0; Win64; x64) AppleWebKit/537.36 (KHTML, like Gecko) Chrome/131.0.0.0 Safari/537.36 Edg/131.0.0.0"
198.161.4.63 - - [21/Jan/2025:22:50:22 +0000] "GET /wp-content/uploads/2024/03/owl-icon-15559.png HTTP/1.1" 404 36493 "https://cpd.mhcollab.ca/wp-admin/user-edit.php?user_id=455&updated=1&wp_http_referer=%2Fwp-admin%2Fusers.php%3Fs%26action%3D-1%26new_role%26ur_user_approval_status%3Dpending%26ur_user_filter_action%3DFilter%26paged%3D1%26action2%3D-1%26new_role2%26ur_user_approval_status2%26ur_specific_form_user2" "Mozilla/5.0 (Windows NT 10.0; Win64; x64) AppleWebKit/537.36 (KHTML, like Gecko) Chrome/131.0.0.0 Safari/537.36 Edg/131.0.0.0"
198.161.4.63 - - [21/Jan/2025:22:50:22 +0000] "POST /wp-admin/admin-ajax.php HTTP/1.1" 200 67 "https://cpd.mhcollab.ca/wp-admin/user-edit.php?user_id=455&wp_http_referer=%2Fwp-admin%2Fusers.php%3Fs%26action%3D-1%26new_role%26ur_user_approval_status%3Dpending%26ur_user_filter_action%3DFilter%26paged%3D1%26action2%3D-1%26new_role2%26ur_user_approval_status2%26ur_specific_form_user2" "Mozilla/5.0 (Windows NT 10.0; Win64; x64) AppleWebKit/537.36 (KHTML, like Gecko) Chrome/131.0.0.0 Safari/537.36 Edg/131.0.0.0"
198.161.4.63 - - [21/Jan/2025:22:50:27 +0000] "POST /wp-admin/admin-ajax.php HTTP/1.1" 200 127 "https://cpd.mhcollab.ca/wp-admin/user-edit.php?user_id=455&wp_http_referer=%2Fwp-admin%2Fusers.php%3Fs%26action%3D-1%26new_role%26ur_user_approval_status%3Dpending%26ur_user_filter_action%3DFilter%26paged%3D1%26action2%3D-1%26new_role2%26ur_user_approval_status2%26ur_specific_form_user2" "Mozilla/5.0 (Windows NT 10.0; Win64; x64) AppleWebKit/537.36 (KHTML, like Gecko) Chrome/131.0.0.0 Safari/537.36 Edg/131.0.0.0"
45.56.220.125 - - [21/Jan/2025:22:50:48 +0000] "POST /wp-cron.php?doing_wp_cron=1737499848.1526169776916503906250 HTTP/1.1" 200 - "-" "WordPress/6.7.1; https://cpd.mhcollab.ca"
198.161.4.63 - - [21/Jan/2025:22:50:46 +0000] "GET /wp-admin/users.php?s&action=-1&new_role&ur_user_approval_status=pending&ur_user_filter_action=Filter&paged=1&action2=-1&new_role2&ur_user_approval_status2&ur_specific_form_user2 HTTP/1.1" 200 52505 "https://cpd.mhcollab.ca/wp-admin/user-edit.php?user_id=455&wp_http_referer=%2Fwp-admin%2Fusers.php%3Fs%26action%3D-1%26new_role%26ur_user_approval_status%3Dpending%26ur_user_filter_action%3DFilter%26paged%3D1%26action2%3D-1%26new_role2%26ur_user_approval_status2%26ur_specific_form_user2" "Mozilla/5.0 (Windows NT 10.0; Win64; x64) AppleWebKit/537.36 (KHTML, like Gecko) Chrome/131.0.0.0 Safari/537.36 Edg/131.0.0.0"
198.161.4.63 - - [21/Jan/2025:22:50:48 +0000] "GET /wp-content/uploads/2024/03/owl-icon-15559.png HTTP/1.1" 404 36444 "https://cpd.mhcollab.ca/wp-admin/users.php?s&action=-1&new_role&ur_user_approval_status=pending&ur_user_filter_action=Filter&paged=1&action2=-1&new_role2&ur_user_approval_status2&ur_specific_form_user2" "Mozilla/5.0 (Windows NT 10.0; Win64; x64) AppleWebKit/537.36 (KHTML, like Gecko) Chrome/131.0.0.0 Safari/537.36 Edg/131.0.0.0"
198.161.4.63 - - [21/Jan/2025:22:50:48 +0000] "POST /wp-admin/admin-ajax.php HTTP/1.1" 200 67 "https://cpd.mhcollab.ca/wp-admin/users.php?s&action=-1&new_role&ur_user_approval_status=pending&ur_user_filter_action=Filter&paged=1&action2=-1&new_role2&ur_user_approval_status2&ur_specific_form_user2" "Mozilla/5.0 (Windows NT 10.0; Win64; x64) AppleWebKit/537.36 (KHTML, like Gecko) Chrome/131.0.0.0 Safari/537.36 Edg/131.0.0.0"
45.56.220.125 - - [21/Jan/2025:22:50:55 +0000] "POST /wp-cron.php?doing_wp_cron=1737499855.1303389072418212890625 HTTP/1.1" 200 - "-" "WordPress/6.7.1; https://cpd.mhcollab.ca"
198.161.4.63 - - [21/Jan/2025:22:50:53 +0000] "POST /wp-admin/admin-ajax.php HTTP/1.1" 200 127 "https://cpd.mhcollab.ca/wp-admin/users.php?s&action=-1&new_role&ur_user_approval_status=pending&ur_user_filter_action=Filter&paged=1&action2=-1&new_role2&ur_user_approval_status2&ur_specific_form_user2" "Mozilla/5.0 (Windows NT 10.0; Win64; x64) AppleWebKit/537.36 (KHTML, like Gecko) Chrome/131.0.0.0 Safari/537.36 Edg/131.0.0.0"
198.161.4.63 - - [21/Jan/2025:22:50:55 +0000] "GET /wp-admin/users.php?s&action=approve&ur_user_approval_status=pending&ur_user_filter_action=Filter&paged=1&action2=-1&new_role2&ur_user_approval_status2&ur_specific_form_user2&user=455&_wpnonce=ff8f40f52c HTTP/1.1" 302 - "https://cpd.mhcollab.ca/wp-admin/users.php?s&action=-1&new_role&ur_user_approval_status=pending&ur_user_filter_action=Filter&paged=1&action2=-1&new_role2&ur_user_approval_status2&ur_specific_form_user2" "Mozilla/5.0 (Windows NT 10.0; Win64; x64) AppleWebKit/537.36 (KHTML, like Gecko) Chrome/131.0.0.0 Safari/537.36 Edg/131.0.0.0"
198.161.4.63 - - [21/Jan/2025:22:50:58 +0000] "GET /wp-admin/users.php?approved=1 HTTP/1.1" 200 98908 "https://cpd.mhcollab.ca/wp-admin/users.php?s&action=-1&new_role&ur_user_approval_status=pending&ur_user_filter_action=Filter&paged=1&action2=-1&new_role2&ur_user_approval_status2&ur_specific_form_user2" "Mozilla/5.0 (Windows NT 10.0; Win64; x64) AppleWebKit/537.36 (KHTML, like Gecko) Chrome/131.0.0.0 Safari/537.36 Edg/131.0.0.0"
198.161.4.63 - - [21/Jan/2025:22:51:02 +0000] "GET /wp-content/uploads/2024/03/owl-icon-15559.png HTTP/1.1" 404 36384 "https://cpd.mhcollab.ca/wp-admin/users.php?approved=1" "Mozilla/5.0 (Windows NT 10.0; Win64; x64) AppleWebKit/537.36 (KHTML, like Gecko) Chrome/131.0.0.0 Safari/537.36 Edg/131.0.0.0"
198.161.4.63 - - [21/Jan/2025:22:51:02 +0000] "POST /wp-admin/admin-ajax.php HTTP/1.1" 200 67 "https://cpd.mhcollab.ca/wp-admin/users.php" "Mozilla/5.0 (Windows NT 10.0; Win64; x64) AppleWebKit/537.36 (KHTML, like Gecko) Chrome/131.0.0.0 Safari/537.36 Edg/131.0.0.0"
198.161.4.63 - - [21/Jan/2025:22:51:06 +0000] "GET /wp-admin/users.php?s&action=-1&new_role&ur_user_approval_status=pending&ur_user_filter_action=Filter&paged=1&action2=-1&new_role2&ur_user_approval_status2&ur_specific_form_user2 HTTP/1.1" 200 51693 "https://cpd.mhcollab.ca/wp-admin/users.php" "Mozilla/5.0 (Windows NT 10.0; Win64; x64) AppleWebKit/537.36 (KHTML, like Gecko) Chrome/131.0.0.0 Safari/537.36 Edg/131.0.0.0"
198.161.4.63 - - [21/Jan/2025:22:51:07 +0000] "POST /wp-admin/admin-ajax.php HTTP/1.1" 200 127 "https://cpd.mhcollab.ca/wp-admin/users.php" "Mozilla/5.0 (Windows NT 10.0; Win64; x64) AppleWebKit/537.36 (KHTML, like Gecko) Chrome/131.0.0.0 Safari/537.36 Edg/131.0.0.0"
198.161.4.63 - - [21/Jan/2025:22:51:08 +0000] "GET /wp-content/uploads/2024/03/owl-icon-15559.png HTTP/1.1" 404 36444 "https://cpd.mhcollab.ca/wp-admin/users.php?s&action=-1&new_role&ur_user_approval_status=pending&ur_user_filter_action=Filter&paged=1&action2=-1&new_role2&ur_user_approval_status2&ur_specific_form_user2" "Mozilla/5.0 (Windows NT 10.0; Win64; x64) AppleWebKit/537.36 (KHTML, like Gecko) Chrome/131.0.0.0 Safari/537.36 Edg/131.0.0.0"
198.161.4.63 - - [21/Jan/2025:22:51:08 +0000] "POST /wp-admin/admin-ajax.php HTTP/1.1" 200 67 "https://cpd.mhcollab.ca/wp-admin/users.php?s&action=-1&new_role&ur_user_approval_status=pending&ur_user_filter_action=Filter&paged=1&action2=-1&new_role2&ur_user_approval_status2&ur_specific_form_user2" "Mozilla/5.0 (Windows NT 10.0; Win64; x64) AppleWebKit/537.36 (KHTML, like Gecko) Chrome/131.0.0.0 Safari/537.36 Edg/131.0.0.0"
198.161.4.63 - - [21/Jan/2025:22:51:12 +0000] "GET /wp-admin/user-edit.php?user_id=458&wp_http_referer=%2Fwp-admin%2Fusers.php%3Fs%26action%3D-1%26new_role%26ur_user_approval_status%3Dpending%26ur_user_filter_action%3DFilter%26paged%3D1%26action2%3D-1%26new_role2%26ur_user_approval_status2%26ur_specific_form_user2 HTTP/1.1" 200 85935 "https://cpd.mhcollab.ca/wp-admin/users.php?s&action=-1&new_role&ur_user_approval_status=pending&ur_user_filter_action=Filter&paged=1&action2=-1&new_role2&ur_user_approval_status2&ur_specific_form_user2" "Mozilla/5.0 (Windows NT 10.0; Win64; x64) AppleWebKit/537.36 (KHTML, like Gecko) Chrome/131.0.0.0 Safari/537.36 Edg/131.0.0.0"
198.161.4.63 - - [21/Jan/2025:22:51:13 +0000] "POST /wp-admin/admin-ajax.php HTTP/1.1" 200 126 "https://cpd.mhcollab.ca/wp-admin/users.php?s&action=-1&new_role&ur_user_approval_status=pending&ur_user_filter_action=Filter&paged=1&action2=-1&new_role2&ur_user_approval_status2&ur_specific_form_user2" "Mozilla/5.0 (Windows NT 10.0; Win64; x64) AppleWebKit/537.36 (KHTML, like Gecko) Chrome/131.0.0.0 Safari/537.36 Edg/131.0.0.0"
198.161.4.63 - - [21/Jan/2025:22:51:14 +0000] "GET /wp-content/uploads/2024/03/owl-icon-15559.png HTTP/1.1" 404 36487 "https://cpd.mhcollab.ca/wp-admin/user-edit.php?user_id=458&wp_http_referer=%2Fwp-admin%2Fusers.php%3Fs%26action%3D-1%26new_role%26ur_user_approval_status%3Dpending%26ur_user_filter_action%3DFilter%26paged%3D1%26action2%3D-1%26new_role2%26ur_user_approval_status2%26ur_specific_form_user2" "Mozilla/5.0 (Windows NT 10.0; Win64; x64) AppleWebKit/537.36 (KHTML, like Gecko) Chrome/131.0.0.0 Safari/537.36 Edg/131.0.0.0"
198.161.4.63 - - [21/Jan/2025:22:51:14 +0000] "POST /wp-admin/admin-ajax.php HTTP/1.1" 200 67 "https://cpd.mhcollab.ca/wp-admin/user-edit.php?user_id=458&wp_http_referer=%2Fwp-admin%2Fusers.php%3Fs%26action%3D-1%26new_role%26ur_user_approval_status%3Dpending%26ur_user_filter_action%3DFilter%26paged%3D1%26action2%3D-1%26new_role2%26ur_user_approval_status2%26ur_specific_form_user2" "Mozilla/5.0 (Windows NT 10.0; Win64; x64) AppleWebKit/537.36 (KHTML, like Gecko) Chrome/131.0.0.0 Safari/537.36 Edg/131.0.0.0"
198.161.4.63 - - [21/Jan/2025:22:51:19 +0000] "POST /wp-admin/admin-ajax.php HTTP/1.1" 200 126 "https://cpd.mhcollab.ca/wp-admin/user-edit.php?user_id=458&wp_http_referer=%2Fwp-admin%2Fusers.php%3Fs%26action%3D-1%26new_role%26ur_user_approval_status%3Dpending%26ur_user_filter_action%3DFilter%26paged%3D1%26action2%3D-1%26new_role2%26ur_user_approval_status2%26ur_specific_form_user2" "Mozilla/5.0 (Windows NT 10.0; Win64; x64) AppleWebKit/537.36 (KHTML, like Gecko) Chrome/131.0.0.0 Safari/537.36 Edg/131.0.0.0"
45.56.220.125 - - [21/Jan/2025:22:52:21 +0000] "POST /wp-cron.php?doing_wp_cron=1737499941.7544159889221191406250 HTTP/1.1" 200 - "-" "WordPress/6.7.1; https://cpd.mhcollab.ca"
198.161.4.63 - - [21/Jan/2025:22:52:20 +0000] "POST /wp-admin/admin-ajax.php HTTP/1.1" 200 126 "https://cpd.mhcollab.ca/wp-admin/user-edit.php?user_id=458&wp_http_referer=%2Fwp-admin%2Fusers.php%3Fs%26action%3D-1%26new_role%26ur_user_approval_status%3Dpending%26ur_user_filter_action%3DFilter%26paged%3D1%26action2%3D-1%26new_role2%26ur_user_approval_status2%26ur_specific_form_user2" "Mozilla/5.0 (Windows NT 10.0; Win64; x64) AppleWebKit/537.36 (KHTML, like Gecko) Chrome/131.0.0.0 Safari/537.36 Edg/131.0.0.0"
45.56.220.125 - - [21/Jan/2025:22:52:21 +0000] "POST /wp-admin/admin-ajax.php?action=as_async_request_queue_runner&nonce=86acc78db0 HTTP/1.1" 200 - "-" "WordPress/6.7.1; https://cpd.mhcollab.ca"
45.56.220.125 - - [21/Jan/2025:22:53:21 +0000] "POST /wp-cron.php?doing_wp_cron=1737500001.6254470348358154296875 HTTP/1.1" 200 - "-" "WordPress/6.7.1; https://cpd.mhcollab.ca"
198.161.4.63 - - [21/Jan/2025:22:53:20 +0000] "POST /wp-admin/admin-ajax.php HTTP/1.1" 200 124 "https://cpd.mhcollab.ca/wp-admin/user-edit.php?user_id=458&wp_http_referer=%2Fwp-admin%2Fusers.php%3Fs%26action%3D-1%26new_role%26ur_user_approval_status%3Dpending%26ur_user_filter_action%3DFilter%26paged%3D1%26action2%3D-1%26new_role2%26ur_user_approval_status2%26ur_specific_form_user2" "Mozilla/5.0 (Windows NT 10.0; Win64; x64) AppleWebKit/537.36 (KHTML, like Gecko) Chrome/131.0.0.0 Safari/537.36 Edg/131.0.0.0"
45.56.220.125 - - [21/Jan/2025:22:54:21 +0000] "POST /wp-cron.php?doing_wp_cron=1737500061.5742781162261962890625 HTTP/1.1" 200 - "-" "WordPress/6.7.1; https://cpd.mhcollab.ca"
198.161.4.63 - - [21/Jan/2025:22:54:20 +0000] "POST /wp-admin/admin-ajax.php HTTP/1.1" 200 126 "https://cpd.mhcollab.ca/wp-admin/user-edit.php?user_id=458&wp_http_referer=%2Fwp-admin%2Fusers.php%3Fs%26action%3D-1%26new_role%26ur_user_approval_status%3Dpending%26ur_user_filter_action%3DFilter%26paged%3D1%26action2%3D-1%26new_role2%26ur_user_approval_status2%26ur_specific_form_user2" "Mozilla/5.0 (Windows NT 10.0; Win64; x64) AppleWebKit/537.36 (KHTML, like Gecko) Chrome/131.0.0.0 Safari/537.36 Edg/131.0.0.0"
45.56.220.125 - - [21/Jan/2025:22:55:21 +0000] "POST /wp-cron.php?doing_wp_cron=1737500121.6701180934906005859375 HTTP/1.1" 200 - "-" "WordPress/6.7.1; https://cpd.mhcollab.ca"
198.161.4.63 - - [21/Jan/2025:22:55:20 +0000] "POST /wp-admin/admin-ajax.php HTTP/1.1" 200 126 "https://cpd.mhcollab.ca/wp-admin/user-edit.php?user_id=458&wp_http_referer=%2Fwp-admin%2Fusers.php%3Fs%26action%3D-1%26new_role%26ur_user_approval_status%3Dpending%26ur_user_filter_action%3DFilter%26paged%3D1%26action2%3D-1%26new_role2%26ur_user_approval_status2%26ur_specific_form_user2" "Mozilla/5.0 (Windows NT 10.0; Win64; x64) AppleWebKit/537.36 (KHTML, like Gecko) Chrome/131.0.0.0 Safari/537.36 Edg/131.0.0.0"
45.56.220.125 - - [21/Jan/2025:22:56:21 +0000] "POST /wp-cron.php?doing_wp_cron=1737500181.6415789127349853515625 HTTP/1.1" 200 - "-" "WordPress/6.7.1; https://cpd.mhcollab.ca"
198.161.4.63 - - [21/Jan/2025:22:56:20 +0000] "POST /wp-admin/admin-ajax.php HTTP/1.1" 200 126 "https://cpd.mhcollab.ca/wp-admin/user-edit.php?user_id=458&wp_http_referer=%2Fwp-admin%2Fusers.php%3Fs%26action%3D-1%26new_role%26ur_user_approval_status%3Dpending%26ur_user_filter_action%3DFilter%26paged%3D1%26action2%3D-1%26new_role2%26ur_user_approval_status2%26ur_specific_form_user2" "Mozilla/5.0 (Windows NT 10.0; Win64; x64) AppleWebKit/537.36 (KHTML, like Gecko) Chrome/131.0.0.0 Safari/537.36 Edg/131.0.0.0"
45.56.220.125 - - [21/Jan/2025:22:57:21 +0000] "POST /wp-cron.php?doing_wp_cron=1737500241.6363060474395751953125 HTTP/1.1" 200 - "-" "WordPress/6.7.1; https://cpd.mhcollab.ca"
198.161.4.63 - - [21/Jan/2025:22:57:20 +0000] "POST /wp-admin/admin-ajax.php HTTP/1.1" 200 126 "https://cpd.mhcollab.ca/wp-admin/user-edit.php?user_id=458&wp_http_referer=%2Fwp-admin%2Fusers.php%3Fs%26action%3D-1%26new_role%26ur_user_approval_status%3Dpending%26ur_user_filter_action%3DFilter%26paged%3D1%26action2%3D-1%26new_role2%26ur_user_approval_status2%26ur_specific_form_user2" "Mozilla/5.0 (Windows NT 10.0; Win64; x64) AppleWebKit/537.36 (KHTML, like Gecko) Chrome/131.0.0.0 Safari/537.36 Edg/131.0.0.0"
45.56.220.125 - - [21/Jan/2025:22:58:21 +0000] "POST /wp-cron.php?doing_wp_cron=1737500301.6789700984954833984375 HTTP/1.1" 200 - "-" "WordPress/6.7.1; https://cpd.mhcollab.ca"
198.161.4.63 - - [21/Jan/2025:22:58:20 +0000] "POST /wp-admin/admin-ajax.php HTTP/1.1" 200 125 "https://cpd.mhcollab.ca/wp-admin/user-edit.php?user_id=458&wp_http_referer=%2Fwp-admin%2Fusers.php%3Fs%26action%3D-1%26new_role%26ur_user_approval_status%3Dpending%26ur_user_filter_action%3DFilter%26paged%3D1%26action2%3D-1%26new_role2%26ur_user_approval_status2%26ur_specific_form_user2" "Mozilla/5.0 (Windows NT 10.0; Win64; x64) AppleWebKit/537.36 (KHTML, like Gecko) Chrome/131.0.0.0 Safari/537.36 Edg/131.0.0.0"
45.56.220.125 - - [21/Jan/2025:22:59:21 +0000] "POST /wp-cron.php?doing_wp_cron=1737500361.7041180133819580078125 HTTP/1.1" 200 - "-" "WordPress/6.7.1; https://cpd.mhcollab.ca"
198.161.4.63 - - [21/Jan/2025:22:59:20 +0000] "POST /wp-admin/admin-ajax.php HTTP/1.1" 200 126 "https://cpd.mhcollab.ca/wp-admin/user-edit.php?user_id=458&wp_http_referer=%2Fwp-admin%2Fusers.php%3Fs%26action%3D-1%26new_role%26ur_user_approval_status%3Dpending%26ur_user_filter_action%3DFilter%26paged%3D1%26action2%3D-1%26new_role2%26ur_user_approval_status2%26ur_specific_form_user2" "Mozilla/5.0 (Windows NT 10.0; Win64; x64) AppleWebKit/537.36 (KHTML, like Gecko) Chrome/131.0.0.0 Safari/537.36 Edg/131.0.0.0"
45.56.220.125 - - [21/Jan/2025:23:00:21 +0000] "POST /wp-cron.php?doing_wp_cron=1737500421.7561340332031250000000 HTTP/1.1" 200 - "-" "WordPress/6.7.1; https://cpd.mhcollab.ca"
198.161.4.63 - - [21/Jan/2025:23:00:20 +0000] "POST /wp-admin/admin-ajax.php HTTP/1.1" 200 126 "https://cpd.mhcollab.ca/wp-admin/user-edit.php?user_id=458&wp_http_referer=%2Fwp-admin%2Fusers.php%3Fs%26action%3D-1%26new_role%26ur_user_approval_status%3Dpending%26ur_user_filter_action%3DFilter%26paged%3D1%26action2%3D-1%26new_role2%26ur_user_approval_status2%26ur_specific_form_user2" "Mozilla/5.0 (Windows NT 10.0; Win64; x64) AppleWebKit/537.36 (KHTML, like Gecko) Chrome/131.0.0.0 Safari/537.36 Edg/131.0.0.0"
45.56.220.125 - - [21/Jan/2025:23:02:21 +0000] "POST /wp-cron.php?doing_wp_cron=1737500541.7920439243316650390625 HTTP/1.1" 200 - "-" "WordPress/6.7.1; https://cpd.mhcollab.ca"
198.161.4.63 - - [21/Jan/2025:23:02:20 +0000] "POST /wp-admin/admin-ajax.php HTTP/1.1" 200 126 "https://cpd.mhcollab.ca/wp-admin/user-edit.php?user_id=458&wp_http_referer=%2Fwp-admin%2Fusers.php%3Fs%26action%3D-1%26new_role%26ur_user_approval_status%3Dpending%26ur_user_filter_action%3DFilter%26paged%3D1%26action2%3D-1%26new_role2%26ur_user_approval_status2%26ur_specific_form_user2" "Mozilla/5.0 (Windows NT 10.0; Win64; x64) AppleWebKit/537.36 (KHTML, like Gecko) Chrome/131.0.0.0 Safari/537.36 Edg/131.0.0.0"
157.55.39.50 - - [21/Jan/2025:23:02:31 +0000] "GET /wp-content/uploads/2022/08/smiling-businesswoman-sitting-at-office-desk-holding-coffee-while-working-on-laptop--1024x682.jpg HTTP/1.1" 200 75094 "-" "Mozilla/5.0 AppleWebKit/537.36 (KHTML, like Gecko; compatible; bingbot/2.0; +http://www.bing.com/bingbot.htm) Chrome/116.0.1938.76 Safari/537.36"
45.56.220.125 - - [21/Jan/2025:23:04:04 +0000] "POST /wp-cron.php?doing_wp_cron=1737500644.5142869949340820312500 HTTP/1.1" 200 - "-" "WordPress/6.7.1; https://cpd.mhcollab.ca"
198.161.4.63 - - [21/Jan/2025:23:04:02 +0000] "POST /wp-admin/admin-ajax.php HTTP/1.1" 200 126 "https://cpd.mhcollab.ca/wp-admin/user-edit.php?user_id=458&wp_http_referer=%2Fwp-admin%2Fusers.php%3Fs%26action%3D-1%26new_role%26ur_user_approval_status%3Dpending%26ur_user_filter_action%3DFilter%26paged%3D1%26action2%3D-1%26new_role2%26ur_user_approval_status2%26ur_specific_form_user2" "Mozilla/5.0 (Windows NT 10.0; Win64; x64) AppleWebKit/537.36 (KHTML, like Gecko) Chrome/131.0.0.0 Safari/537.36 Edg/131.0.0.0"
45.56.220.125 - - [21/Jan/2025:23:06:04 +0000] "POST /wp-cron.php?doing_wp_cron=1737500764.8652839660644531250000 HTTP/1.1" 200 - "-" "WordPress/6.7.1; https://cpd.mhcollab.ca"
198.161.4.63 - - [21/Jan/2025:23:06:03 +0000] "POST /wp-admin/admin-ajax.php HTTP/1.1" 200 126 "https://cpd.mhcollab.ca/wp-admin/user-edit.php?user_id=458&wp_http_referer=%2Fwp-admin%2Fusers.php%3Fs%26action%3D-1%26new_role%26ur_user_approval_status%3Dpending%26ur_user_filter_action%3DFilter%26paged%3D1%26action2%3D-1%26new_role2%26ur_user_approval_status2%26ur_specific_form_user2" "Mozilla/5.0 (Windows NT 10.0; Win64; x64) AppleWebKit/537.36 (KHTML, like Gecko) Chrome/131.0.0.0 Safari/537.36 Edg/131.0.0.0"
45.56.220.125 - - [21/Jan/2025:23:06:04 +0000] "POST /wp-admin/admin-ajax.php?action=as_async_request_queue_runner&nonce=86acc78db0 HTTP/1.1" 200 - "-" "WordPress/6.7.1; https://cpd.mhcollab.ca"
45.56.220.125 - - [21/Jan/2025:23:08:05 +0000] "POST /wp-cron.php?doing_wp_cron=1737500885.9017050266265869140625 HTTP/1.1" 200 - "-" "WordPress/6.7.1; https://cpd.mhcollab.ca"
198.161.4.63 - - [21/Jan/2025:23:08:04 +0000] "POST /wp-admin/admin-ajax.php HTTP/1.1" 200 126 "https://cpd.mhcollab.ca/wp-admin/user-edit.php?user_id=458&wp_http_referer=%2Fwp-admin%2Fusers.php%3Fs%26action%3D-1%26new_role%26ur_user_approval_status%3Dpending%26ur_user_filter_action%3DFilter%26paged%3D1%26action2%3D-1%26new_role2%26ur_user_approval_status2%26ur_specific_form_user2" "Mozilla/5.0 (Windows NT 10.0; Win64; x64) AppleWebKit/537.36 (KHTML, like Gecko) Chrome/131.0.0.0 Safari/537.36 Edg/131.0.0.0"
157.55.39.10 - - [21/Jan/2025:23:08:38 +0000] "GET /wp-content/uploads/2023/07/online-training-young-latin-american-girl-student-doctor-studies-online-at-home-from-laptop-1536x1024.jpg HTTP/1.1" 200 128149 "-" "Mozilla/5.0 AppleWebKit/537.36 (KHTML, like Gecko; compatible; bingbot/2.0; +http://www.bing.com/bingbot.htm) Chrome/116.0.1938.76 Safari/537.36"
52.167.144.16 - - [21/Jan/2025:23:09:34 +0000] "GET /wp-content/uploads/elementor/thumbs/online-training-young-latin-american-girl-student-doctor-studies-online-at-home-from-laptop-q9xz4lgkzt3edvxdkicfhgii7imm55rmk8pfdb77os.jpg HTTP/1.1" 200 22337 "-" "Mozilla/5.0 AppleWebKit/537.36 (KHTML, like Gecko; compatible; bingbot/2.0; +http://www.bing.com/bingbot.htm) Chrome/116.0.1938.76 Safari/537.36"
45.56.220.125 - - [21/Jan/2025:23:10:07 +0000] "POST /wp-cron.php?doing_wp_cron=1737501007.0818250179290771484375 HTTP/1.1" 200 - "-" "WordPress/6.7.1; https://cpd.mhcollab.ca"
198.161.4.63 - - [21/Jan/2025:23:10:05 +0000] "POST /wp-admin/admin-ajax.php HTTP/1.1" 200 125 "https://cpd.mhcollab.ca/wp-admin/user-edit.php?user_id=458&wp_http_referer=%2Fwp-admin%2Fusers.php%3Fs%26action%3D-1%26new_role%26ur_user_approval_status%3Dpending%26ur_user_filter_action%3DFilter%26paged%3D1%26action2%3D-1%26new_role2%26ur_user_approval_status2%26ur_specific_form_user2" "Mozilla/5.0 (Windows NT 10.0; Win64; x64) AppleWebKit/537.36 (KHTML, like Gecko) Chrome/131.0.0.0 Safari/537.36 Edg/131.0.0.0"
45.56.220.125 - - [21/Jan/2025:23:10:07 +0000] "POST /wp-admin/admin-ajax.php?action=as_async_request_queue_runner&nonce=86acc78db0 HTTP/1.1" 200 - "-" "WordPress/6.7.1; https://cpd.mhcollab.ca"
45.56.220.125 - - [21/Jan/2025:23:12:08 +0000] "POST /wp-cron.php?doing_wp_cron=1737501128.1187160015106201171875 HTTP/1.1" 200 - "-" "WordPress/6.7.1; https://cpd.mhcollab.ca"
198.161.4.63 - - [21/Jan/2025:23:12:06 +0000] "POST /wp-admin/admin-ajax.php HTTP/1.1" 200 126 "https://cpd.mhcollab.ca/wp-admin/user-edit.php?user_id=458&wp_http_referer=%2Fwp-admin%2Fusers.php%3Fs%26action%3D-1%26new_role%26ur_user_approval_status%3Dpending%26ur_user_filter_action%3DFilter%26paged%3D1%26action2%3D-1%26new_role2%26ur_user_approval_status2%26ur_specific_form_user2" "Mozilla/5.0 (Windows NT 10.0; Win64; x64) AppleWebKit/537.36 (KHTML, like Gecko) Chrome/131.0.0.0 Safari/537.36 Edg/131.0.0.0"
157.55.39.10 - - [21/Jan/2025:23:13:18 +0000] "GET /wp-content/uploads/2023/07/online-training-young-latin-american-girl-student-doctor-studies-online-at-home-from-laptop-1320x880.jpg HTTP/1.1" 200 101635 "-" "Mozilla/5.0 AppleWebKit/537.36 (KHTML, like Gecko; compatible; bingbot/2.0; +http://www.bing.com/bingbot.htm) Chrome/116.0.1938.76 Safari/537.36"
45.56.220.125 - - [21/Jan/2025:23:14:08 +0000] "POST /wp-cron.php?doing_wp_cron=1737501248.8555560111999511718750 HTTP/1.1" 200 - "-" "WordPress/6.7.1; https://cpd.mhcollab.ca"
198.161.4.63 - - [21/Jan/2025:23:14:07 +0000] "POST /wp-admin/admin-ajax.php HTTP/1.1" 200 127 "https://cpd.mhcollab.ca/wp-admin/user-edit.php?user_id=458&wp_http_referer=%2Fwp-admin%2Fusers.php%3Fs%26action%3D-1%26new_role%26ur_user_approval_status%3Dpending%26ur_user_filter_action%3DFilter%26paged%3D1%26action2%3D-1%26new_role2%26ur_user_approval_status2%26ur_specific_form_user2" "Mozilla/5.0 (Windows NT 10.0; Win64; x64) AppleWebKit/537.36 (KHTML, like Gecko) Chrome/131.0.0.0 Safari/537.36 Edg/131.0.0.0"
114.119.157.111 - - [21/Jan/2025:23:14:09 +0000] "GET /registration?ld_register_id=5114 HTTP/1.1" 200 34048 "https://cpd.mhcollab.ca/courses/2204" "Mozilla/5.0 (Linux; Android 7.0;) AppleWebKit/537.36 (KHTML, like Gecko) Mobile Safari/537.36 (compatible; PetalBot;+https://webmaster.petalsearch.com/site/petalbot)"
45.56.220.125 - - [21/Jan/2025:23:20:24 +0000] "POST /wp-cron.php?doing_wp_cron=1737501624.0322659015655517578125 HTTP/1.1" 200 - "-" "WordPress/6.7.1; https://cpd.mhcollab.ca"
185.191.171.4 - - [21/Jan/2025:23:20:22 +0000] "GET /robots.txt HTTP/1.1" 200 111 "-" "Mozilla/5.0 (compatible; SemrushBot/7~bl; +http://www.semrush.com/bot.html)"
85.208.96.209 - - [21/Jan/2025:23:20:24 +0000] "GET /courses/2402c-2 HTTP/1.1" 200 27190 "-" "Mozilla/5.0 (compatible; SemrushBot/7~bl; +http://www.semrush.com/bot.html)"
45.56.220.125 - - [21/Jan/2025:23:28:49 +0000] "POST /wp-cron.php?doing_wp_cron=1737502129.6865088939666748046875 HTTP/1.1" 200 - "-" "WordPress/6.7.1; https://cpd.mhcollab.ca"
85.208.96.206 - - [21/Jan/2025:23:28:48 +0000] "GET /groups/2023-2024-courses/2301-1 HTTP/1.1" 200 26619 "-" "Mozilla/5.0 (compatible; SemrushBot/7~bl; +http://www.semrush.com/bot.html)"
45.56.220.125 - - [21/Jan/2025:23:34:52 +0000] "POST /wp-cron.php?doing_wp_cron=1737502492.7796740531921386718750 HTTP/1.1" 200 - "-" "WordPress/6.7.1; https://cpd.mhcollab.ca"
114.119.140.4 - - [21/Jan/2025:23:34:51 +0000] "GET /user HTTP/1.1" 301 - "https://cpd.mhcollab.ca/registration?ld_register_id=6151" "Mozilla/5.0 (Linux; Android 7.0;) AppleWebKit/537.36 (KHTML, like Gecko) Mobile Safari/537.36 (compatible; PetalBot;+https://webmaster.petalsearch.com/site/petalbot)"
114.119.140.4 - - [21/Jan/2025:23:34:53 +0000] "GET /user-2 HTTP/1.1" 200 29611 "https://cpd.mhcollab.ca/registration?ld_register_id=6151" "Mozilla/5.0 (Linux; Android 7.0;) AppleWebKit/537.36 (KHTML, like Gecko) Mobile Safari/537.36 (compatible; PetalBot;+https://webmaster.petalsearch.com/site/petalbot)"
45.56.220.125 - - [21/Jan/2025:23:54:26 +0000] "POST /wp-cron.php?doing_wp_cron=1737503666.7790319919586181640625 HTTP/1.1" 200 - "-" "WordPress/6.7.1; https://cpd.mhcollab.ca"
185.191.171.9 - - [21/Jan/2025:23:54:25 +0000] "GET /questions/question-71/ HTTP/1.1" 404 25570 "-" "Mozilla/5.0 (compatible; SemrushBot/7~bl; +http://www.semrush.com/bot.html)"
52.167.144.166 - - [21/Jan/2025:23:55:48 +0000] "GET /wp-content/uploads/2023/06/CPD-Under-Construction-e1685743745174-150x150.jpg HTTP/1.1" 200 6806 "-" "Mozilla/5.0 AppleWebKit/537.36 (KHTML, like Gecko; compatible; bingbot/2.0; +http://www.bing.com/bingbot.htm) Chrome/116.0.1938.76 Safari/537.36"
45.56.220.125 - - [22/Jan/2025:00:03:09 +0000] "POST /wp-cron.php?doing_wp_cron=1737504189.1628820896148681640625 HTTP/1.1" 200 - "-" "WordPress/6.7.1; https://cpd.mhcollab.ca"
114.119.132.85 - - [22/Jan/2025:00:03:07 +0000] "GET /robots.txt HTTP/1.1" 200 111 "-" "Mozilla/5.0 (compatible;PetalBot;+https://webmaster.petalsearch.com/site/petalbot)"
45.56.220.125 - - [22/Jan/2025:00:13:54 +0000] "POST /wp-cron.php?doing_wp_cron=1737504833.9733910560607910156250 HTTP/1.1" 200 - "-" "WordPress/6.7.1; https://cpd.mhcollab.ca"
185.191.171.10 - - [22/Jan/2025:00:13:52 +0000] "GET /course-invoice HTTP/1.1" 200 27687 "-" "Mozilla/5.0 (compatible; SemrushBot/7~bl; +http://www.semrush.com/bot.html)"
45.56.220.125 - - [22/Jan/2025:00:16:39 +0000] "POST /wp-cron.php?doing_wp_cron=1737504999.1347250938415527343750 HTTP/1.1" 200 - "-" "WordPress/6.7.1; https://cpd.mhcollab.ca"
114.119.130.67 - - [22/Jan/2025:00:16:37 +0000] "GET /robots.txt HTTP/1.1" 200 111 "-" "Mozilla/5.0 (compatible;PetalBot;+https://webmaster.petalsearch.com/site/petalbot)"
207.46.13.160 - - [22/Jan/2025:00:17:37 +0000] "GET /wp-content/uploads/2024/09/RA-MHC_partner-pair_web-300x61.png HTTP/1.1" 200 14225 "-" "Mozilla/5.0 AppleWebKit/537.36 (KHTML, like Gecko; compatible; bingbot/2.0; +http://www.bing.com/bingbot.htm) Chrome/116.0.1938.76 Safari/537.36"
45.56.220.125 - - [22/Jan/2025:00:30:23 +0000] "POST /wp-cron.php?doing_wp_cron=1737505823.5790240764617919921875 HTTP/1.1" 200 - "-" "WordPress/6.7.1; https://cpd.mhcollab.ca"
51.8.102.131 - - [22/Jan/2025:00:30:22 +0000] "GET /robots.txt HTTP/1.1" 200 111 "-" "Mozilla/5.0 AppleWebKit/537.36 (KHTML, like Gecko); compatible; OAI-SearchBot/1.0; +https://openai.com/searchbot"
45.56.220.125 - - [22/Jan/2025:00:34:12 +0000] "POST /wp-cron.php?doing_wp_cron=1737506052.5640070438385009765625 HTTP/1.1" 200 - "-" "WordPress/6.7.1; https://cpd.mhcollab.ca"
185.191.171.1 - - [22/Jan/2025:00:34:11 +0000] "GET /robots.txt HTTP/1.1" 200 111 "-" "Mozilla/5.0 (compatible; SemrushBot/7~bl; +http://www.semrush.com/bot.html)"
85.208.96.202 - - [22/Jan/2025:00:34:12 +0000] "GET /questions/question-88/ HTTP/1.1" 404 25570 "-" "Mozilla/5.0 (compatible; SemrushBot/7~bl; +http://www.semrush.com/bot.html)"
45.56.220.125 - - [22/Jan/2025:00:44:56 +0000] "POST /wp-cron.php?doing_wp_cron=1737506696.4515860080718994140625 HTTP/1.1" 200 - "-" "WordPress/6.7.1; https://cpd.mhcollab.ca"
85.208.96.193 - - [22/Jan/2025:00:44:54 +0000] "GET /topics/log-in HTTP/1.1" 404 25570 "-" "Mozilla/5.0 (compatible; SemrushBot/7~bl; +http://www.semrush.com/bot.html)"
45.56.220.125 - - [22/Jan/2025:00:44:58 +0000] "POST /wp-admin/admin-ajax.php HTTP/1.1" 200 - "-" "WordPress/6.7.1; https://cpd.mhcollab.ca"
45.56.220.125 - - [22/Jan/2025:00:48:50 +0000] "POST /wp-cron.php?doing_wp_cron=1737506930.2879691123962402343750 HTTP/1.1" 200 - "-" "WordPress/6.7.1; https://cpd.mhcollab.ca"
15.236.225.192 - - [22/Jan/2025:00:48:48 +0000] "GET / HTTP/1.1" 200 30117 "-" "Mozilla/5.0 (Windows NT 10.0; Win64; x64) AppleWebKit/537.36 (KHTML, like Gecko; compatible; BW/1.3; rb.gy/qyzae5) Chrome/124.0.0.0 Safari/537.36"
45.56.220.125 - - [22/Jan/2025:00:48:51 +0000] "POST /wp-admin/admin-ajax.php HTTP/1.1" 200 - "-" "WordPress/6.7.1; https://cpd.mhcollab.ca"
15.236.225.192 - - [22/Jan/2025:00:48:52 +0000] "GET /robots.txt HTTP/1.1" 200 111 "-" "Mozilla/5.0 (Windows NT 10.0; Win64; x64) AppleWebKit/537.36 (KHTML, like Gecko; compatible; BW/1.3; rb.gy/qyzae5) Chrome/124.0.0.0 Safari/537.36"
15.236.225.192 - - [22/Jan/2025:00:48:54 +0000] "GET /user/lost-password/ HTTP/1.1" 301 - "-" "Mozilla/5.0 (Windows NT 10.0; Win64; x64) AppleWebKit/537.36 (KHTML, like Gecko; compatible; BW/1.3; rb.gy/qyzae5) Chrome/124.0.0.0 Safari/537.36"
45.56.220.125 - - [22/Jan/2025:00:48:57 +0000] "POST /wp-cron.php?doing_wp_cron=1737506937.7664160728454589843750 HTTP/1.1" 200 - "-" "WordPress/6.7.1; https://cpd.mhcollab.ca"
15.236.225.192 - - [22/Jan/2025:00:48:56 +0000] "GET /user-2 HTTP/1.1" 200 29431 "-" "Mozilla/5.0 (Windows NT 10.0; Win64; x64) AppleWebKit/537.36 (KHTML, like Gecko; compatible; BW/1.3; rb.gy/qyzae5) Chrome/124.0.0.0 Safari/537.36"
15.236.225.192 - - [22/Jan/2025:00:48:57 +0000] "GET / HTTP/1.1" 200 30117 "-" "Mozilla/5.0 (Windows NT 10.0; Win64; x64) AppleWebKit/537.36 (KHTML, like Gecko; compatible; BW/1.3; rb.gy/qyzae5) Chrome/124.0.0.0 Safari/537.36"
15.236.225.192 - - [22/Jan/2025:00:48:58 +0000] "GET /ads.txt HTTP/1.1" 404 25569 "-" "Mozilla/5.0 (Windows NT 10.0; Win64; x64) AppleWebKit/537.36 (KHTML, like Gecko; compatible; BW/1.3; rb.gy/qyzae5) Chrome/124.0.0.0 Safari/537.36"
45.56.220.125 - - [22/Jan/2025:00:52:52 +0000] "POST /wp-cron.php?doing_wp_cron=1737507172.9140110015869140625000 HTTP/1.1" 200 - "-" "WordPress/6.7.1; https://cpd.mhcollab.ca"
106.75.174.197 - - [22/Jan/2025:00:52:51 +0000] "GET / HTTP/1.1" 200 179339 "https://cpcontacts.castleheaders.com.au" "Mozilla/5.0 (Windows NT 6.1) AppleWebKit/537.36 (KHTML, like Gecko) Chrome/49.0.2623.112 Safari/537.36"
106.75.174.197 - - [22/Jan/2025:00:52:56 +0000] "GET /wp-content/uploads/2022/07/cropped-CPD_Logo_acr-2022-e1658354457929-32x32.png HTTP/1.1" 200 1476 "https://cpd.mhcollab.ca" "Mozilla/5.0 (Windows NT 6.1) AppleWebKit/537.36 (KHTML, like Gecko) Chrome/49.0.2623.112 Safari/537.36"
106.75.174.197 - - [22/Jan/2025:00:52:58 +0000] "GET /wp-includes/js/jquery/jquery.min.js?ver=3.7.1 HTTP/1.1" 200 87553 "https://web.finfit.app" "Mozilla/5.0 (Windows NT 6.1) AppleWebKit/537.36 (KHTML, like Gecko) Chrome/49.0.2623.112 Safari/537.36"
45.56.220.125 - - [22/Jan/2025:00:52:59 +0000] "POST /wp-cron.php?doing_wp_cron=1737507179.5922620296478271484375 HTTP/1.1" 200 - "-" "WordPress/6.7.1; https://cpd.mhcollab.ca"
106.75.174.197 - - [22/Jan/2025:00:53:00 +0000] "GET /wp-includes/js/jquery/jquery-migrate.min.js?ver=3.4.1 HTTP/1.1" 200 13577 "https://fintechnews.my" "Mozilla/5.0 (Windows NT 6.1) AppleWebKit/537.36 (KHTML, like Gecko) Chrome/49.0.2623.112 Safari/537.36"
106.75.153.133 - - [22/Jan/2025:00:52:58 +0000] "GET / HTTP/1.1" 200 179339 "http://cpcalendars.mobmedtech.com" "Mozilla/5.0 (Windows NT 6.1) AppleWebKit/537.36 (KHTML, like Gecko) Chrome/49.0.2623.112 Safari/537.36"
106.75.174.197 - - [22/Jan/2025:00:53:02 +0000] "GET /wp-content/plugins/uncanny-learndash-toolkit/src/assets/frontend/dist/bundle.min.js?ver=3.7.0.1 HTTP/1.1" 200 46932 "http://mail.food4starters.com" "Mozilla/5.0 (Windows NT 6.1) AppleWebKit/537.36 (KHTML, like Gecko) Chrome/49.0.2623.112 Safari/537.36"
106.75.174.197 - - [22/Jan/2025:00:53:04 +0000] "GET /wp-content/plugins/uncanny-toolkit-pro/src/assets/dist/frontend/bundle.min.js?ver=4.3.1 HTTP/1.1" 200 42121 "http://b.s3-accesspoint.us-west-2.amazonaws.com" "Mozilla/5.0 (Windows NT 6.1) AppleWebKit/537.36 (KHTML, like Gecko) Chrome/49.0.2623.112 Safari/537.36"
106.75.174.197 - - [22/Jan/2025:00:53:07 +0000] "GET /wp-content/plugins/learndash-propanel/assets/dist/js/common.js?ver=3.0.2 HTTP/1.1" 200 7555 "https://webdisk.aklipsteinco.org" "Mozilla/5.0 (Windows NT 6.1) AppleWebKit/537.36 (KHTML, like Gecko) Chrome/49.0.2623.112 Safari/537.36"
106.75.153.133 - - [22/Jan/2025:00:53:08 +0000] "GET /wp-content/uploads/2022/07/cropped-CPD_Logo_acr-2022-e1658354457929-32x32.png HTTP/1.1" 200 1476 "https://cpd.mhcollab.ca" "Mozilla/5.0 (Windows NT 6.1) AppleWebKit/537.36 (KHTML, like Gecko) Chrome/49.0.2623.112 Safari/537.36"
106.75.174.197 - - [22/Jan/2025:00:53:09 +0000] "GET /wp-content/plugins/learndash-propanel/includes/reports-base/includes/admin/dashboard/assets/js/multi-select.js?ver=3.0.2 HTTP/1.1" 200 26505 "https://hair-lounge-4-you.de" "Mozilla/5.0 (Windows NT 6.1) AppleWebKit/537.36 (KHTML, like Gecko) Chrome/49.0.2623.112 Safari/537.36"
106.75.153.133 - - [22/Jan/2025:00:53:10 +0000] "GET /wp-includes/js/jquery/jquery.min.js?ver=3.7.1 HTTP/1.1" 200 87553 "https://93.66.117.11:4842" "Mozilla/5.0 (Windows NT 6.1) AppleWebKit/537.36 (KHTML, like Gecko) Chrome/49.0.2623.112 Safari/537.36"
106.75.153.133 - - [22/Jan/2025:00:53:13 +0000] "GET /wp-includes/js/jquery/jquery-migrate.min.js?ver=3.4.1 HTTP/1.1" 200 13577 "http://59.82.0.246:1443" "Mozilla/5.0 (Windows NT 6.1) AppleWebKit/537.36 (KHTML, like Gecko) Chrome/49.0.2623.112 Safari/537.36"
106.75.153.133 - - [22/Jan/2025:00:53:15 +0000] "GET /wp-content/plugins/uncanny-learndash-toolkit/src/assets/frontend/dist/bundle.min.js?ver=3.7.0.1 HTTP/1.1" 200 46932 "http://www.lanatradingschool.jdisolutions.co.in" "Mozilla/5.0 (Windows NT 6.1) AppleWebKit/537.36 (KHTML, like Gecko) Chrome/49.0.2623.112 Safari/537.36"
106.75.153.133 - - [22/Jan/2025:00:53:18 +0000] "GET /wp-content/plugins/uncanny-toolkit-pro/src/assets/dist/frontend/bundle.min.js?ver=4.3.1 HTTP/1.1" 200 42121 "https://www.bybetasverris.com" "Mozilla/5.0 (Windows NT 6.1) AppleWebKit/537.36 (KHTML, like Gecko) Chrome/49.0.2623.112 Safari/537.36"
106.75.153.133 - - [22/Jan/2025:00:53:21 +0000] "GET /wp-content/plugins/learndash-propanel/assets/dist/js/common.js?ver=3.0.2 HTTP/1.1" 200 7555 "http://www.jsytlyy.com" "Mozilla/5.0 (Windows NT 6.1) AppleWebKit/537.36 (KHTML, like Gecko) Chrome/49.0.2623.112 Safari/537.36"
106.75.153.133 - - [22/Jan/2025:00:53:23 +0000] "GET /wp-content/plugins/learndash-propanel/includes/reports-base/includes/admin/dashboard/assets/js/multi-select.js?ver=3.0.2 HTTP/1.1" 200 26505 "https://www.cmw-dryice.com" "Mozilla/5.0 (Windows NT 6.1) AppleWebKit/537.36 (KHTML, like Gecko) Chrome/49.0.2623.112 Safari/537.36"
45.56.220.125 - - [22/Jan/2025:00:54:59 +0000] "POST /wp-cron.php?doing_wp_cron=1737507299.1790430545806884765625 HTTP/1.1" 200 - "-" "WordPress/6.7.1; https://cpd.mhcollab.ca"
185.191.171.13 - - [22/Jan/2025:00:54:57 +0000] "GET /questions/question-62-2/ HTTP/1.1" 404 25571 "-" "Mozilla/5.0 (compatible; SemrushBot/7~bl; +http://www.semrush.com/bot.html)"
157.55.39.204 - - [22/Jan/2025:00:56:20 +0000] "GET /wp-content/uploads/2023/06/Adolescence-School.jpg HTTP/1.1" 200 35328 "-" "Mozilla/5.0 AppleWebKit/537.36 (KHTML, like Gecko; compatible; bingbot/2.0; +http://www.bing.com/bingbot.htm) Chrome/116.0.1938.76 Safari/537.36"
198.161.9.29 - - [22/Jan/2025:00:58:56 +0000] "GET /wp-content/uploads/2024/09/Brochure_Thumbnail.jpg HTTP/1.1" 200 126800 "-" "Mozilla/4.0 (compatible; ms-office; MSOffice 16)"
198.161.9.29 - - [22/Jan/2025:00:58:56 +0000] "GET /wp-content/uploads/2024/09/RA-MHC_partner-pair_web.png HTTP/1.1" 200 10790 "-" "Mozilla/4.0 (compatible; ms-office; MSOffice 16)"
198.161.9.29 - - [22/Jan/2025:00:58:56 +0000] "GET /wp-content/plugins/mailpoet/assets/img/mailpoet_logo_newsletter.png HTTP/1.1" 200 3585 "-" "Mozilla/4.0 (compatible; ms-office; MSOffice 16)"
