4.204.208.137 - - [21/Jan/2025:18:21:55 +0000] "GET /wp-content/plugins/learndash-propanel/includes/reports-base/includes/blocks/builds/index-learner-pass-fail-rate-per-course.js?ver=2b452734f9ee519f964d HTTP/1.1" 200 140461 "https://cpd.mhcollab.ca/courseinfo-2" "Mozilla/5.0 (Windows NT 10.0; Win64; x64) AppleWebKit/537.36 (KHTML, like Gecko) Chrome/126.0.6478.36 Safari/537.36"
4.204.208.137 - - [21/Jan/2025:18:21:56 +0000] "GET /wp-content/plugins/learndash-propanel/includes/reports-base/includes/blocks/builds/index-course-list.js?ver=3774f861807fa4f7a67b HTTP/1.1" 200 22921 "https://cpd.mhcollab.ca/courseinfo-2" "Mozilla/5.0 (Windows NT 10.0; Win64; x64) AppleWebKit/537.36 (KHTML, like Gecko) Chrome/126.0.6478.36 Safari/537.36"
4.204.208.137 - - [21/Jan/2025:18:21:56 +0000] "GET /wp-content/plugins/learndash-propanel/includes/reports-base/includes/blocks/builds/index-course-completion-rate.js?ver=4cf632660d2f7ff5564a HTTP/1.1" 200 35715 "https://cpd.mhcollab.ca/courseinfo-2" "Mozilla/5.0 (Windows NT 10.0; Win64; x64) AppleWebKit/537.36 (KHTML, like Gecko) Chrome/126.0.6478.36 Safari/537.36"
4.204.208.137 - - [21/Jan/2025:18:21:56 +0000] "GET /wp-content/plugins/learndash-propanel/includes/reports-base/includes/blocks/builds/index-course-progress-rate.js?ver=461563202288e2a9701c HTTP/1.1" 200 175805 "https://cpd.mhcollab.ca/courseinfo-2" "Mozilla/5.0 (Windows NT 10.0; Win64; x64) AppleWebKit/537.36 (KHTML, like Gecko) Chrome/126.0.6478.36 Safari/537.36"
4.204.208.137 - - [21/Jan/2025:18:21:56 +0000] "GET /wp-content/plugins/learndash-propanel/includes/reports-base/includes/blocks/builds/index-average-quiz-attempts.js?ver=ddbeb0c038fad75402f3 HTTP/1.1" 200 140147 "https://cpd.mhcollab.ca/courseinfo-2" "Mozilla/5.0 (Windows NT 10.0; Win64; x64) AppleWebKit/537.36 (KHTML, like Gecko) Chrome/126.0.6478.36 Safari/537.36"
4.204.208.137 - - [21/Jan/2025:18:21:56 +0000] "GET /wp-content/plugins/learndash-propanel/includes/reports-base/includes/blocks/builds/index-quiz-reports.js?ver=7123469122c160660636 HTTP/1.1" 200 3781 "https://cpd.mhcollab.ca/courseinfo-2" "Mozilla/5.0 (Windows NT 10.0; Win64; x64) AppleWebKit/537.36 (KHTML, like Gecko) Chrome/126.0.6478.36 Safari/537.36"
4.204.208.137 - - [21/Jan/2025:18:21:56 +0000] "GET /wp-content/plugins/learndash-propanel/includes/reports-base/includes/blocks/builds/index-inactive-users.js?ver=aa98286846b0e330eb8e HTTP/1.1" 200 49968 "https://cpd.mhcollab.ca/courseinfo-2" "Mozilla/5.0 (Windows NT 10.0; Win64; x64) AppleWebKit/537.36 (KHTML, like Gecko) Chrome/126.0.6478.36 Safari/537.36"
4.204.208.137 - - [21/Jan/2025:18:21:56 +0000] "GET /wp-content/plugins/learndash-propanel/includes/reports-base/includes/blocks/builds/index-student-profile.js?ver=65f5e92904e96f265cb1 HTTP/1.1" 200 1194 "https://cpd.mhcollab.ca/courseinfo-2" "Mozilla/5.0 (Windows NT 10.0; Win64; x64) AppleWebKit/537.36 (KHTML, like Gecko) Chrome/126.0.6478.36 Safari/537.36"
4.204.208.137 - - [21/Jan/2025:18:21:56 +0000] "GET /wp-content/plugins/learndash-propanel/includes/reports-base/includes/blocks/builds/index-learner-activity-log.js?ver=c1840714ffa12d9f38c0 HTTP/1.1" 200 34000 "https://cpd.mhcollab.ca/courseinfo-2" "Mozilla/5.0 (Windows NT 10.0; Win64; x64) AppleWebKit/537.36 (KHTML, like Gecko) Chrome/126.0.6478.36 Safari/537.36"
4.204.208.137 - - [21/Jan/2025:18:21:56 +0000] "GET /wp-content/plugins/learndash-course-grid/assets/js/elementor.js?ver=2.0.10 HTTP/1.1" 200 543 "https://cpd.mhcollab.ca/courseinfo-2" "Mozilla/5.0 (Windows NT 10.0; Win64; x64) AppleWebKit/537.36 (KHTML, like Gecko) Chrome/126.0.6478.36 Safari/537.36"
4.204.208.137 - - [21/Jan/2025:18:21:56 +0000] "GET /wp-content/plugins/learndash-propanel/includes/reports-base/includes/blocks/builds/index-student-table.js?ver=e37af4d454fd0078ac6c HTTP/1.1" 200 64003 "https://cpd.mhcollab.ca/courseinfo-2" "Mozilla/5.0 (Windows NT 10.0; Win64; x64) AppleWebKit/537.36 (KHTML, like Gecko) Chrome/126.0.6478.36 Safari/537.36"
4.204.208.137 - - [21/Jan/2025:18:21:56 +0000] "GET /wp-content/plugins/premium-addons-for-elementor/admin/assets/js/admin-bar.js?ver=4.10.77 HTTP/1.1" 200 446 "https://cpd.mhcollab.ca/courseinfo-2" "Mozilla/5.0 (Windows NT 10.0; Win64; x64) AppleWebKit/537.36 (KHTML, like Gecko) Chrome/126.0.6478.36 Safari/537.36"
4.204.208.137 - - [21/Jan/2025:18:21:56 +0000] "GET /wp-content/plugins/sfwd-lms/themes/ld30/assets/js/learndash.js?ver=4.20.0.1 HTTP/1.1" 200 8132 "https://cpd.mhcollab.ca/courseinfo-2" "Mozilla/5.0 (Windows NT 10.0; Win64; x64) AppleWebKit/537.36 (KHTML, like Gecko) Chrome/126.0.6478.36 Safari/537.36"
4.204.208.137 - - [21/Jan/2025:18:21:56 +0000] "GET /wp-content/plugins/bdthemes-element-pack/assets/js/bdt-uikit.min.js?ver=3.21.7 HTTP/1.1" 200 50782 "https://cpd.mhcollab.ca/courseinfo-2" "Mozilla/5.0 (Windows NT 10.0; Win64; x64) AppleWebKit/537.36 (KHTML, like Gecko) Chrome/126.0.6478.36 Safari/537.36"
4.204.208.137 - - [21/Jan/2025:18:21:56 +0000] "GET /wp-content/plugins/bdthemes-element-pack/assets/js/modules/ep-accordion.min.js?ver=7.18.15 HTTP/1.1" 200 662 "https://cpd.mhcollab.ca/courseinfo-2" "Mozilla/5.0 (Windows NT 10.0; Win64; x64) AppleWebKit/537.36 (KHTML, like Gecko) Chrome/126.0.6478.36 Safari/537.36"
4.204.208.137 - - [21/Jan/2025:18:21:56 +0000] "GET /wp-content/plugins/tin-canny-learndash-reporting/src/uncanny-articulate-and-captivate/assets/scripts/script.js?ver=4.4.0.4 HTTP/1.1" 200 558 "https://cpd.mhcollab.ca/courseinfo-2" "Mozilla/5.0 (Windows NT 10.0; Win64; x64) AppleWebKit/537.36 (KHTML, like Gecko) Chrome/126.0.6478.36 Safari/537.36"
4.204.208.137 - - [21/Jan/2025:18:21:56 +0000] "GET /wp-content/plugins/bdthemes-element-pack/assets/js/common/helper.min.js?ver=7.18.15 HTTP/1.1" 200 1533 "https://cpd.mhcollab.ca/courseinfo-2" "Mozilla/5.0 (Windows NT 10.0; Win64; x64) AppleWebKit/537.36 (KHTML, like Gecko) Chrome/126.0.6478.36 Safari/537.36"
4.204.208.137 - - [21/Jan/2025:18:21:56 +0000] "GET /wp-content/plugins/premium-addons-for-elementor/assets/frontend/min-js/premium-dis-conditions.min.js?ver=4.10.77 HTTP/1.1" 200 313 "https://cpd.mhcollab.ca/courseinfo-2" "Mozilla/5.0 (Windows NT 10.0; Win64; x64) AppleWebKit/537.36 (KHTML, like Gecko) Chrome/126.0.6478.36 Safari/537.36"
4.204.208.137 - - [21/Jan/2025:18:21:56 +0000] "GET /wp-content/plugins/user-registration/assets/js/frontend/ur-login.min.js?ver=3.3.5.2 HTTP/1.1" 200 675 "https://cpd.mhcollab.ca/courseinfo-2" "Mozilla/5.0 (Windows NT 10.0; Win64; x64) AppleWebKit/537.36 (KHTML, like Gecko) Chrome/126.0.6478.36 Safari/537.36"
4.204.208.137 - - [21/Jan/2025:18:21:56 +0000] "GET /wp-content/plugins/user-registration/assets/js/frontend/ur-common.min.js?ver=3.3.5.2 HTTP/1.1" 200 399 "https://cpd.mhcollab.ca/courseinfo-2" "Mozilla/5.0 (Windows NT 10.0; Win64; x64) AppleWebKit/537.36 (KHTML, like Gecko) Chrome/126.0.6478.36 Safari/537.36"
4.204.208.137 - - [21/Jan/2025:18:21:56 +0000] "GET /wp-content/plugins/user-registration/assets/js/frontend/jquery.validate.min.js?ver=1.19.5 HTTP/1.1" 200 7917 "https://cpd.mhcollab.ca/courseinfo-2" "Mozilla/5.0 (Windows NT 10.0; Win64; x64) AppleWebKit/537.36 (KHTML, like Gecko) Chrome/126.0.6478.36 Safari/537.36"
4.204.208.137 - - [21/Jan/2025:18:21:56 +0000] "GET /wp-content/plugins/user-registration/assets/js/frontend/user-registration-recaptcha.min.js?ver=3.3.5.2 HTTP/1.1" 200 1050 "https://cpd.mhcollab.ca/courseinfo-2" "Mozilla/5.0 (Windows NT 10.0; Win64; x64) AppleWebKit/537.36 (KHTML, like Gecko) Chrome/126.0.6478.36 Safari/537.36"
4.204.208.137 - - [21/Jan/2025:18:21:56 +0000] "GET /wp-content/plugins/elementor-pro/assets/js/webpack-pro.runtime.min.js?ver=3.26.2 HTTP/1.1" 200 2860 "https://cpd.mhcollab.ca/courseinfo-2" "Mozilla/5.0 (Windows NT 10.0; Win64; x64) AppleWebKit/537.36 (KHTML, like Gecko) Chrome/126.0.6478.36 Safari/537.36"
4.204.208.137 - - [21/Jan/2025:18:21:56 +0000] "GET /wp-content/plugins/elementor/assets/js/webpack.runtime.min.js?ver=3.26.4 HTTP/1.1" 200 2390 "https://cpd.mhcollab.ca/courseinfo-2" "Mozilla/5.0 (Windows NT 10.0; Win64; x64) AppleWebKit/537.36 (KHTML, like Gecko) Chrome/126.0.6478.36 Safari/537.36"
4.204.208.137 - - [21/Jan/2025:18:21:56 +0000] "GET /wp-content/plugins/user-registration/assets/js/frontend/user-registration.min.js?ver=3.3.5.2 HTTP/1.1" 200 6685 "https://cpd.mhcollab.ca/courseinfo-2" "Mozilla/5.0 (Windows NT 10.0; Win64; x64) AppleWebKit/537.36 (KHTML, like Gecko) Chrome/126.0.6478.36 Safari/537.36"
4.204.208.137 - - [21/Jan/2025:18:21:56 +0000] "GET /wp-content/plugins/elementor/assets/js/frontend-modules.min.js?ver=3.26.4 HTTP/1.1" 200 15344 "https://cpd.mhcollab.ca/courseinfo-2" "Mozilla/5.0 (Windows NT 10.0; Win64; x64) AppleWebKit/537.36 (KHTML, like Gecko) Chrome/126.0.6478.36 Safari/537.36"
4.204.208.137 - - [21/Jan/2025:18:21:56 +0000] "GET /wp-content/plugins/user-registration/assets/js/inputmask/jquery.inputmask.bundle.min.js?ver=4.0.0-beta.58 HTTP/1.1" 200 23163 "https://cpd.mhcollab.ca/courseinfo-2" "Mozilla/5.0 (Windows NT 10.0; Win64; x64) AppleWebKit/537.36 (KHTML, like Gecko) Chrome/126.0.6478.36 Safari/537.36"
4.204.208.137 - - [21/Jan/2025:18:21:56 +0000] "GET /wp-content/plugins/elementor-pro/assets/js/frontend.min.js?ver=3.26.2 HTTP/1.1" 200 6510 "https://cpd.mhcollab.ca/courseinfo-2" "Mozilla/5.0 (Windows NT 10.0; Win64; x64) AppleWebKit/537.36 (KHTML, like Gecko) Chrome/126.0.6478.36 Safari/537.36"
4.204.208.137 - - [21/Jan/2025:18:21:56 +0000] "GET /wp-includes/js/jquery/ui/core.min.js?ver=1.13.3 HTTP/1.1" 200 7106 "https://cpd.mhcollab.ca/courseinfo-2" "Mozilla/5.0 (Windows NT 10.0; Win64; x64) AppleWebKit/537.36 (KHTML, like Gecko) Chrome/126.0.6478.36 Safari/537.36"
4.204.208.137 - - [21/Jan/2025:18:21:56 +0000] "GET /wp-content/themes/kadence/assets/js/navigation.min.js?ver=1.2.14 HTTP/1.1" 200 4657 "https://cpd.mhcollab.ca/courseinfo-2" "Mozilla/5.0 (Windows NT 10.0; Win64; x64) AppleWebKit/537.36 (KHTML, like Gecko) Chrome/126.0.6478.36 Safari/537.36"
4.204.208.137 - - [21/Jan/2025:18:21:56 +0000] "GET /wp-content/uploads/2025/01/2023-HaveYourSay-LearnngNeedsSurvey-768x192.png HTTP/1.1" 200 71231 "https://cpd.mhcollab.ca/courseinfo-2" "Mozilla/5.0 (Windows NT 10.0; Win64; x64) AppleWebKit/537.36 (KHTML, like Gecko) Chrome/126.0.6478.36 Safari/537.36"
4.204.208.137 - - [21/Jan/2025:18:21:56 +0000] "GET /wp-content/plugins/elementor-pro/assets/js/elements-handlers.min.js?ver=3.26.2 HTTP/1.1" 200 10654 "https://cpd.mhcollab.ca/courseinfo-2" "Mozilla/5.0 (Windows NT 10.0; Win64; x64) AppleWebKit/537.36 (KHTML, like Gecko) Chrome/126.0.6478.36 Safari/537.36"
4.204.208.137 - - [21/Jan/2025:18:21:56 +0000] "GET /wp-content/plugins/elementor/assets/js/frontend.min.js?ver=3.26.4 HTTP/1.1" 200 13774 "https://cpd.mhcollab.ca/courseinfo-2" "Mozilla/5.0 (Windows NT 10.0; Win64; x64) AppleWebKit/537.36 (KHTML, like Gecko) Chrome/126.0.6478.36 Safari/537.36"
4.204.208.137 - - [21/Jan/2025:18:21:56 +0000] "GET /wp-content/uploads/2024/10/Brochure_Side_1.jpg HTTP/1.1" 200 108904 "https://cpd.mhcollab.ca/courseinfo-2" "Mozilla/5.0 (Windows NT 10.0; Win64; x64) AppleWebKit/537.36 (KHTML, like Gecko) Chrome/126.0.6478.36 Safari/537.36"
4.204.208.137 - - [21/Jan/2025:18:21:56 +0000] "GET /wp-content/uploads/2024/10/Brochure_Side2.jpg HTTP/1.1" 200 97593 "https://cpd.mhcollab.ca/courseinfo-2" "Mozilla/5.0 (Windows NT 10.0; Win64; x64) AppleWebKit/537.36 (KHTML, like Gecko) Chrome/126.0.6478.36 Safari/537.36"
4.204.208.137 - - [21/Jan/2025:18:21:56 +0000] "GET /wp-content/uploads/2024/07/2402-300x300.png HTTP/1.1" 200 99306 "https://cpd.mhcollab.ca/courseinfo-2" "Mozilla/5.0 (Windows NT 10.0; Win64; x64) AppleWebKit/537.36 (KHTML, like Gecko) Chrome/126.0.6478.36 Safari/537.36"
4.204.208.137 - - [21/Jan/2025:18:21:56 +0000] "GET /wp-content/uploads/2024/07/2403-1-300x300.png HTTP/1.1" 200 132326 "https://cpd.mhcollab.ca/courseinfo-2" "Mozilla/5.0 (Windows NT 10.0; Win64; x64) AppleWebKit/537.36 (KHTML, like Gecko) Chrome/126.0.6478.36 Safari/537.36"
4.204.208.137 - - [21/Jan/2025:18:21:58 +0000] "GET /wp-content/uploads/2023/07/online-training-young-latin-american-girl-student-doctor-studies-online-at-home-from-laptop-1320x880.jpg HTTP/1.1" 200 101635 "https://cpd.mhcollab.ca/courseinfo-2" "Mozilla/5.0 (Windows NT 10.0; Win64; x64) AppleWebKit/537.36 (KHTML, like Gecko) Chrome/126.0.6478.36 Safari/537.36"
4.204.208.137 - - [21/Jan/2025:18:21:58 +0000] "GET /wp-content/uploads/2021/06/Course-V2-P5R78L5.jpg HTTP/1.1" 200 174226 "https://cpd.mhcollab.ca/courseinfo-2" "Mozilla/5.0 (Windows NT 10.0; Win64; x64) AppleWebKit/537.36 (KHTML, like Gecko) Chrome/126.0.6478.36 Safari/537.36"
4.204.208.137 - - [21/Jan/2025:18:21:58 +0000] "GET /wp-includes/js/wp-emoji-release.min.js?ver=1f041886d6beac9432c1496850c082e4 HTTP/1.1" 200 5062 "https://cpd.mhcollab.ca/courseinfo-2" "Mozilla/5.0 (Windows NT 10.0; Win64; x64) AppleWebKit/537.36 (KHTML, like Gecko) Chrome/126.0.6478.36 Safari/537.36"
70.72.216.60 - - [21/Jan/2025:18:21:58 +0000] "GET /wp-content/uploads/2023/09/2201-Grief.mp4?_=1 HTTP/1.1" 206 225805005 "https://cpd.mhcollab.ca/courses/2201/lessons/2201-grief-to-wholeness-presentation" "Mozilla/5.0 (Macintosh; Intel Mac OS X 10_15_7) AppleWebKit/605.1.15 (KHTML, like Gecko) Version/15.6.1 Safari/605.1.15"
4.204.208.137 - - [21/Jan/2025:18:21:58 +0000] "GET /wp-content/plugins/elementor/assets/lib/dialog/dialog.min.js?ver=4.9.3 HTTP/1.1" 200 3683 "https://cpd.mhcollab.ca/courseinfo-2" "Mozilla/5.0 (Windows NT 10.0; Win64; x64) AppleWebKit/537.36 (KHTML, like Gecko) Chrome/126.0.6478.36 Safari/537.36"
4.204.208.137 - - [21/Jan/2025:18:21:58 +0000] "GET /wp-content/plugins/elementor/assets/js/lightbox.02f75f989ef2fbab5147.bundle.min.js HTTP/1.1" 200 9509 "https://cpd.mhcollab.ca/courseinfo-2" "Mozilla/5.0 (Windows NT 10.0; Win64; x64) AppleWebKit/537.36 (KHTML, like Gecko) Chrome/126.0.6478.36 Safari/537.36"
4.204.208.137 - - [21/Jan/2025:18:21:58 +0000] "GET /wp-content/plugins/elementor/assets/css/conditionals/dialog.min.css?ver=3.26.4 HTTP/1.1" 200 1502 "https://cpd.mhcollab.ca/courseinfo-2" "Mozilla/5.0 (Windows NT 10.0; Win64; x64) AppleWebKit/537.36 (KHTML, like Gecko) Chrome/126.0.6478.36 Safari/537.36"
4.204.208.137 - - [21/Jan/2025:18:21:58 +0000] "GET /wp-content/plugins/elementor/assets/lib/share-link/share-link.min.js?ver=3.26.4 HTTP/1.1" 200 1169 "https://cpd.mhcollab.ca/courseinfo-2" "Mozilla/5.0 (Windows NT 10.0; Win64; x64) AppleWebKit/537.36 (KHTML, like Gecko) Chrome/126.0.6478.36 Safari/537.36"
4.204.208.137 - - [21/Jan/2025:18:21:58 +0000] "GET /wp-content/plugins/elementor/assets/lib/swiper/v8/css/swiper.min.css?ver=8.4.5 HTTP/1.1" 200 4583 "https://cpd.mhcollab.ca/courseinfo-2" "Mozilla/5.0 (Windows NT 10.0; Win64; x64) AppleWebKit/537.36 (KHTML, like Gecko) Chrome/126.0.6478.36 Safari/537.36"
4.204.208.137 - - [21/Jan/2025:18:21:58 +0000] "GET /wp-content/plugins/elementor/assets/css/conditionals/lightbox.min.css?ver=3.26.4 HTTP/1.1" 200 1932 "https://cpd.mhcollab.ca/courseinfo-2" "Mozilla/5.0 (Windows NT 10.0; Win64; x64) AppleWebKit/537.36 (KHTML, like Gecko) Chrome/126.0.6478.36 Safari/537.36"
4.204.208.137 - - [21/Jan/2025:18:21:58 +0000] "GET /wp-content/plugins/elementor/assets/js/text-editor.2cbb801863b5118e0825.bundle.min.js HTTP/1.1" 200 666 "https://cpd.mhcollab.ca/courseinfo-2" "Mozilla/5.0 (Windows NT 10.0; Win64; x64) AppleWebKit/537.36 (KHTML, like Gecko) Chrome/126.0.6478.36 Safari/537.36"
4.204.208.137 - - [21/Jan/2025:18:21:58 +0000] "GET /wp-content/plugins/elementor/assets/js/toggle.5a98241a5a40d37968b0.bundle.min.js HTTP/1.1" 200 1408 "https://cpd.mhcollab.ca/courseinfo-2" "Mozilla/5.0 (Windows NT 10.0; Win64; x64) AppleWebKit/537.36 (KHTML, like Gecko) Chrome/126.0.6478.36 Safari/537.36"
4.204.208.137 - - [21/Jan/2025:18:21:58 +0000] "GET /wp-content/plugins/elementor/assets/js/accordion.2424bd8d44d33c06248a.bundle.min.js HTTP/1.1" 200 1399 "https://cpd.mhcollab.ca/courseinfo-2" "Mozilla/5.0 (Windows NT 10.0; Win64; x64) AppleWebKit/537.36 (KHTML, like Gecko) Chrome/126.0.6478.36 Safari/537.36"
4.204.208.137 - - [21/Jan/2025:18:22:05 +0000] "GET /wp-content/uploads/2022/07/cropped-CPD_Logo_acr-2022-e1658354457929-192x192.png HTTP/1.1" 200 14453 "https://cpd.mhcollab.ca/courseinfo-2" "Mozilla/5.0 (Windows NT 10.0; Win64; x64) AppleWebKit/537.36 (KHTML, like Gecko) Chrome/126.0.6478.36 Safari/537.36"
70.72.216.60 - - [21/Jan/2025:18:22:13 +0000] "GET /wp-content/uploads/2023/09/2201-Grief.mp4?_=1 HTTP/1.1" 206 223642317 "https://cpd.mhcollab.ca/courses/2201/lessons/2201-grief-to-wholeness-presentation" "Mozilla/5.0 (Macintosh; Intel Mac OS X 10_15_7) AppleWebKit/605.1.15 (KHTML, like Gecko) Version/15.6.1 Safari/605.1.15"
70.72.216.60 - - [21/Jan/2025:18:22:22 +0000] "GET /wp-content/uploads/2023/09/2201-Grief.mp4?_=1 HTTP/1.1" 206 221020877 "https://cpd.mhcollab.ca/courses/2201/lessons/2201-grief-to-wholeness-presentation" "Mozilla/5.0 (Macintosh; Intel Mac OS X 10_15_7) AppleWebKit/605.1.15 (KHTML, like Gecko) Version/15.6.1 Safari/605.1.15"
45.56.220.125 - - [21/Jan/2025:18:22:34 +0000] "POST /wp-cron.php?doing_wp_cron=1737483754.1960990428924560546875 HTTP/1.1" 200 - "-" "WordPress/6.7.1; https://cpd.mhcollab.ca"
4.204.208.137 - - [21/Jan/2025:18:22:32 +0000] "HEAD /courseinfo-2 HTTP/1.1" 200 - "-" "Mozilla/5.0 (Windows NT 10.0; Win64; x64) AppleWebKit/537.36 (KHTML, like Gecko) Chrome/79.0.3945.74 Safari/537.36 Edg/79.0.309.43"
70.72.216.60 - - [21/Jan/2025:18:22:35 +0000] "GET /wp-content/uploads/2023/09/2201-Grief.mp4?_=1 HTTP/1.1" 206 218923725 "https://cpd.mhcollab.ca/courses/2201/lessons/2201-grief-to-wholeness-presentation" "Mozilla/5.0 (Macintosh; Intel Mac OS X 10_15_7) AppleWebKit/605.1.15 (KHTML, like Gecko) Version/15.6.1 Safari/605.1.15"
4.204.208.137 - - [21/Jan/2025:18:22:34 +0000] "HEAD /registration HTTP/1.1" 200 - "-" "Mozilla/5.0 (Windows NT 10.0; Win64; x64) AppleWebKit/537.36 (KHTML, like Gecko) Chrome/79.0.3945.74 Safari/537.36 Edg/79.0.309.43"
70.72.216.60 - - [21/Jan/2025:18:22:46 +0000] "GET /wp-content/uploads/2023/09/2201-Grief.mp4?_=1 HTTP/1.1" 206 216695501 "https://cpd.mhcollab.ca/courses/2201/lessons/2201-grief-to-wholeness-presentation" "Mozilla/5.0 (Macintosh; Intel Mac OS X 10_15_7) AppleWebKit/605.1.15 (KHTML, like Gecko) Version/15.6.1 Safari/605.1.15"
70.72.216.60 - - [21/Jan/2025:18:22:50 +0000] "GET /wp-content/uploads/2023/09/2201-Grief.mp4?_=1 HTTP/1.1" 206 65536 "https://cpd.mhcollab.ca/courses/2201/lessons/2201-grief-to-wholeness-presentation" "Mozilla/5.0 (Macintosh; Intel Mac OS X 10_15_7) AppleWebKit/605.1.15 (KHTML, like Gecko) Version/15.6.1 Safari/605.1.15"
70.72.216.60 - - [21/Jan/2025:18:22:51 +0000] "GET /wp-content/uploads/2023/09/2201-Grief.mp4?_=1 HTTP/1.1" 206 131072 "https://cpd.mhcollab.ca/courses/2201/lessons/2201-grief-to-wholeness-presentation" "Mozilla/5.0 (Macintosh; Intel Mac OS X 10_15_7) AppleWebKit/605.1.15 (KHTML, like Gecko) Version/15.6.1 Safari/605.1.15"
70.72.216.60 - - [21/Jan/2025:18:22:51 +0000] "GET /wp-content/uploads/2023/09/2201-Grief.mp4?_=1 HTTP/1.1" 206 65536 "https://cpd.mhcollab.ca/courses/2201/lessons/2201-grief-to-wholeness-presentation" "Mozilla/5.0 (Macintosh; Intel Mac OS X 10_15_7) AppleWebKit/605.1.15 (KHTML, like Gecko) Version/15.6.1 Safari/605.1.15"
70.72.216.60 - - [21/Jan/2025:18:22:51 +0000] "GET /wp-content/uploads/2023/09/2201-Grief.mp4?_=1 HTTP/1.1" 206 65536 "https://cpd.mhcollab.ca/courses/2201/lessons/2201-grief-to-wholeness-presentation" "Mozilla/5.0 (Macintosh; Intel Mac OS X 10_15_7) AppleWebKit/605.1.15 (KHTML, like Gecko) Version/15.6.1 Safari/605.1.15"
70.72.216.60 - - [21/Jan/2025:18:22:51 +0000] "GET /wp-content/uploads/2023/09/2201-Grief.mp4?_=1 HTTP/1.1" 206 214598349 "https://cpd.mhcollab.ca/courses/2201/lessons/2201-grief-to-wholeness-presentation" "Mozilla/5.0 (Macintosh; Intel Mac OS X 10_15_7) AppleWebKit/605.1.15 (KHTML, like Gecko) Version/15.6.1 Safari/605.1.15"
70.72.216.60 - - [21/Jan/2025:18:22:59 +0000] "GET /wp-content/uploads/2023/09/2201-Grief.mp4?_=1 HTTP/1.1" 206 213353165 "https://cpd.mhcollab.ca/courses/2201/lessons/2201-grief-to-wholeness-presentation" "Mozilla/5.0 (Macintosh; Intel Mac OS X 10_15_7) AppleWebKit/605.1.15 (KHTML, like Gecko) Version/15.6.1 Safari/605.1.15"
45.56.220.125 - - [21/Jan/2025:18:23:09 +0000] "POST /wp-cron.php?doing_wp_cron=1737483789.0833659172058105468750 HTTP/1.1" 200 - "-" "WordPress/6.7.1; https://cpd.mhcollab.ca"
198.161.4.84 - - [21/Jan/2025:18:23:07 +0000] "GET /courseinfo-2 HTTP/1.1" 200 34428 "https://redcap.albertahealthservices.ca/" "Mozilla/5.0 (Windows NT 10.0; Win64; x64) AppleWebKit/537.36 (KHTML, like Gecko) Chrome/131.0.0.0 Safari/537.36 Edg/131.0.0.0"
70.72.216.60 - - [21/Jan/2025:18:23:14 +0000] "GET /wp-content/uploads/2023/09/2201-Grief.mp4?_=1 HTTP/1.1" 206 211059405 "https://cpd.mhcollab.ca/courses/2201/lessons/2201-grief-to-wholeness-presentation" "Mozilla/5.0 (Macintosh; Intel Mac OS X 10_15_7) AppleWebKit/605.1.15 (KHTML, like Gecko) Version/15.6.1 Safari/605.1.15"
70.72.216.60 - - [21/Jan/2025:18:23:31 +0000] "GET /wp-content/uploads/2023/09/2201-Grief.mp4?_=1 HTTP/1.1" 206 208831181 "https://cpd.mhcollab.ca/courses/2201/lessons/2201-grief-to-wholeness-presentation" "Mozilla/5.0 (Macintosh; Intel Mac OS X 10_15_7) AppleWebKit/605.1.15 (KHTML, like Gecko) Version/15.6.1 Safari/605.1.15"
70.72.216.60 - - [21/Jan/2025:18:23:47 +0000] "GET /wp-content/uploads/2023/09/2201-Grief.mp4?_=1 HTTP/1.1" 206 206668493 "https://cpd.mhcollab.ca/courses/2201/lessons/2201-grief-to-wholeness-presentation" "Mozilla/5.0 (Macintosh; Intel Mac OS X 10_15_7) AppleWebKit/605.1.15 (KHTML, like Gecko) Version/15.6.1 Safari/605.1.15"
70.72.216.60 - - [21/Jan/2025:18:23:57 +0000] "GET /wp-content/uploads/2023/09/2201-Grief.mp4?_=1 HTTP/1.1" 206 204440269 "https://cpd.mhcollab.ca/courses/2201/lessons/2201-grief-to-wholeness-presentation" "Mozilla/5.0 (Macintosh; Intel Mac OS X 10_15_7) AppleWebKit/605.1.15 (KHTML, like Gecko) Version/15.6.1 Safari/605.1.15"
70.72.216.60 - - [21/Jan/2025:18:24:11 +0000] "GET /wp-content/uploads/2023/09/2201-Grief.mp4?_=1 HTTP/1.1" 206 202212045 "https://cpd.mhcollab.ca/courses/2201/lessons/2201-grief-to-wholeness-presentation" "Mozilla/5.0 (Macintosh; Intel Mac OS X 10_15_7) AppleWebKit/605.1.15 (KHTML, like Gecko) Version/15.6.1 Safari/605.1.15"
45.56.220.125 - - [21/Jan/2025:18:24:25 +0000] "POST /wp-cron.php?doing_wp_cron=1737483865.2503829002380371093750 HTTP/1.1" 200 - "-" "WordPress/6.7.1; https://cpd.mhcollab.ca"
198.161.4.84 - - [21/Jan/2025:18:24:23 +0000] "GET /courseinfo/cat_b HTTP/1.1" 301 - "https://cpd.mhcollab.ca/courseinfo-2" "Mozilla/5.0 (Windows NT 10.0; Win64; x64) AppleWebKit/537.36 (KHTML, like Gecko) Chrome/131.0.0.0 Safari/537.36 Edg/131.0.0.0"
198.161.4.84 - - [21/Jan/2025:18:24:25 +0000] "GET /courseinfo-2/cat_b HTTP/1.1" 200 31775 "https://cpd.mhcollab.ca/courseinfo-2" "Mozilla/5.0 (Windows NT 10.0; Win64; x64) AppleWebKit/537.36 (KHTML, like Gecko) Chrome/131.0.0.0 Safari/537.36 Edg/131.0.0.0"
198.161.4.84 - - [21/Jan/2025:18:24:27 +0000] "GET /wp-content/plugins/learndash-course-grid/templates/skins/grid/style.css?ver=2.0.10 HTTP/1.1" 200 209 "https://cpd.mhcollab.ca/courseinfo-2/cat_b" "Mozilla/5.0 (Windows NT 10.0; Win64; x64) AppleWebKit/537.36 (KHTML, like Gecko) Chrome/131.0.0.0 Safari/537.36 Edg/131.0.0.0"
198.161.4.84 - - [21/Jan/2025:18:24:27 +0000] "GET /wp-content/plugins/learndash-course-grid/assets/css/style.css?ver=2.0.10 HTTP/1.1" 200 239 "https://cpd.mhcollab.ca/courseinfo-2/cat_b" "Mozilla/5.0 (Windows NT 10.0; Win64; x64) AppleWebKit/537.36 (KHTML, like Gecko) Chrome/131.0.0.0 Safari/537.36 Edg/131.0.0.0"
198.161.4.84 - - [21/Jan/2025:18:24:27 +0000] "GET /wp-content/plugins/learndash-course-grid/templates/pagination/style.css?ver=2.0.10 HTTP/1.1" 200 366 "https://cpd.mhcollab.ca/courseinfo-2/cat_b" "Mozilla/5.0 (Windows NT 10.0; Win64; x64) AppleWebKit/537.36 (KHTML, like Gecko) Chrome/131.0.0.0 Safari/537.36 Edg/131.0.0.0"
198.161.4.84 - - [21/Jan/2025:18:24:27 +0000] "GET /wp-content/plugins/learndash-course-grid/templates/filter/style.css?ver=2.0.10 HTTP/1.1" 200 1223 "https://cpd.mhcollab.ca/courseinfo-2/cat_b" "Mozilla/5.0 (Windows NT 10.0; Win64; x64) AppleWebKit/537.36 (KHTML, like Gecko) Chrome/131.0.0.0 Safari/537.36 Edg/131.0.0.0"
198.161.4.84 - - [21/Jan/2025:18:24:27 +0000] "GET /wp-content/plugins/learndash-course-grid/templates/cards/grid-2/style.css?ver=2.0.10 HTTP/1.1" 200 907 "https://cpd.mhcollab.ca/courseinfo-2/cat_b" "Mozilla/5.0 (Windows NT 10.0; Win64; x64) AppleWebKit/537.36 (KHTML, like Gecko) Chrome/131.0.0.0 Safari/537.36 Edg/131.0.0.0"
198.161.4.84 - - [21/Jan/2025:18:24:27 +0000] "GET /wp-content/plugins/learndash-course-grid/templates/skins/grid/script.js?ver=2.0.10 HTTP/1.1" 200 624 "https://cpd.mhcollab.ca/courseinfo-2/cat_b" "Mozilla/5.0 (Windows NT 10.0; Win64; x64) AppleWebKit/537.36 (KHTML, like Gecko) Chrome/131.0.0.0 Safari/537.36 Edg/131.0.0.0"
198.161.4.84 - - [21/Jan/2025:18:24:27 +0000] "GET /wp-content/plugins/learndash-course-grid/assets/js/script.js?ver=2.0.10 HTTP/1.1" 200 2361 "https://cpd.mhcollab.ca/courseinfo-2/cat_b" "Mozilla/5.0 (Windows NT 10.0; Win64; x64) AppleWebKit/537.36 (KHTML, like Gecko) Chrome/131.0.0.0 Safari/537.36 Edg/131.0.0.0"
198.161.4.84 - - [21/Jan/2025:18:24:27 +0000] "GET /wp-content/plugins/sfwd-lms/assets/js/jquery.dropdown.min.js?ver=4.20.0.1 HTTP/1.1" 200 936 "https://cpd.mhcollab.ca/courseinfo-2/cat_b" "Mozilla/5.0 (Windows NT 10.0; Win64; x64) AppleWebKit/537.36 (KHTML, like Gecko) Chrome/131.0.0.0 Safari/537.36 Edg/131.0.0.0"
198.161.4.84 - - [21/Jan/2025:18:24:27 +0000] "GET /wp-content/plugins/sfwd-lms/themes/legacy/templates/learndash_pager.min.js?ver=4.20.0.1 HTTP/1.1" 200 915 "https://cpd.mhcollab.ca/courseinfo-2/cat_b" "Mozilla/5.0 (Windows NT 10.0; Win64; x64) AppleWebKit/537.36 (KHTML, like Gecko) Chrome/131.0.0.0 Safari/537.36 Edg/131.0.0.0"
198.161.4.84 - - [21/Jan/2025:18:24:27 +0000] "GET /wp-content/plugins/sfwd-lms/themes/legacy/templates/learndash_template_script.min.js?ver=4.20.0.1 HTTP/1.1" 200 1131 "https://cpd.mhcollab.ca/courseinfo-2/cat_b" "Mozilla/5.0 (Windows NT 10.0; Win64; x64) AppleWebKit/537.36 (KHTML, like Gecko) Chrome/131.0.0.0 Safari/537.36 Edg/131.0.0.0"
198.161.4.84 - - [21/Jan/2025:18:24:27 +0000] "GET /wp-content/uploads/2024/07/2401-150x150.png HTTP/1.1" 200 38654 "https://cpd.mhcollab.ca/courseinfo-2/cat_b" "Mozilla/5.0 (Windows NT 10.0; Win64; x64) AppleWebKit/537.36 (KHTML, like Gecko) Chrome/131.0.0.0 Safari/537.36 Edg/131.0.0.0"
198.161.4.84 - - [21/Jan/2025:18:24:27 +0000] "GET /wp-content/uploads/2024/08/CatB-MHL2-1-150x150.png HTTP/1.1" 200 23384 "https://cpd.mhcollab.ca/courseinfo-2/cat_b" "Mozilla/5.0 (Windows NT 10.0; Win64; x64) AppleWebKit/537.36 (KHTML, like Gecko) Chrome/131.0.0.0 Safari/537.36 Edg/131.0.0.0"
198.161.4.84 - - [21/Jan/2025:18:24:27 +0000] "GET /wp-content/uploads/2024/08/CatB-CES2-150x150.png HTTP/1.1" 200 45491 "https://cpd.mhcollab.ca/courseinfo-2/cat_b" "Mozilla/5.0 (Windows NT 10.0; Win64; x64) AppleWebKit/537.36 (KHTML, like Gecko) Chrome/131.0.0.0 Safari/537.36 Edg/131.0.0.0"
198.161.4.84 - - [21/Jan/2025:18:24:27 +0000] "GET /wp-content/uploads/2023/06/DBT-150x150.jpg HTTP/1.1" 200 4202 "https://cpd.mhcollab.ca/courseinfo-2/cat_b" "Mozilla/5.0 (Windows NT 10.0; Win64; x64) AppleWebKit/537.36 (KHTML, like Gecko) Chrome/131.0.0.0 Safari/537.36 Edg/131.0.0.0"
198.161.4.84 - - [21/Jan/2025:18:24:27 +0000] "GET /wp-content/uploads/2023/06/Multiple-Personality-150x150.jpg HTTP/1.1" 200 8556 "https://cpd.mhcollab.ca/courseinfo-2/cat_b" "Mozilla/5.0 (Windows NT 10.0; Win64; x64) AppleWebKit/537.36 (KHTML, like Gecko) Chrome/131.0.0.0 Safari/537.36 Edg/131.0.0.0"
198.161.4.84 - - [21/Jan/2025:18:24:27 +0000] "GET /wp-content/uploads/2022/08/smiling-businesswoman-sitting-at-office-desk-holding-coffee-while-working-on-laptop--150x150.jpg HTTP/1.1" 200 5777 "https://cpd.mhcollab.ca/courseinfo-2/cat_b" "Mozilla/5.0 (Windows NT 10.0; Win64; x64) AppleWebKit/537.36 (KHTML, like Gecko) Chrome/131.0.0.0 Safari/537.36 Edg/131.0.0.0"
198.161.4.84 - - [21/Jan/2025:18:24:27 +0000] "GET /wp-content/uploads/2023/06/Eating-Disorders-150x150.jpg HTTP/1.1" 200 7427 "https://cpd.mhcollab.ca/courseinfo-2/cat_b" "Mozilla/5.0 (Windows NT 10.0; Win64; x64) AppleWebKit/537.36 (KHTML, like Gecko) Chrome/131.0.0.0 Safari/537.36 Edg/131.0.0.0"
198.161.4.84 - - [21/Jan/2025:18:24:27 +0000] "GET /wp-content/uploads/2023/06/Children-School-150x150.jpg HTTP/1.1" 200 8136 "https://cpd.mhcollab.ca/courseinfo-2/cat_b" "Mozilla/5.0 (Windows NT 10.0; Win64; x64) AppleWebKit/537.36 (KHTML, like Gecko) Chrome/131.0.0.0 Safari/537.36 Edg/131.0.0.0"
198.161.4.84 - - [21/Jan/2025:18:24:27 +0000] "GET /wp-content/uploads/2023/06/Adolescence-School-150x150.jpg HTTP/1.1" 200 7479 "https://cpd.mhcollab.ca/courseinfo-2/cat_b" "Mozilla/5.0 (Windows NT 10.0; Win64; x64) AppleWebKit/537.36 (KHTML, like Gecko) Chrome/131.0.0.0 Safari/537.36 Edg/131.0.0.0"
198.161.4.84 - - [21/Jan/2025:18:24:28 +0000] "GET /wp-content/uploads/2023/06/Outside-the-Box-150x150.jpg HTTP/1.1" 200 3054 "https://cpd.mhcollab.ca/courseinfo-2/cat_b" "Mozilla/5.0 (Windows NT 10.0; Win64; x64) AppleWebKit/537.36 (KHTML, like Gecko) Chrome/131.0.0.0 Safari/537.36 Edg/131.0.0.0"
198.161.4.84 - - [21/Jan/2025:18:24:28 +0000] "GET /wp-content/uploads/2023/09/2206-Cognitive-Flexibility-150x150.png HTTP/1.1" 200 26878 "https://cpd.mhcollab.ca/courseinfo-2/cat_b" "Mozilla/5.0 (Windows NT 10.0; Win64; x64) AppleWebKit/537.36 (KHTML, like Gecko) Chrome/131.0.0.0 Safari/537.36 Edg/131.0.0.0"
198.161.4.84 - - [21/Jan/2025:18:24:28 +0000] "GET /wp-content/uploads/2023/09/2207-COVID-Young-Child-development-150x150.png HTTP/1.1" 200 46185 "https://cpd.mhcollab.ca/courseinfo-2/cat_b" "Mozilla/5.0 (Windows NT 10.0; Win64; x64) AppleWebKit/537.36 (KHTML, like Gecko) Chrome/131.0.0.0 Safari/537.36 Edg/131.0.0.0"
70.72.216.60 - - [21/Jan/2025:18:24:28 +0000] "GET /wp-content/uploads/2023/09/2201-Grief.mp4?_=1 HTTP/1.1" 206 199983821 "https://cpd.mhcollab.ca/courses/2201/lessons/2201-grief-to-wholeness-presentation" "Mozilla/5.0 (Macintosh; Intel Mac OS X 10_15_7) AppleWebKit/605.1.15 (KHTML, like Gecko) Version/15.6.1 Safari/605.1.15"
198.161.4.84 - - [21/Jan/2025:18:24:39 +0000] "GET /wp-content/uploads/2023/09/2205-img-Flourishing-150x150.png HTTP/1.1" 200 38113 "https://cpd.mhcollab.ca/courseinfo-2/cat_b" "Mozilla/5.0 (Windows NT 10.0; Win64; x64) AppleWebKit/537.36 (KHTML, like Gecko) Chrome/131.0.0.0 Safari/537.36 Edg/131.0.0.0"
198.161.4.84 - - [21/Jan/2025:18:24:39 +0000] "GET /wp-content/uploads/2023/09/2204-Transgender-Youth-Ash-Tree-150x150.png HTTP/1.1" 200 63328 "https://cpd.mhcollab.ca/courseinfo-2/cat_b" "Mozilla/5.0 (Windows NT 10.0; Win64; x64) AppleWebKit/537.36 (KHTML, like Gecko) Chrome/131.0.0.0 Safari/537.36 Edg/131.0.0.0"
198.161.4.84 - - [21/Jan/2025:18:24:39 +0000] "GET /wp-content/uploads/2023/09/Pendulating-150x150.png HTTP/1.1" 200 20715 "https://cpd.mhcollab.ca/courseinfo-2/cat_b" "Mozilla/5.0 (Windows NT 10.0; Win64; x64) AppleWebKit/537.36 (KHTML, like Gecko) Chrome/131.0.0.0 Safari/537.36 Edg/131.0.0.0"
198.161.4.84 - - [21/Jan/2025:18:24:50 +0000] "GET /wp-content/uploads/2023/09/2201-150x150.png HTTP/1.1" 200 12920 "https://cpd.mhcollab.ca/courseinfo-2/cat_b" "Mozilla/5.0 (Windows NT 10.0; Win64; x64) AppleWebKit/537.36 (KHTML, like Gecko) Chrome/131.0.0.0 Safari/537.36 Edg/131.0.0.0"
198.161.4.84 - - [21/Jan/2025:18:24:50 +0000] "GET /wp-content/uploads/2023/09/2202-AutisticWellbeing-150x150.png HTTP/1.1" 200 14396 "https://cpd.mhcollab.ca/courseinfo-2/cat_b" "Mozilla/5.0 (Windows NT 10.0; Win64; x64) AppleWebKit/537.36 (KHTML, like Gecko) Chrome/131.0.0.0 Safari/537.36 Edg/131.0.0.0"
198.161.4.84 - - [21/Jan/2025:18:24:50 +0000] "GET /wp-content/uploads/2023/09/wooden-doll-figures-of-family-with-break-love-heart-concept-of-divorce-e1693552514253-150x150.jpg HTTP/1.1" 200 3004 "https://cpd.mhcollab.ca/courseinfo-2/cat_b" "Mozilla/5.0 (Windows NT 10.0; Win64; x64) AppleWebKit/537.36 (KHTML, like Gecko) Chrome/131.0.0.0 Safari/537.36 Edg/131.0.0.0"
45.56.220.125 - - [21/Jan/2025:18:24:56 +0000] "POST /wp-cron.php?doing_wp_cron=1737483896.8057429790496826171875 HTTP/1.1" 200 - "-" "WordPress/6.7.1; https://cpd.mhcollab.ca"
198.161.4.84 - - [21/Jan/2025:18:24:55 +0000] "GET /courses/2302-2 HTTP/1.1" 200 27835 "https://cpd.mhcollab.ca/courseinfo-2/cat_b" "Mozilla/5.0 (Windows NT 10.0; Win64; x64) AppleWebKit/537.36 (KHTML, like Gecko) Chrome/131.0.0.0 Safari/537.36 Edg/131.0.0.0"
198.161.4.84 - - [21/Jan/2025:18:24:57 +0000] "GET /wp-content/plugins/kadence-blocks/dist/style-blocks-column.css?ver=3.4.5 HTTP/1.1" 200 508 "https://cpd.mhcollab.ca/courses/2302-2" "Mozilla/5.0 (Windows NT 10.0; Win64; x64) AppleWebKit/537.36 (KHTML, like Gecko) Chrome/131.0.0.0 Safari/537.36 Edg/131.0.0.0"
198.161.4.84 - - [21/Jan/2025:18:24:57 +0000] "GET /wp-content/plugins/kadence-blocks/dist/style-blocks-rowlayout.css?ver=3.4.5 HTTP/1.1" 200 1652 "https://cpd.mhcollab.ca/courses/2302-2" "Mozilla/5.0 (Windows NT 10.0; Win64; x64) AppleWebKit/537.36 (KHTML, like Gecko) Chrome/131.0.0.0 Safari/537.36 Edg/131.0.0.0"
198.161.4.84 - - [21/Jan/2025:18:24:57 +0000] "GET /wp-content/uploads/2022/07/cropped-cropped-CPD_2022-blue.png HTTP/1.1" 200 58563 "https://cpd.mhcollab.ca/courses/2302-2" "Mozilla/5.0 (Windows NT 10.0; Win64; x64) AppleWebKit/537.36 (KHTML, like Gecko) Chrome/131.0.0.0 Safari/537.36 Edg/131.0.0.0"
70.72.216.60 - - [21/Jan/2025:18:24:57 +0000] "GET /wp-content/plugins/uncanny-toolkit-pro/src/includes/simple_timer_performance.php?course_id=5065&post_id=5075&_=1737483117539 HTTP/1.1" 200 78 "https://cpd.mhcollab.ca/courses/2201/lessons/2201-grief-to-wholeness-presentation" "Mozilla/5.0 (Macintosh; Intel Mac OS X 10_15_7) AppleWebKit/605.1.15 (KHTML, like Gecko) Version/15.6.1 Safari/605.1.15"
198.161.4.84 - - [21/Jan/2025:18:25:01 +0000] "GET /wp-content/plugins/sfwd-lms/themes/ld30/assets/fonts/ld-icons.ttf?e0vk6b HTTP/1.1" 200 3087 "https://cpd.mhcollab.ca/wp-content/plugins/sfwd-lms/themes/ld30/assets/css/learndash.min.css?ver=4.20.0.1" "Mozilla/5.0 (Windows NT 10.0; Win64; x64) AppleWebKit/537.36 (KHTML, like Gecko) Chrome/131.0.0.0 Safari/537.36 Edg/131.0.0.0"
70.72.216.60 - - [21/Jan/2025:18:25:19 +0000] "GET /wp-content/plugins/uncanny-toolkit-pro/src/includes/simple_timer_performance.php?course_id=5065&post_id=5075&_=1737483117540 HTTP/1.1" 200 78 "https://cpd.mhcollab.ca/courses/2201/lessons/2201-grief-to-wholeness-presentation" "Mozilla/5.0 (Macintosh; Intel Mac OS X 10_15_7) AppleWebKit/605.1.15 (KHTML, like Gecko) Version/15.6.1 Safari/605.1.15"
198.161.4.84 - - [21/Jan/2025:18:25:34 +0000] "POST /wp-login.php HTTP/1.1" 302 - "https://cpd.mhcollab.ca/courses/2302-2" "Mozilla/5.0 (Windows NT 10.0; Win64; x64) AppleWebKit/537.36 (KHTML, like Gecko) Chrome/131.0.0.0 Safari/537.36 Edg/131.0.0.0"
198.161.4.84 - - [21/Jan/2025:18:25:36 +0000] "GET /wp-2fa-config HTTP/1.1" 200 34375 "https://cpd.mhcollab.ca/courses/2302-2" "Mozilla/5.0 (Windows NT 10.0; Win64; x64) AppleWebKit/537.36 (KHTML, like Gecko) Chrome/131.0.0.0 Safari/537.36 Edg/131.0.0.0"
70.72.216.60 - - [21/Jan/2025:18:25:37 +0000] "GET /wp-content/plugins/uncanny-toolkit-pro/src/includes/simple_timer_performance.php?course_id=5065&post_id=5075&_=1737483117541 HTTP/1.1" 200 77 "https://cpd.mhcollab.ca/courses/2201/lessons/2201-grief-to-wholeness-presentation" "Mozilla/5.0 (Macintosh; Intel Mac OS X 10_15_7) AppleWebKit/605.1.15 (KHTML, like Gecko) Version/15.6.1 Safari/605.1.15"
198.161.4.84 - - [21/Jan/2025:18:25:38 +0000] "GET /wp-content/plugins/wp-2fa/dist/images/authy-logo.png HTTP/1.1" 200 5922 "https://cpd.mhcollab.ca/wp-2fa-config" "Mozilla/5.0 (Windows NT 10.0; Win64; x64) AppleWebKit/537.36 (KHTML, like Gecko) Chrome/131.0.0.0 Safari/537.36 Edg/131.0.0.0"
198.161.4.84 - - [21/Jan/2025:18:25:38 +0000] "GET /wp-content/plugins/wp-2fa/dist/css/styles.css?ver=2.8.0 HTTP/1.1" 200 4088 "https://cpd.mhcollab.ca/wp-2fa-config" "Mozilla/5.0 (Windows NT 10.0; Win64; x64) AppleWebKit/537.36 (KHTML, like Gecko) Chrome/131.0.0.0 Safari/537.36 Edg/131.0.0.0"
198.161.4.84 - - [21/Jan/2025:18:25:38 +0000] "GET /wp-content/plugins/wp-2fa/dist/js/micromodal.js?ver=2.8.0 HTTP/1.1" 200 4405 "https://cpd.mhcollab.ca/wp-2fa-config" "Mozilla/5.0 (Windows NT 10.0; Win64; x64) AppleWebKit/537.36 (KHTML, like Gecko) Chrome/131.0.0.0 Safari/537.36 Edg/131.0.0.0"
198.161.4.84 - - [21/Jan/2025:18:25:38 +0000] "GET /wp-content/plugins/wp-2fa/dist/js/wp-2fa.js?ver=2.8.0 HTTP/1.1" 200 5494 "https://cpd.mhcollab.ca/wp-2fa-config" "Mozilla/5.0 (Windows NT 10.0; Win64; x64) AppleWebKit/537.36 (KHTML, like Gecko) Chrome/131.0.0.0 Safari/537.36 Edg/131.0.0.0"
198.161.4.84 - - [21/Jan/2025:18:25:38 +0000] "GET /wp-content/plugins/wp-2fa/dist/images/google-logo.png HTTP/1.1" 200 9214 "https://cpd.mhcollab.ca/wp-2fa-config" "Mozilla/5.0 (Windows NT 10.0; Win64; x64) AppleWebKit/537.36 (KHTML, like Gecko) Chrome/131.0.0.0 Safari/537.36 Edg/131.0.0.0"
198.161.4.84 - - [21/Jan/2025:18:25:38 +0000] "GET /wp-content/plugins/wp-2fa/dist/images/microsoft-logo.png HTTP/1.1" 200 8220 "https://cpd.mhcollab.ca/wp-2fa-config" "Mozilla/5.0 (Windows NT 10.0; Win64; x64) AppleWebKit/537.36 (KHTML, like Gecko) Chrome/131.0.0.0 Safari/537.36 Edg/131.0.0.0"
198.161.4.84 - - [21/Jan/2025:18:25:38 +0000] "GET /wp-content/plugins/wp-2fa/dist/images/duo-logo.png HTTP/1.1" 200 5254 "https://cpd.mhcollab.ca/wp-2fa-config" "Mozilla/5.0 (Windows NT 10.0; Win64; x64) AppleWebKit/537.36 (KHTML, like Gecko) Chrome/131.0.0.0 Safari/537.36 Edg/131.0.0.0"
198.161.4.84 - - [21/Jan/2025:18:25:38 +0000] "GET /wp-content/plugins/wp-2fa/dist/images/lastpass-logo.png HTTP/1.1" 200 9038 "https://cpd.mhcollab.ca/wp-2fa-config" "Mozilla/5.0 (Windows NT 10.0; Win64; x64) AppleWebKit/537.36 (KHTML, like Gecko) Chrome/131.0.0.0 Safari/537.36 Edg/131.0.0.0"
198.161.4.84 - - [21/Jan/2025:18:25:38 +0000] "GET /wp-content/plugins/wp-2fa/dist/images/free-otp-logo.png HTTP/1.1" 200 8572 "https://cpd.mhcollab.ca/wp-2fa-config" "Mozilla/5.0 (Windows NT 10.0; Win64; x64) AppleWebKit/537.36 (KHTML, like Gecko) Chrome/131.0.0.0 Safari/537.36 Edg/131.0.0.0"
198.161.4.84 - - [21/Jan/2025:18:25:38 +0000] "GET /wp-content/plugins/wp-2fa/dist/images/okta-logo.png HTTP/1.1" 200 9215 "https://cpd.mhcollab.ca/wp-2fa-config" "Mozilla/5.0 (Windows NT 10.0; Win64; x64) AppleWebKit/537.36 (KHTML, like Gecko) Chrome/131.0.0.0 Safari/537.36 Edg/131.0.0.0"
45.56.220.125 - - [21/Jan/2025:18:25:54 +0000] "POST /wp-cron.php?doing_wp_cron=1737483954.4867930412292480468750 HTTP/1.1" 200 - "-" "WordPress/6.7.1; https://cpd.mhcollab.ca"
198.161.4.84 - - [21/Jan/2025:18:25:52 +0000] "POST /wp-admin/admin-ajax.php HTTP/1.1" 200 21 "https://cpd.mhcollab.ca/wp-2fa-config" "Mozilla/5.0 (Windows NT 10.0; Win64; x64) AppleWebKit/537.36 (KHTML, like Gecko) Chrome/131.0.0.0 Safari/537.36 Edg/131.0.0.0"
70.72.216.60 - - [21/Jan/2025:18:25:57 +0000] "GET /wp-content/plugins/uncanny-toolkit-pro/src/includes/simple_timer_performance.php?course_id=5065&post_id=5075&_=1737483117542 HTTP/1.1" 200 75 "https://cpd.mhcollab.ca/courses/2201/lessons/2201-grief-to-wholeness-presentation" "Mozilla/5.0 (Macintosh; Intel Mac OS X 10_15_7) AppleWebKit/605.1.15 (KHTML, like Gecko) Version/15.6.1 Safari/605.1.15"
70.72.216.60 - - [21/Jan/2025:18:26:20 +0000] "GET /wp-content/plugins/uncanny-toolkit-pro/src/includes/simple_timer_performance.php?course_id=5065&post_id=5075&_=1737483117543 HTTP/1.1" 200 77 "https://cpd.mhcollab.ca/courses/2201/lessons/2201-grief-to-wholeness-presentation" "Mozilla/5.0 (Macintosh; Intel Mac OS X 10_15_7) AppleWebKit/605.1.15 (KHTML, like Gecko) Version/15.6.1 Safari/605.1.15"
70.72.216.60 - - [21/Jan/2025:18:26:39 +0000] "GET /wp-content/plugins/uncanny-toolkit-pro/src/includes/simple_timer_performance.php?course_id=5065&post_id=5075&_=1737483117544 HTTP/1.1" 200 77 "https://cpd.mhcollab.ca/courses/2201/lessons/2201-grief-to-wholeness-presentation" "Mozilla/5.0 (Macintosh; Intel Mac OS X 10_15_7) AppleWebKit/605.1.15 (KHTML, like Gecko) Version/15.6.1 Safari/605.1.15"
70.72.216.60 - - [21/Jan/2025:18:27:10 +0000] "GET /wp-content/plugins/uncanny-toolkit-pro/src/includes/simple_timer_performance.php?course_id=5065&post_id=5075&_=1737483117545 HTTP/1.1" 200 77 "https://cpd.mhcollab.ca/courses/2201/lessons/2201-grief-to-wholeness-presentation" "Mozilla/5.0 (Macintosh; Intel Mac OS X 10_15_7) AppleWebKit/605.1.15 (KHTML, like Gecko) Version/15.6.1 Safari/605.1.15"
45.56.220.125 - - [21/Jan/2025:18:27:42 +0000] "POST /wp-cron.php?doing_wp_cron=1737484062.7490990161895751953125 HTTP/1.1" 200 - "-" "WordPress/6.7.1; https://cpd.mhcollab.ca"
198.161.4.84 - - [21/Jan/2025:18:27:41 +0000] "POST /wp-admin/admin-ajax.php HTTP/1.1" 200 36 "https://cpd.mhcollab.ca/wp-2fa-config" "Mozilla/5.0 (Windows NT 10.0; Win64; x64) AppleWebKit/537.36 (KHTML, like Gecko) Chrome/131.0.0.0 Safari/537.36 Edg/131.0.0.0"
45.56.220.125 - - [21/Jan/2025:18:27:42 +0000] "POST /wp-admin/admin-ajax.php?action=as_async_request_queue_runner&nonce=53990f8b83 HTTP/1.1" 200 - "-" "WordPress/6.7.1; https://cpd.mhcollab.ca"
45.56.220.125 - - [21/Jan/2025:18:27:56 +0000] "POST /wp-cron.php?doing_wp_cron=1737484076.3556749820709228515625 HTTP/1.1" 200 - "-" "WordPress/6.7.1; https://cpd.mhcollab.ca"
198.161.4.84 - - [21/Jan/2025:18:27:54 +0000] "GET /wp-2fa-config? HTTP/1.1" 200 34496 "https://cpd.mhcollab.ca/wp-2fa-config" "Mozilla/5.0 (Windows NT 10.0; Win64; x64) AppleWebKit/537.36 (KHTML, like Gecko) Chrome/131.0.0.0 Safari/537.36 Edg/131.0.0.0"
198.161.4.84 - - [21/Jan/2025:18:28:08 +0000] "GET /user-2 HTTP/1.1" 200 32381 "https://cpd.mhcollab.ca/wp-2fa-config?" "Mozilla/5.0 (Windows NT 10.0; Win64; x64) AppleWebKit/537.36 (KHTML, like Gecko) Chrome/131.0.0.0 Safari/537.36 Edg/131.0.0.0"
198.161.4.84 - - [21/Jan/2025:18:28:09 +0000] "GET /courseinfo-2 HTTP/1.1" 200 33297 "https://cpd.mhcollab.ca/wp-2fa-config?" "Mozilla/5.0 (Windows NT 10.0; Win64; x64) AppleWebKit/537.36 (KHTML, like Gecko) Chrome/131.0.0.0 Safari/537.36 Edg/131.0.0.0"
198.161.4.84 - - [21/Jan/2025:18:28:36 +0000] "GET / HTTP/1.1" 200 30578 "https://cpd.mhcollab.ca/courseinfo-2" "Mozilla/5.0 (Windows NT 10.0; Win64; x64) AppleWebKit/537.36 (KHTML, like Gecko) Chrome/131.0.0.0 Safari/537.36 Edg/131.0.0.0"
198.161.4.84 - - [21/Jan/2025:18:28:38 +0000] "GET /wp-content/plugins/elementor/assets/css/widget-divider.min.css?ver=3.26.4 HTTP/1.1" 200 771 "https://cpd.mhcollab.ca/" "Mozilla/5.0 (Windows NT 10.0; Win64; x64) AppleWebKit/537.36 (KHTML, like Gecko) Chrome/131.0.0.0 Safari/537.36 Edg/131.0.0.0"
198.161.4.84 - - [21/Jan/2025:18:28:38 +0000] "GET /wp-content/plugins/elementor/assets/css/widget-image-box.min.css?ver=3.26.4 HTTP/1.1" 200 365 "https://cpd.mhcollab.ca/" "Mozilla/5.0 (Windows NT 10.0; Win64; x64) AppleWebKit/537.36 (KHTML, like Gecko) Chrome/131.0.0.0 Safari/537.36 Edg/131.0.0.0"
198.161.4.84 - - [21/Jan/2025:18:28:38 +0000] "GET /wp-content/plugins/elementor/assets/lib/animations/styles/swing.min.css?ver=3.26.4 HTTP/1.1" 200 138 "https://cpd.mhcollab.ca/" "Mozilla/5.0 (Windows NT 10.0; Win64; x64) AppleWebKit/537.36 (KHTML, like Gecko) Chrome/131.0.0.0 Safari/537.36 Edg/131.0.0.0"
198.161.4.84 - - [21/Jan/2025:18:28:38 +0000] "GET /wp-content/uploads/elementor/css/post-3854.css?ver=1736184241 HTTP/1.1" 200 2468 "https://cpd.mhcollab.ca/" "Mozilla/5.0 (Windows NT 10.0; Win64; x64) AppleWebKit/537.36 (KHTML, like Gecko) Chrome/131.0.0.0 Safari/537.36 Edg/131.0.0.0"
198.161.4.84 - - [21/Jan/2025:18:28:39 +0000] "GET /wp-content/uploads/2023/07/Icon-Certification-e1690834824234.png HTTP/1.1" 200 2853 "https://cpd.mhcollab.ca/" "Mozilla/5.0 (Windows NT 10.0; Win64; x64) AppleWebKit/537.36 (KHTML, like Gecko) Chrome/131.0.0.0 Safari/537.36 Edg/131.0.0.0"
198.161.4.84 - - [21/Jan/2025:18:28:39 +0000] "GET /wp-content/uploads/2024/12/2023-HaveYourSay-LearnngNeedsSurvey-768x192.png HTTP/1.1" 200 69014 "https://cpd.mhcollab.ca/" "Mozilla/5.0 (Windows NT 10.0; Win64; x64) AppleWebKit/537.36 (KHTML, like Gecko) Chrome/131.0.0.0 Safari/537.36 Edg/131.0.0.0"
198.161.4.84 - - [21/Jan/2025:18:28:39 +0000] "GET /wp-content/uploads/2023/07/top_ico_03.png HTTP/1.1" 200 2520 "https://cpd.mhcollab.ca/" "Mozilla/5.0 (Windows NT 10.0; Win64; x64) AppleWebKit/537.36 (KHTML, like Gecko) Chrome/131.0.0.0 Safari/537.36 Edg/131.0.0.0"
198.161.4.84 - - [21/Jan/2025:18:28:39 +0000] "GET /wp-content/uploads/2023/07/Untitled-1140-%C3%97-550-px.png HTTP/1.1" 200 290890 "https://cpd.mhcollab.ca/wp-content/uploads/elementor/css/post-3854.css?ver=1736184241" "Mozilla/5.0 (Windows NT 10.0; Win64; x64) AppleWebKit/537.36 (KHTML, like Gecko) Chrome/131.0.0.0 Safari/537.36 Edg/131.0.0.0"
198.161.4.84 - - [21/Jan/2025:18:28:39 +0000] "GET /wp-content/uploads/2023/07/top_ico_02.png HTTP/1.1" 200 1226 "https://cpd.mhcollab.ca/" "Mozilla/5.0 (Windows NT 10.0; Win64; x64) AppleWebKit/537.36 (KHTML, like Gecko) Chrome/131.0.0.0 Safari/537.36 Edg/131.0.0.0"
198.161.4.84 - - [21/Jan/2025:18:28:39 +0000] "GET /wp-content/uploads/2023/07/bg_comm.png HTTP/1.1" 200 203400 "https://cpd.mhcollab.ca/wp-content/uploads/elementor/css/post-3854.css?ver=1736184241" "Mozilla/5.0 (Windows NT 10.0; Win64; x64) AppleWebKit/537.36 (KHTML, like Gecko) Chrome/131.0.0.0 Safari/537.36 Edg/131.0.0.0"
198.161.4.84 - - [21/Jan/2025:18:28:39 +0000] "GET /wp-content/uploads/2024/07/2402-1024x1024.png HTTP/1.1" 200 843776 "https://cpd.mhcollab.ca/" "Mozilla/5.0 (Windows NT 10.0; Win64; x64) AppleWebKit/537.36 (KHTML, like Gecko) Chrome/131.0.0.0 Safari/537.36 Edg/131.0.0.0"
45.56.220.125 - - [21/Jan/2025:18:28:53 +0000] "POST /wp-cron.php?doing_wp_cron=1737484133.7779979705810546875000 HTTP/1.1" 200 - "-" "WordPress/6.7.1; https://cpd.mhcollab.ca"
198.161.9.25 - - [21/Jan/2025:18:28:52 +0000] "GET / HTTP/1.1" 200 30117 "https://mhcollab.ca/" "Mozilla/5.0 (Windows NT 10.0; Win64; x64) AppleWebKit/537.36 (KHTML, like Gecko) Chrome/131.0.0.0 Safari/537.36 Edg/131.0.0.0"
198.161.9.25 - - [21/Jan/2025:18:28:54 +0000] "GET /wp-content/plugins/premium-addons-for-elementor/assets/frontend/min-css/premium-addons.min.css?ver=4.10.77 HTTP/1.1" 200 45601 "https://cpd.mhcollab.ca/" "Mozilla/5.0 (Windows NT 10.0; Win64; x64) AppleWebKit/537.36 (KHTML, like Gecko) Chrome/131.0.0.0 Safari/537.36 Edg/131.0.0.0"
198.161.9.25 - - [21/Jan/2025:18:28:54 +0000] "GET /wp-includes/css/dashicons.min.css?ver=1f041886d6beac9432c1496850c082e4 HTTP/1.1" 200 35730 "https://cpd.mhcollab.ca/" "Mozilla/5.0 (Windows NT 10.0; Win64; x64) AppleWebKit/537.36 (KHTML, like Gecko) Chrome/131.0.0.0 Safari/537.36 Edg/131.0.0.0"
198.161.9.25 - - [21/Jan/2025:18:28:54 +0000] "GET /wp-content/plugins/learndash-propanel/includes/reports-base/includes/blocks/builds/index-date-filters.css?ver=a1d6734463bc290af9c8 HTTP/1.1" 200 1913 "https://cpd.mhcollab.ca/" "Mozilla/5.0 (Windows NT 10.0; Win64; x64) AppleWebKit/537.36 (KHTML, like Gecko) Chrome/131.0.0.0 Safari/537.36 Edg/131.0.0.0"
198.161.9.25 - - [21/Jan/2025:18:28:54 +0000] "GET /wp-content/plugins/learndash-propanel/includes/reports-base/includes/blocks/builds/index-total-revenue-earned.css?ver=f10a5618799c575867be HTTP/1.1" 200 495 "https://cpd.mhcollab.ca/" "Mozilla/5.0 (Windows NT 10.0; Win64; x64) AppleWebKit/537.36 (KHTML, like Gecko) Chrome/131.0.0.0 Safari/537.36 Edg/131.0.0.0"
198.161.9.25 - - [21/Jan/2025:18:28:54 +0000] "GET /wp-content/plugins/learndash-propanel/includes/reports-base/includes/blocks/builds/index-total-courses.css?ver=0cefa5be8e7738864347 HTTP/1.1" 200 541 "https://cpd.mhcollab.ca/" "Mozilla/5.0 (Windows NT 10.0; Win64; x64) AppleWebKit/537.36 (KHTML, like Gecko) Chrome/131.0.0.0 Safari/537.36 Edg/131.0.0.0"
198.161.9.25 - - [21/Jan/2025:18:28:54 +0000] "GET /wp-content/plugins/learndash-propanel/includes/reports-base/includes/blocks/builds/index-total-learners.css?ver=fadd16f458306ad64b1b HTTP/1.1" 200 540 "https://cpd.mhcollab.ca/" "Mozilla/5.0 (Windows NT 10.0; Win64; x64) AppleWebKit/537.36 (KHTML, like Gecko) Chrome/131.0.0.0 Safari/537.36 Edg/131.0.0.0"
198.161.9.25 - - [21/Jan/2025:18:28:54 +0000] "GET /wp-content/plugins/learndash-propanel/includes/reports-base/includes/blocks/builds/index-pending-assignments.css?ver=1aef600d13aa5a0563ad HTTP/1.1" 200 903 "https://cpd.mhcollab.ca/" "Mozilla/5.0 (Windows NT 10.0; Win64; x64) AppleWebKit/537.36 (KHTML, like Gecko) Chrome/131.0.0.0 Safari/537.36 Edg/131.0.0.0"
198.161.9.25 - - [21/Jan/2025:18:28:54 +0000] "GET /wp-content/plugins/learndash-propanel/includes/reports-base/includes/blocks/builds/index-revenue-from-courses.css?ver=cb65027c18309c21a2ae HTTP/1.1" 200 1930 "https://cpd.mhcollab.ca/" "Mozilla/5.0 (Windows NT 10.0; Win64; x64) AppleWebKit/537.36 (KHTML, like Gecko) Chrome/131.0.0.0 Safari/537.36 Edg/131.0.0.0"
198.161.9.25 - - [21/Jan/2025:18:28:54 +0000] "GET /wp-content/plugins/learndash-propanel/includes/reports-base/includes/blocks/builds/index-daily-enrollments.css?ver=26c7a9fe543a33751dda HTTP/1.1" 200 2044 "https://cpd.mhcollab.ca/" "Mozilla/5.0 (Windows NT 10.0; Win64; x64) AppleWebKit/537.36 (KHTML, like Gecko) Chrome/131.0.0.0 Safari/537.36 Edg/131.0.0.0"
198.161.9.25 - - [21/Jan/2025:18:28:54 +0000] "GET /wp-content/plugins/learndash-propanel/includes/reports-base/includes/blocks/builds/index-report-filters.css?ver=b28fbdbc96ca0c44499b HTTP/1.1" 200 4287 "https://cpd.mhcollab.ca/" "Mozilla/5.0 (Windows NT 10.0; Win64; x64) AppleWebKit/537.36 (KHTML, like Gecko) Chrome/131.0.0.0 Safari/537.36 Edg/131.0.0.0"
198.161.9.25 - - [21/Jan/2025:18:28:54 +0000] "GET /wp-content/plugins/learndash-propanel/includes/reports-base/includes/blocks/builds/index-time-spent-on-a-course.css?ver=8367b374b08e9cf19cf6 HTTP/1.1" 200 4759 "https://cpd.mhcollab.ca/" "Mozilla/5.0 (Windows NT 10.0; Win64; x64) AppleWebKit/537.36 (KHTML, like Gecko) Chrome/131.0.0.0 Safari/537.36 Edg/131.0.0.0"
