66.249.72.38 - - [21/Jan/2025:20:52:43 +0000] "GET /items/cmpxk28/11905?key=adoption HTTP/1.1" 404 - "-" "Mozilla/5.0 (Linux; Android 6.0.1; Nexus 5X Build/MMB29P) AppleWebKit/537.36 (KHTML, like Gecko) Chrome/132.0.6834.83 Mobile Safari/537.36 (compatible; Googlebot/2.1; +http://www.google.com/bot.html)"
66.249.72.38 - - [21/Jan/2025:20:52:52 +0000] "GET /items/mulop183/43182?key=assumption HTTP/1.1" 404 - "-" "Mozilla/5.0 (Linux; Android 6.0.1; Nexus 5X Build/MMB29P) AppleWebKit/537.36 (KHTML, like Gecko) Chrome/132.0.6834.83 Mobile Safari/537.36 (compatible; Googlebot/2.1; +http://www.google.com/bot.html)"
104.219.214.2 - - [21/Jan/2025:20:53:05 +0000] "GET /wp-includes/admin.php HTTP/1.1" 404 - "https://hmhc.ca/wp-includes/admin.php" "Mozilla/5.0 (Windows NT 10.0; Win64; x64) AppleWebKit/537.36 (KHTML, like Gecko) Chrome/58.0.3029.110 Safari/537.3"
66.249.72.39 - - [21/Jan/2025:20:53:05 +0000] "GET /items/rokkv147/20021?key=lunch HTTP/1.1" 404 - "-" "Mozilla/5.0 (Linux; Android 6.0.1; Nexus 5X Build/MMB29P) AppleWebKit/537.36 (KHTML, like Gecko) Chrome/132.0.6834.83 Mobile Safari/537.36 (compatible; Googlebot/2.1; +http://www.google.com/bot.html)"
104.219.214.2 - - [21/Jan/2025:20:53:09 +0000] "GET / HTTP/1.1" 200 84522 "https://hmhc.ca" "Mozilla/5.0 (Windows NT 10.0; Win64; x64) AppleWebKit/537.36 (KHTML, like Gecko) Chrome/58.0.3029.110 Safari/537.3"
66.249.72.39 - - [21/Jan/2025:20:53:13 +0000] "GET /items/qxyee147/38006?key=meter HTTP/1.1" 404 - "-" "Mozilla/5.0 (Linux; Android 6.0.1; Nexus 5X Build/MMB29P) AppleWebKit/537.36 (KHTML, like Gecko) Chrome/132.0.6834.83 Mobile Safari/537.36 (compatible; Googlebot/2.1; +http://www.google.com/bot.html)"
66.249.72.39 - - [21/Jan/2025:20:53:13 +0000] "GET /items/rjfdt246/17094?key=tall HTTP/1.1" 404 - "-" "Mozilla/5.0 (Linux; Android 6.0.1; Nexus 5X Build/MMB29P) AppleWebKit/537.36 (KHTML, like Gecko) Chrome/132.0.6834.83 Mobile Safari/537.36 (compatible; Googlebot/2.1; +http://www.google.com/bot.html)"
66.249.72.38 - - [21/Jan/2025:20:53:26 +0000] "GET /items/zrjll28/37917?key=productive HTTP/1.1" 404 - "-" "Mozilla/5.0 (Linux; Android 6.0.1; Nexus 5X Build/MMB29P) AppleWebKit/537.36 (KHTML, like Gecko) Chrome/132.0.6834.83 Mobile Safari/537.36 (compatible; Googlebot/2.1; +http://www.google.com/bot.html)"
165.227.4.126 - - [21/Jan/2025:20:53:27 +0000] "GET /.env HTTP/1.1" 404 - "-" "Mozilla/5.0 Keydrop"
165.227.4.126 - - [21/Jan/2025:20:53:27 +0000] "GET / HTTP/1.0" 404 - "-" "-"
66.249.72.38 - - [21/Jan/2025:20:53:31 +0000] "GET /items/gywsg1/46013?key=advocate HTTP/1.1" 404 - "-" "Mozilla/5.0 (Linux; Android 6.0.1; Nexus 5X Build/MMB29P) AppleWebKit/537.36 (KHTML, like Gecko) Chrome/132.0.6834.83 Mobile Safari/537.36 (compatible; Googlebot/2.1; +http://www.google.com/bot.html)"
66.249.72.38 - - [21/Jan/2025:20:54:05 +0000] "GET /items/kwkes28/42067?key=graduation HTTP/1.1" 404 - "-" "Mozilla/5.0 (Linux; Android 6.0.1; Nexus 5X Build/MMB29P) AppleWebKit/537.36 (KHTML, like Gecko) Chrome/132.0.6834.83 Mobile Safari/537.36 (compatible; Googlebot/2.1; +http://www.google.com/bot.html)"
66.249.72.98 - - [21/Jan/2025:20:54:25 +0000] "GET /items/ocnvy39/203?key=pace HTTP/1.1" 404 - "-" "Mozilla/5.0 (Linux; Android 6.0.1; Nexus 5X Build/MMB29P) AppleWebKit/537.36 (KHTML, like Gecko) Chrome/132.0.6834.83 Mobile Safari/537.36 (compatible; Googlebot/2.1; +http://www.google.com/bot.html)"
66.249.72.38 - - [21/Jan/2025:20:54:26 +0000] "GET /items/qbcyy237/32505?key=lesson HTTP/1.1" 404 - "-" "Mozilla/5.0 (Linux; Android 6.0.1; Nexus 5X Build/MMB29P) AppleWebKit/537.36 (KHTML, like Gecko) Chrome/132.0.6834.83 Mobile Safari/537.36 (compatible; Googlebot/2.1; +http://www.google.com/bot.html)"
66.249.72.38 - - [21/Jan/2025:20:54:31 +0000] "GET /items/bamfj28/5877?key=population HTTP/1.1" 404 - "-" "Mozilla/5.0 (Linux; Android 6.0.1; Nexus 5X Build/MMB29P) AppleWebKit/537.36 (KHTML, like Gecko) Chrome/132.0.6834.83 Mobile Safari/537.36 (compatible; Googlebot/2.1; +http://www.google.com/bot.html)"
66.249.72.40 - - [21/Jan/2025:20:55:30 +0000] "GET /items/zisck258/19602?key=indicator HTTP/1.1" 404 - "-" "Mozilla/5.0 (Linux; Android 6.0.1; Nexus 5X Build/MMB29P) AppleWebKit/537.36 (KHTML, like Gecko) Chrome/132.0.6834.83 Mobile Safari/537.36 (compatible; Googlebot/2.1; +http://www.google.com/bot.html)"
71.6.134.231 - - [21/Jan/2025:20:56:26 +0000] "GET / HTTP/1.1" 200 12097 "-" "Mozilla/5.0 (Windows NT 10.0; Win64; x64) AppleWebKit/537.36 (KHTML, like Gecko) Chrome/102.0.0.0 Safari/537.36"
66.249.72.39 - - [21/Jan/2025:20:56:37 +0000] "GET /items/opref56/39141?key=myself HTTP/1.1" 404 - "-" "Mozilla/5.0 (Linux; Android 6.0.1; Nexus 5X Build/MMB29P) AppleWebKit/537.36 (KHTML, like Gecko) Chrome/132.0.6834.83 Mobile Safari/537.36 (compatible; Googlebot/2.1; +http://www.google.com/bot.html)"
66.249.72.38 - - [21/Jan/2025:20:56:44 +0000] "GET /items/ccrmr253/5034?key=custody HTTP/1.1" 404 - "-" "Mozilla/5.0 (Linux; Android 6.0.1; Nexus 5X Build/MMB29P) AppleWebKit/537.36 (KHTML, like Gecko) Chrome/132.0.6834.83 Mobile Safari/537.36 (compatible; Googlebot/2.1; +http://www.google.com/bot.html)"
66.249.72.39 - - [21/Jan/2025:20:56:48 +0000] "GET /items/rokkv147/20021?key=congressional HTTP/1.1" 404 - "-" "Mozilla/5.0 (Linux; Android 6.0.1; Nexus 5X Build/MMB29P) AppleWebKit/537.36 (KHTML, like Gecko) Chrome/132.0.6834.83 Mobile Safari/537.36 (compatible; Googlebot/2.1; +http://www.google.com/bot.html)"
66.249.72.38 - - [21/Jan/2025:20:56:51 +0000] "GET /items/jqfph74/12741?key=downtown HTTP/1.1" 404 - "-" "Mozilla/5.0 (Linux; Android 6.0.1; Nexus 5X Build/MMB29P) AppleWebKit/537.36 (KHTML, like Gecko) Chrome/132.0.6834.83 Mobile Safari/537.36 (compatible; Googlebot/2.1; +http://www.google.com/bot.html)"
66.249.72.38 - - [21/Jan/2025:20:56:54 +0000] "GET /items/vsrqe157/32221?key=bell HTTP/1.1" 404 - "-" "Mozilla/5.0 (Linux; Android 6.0.1; Nexus 5X Build/MMB29P) AppleWebKit/537.36 (KHTML, like Gecko) Chrome/132.0.6834.83 Mobile Safari/537.36 (compatible; Googlebot/2.1; +http://www.google.com/bot.html)"
208.118.125.90 - - [21/Jan/2025:20:57:08 +0000] "GET / HTTP/1.1" 200 25 "-" "Mozilla/5.0 (Macintosh; Intel Mac OS X 10_11_1) AppleWebKit/601.2.4 (KHTML, like Gecko) Version/9.0.1 Safari/601.2.4 facebookexternalhit/1.1 Facebot Twitterbot/1.0"
66.249.72.38 - - [21/Jan/2025:20:57:10 +0000] "GET /items/kwkes28/42067?key=mention HTTP/1.1" 404 - "-" "Mozilla/5.0 (Linux; Android 6.0.1; Nexus 5X Build/MMB29P) AppleWebKit/537.36 (KHTML, like Gecko) Chrome/132.0.6834.83 Mobile Safari/537.36 (compatible; Googlebot/2.1; +http://www.google.com/bot.html)"
66.249.72.40 - - [21/Jan/2025:20:57:13 +0000] "GET /items/vhhbw84/38994?key=particularly HTTP/1.1" 404 - "-" "Mozilla/5.0 (Linux; Android 6.0.1; Nexus 5X Build/MMB29P) AppleWebKit/537.36 (KHTML, like Gecko) Chrome/132.0.6834.83 Mobile Safari/537.36 (compatible; Googlebot/2.1; +http://www.google.com/bot.html)"
66.249.72.39 - - [21/Jan/2025:20:57:13 +0000] "GET /items/frhhj10/6871?key=assistance HTTP/1.1" 404 - "-" "Mozilla/5.0 (Linux; Android 6.0.1; Nexus 5X Build/MMB29P) AppleWebKit/537.36 (KHTML, like Gecko) Chrome/132.0.6834.83 Mobile Safari/537.36 (compatible; Googlebot/2.1; +http://www.google.com/bot.html)"
114.10.67.88 - - [21/Jan/2025:20:58:03 +0000] "-" 408 - "-" "-"
66.249.72.108 - - [21/Jan/2025:20:59:23 +0000] "GET / HTTP/1.1" 200 84522 "-" "Mozilla/5.0 (Linux; Android 6.0.1; Nexus 5X Build/MMB29P) AppleWebKit/537.36 (KHTML, like Gecko) Chrome/132.0.6834.83 Mobile Safari/537.36 (compatible; Googlebot/2.1; +http://www.google.com/bot.html)"
66.249.72.39 - - [21/Jan/2025:20:59:41 +0000] "GET /items/jjnqg26/24309?key=develop HTTP/1.1" 404 - "-" "Mozilla/5.0 (Linux; Android 6.0.1; Nexus 5X Build/MMB29P) AppleWebKit/537.36 (KHTML, like Gecko) Chrome/132.0.6834.83 Mobile Safari/537.36 (compatible; GoogleOther)"
124.156.157.91 - - [21/Jan/2025:21:02:29 +0000] "GET / HTTP/1.1" 200 25 "http://hmhc.ca" "Mozilla/5.0 (iPhone; CPU iPhone OS 13_2_3 like Mac OS X) AppleWebKit/605.1.15 (KHTML, like Gecko) Version/13.0.3 Mobile/15E148 Safari/604.1"
34.73.40.206 - - [21/Jan/2025:21:03:46 +0000] "GET /robots.txt HTTP/1.1" 200 94 "-" "Mozilla/5.0/(X11; Linux x86_64) AppleWebKit/537.36 (KHTML, like Gecko) Chrome/125.0.0.0 Safari/537.36"
34.73.40.206 - - [21/Jan/2025:21:03:47 +0000] "GET /robots.txt HTTP/1.0" 200 94 "-" "Mozilla/5.0/(X11; Linux x86_64) AppleWebKit/537.36 (KHTML, like Gecko) Chrome/125.0.0.0 Safari/537.36"
34.73.40.206 - - [21/Jan/2025:21:03:47 +0000] "GET / HTTP/1.0" 200 84522 "-" "Mozilla/5.0/(X11; Linux x86_64) AppleWebKit/537.36 (KHTML, like Gecko) Chrome/125.0.0.0 Safari/537.36"
34.73.40.206 - - [21/Jan/2025:21:03:49 +0000] "GET /robots.txt HTTP/1.1" 200 94 "-" "Mozilla/5.0/(X11; Linux x86_64) AppleWebKit/537.36 (KHTML, like Gecko) Chrome/125.0.0.0 Safari/537.36"
34.73.40.206 - - [21/Jan/2025:21:03:49 +0000] "GET /robots.txt HTTP/1.0" 200 94 "-" "Mozilla/5.0/(X11; Linux x86_64) AppleWebKit/537.36 (KHTML, like Gecko) Chrome/125.0.0.0 Safari/537.36"
34.73.40.206 - - [21/Jan/2025:21:03:49 +0000] "GET / HTTP/1.0" 200 84522 "-" "Mozilla/5.0/(X11; Linux x86_64) AppleWebKit/537.36 (KHTML, like Gecko) Chrome/125.0.0.0 Safari/537.36"
174.90.223.71 - - [21/Jan/2025:21:05:19 +0000] "GET / HTTP/1.1" 200 25 "-" "Mozilla/5.0 (Macintosh; Intel Mac OS X 10_11_1) AppleWebKit/601.2.4 (KHTML, like Gecko) Version/9.0.1 Safari/601.2.4 facebookexternalhit/1.1 Facebot Twitterbot/1.0"
95.108.213.248 - - [21/Jan/2025:21:06:04 +0000] "GET /robots.txt HTTP/1.1" 200 160 "-" "Mozilla/5.0 (compatible; YandexBot/3.0; +http://yandex.com/bots)"
5.255.231.8 - - [21/Jan/2025:21:06:05 +0000] "GET /brochures/?C=D;O=A HTTP/1.1" 404 - "-" "Mozilla/5.0 (compatible; YandexBot/3.0; +http://yandex.com/bots)"
72.143.222.152 - - [21/Jan/2025:21:09:07 +0000] "GET / HTTP/1.1" 200 25 "-" "Mozilla/5.0 (Macintosh; Intel Mac OS X 10_11_1) AppleWebKit/601.2.4 (KHTML, like Gecko) Version/9.0.1 Safari/601.2.4 facebookexternalhit/1.1 Facebot Twitterbot/1.0"
66.249.72.38 - - [21/Jan/2025:21:09:24 +0000] "GET /items/rvcdz289/41054?key=counsel HTTP/1.1" 404 - "-" "Mozilla/5.0 (Linux; Android 6.0.1; Nexus 5X Build/MMB29P) AppleWebKit/537.36 (KHTML, like Gecko) Chrome/132.0.6834.83 Mobile Safari/537.36 (compatible; Googlebot/2.1; +http://www.google.com/bot.html)"
66.249.72.38 - - [21/Jan/2025:21:10:20 +0000] "GET /items/juujh119/16867?key=belly HTTP/1.1" 404 - "-" "Mozilla/5.0 (Linux; Android 6.0.1; Nexus 5X Build/MMB29P) AppleWebKit/537.36 (KHTML, like Gecko) Chrome/132.0.6834.83 Mobile Safari/537.36 (compatible; Googlebot/2.1; +http://www.google.com/bot.html)"
66.249.72.39 - - [21/Jan/2025:21:10:27 +0000] "GET /items/sgrdb1/43513?key=jungle HTTP/1.1" 404 - "-" "Mozilla/5.0 (Linux; Android 6.0.1; Nexus 5X Build/MMB29P) AppleWebKit/537.36 (KHTML, like Gecko) Chrome/132.0.6834.83 Mobile Safari/537.36 (compatible; Googlebot/2.1; +http://www.google.com/bot.html)"
66.249.72.38 - - [21/Jan/2025:21:12:27 +0000] "GET /items/vjvei106/25043?key=parental HTTP/1.1" 404 - "-" "Mozilla/5.0 (Linux; Android 6.0.1; Nexus 5X Build/MMB29P) AppleWebKit/537.36 (KHTML, like Gecko) Chrome/132.0.6834.83 Mobile Safari/537.36 (compatible; Googlebot/2.1; +http://www.google.com/bot.html)"
104.219.214.2 - - [21/Jan/2025:21:14:09 +0000] "GET /wp-includes/admin.php HTTP/1.1" 404 - "https://hmhc.ca/wp-includes/admin.php" "Mozilla/5.0 (Windows NT 10.0; Win64; x64) AppleWebKit/537.36 (KHTML, like Gecko) Chrome/58.0.3029.110 Safari/537.3"
104.219.214.2 - - [21/Jan/2025:21:14:13 +0000] "GET / HTTP/1.1" 200 84522 "https://hmhc.ca" "Mozilla/5.0 (Windows NT 10.0; Win64; x64) AppleWebKit/537.36 (KHTML, like Gecko) Chrome/58.0.3029.110 Safari/537.3"
66.249.72.108 - - [21/Jan/2025:21:14:29 +0000] "GET / HTTP/1.1" 200 84522 "-" "Mozilla/5.0 (Linux; Android 6.0.1; Nexus 5X Build/MMB29P) AppleWebKit/537.36 (KHTML, like Gecko) Chrome/132.0.6834.83 Mobile Safari/537.36 (compatible; Googlebot/2.1; +http://www.google.com/bot.html)"
66.249.72.39 - - [21/Jan/2025:21:14:33 +0000] "GET /items/ytwkm113/8569?key=Latin HTTP/1.1" 404 - "-" "Mozilla/5.0 (Linux; Android 6.0.1; Nexus 5X Build/MMB29P) AppleWebKit/537.36 (KHTML, like Gecko) Chrome/132.0.6834.83 Mobile Safari/537.36 (compatible; Googlebot/2.1; +http://www.google.com/bot.html)"
66.249.72.96 - - [21/Jan/2025:21:14:54 +0000] "GET /items/ocnvy39/203?key=barrel HTTP/1.1" 404 - "-" "Mozilla/5.0 (Linux; Android 6.0.1; Nexus 5X Build/MMB29P) AppleWebKit/537.36 (KHTML, like Gecko) Chrome/132.0.6834.83 Mobile Safari/537.36 (compatible; Googlebot/2.1; +http://www.google.com/bot.html)"
66.249.72.40 - - [21/Jan/2025:21:15:11 +0000] "GET /items/ysfaj6/4012?key=incorporate HTTP/1.1" 404 - "-" "Mozilla/5.0 (Linux; Android 6.0.1; Nexus 5X Build/MMB29P) AppleWebKit/537.36 (KHTML, like Gecko) Chrome/132.0.6834.83 Mobile Safari/537.36 (compatible; Googlebot/2.1; +http://www.google.com/bot.html)"
66.249.72.38 - - [21/Jan/2025:21:15:31 +0000] "GET /items/qznij294/35646?key=committee HTTP/1.1" 404 - "-" "Mozilla/5.0 (Linux; Android 6.0.1; Nexus 5X Build/MMB29P) AppleWebKit/537.36 (KHTML, like Gecko) Chrome/132.0.6834.83 Mobile Safari/537.36 (compatible; Googlebot/2.1; +http://www.google.com/bot.html)"
174.0.45.63 - - [21/Jan/2025:21:15:58 +0000] "GET / HTTP/1.1" 200 25 "-" "Mozilla/5.0 (Macintosh; Intel Mac OS X 10_11_1) AppleWebKit/601.2.4 (KHTML, like Gecko) Version/9.0.1 Safari/601.2.4 facebookexternalhit/1.1 Facebot Twitterbot/1.0"
66.249.72.39 - - [21/Jan/2025:21:16:28 +0000] "GET /items/crabv20/48175?key=cheese HTTP/1.1" 404 - "-" "Mozilla/5.0 (Linux; Android 6.0.1; Nexus 5X Build/MMB29P) AppleWebKit/537.36 (KHTML, like Gecko) Chrome/132.0.6834.83 Mobile Safari/537.36 (compatible; Googlebot/2.1; +http://www.google.com/bot.html)"
66.249.72.39 - - [21/Jan/2025:21:17:04 +0000] "GET /items/kzqce49/33396?key=standard HTTP/1.1" 404 - "-" "Mozilla/5.0 (Linux; Android 6.0.1; Nexus 5X Build/MMB29P) AppleWebKit/537.36 (KHTML, like Gecko) Chrome/132.0.6834.83 Mobile Safari/537.36 (compatible; Googlebot/2.1; +http://www.google.com/bot.html)"
66.249.72.97 - - [21/Jan/2025:21:17:37 +0000] "GET /Y13?R=product=46386 HTTP/1.1" 404 - "-" "Mozilla/5.0 (Linux; Android 6.0.1; Nexus 5X Build/MMB29P) AppleWebKit/537.36 (KHTML, like Gecko) Chrome/132.0.6834.83 Mobile Safari/537.36 (compatible; Googlebot/2.1; +http://www.google.com/bot.html)"
66.249.72.39 - - [21/Jan/2025:21:17:52 +0000] "GET /items/ojbyd299/4877?key=radical HTTP/1.1" 404 - "-" "Mozilla/5.0 (Linux; Android 6.0.1; Nexus 5X Build/MMB29P) AppleWebKit/537.36 (KHTML, like Gecko) Chrome/132.0.6834.83 Mobile Safari/537.36 (compatible; Googlebot/2.1; +http://www.google.com/bot.html)"
66.249.72.38 - - [21/Jan/2025:21:18:29 +0000] "GET /items/hmasn1/42037?key=arrangement HTTP/1.1" 404 - "-" "Mozilla/5.0 (Linux; Android 6.0.1; Nexus 5X Build/MMB29P) AppleWebKit/537.36 (KHTML, like Gecko) Chrome/132.0.6834.83 Mobile Safari/537.36 (compatible; Googlebot/2.1; +http://www.google.com/bot.html)"
66.249.72.38 - - [21/Jan/2025:21:18:30 +0000] "GET /items/tmade80/28241?key=commission HTTP/1.1" 404 - "-" "Mozilla/5.0 (Linux; Android 6.0.1; Nexus 5X Build/MMB29P) AppleWebKit/537.36 (KHTML, like Gecko) Chrome/132.0.6834.83 Mobile Safari/537.36 (compatible; Googlebot/2.1; +http://www.google.com/bot.html)"
66.249.72.39 - - [21/Jan/2025:21:18:36 +0000] "GET /items/exahm6/22036?key=discourage HTTP/1.1" 404 - "-" "Mozilla/5.0 (Linux; Android 6.0.1; Nexus 5X Build/MMB29P) AppleWebKit/537.36 (KHTML, like Gecko) Chrome/132.0.6834.83 Mobile Safari/537.36 (compatible; Googlebot/2.1; +http://www.google.com/bot.html)"
66.249.72.38 - - [21/Jan/2025:21:18:52 +0000] "GET /items/luzby246/21672?key=coin HTTP/1.1" 404 - "-" "Mozilla/5.0 (Linux; Android 6.0.1; Nexus 5X Build/MMB29P) AppleWebKit/537.36 (KHTML, like Gecko) Chrome/132.0.6834.83 Mobile Safari/537.36 (compatible; Googlebot/2.1; +http://www.google.com/bot.html)"
66.249.72.40 - - [21/Jan/2025:21:19:01 +0000] "GET /items/nqpzu154/3754?key=resist HTTP/1.1" 404 - "-" "Mozilla/5.0 (Linux; Android 6.0.1; Nexus 5X Build/MMB29P) AppleWebKit/537.36 (KHTML, like Gecko) Chrome/132.0.6834.83 Mobile Safari/537.36 (compatible; Googlebot/2.1; +http://www.google.com/bot.html)"
66.249.72.38 - - [21/Jan/2025:21:19:50 +0000] "GET /items/dhirk253/22013?key=seat HTTP/1.1" 404 - "-" "Mozilla/5.0 (Linux; Android 6.0.1; Nexus 5X Build/MMB29P) AppleWebKit/537.36 (KHTML, like Gecko) Chrome/132.0.6834.83 Mobile Safari/537.36 (compatible; Googlebot/2.1; +http://www.google.com/bot.html)"
66.249.72.38 - - [21/Jan/2025:21:19:55 +0000] "GET /items/duoku126/18022?key=move HTTP/1.1" 404 - "-" "Mozilla/5.0 (Linux; Android 6.0.1; Nexus 5X Build/MMB29P) AppleWebKit/537.36 (KHTML, like Gecko) Chrome/132.0.6834.83 Mobile Safari/537.36 (compatible; Googlebot/2.1; +http://www.google.com/bot.html)"
66.249.72.40 - - [21/Jan/2025:21:20:37 +0000] "GET /items/fciwm299/7406?key=fear HTTP/1.1" 404 - "-" "Mozilla/5.0 (Linux; Android 6.0.1; Nexus 5X Build/MMB29P) AppleWebKit/537.36 (KHTML, like Gecko) Chrome/132.0.6834.83 Mobile Safari/537.36 (compatible; Googlebot/2.1; +http://www.google.com/bot.html)"
66.249.72.39 - - [21/Jan/2025:21:21:00 +0000] "GET /items/wfksh147/38040?key=representative HTTP/1.1" 404 - "-" "Mozilla/5.0 (Linux; Android 6.0.1; Nexus 5X Build/MMB29P) AppleWebKit/537.36 (KHTML, like Gecko) Chrome/132.0.6834.83 Mobile Safari/537.36 (compatible; Googlebot/2.1; +http://www.google.com/bot.html)"
66.249.72.39 - - [21/Jan/2025:21:21:48 +0000] "GET /items/ekort297/5676?key=from HTTP/1.1" 404 - "-" "Mozilla/5.0 (Linux; Android 6.0.1; Nexus 5X Build/MMB29P) AppleWebKit/537.36 (KHTML, like Gecko) Chrome/132.0.6834.83 Mobile Safari/537.36 (compatible; Googlebot/2.1; +http://www.google.com/bot.html)"
66.249.72.97 - - [21/Jan/2025:21:21:50 +0000] "GET /L201?X=product=7265 HTTP/1.1" 404 - "-" "Mozilla/5.0 (Linux; Android 6.0.1; Nexus 5X Build/MMB29P) AppleWebKit/537.36 (KHTML, like Gecko) Chrome/132.0.6834.83 Mobile Safari/537.36 (compatible; Googlebot/2.1; +http://www.google.com/bot.html)"
66.249.72.38 - - [21/Jan/2025:21:21:59 +0000] "GET /items/rbnnv1/5019?key=chaos HTTP/1.1" 404 - "-" "Mozilla/5.0 (Linux; Android 6.0.1; Nexus 5X Build/MMB29P) AppleWebKit/537.36 (KHTML, like Gecko) Chrome/132.0.6834.83 Mobile Safari/537.36 (compatible; Googlebot/2.1; +http://www.google.com/bot.html)"
66.249.72.38 - - [21/Jan/2025:21:22:03 +0000] "GET /items/zhnjz244/11000?key=debt HTTP/1.1" 404 - "-" "Mozilla/5.0 (Linux; Android 6.0.1; Nexus 5X Build/MMB29P) AppleWebKit/537.36 (KHTML, like Gecko) Chrome/132.0.6834.83 Mobile Safari/537.36 (compatible; Googlebot/2.1; +http://www.google.com/bot.html)"
66.249.72.38 - - [21/Jan/2025:21:22:31 +0000] "GET /items/ipyeb73/36196?key=clear HTTP/1.1" 404 - "-" "Mozilla/5.0 (Linux; Android 6.0.1; Nexus 5X Build/MMB29P) AppleWebKit/537.36 (KHTML, like Gecko) Chrome/132.0.6834.83 Mobile Safari/537.36 (compatible; Googlebot/2.1; +http://www.google.com/bot.html)"
66.249.72.38 - - [21/Jan/2025:21:22:36 +0000] "GET /items/duuyl77/28162?key=short-term HTTP/1.1" 404 - "-" "Mozilla/5.0 (Linux; Android 6.0.1; Nexus 5X Build/MMB29P) AppleWebKit/537.36 (KHTML, like Gecko) Chrome/132.0.6834.83 Mobile Safari/537.36 (compatible; Googlebot/2.1; +http://www.google.com/bot.html)"
66.249.72.38 - - [21/Jan/2025:21:22:40 +0000] "GET /items/litua294/35660?key=ideology HTTP/1.1" 404 - "-" "Mozilla/5.0 (Linux; Android 6.0.1; Nexus 5X Build/MMB29P) AppleWebKit/537.36 (KHTML, like Gecko) Chrome/132.0.6834.83 Mobile Safari/537.36 (compatible; Googlebot/2.1; +http://www.google.com/bot.html)"
66.249.72.38 - - [21/Jan/2025:21:22:46 +0000] "GET /items/dgcsg250/28722?key=file HTTP/1.1" 404 - "-" "Mozilla/5.0 (Linux; Android 6.0.1; Nexus 5X Build/MMB29P) AppleWebKit/537.36 (KHTML, like Gecko) Chrome/132.0.6834.83 Mobile Safari/537.36 (compatible; Googlebot/2.1; +http://www.google.com/bot.html)"
66.249.72.38 - - [21/Jan/2025:21:22:53 +0000] "GET /items/ulsbe6/4034?key=access HTTP/1.1" 404 - "-" "Mozilla/5.0 (Linux; Android 6.0.1; Nexus 5X Build/MMB29P) AppleWebKit/537.36 (KHTML, like Gecko) Chrome/132.0.6834.83 Mobile Safari/537.36 (compatible; Googlebot/2.1; +http://www.google.com/bot.html)"
66.249.72.38 - - [21/Jan/2025:21:22:57 +0000] "GET /items/pprgc59/41571?key=Republican HTTP/1.1" 404 - "-" "Mozilla/5.0 (Linux; Android 6.0.1; Nexus 5X Build/MMB29P) AppleWebKit/537.36 (KHTML, like Gecko) Chrome/132.0.6834.83 Mobile Safari/537.36 (compatible; Googlebot/2.1; +http://www.google.com/bot.html)"
66.249.72.40 - - [21/Jan/2025:21:23:31 +0000] "GET /items/xcywh120/29073?key=disabled HTTP/1.1" 404 - "-" "Mozilla/5.0 (Linux; Android 6.0.1; Nexus 5X Build/MMB29P) AppleWebKit/537.36 (KHTML, like Gecko) Chrome/132.0.6834.83 Mobile Safari/537.36 (compatible; Googlebot/2.1; +http://www.google.com/bot.html)"
66.249.72.39 - - [21/Jan/2025:21:23:37 +0000] "GET /items/fchte154/6233?key=senator HTTP/1.1" 404 - "-" "Mozilla/5.0 (Linux; Android 6.0.1; Nexus 5X Build/MMB29P) AppleWebKit/537.36 (KHTML, like Gecko) Chrome/132.0.6834.83 Mobile Safari/537.36 (compatible; Googlebot/2.1; +http://www.google.com/bot.html)"
66.249.72.38 - - [21/Jan/2025:21:23:41 +0000] "GET /items/dbwuj283/44366?key=resume HTTP/1.1" 404 - "-" "Mozilla/5.0 (Linux; Android 6.0.1; Nexus 5X Build/MMB29P) AppleWebKit/537.36 (KHTML, like Gecko) Chrome/132.0.6834.83 Mobile Safari/537.36 (compatible; Googlebot/2.1; +http://www.google.com/bot.html)"
66.249.72.38 - - [21/Jan/2025:21:23:44 +0000] "GET /items/wptct258/41594?key=monument HTTP/1.1" 404 - "-" "Mozilla/5.0 (Linux; Android 6.0.1; Nexus 5X Build/MMB29P) AppleWebKit/537.36 (KHTML, like Gecko) Chrome/132.0.6834.83 Mobile Safari/537.36 (compatible; Googlebot/2.1; +http://www.google.com/bot.html)"
66.249.72.38 - - [21/Jan/2025:21:23:48 +0000] "GET /items/pttjk294/25691?key=diplomatic HTTP/1.1" 404 - "-" "Mozilla/5.0 (Linux; Android 6.0.1; Nexus 5X Build/MMB29P) AppleWebKit/537.36 (KHTML, like Gecko) Chrome/132.0.6834.83 Mobile Safari/537.36 (compatible; Googlebot/2.1; +http://www.google.com/bot.html)"
66.249.72.39 - - [21/Jan/2025:21:24:03 +0000] "GET /items/vxksm278/46418?key=dare HTTP/1.1" 404 - "-" "Mozilla/5.0 (Linux; Android 6.0.1; Nexus 5X Build/MMB29P) AppleWebKit/537.36 (KHTML, like Gecko) Chrome/132.0.6834.83 Mobile Safari/537.36 (compatible; Googlebot/2.1; +http://www.google.com/bot.html)"
66.249.72.108 - - [21/Jan/2025:21:24:05 +0000] "GET / HTTP/1.1" 200 84522 "-" "Mozilla/5.0 (Linux; Android 6.0.1; Nexus 5X Build/MMB29P) AppleWebKit/537.36 (KHTML, like Gecko) Chrome/132.0.6834.83 Mobile Safari/537.36 (compatible; Googlebot/2.1; +http://www.google.com/bot.html)"
66.249.72.39 - - [21/Jan/2025:21:24:05 +0000] "GET /items/yibxp31/27573?key=Canadian HTTP/1.1" 404 - "-" "Mozilla/5.0 (Linux; Android 6.0.1; Nexus 5X Build/MMB29P) AppleWebKit/537.36 (KHTML, like Gecko) Chrome/132.0.6834.83 Mobile Safari/537.36 (compatible; Googlebot/2.1; +http://www.google.com/bot.html)"
66.249.72.40 - - [21/Jan/2025:21:24:06 +0000] "GET /items/phfux6/22029?key=replace HTTP/1.1" 404 - "-" "Mozilla/5.0 (Linux; Android 6.0.1; Nexus 5X Build/MMB29P) AppleWebKit/537.36 (KHTML, like Gecko) Chrome/132.0.6834.83 Mobile Safari/537.36 (compatible; Googlebot/2.1; +http://www.google.com/bot.html)"
66.249.72.38 - - [21/Jan/2025:21:24:29 +0000] "GET /items/emrvy47/24071?key=need HTTP/1.1" 404 - "-" "Mozilla/5.0 (Linux; Android 6.0.1; Nexus 5X Build/MMB29P) AppleWebKit/537.36 (KHTML, like Gecko) Chrome/132.0.6834.83 Mobile Safari/537.36 (compatible; Googlebot/2.1; +http://www.google.com/bot.html)"
66.249.72.38 - - [21/Jan/2025:21:24:53 +0000] "GET /items/chzfl98/16271?key=typically HTTP/1.1" 404 - "-" "Mozilla/5.0 (Linux; Android 6.0.1; Nexus 5X Build/MMB29P) AppleWebKit/537.36 (KHTML, like Gecko) Chrome/132.0.6834.83 Mobile Safari/537.36 (compatible; Googlebot/2.1; +http://www.google.com/bot.html)"
66.249.72.40 - - [21/Jan/2025:21:25:49 +0000] "GET /items/ebfzt6/4014?key=assess HTTP/1.1" 404 - "-" "Mozilla/5.0 (Linux; Android 6.0.1; Nexus 5X Build/MMB29P) AppleWebKit/537.36 (KHTML, like Gecko) Chrome/132.0.6834.83 Mobile Safari/537.36 (compatible; Googlebot/2.1; +http://www.google.com/bot.html)"
34.139.232.49 - - [21/Jan/2025:21:26:02 +0000] "GET /robots.txt HTTP/1.0" 200 94 "-" "Mozilla/5.0/(X11; Linux x86_64) AppleWebKit/537.36 (KHTML, like Gecko) Chrome/125.0.0.0 Safari/537.36"
34.139.232.49 - - [21/Jan/2025:21:26:02 +0000] "GET /id-live.slatic.net HTTP/1.0" 404 - "-" "Mozilla/5.0/(X11; Linux x86_64) AppleWebKit/537.36 (KHTML, like Gecko) Chrome/125.0.0.0 Safari/537.36"
66.249.72.40 - - [21/Jan/2025:21:26:10 +0000] "GET /items/ntmhp201/1666?key=civilization HTTP/1.1" 404 - "-" "Mozilla/5.0 (Linux; Android 6.0.1; Nexus 5X Build/MMB29P) AppleWebKit/537.36 (KHTML, like Gecko) Chrome/132.0.6834.83 Mobile Safari/537.36 (compatible; Googlebot/2.1; +http://www.google.com/bot.html)"
66.249.72.39 - - [21/Jan/2025:21:26:42 +0000] "GET /items/bjdpk116/2519?key=safe HTTP/1.1" 404 - "-" "Mozilla/5.0 (Linux; Android 6.0.1; Nexus 5X Build/MMB29P) AppleWebKit/537.36 (KHTML, like Gecko) Chrome/132.0.6834.83 Mobile Safari/537.36 (compatible; Googlebot/2.1; +http://www.google.com/bot.html)"
66.249.72.96 - - [21/Jan/2025:21:27:03 +0000] "GET /items/ocnvy39/203?key=butt HTTP/1.1" 404 - "-" "Mozilla/5.0 (Linux; Android 6.0.1; Nexus 5X Build/MMB29P) AppleWebKit/537.36 (KHTML, like Gecko) Chrome/132.0.6834.83 Mobile Safari/537.36 (compatible; Googlebot/2.1; +http://www.google.com/bot.html)"
66.249.72.38 - - [21/Jan/2025:21:27:03 +0000] "GET /items/qauza160/45694?key=disease HTTP/1.1" 404 - "-" "Mozilla/5.0 (Linux; Android 6.0.1; Nexus 5X Build/MMB29P) AppleWebKit/537.36 (KHTML, like Gecko) Chrome/132.0.6834.83 Mobile Safari/537.36 (compatible; Googlebot/2.1; +http://www.google.com/bot.html)"
34.139.232.49 - - [21/Jan/2025:21:27:03 +0000] "GET /goldlog.appendMetaInfo HTTP/1.0" 404 - "-" "Mozilla/5.0/(X11; Linux x86_64) AppleWebKit/537.36 (KHTML, like Gecko) Chrome/125.0.0.0 Safari/537.36"
72.143.217.43 - - [21/Jan/2025:21:27:03 +0000] "GET / HTTP/1.1" 200 25 "-" "Mozilla/5.0 (Macintosh; Intel Mac OS X 10_11_1) AppleWebKit/601.2.4 (KHTML, like Gecko) Version/9.0.1 Safari/601.2.4 facebookexternalhit/1.1 Facebot Twitterbot/1.0"
66.249.72.40 - - [21/Jan/2025:21:28:05 +0000] "GET /items/onkre6/4029?key=casino HTTP/1.1" 404 - "-" "Mozilla/5.0 (Linux; Android 6.0.1; Nexus 5X Build/MMB29P) AppleWebKit/537.36 (KHTML, like Gecko) Chrome/132.0.6834.83 Mobile Safari/537.36 (compatible; Googlebot/2.1; +http://www.google.com/bot.html)"
66.249.72.39 - - [21/Jan/2025:21:28:27 +0000] "GET /items/juujh119/16867?key=tiny HTTP/1.1" 404 - "-" "Mozilla/5.0 (Linux; Android 6.0.1; Nexus 5X Build/MMB29P) AppleWebKit/537.36 (KHTML, like Gecko) Chrome/132.0.6834.83 Mobile Safari/537.36 (compatible; Googlebot/2.1; +http://www.google.com/bot.html)"
66.249.72.38 - - [21/Jan/2025:21:28:28 +0000] "GET /items/wgeyg102/9403?key=pen HTTP/1.1" 404 - "-" "Mozilla/5.0 (Linux; Android 6.0.1; Nexus 5X Build/MMB29P) AppleWebKit/537.36 (KHTML, like Gecko) Chrome/132.0.6834.83 Mobile Safari/537.36 (compatible; Googlebot/2.1; +http://www.google.com/bot.html)"
66.249.72.38 - - [21/Jan/2025:21:28:33 +0000] "GET /items/inlhr164/26470?key=steel HTTP/1.1" 404 - "-" "Mozilla/5.0 (Linux; Android 6.0.1; Nexus 5X Build/MMB29P) AppleWebKit/537.36 (KHTML, like Gecko) Chrome/132.0.6834.83 Mobile Safari/537.36 (compatible; Googlebot/2.1; +http://www.google.com/bot.html)"
66.249.72.38 - - [21/Jan/2025:21:28:37 +0000] "GET /items/uyxzf251/23229?key=display HTTP/1.1" 404 - "-" "Mozilla/5.0 (Linux; Android 6.0.1; Nexus 5X Build/MMB29P) AppleWebKit/537.36 (KHTML, like Gecko) Chrome/132.0.6834.83 Mobile Safari/537.36 (compatible; Googlebot/2.1; +http://www.google.com/bot.html)"
66.249.72.40 - - [21/Jan/2025:21:29:08 +0000] "GET /items/nrcxx287/17661?key=Russian HTTP/1.1" 404 - "-" "Mozilla/5.0 (Linux; Android 6.0.1; Nexus 5X Build/MMB29P) AppleWebKit/537.36 (KHTML, like Gecko) Chrome/132.0.6834.83 Mobile Safari/537.36 (compatible; Googlebot/2.1; +http://www.google.com/bot.html)"
66.249.72.38 - - [21/Jan/2025:21:29:13 +0000] "GET /items/mvckt175/10084?key=hostage HTTP/1.1" 404 - "-" "Mozilla/5.0 (Linux; Android 6.0.1; Nexus 5X Build/MMB29P) AppleWebKit/537.36 (KHTML, like Gecko) Chrome/132.0.6834.83 Mobile Safari/537.36 (compatible; Googlebot/2.1; +http://www.google.com/bot.html)"
34.139.232.49 - - [21/Jan/2025:21:29:42 +0000] "GET /aplus.appendMetaInfo HTTP/1.0" 404 - "-" "Mozilla/5.0/(X11; Linux x86_64) AppleWebKit/537.36 (KHTML, like Gecko) Chrome/125.0.0.0 Safari/537.36"
34.139.232.49 - - [21/Jan/2025:21:29:45 +0000] "GET /id-test-11.slatic.net HTTP/1.0" 404 - "-" "Mozilla/5.0/(X11; Linux x86_64) AppleWebKit/537.36 (KHTML, like Gecko) Chrome/125.0.0.0 Safari/537.36"
66.249.72.40 - - [21/Jan/2025:21:31:03 +0000] "GET /items/twfwv6/4026?key=if HTTP/1.1" 404 - "-" "Mozilla/5.0 (Linux; Android 6.0.1; Nexus 5X Build/MMB29P) AppleWebKit/537.36 (KHTML, like Gecko) Chrome/132.0.6834.83 Mobile Safari/537.36 (compatible; Googlebot/2.1; +http://www.google.com/bot.html)"
66.249.72.106 - - [21/Jan/2025:21:34:18 +0000] "GET / HTTP/1.1" 200 84522 "-" "Mozilla/5.0 (Linux; Android 6.0.1; Nexus 5X Build/MMB29P) AppleWebKit/537.36 (KHTML, like Gecko) Chrome/132.0.6834.83 Mobile Safari/537.36 (compatible; Googlebot/2.1; +http://www.google.com/bot.html)"
104.219.215.154 - - [21/Jan/2025:21:34:43 +0000] "GET /wp-includes/admin.php HTTP/1.1" 404 - "https://hmhc.ca/wp-includes/admin.php" "Mozilla/5.0 (Windows NT 10.0; Win64; x64) AppleWebKit/537.36 (KHTML, like Gecko) Chrome/58.0.3029.110 Safari/537.3"
104.219.215.154 - - [21/Jan/2025:21:34:46 +0000] "GET / HTTP/1.1" 200 84522 "https://hmhc.ca" "Mozilla/5.0 (Windows NT 10.0; Win64; x64) AppleWebKit/537.36 (KHTML, like Gecko) Chrome/58.0.3029.110 Safari/537.3"
24.207.13.210 - - [21/Jan/2025:21:34:49 +0000] "-" 408 - "-" "-"
24.207.13.210 - - [21/Jan/2025:21:34:49 +0000] "-" 408 - "-" "-"
77.75.77.32 - - [21/Jan/2025:21:36:14 +0000] "GET /robots.txt HTTP/1.1" 200 94 "-" "Mozilla/5.0 (compatible; SeznamBot/4.0; +http://napoveda.seznam.cz/seznambot-intro/)"
34.139.232.49 - - [21/Jan/2025:21:38:33 +0000] "GET /id-live-01.slatic.net HTTP/1.0" 404 - "-" "Mozilla/5.0/(X11; Linux x86_64) AppleWebKit/537.36 (KHTML, like Gecko) Chrome/125.0.0.0 Safari/537.36"
34.139.232.49 - - [21/Jan/2025:21:40:05 +0000] "GET /id-live-02.slatic.net HTTP/1.0" 404 - "-" "Mozilla/5.0/(X11; Linux x86_64) AppleWebKit/537.36 (KHTML, like Gecko) Chrome/125.0.0.0 Safari/537.36"
66.249.72.108 - - [21/Jan/2025:21:40:57 +0000] "GET / HTTP/1.1" 200 84522 "-" "Mozilla/5.0 (Linux; Android 6.0.1; Nexus 5X Build/MMB29P) AppleWebKit/537.36 (KHTML, like Gecko) Chrome/132.0.6834.83 Mobile Safari/537.36 (compatible; Googlebot/2.1; +http://www.google.com/bot.html)"
34.139.232.49 - - [21/Jan/2025:21:41:36 +0000] "GET /id-live-03.slatic.net HTTP/1.0" 404 - "-" "Mozilla/5.0/(X11; Linux x86_64) AppleWebKit/537.36 (KHTML, like Gecko) Chrome/125.0.0.0 Safari/537.36"
24.207.13.210 - - [21/Jan/2025:21:42:03 +0000] "-" 408 - "-" "-"
24.207.13.210 - - [21/Jan/2025:21:42:03 +0000] "-" 408 - "-" "-"
31.13.224.222 - - [21/Jan/2025:21:42:24 +0000] "GET /.env HTTP/1.1" 404 - "-" "SAMSUNG-SGH-A867/A867UCHJ3 SHP/VPP/R5 NetFront/35 SMM-MMS/1.2.0 profile/MIDP-2.0 configuration/CLDC-1.1 UP.Link/6.3.0.0.0"
34.139.232.49 - - [21/Jan/2025:21:43:35 +0000] "GET /robots.txt HTTP/1.0" 200 94 "-" "Mozilla/5.0/(X11; Linux x86_64) AppleWebKit/537.36 (KHTML, like Gecko) Chrome/125.0.0.0 Safari/537.36"
34.139.232.49 - - [21/Jan/2025:21:43:35 +0000] "GET /robots.txt HTTP/1.0" 200 94 "-" "Mozilla/5.0/(X11; Linux x86_64) AppleWebKit/537.36 (KHTML, like Gecko) Chrome/125.0.0.0 Safari/537.36"
34.139.232.49 - - [21/Jan/2025:21:43:35 +0000] "GET /goldlog.appendMetaInfo HTTP/1.0" 404 - "-" "Mozilla/5.0/(X11; Linux x86_64) AppleWebKit/537.36 (KHTML, like Gecko) Chrome/125.0.0.0 Safari/537.36"
34.139.232.49 - - [21/Jan/2025:21:43:35 +0000] "GET /id-live-03.slatic.net HTTP/1.0" 404 - "-" "Mozilla/5.0/(X11; Linux x86_64) AppleWebKit/537.36 (KHTML, like Gecko) Chrome/125.0.0.0 Safari/537.36"
34.139.232.49 - - [21/Jan/2025:21:43:35 +0000] "GET /id-live-01.slatic.net HTTP/1.0" 404 - "-" "Mozilla/5.0/(X11; Linux x86_64) AppleWebKit/537.36 (KHTML, like Gecko) Chrome/125.0.0.0 Safari/537.36"
34.139.232.49 - - [21/Jan/2025:21:43:35 +0000] "GET /id-live.slatic.net HTTP/1.0" 404 - "-" "Mozilla/5.0/(X11; Linux x86_64) AppleWebKit/537.36 (KHTML, like Gecko) Chrome/125.0.0.0 Safari/537.36"
34.139.232.49 - - [21/Jan/2025:21:43:35 +0000] "GET /id-test-11.slatic.net HTTP/1.0" 404 - "-" "Mozilla/5.0/(X11; Linux x86_64) AppleWebKit/537.36 (KHTML, like Gecko) Chrome/125.0.0.0 Safari/537.36"
34.139.232.49 - - [21/Jan/2025:21:43:35 +0000] "GET /id-live-02.slatic.net HTTP/1.0" 404 - "-" "Mozilla/5.0/(X11; Linux x86_64) AppleWebKit/537.36 (KHTML, like Gecko) Chrome/125.0.0.0 Safari/537.36"
34.139.232.49 - - [21/Jan/2025:21:43:35 +0000] "GET /aplus.appendMetaInfo HTTP/1.0" 404 - "-" "Mozilla/5.0/(X11; Linux x86_64) AppleWebKit/537.36 (KHTML, like Gecko) Chrome/125.0.0.0 Safari/537.36"
31.13.224.222 - - [21/Jan/2025:21:44:58 +0000] "GET /.env HTTP/1.1" 404 - "-" "Mozilla/5.0 (compatible; Konqueror/4.1; DragonFly) KHTML/4.1.4 (like Gecko)"
66.249.72.97 - - [21/Jan/2025:21:46:21 +0000] "GET / HTTP/1.1" 200 84522 "-" "Mozilla/5.0 (compatible; Googlebot/2.1; +http://www.google.com/bot.html)"
64.233.173.64 - - [21/Jan/2025:21:47:19 +0000] "GET /.well-known/traffic-advice HTTP/1.1" 404 - "-" "Chrome Privacy Preserving Prefetch Proxy"
193.186.4.146 - - [21/Jan/2025:21:47:19 +0000] "GET / HTTP/1.1" 200 84522 "https://www.google.com/" "Mozilla/5.0 (Windows NT 10.0; Win64; x64) AppleWebKit/537.36 (KHTML, like Gecko) Chrome/131.0.0.0 Safari/537.36"
66.249.72.108 - - [21/Jan/2025:21:49:21 +0000] "GET / HTTP/1.1" 200 84522 "-" "Mozilla/5.0 (Linux; Android 6.0.1; Nexus 5X Build/MMB29P) AppleWebKit/537.36 (KHTML, like Gecko) Chrome/132.0.6834.83 Mobile Safari/537.36 (compatible; Googlebot/2.1; +http://www.google.com/bot.html)"
52.167.144.166 - - [21/Jan/2025:21:51:12 +0000] "GET /T83?u=product=262 HTTP/1.1" 404 - "-" "Mozilla/5.0 AppleWebKit/537.36 (KHTML, like Gecko; compatible; bingbot/2.0; +http://www.bing.com/bingbot.htm) Chrome/116.0.1938.76 Safari/537.36"
66.249.72.97 - - [21/Jan/2025:21:51:21 +0000] "GET / HTTP/1.1" 200 84522 "-" "Mozilla/5.0 (compatible; Googlebot/2.1; +http://www.google.com/bot.html)"
96.1.124.106 - - [21/Jan/2025:21:52:27 +0000] "GET / HTTP/1.1" 200 25 "-" "Mozilla/5.0 (Macintosh; Intel Mac OS X 10_11_1) AppleWebKit/601.2.4 (KHTML, like Gecko) Version/9.0.1 Safari/601.2.4 facebookexternalhit/1.1 Facebot Twitterbot/1.0"
184.64.172.11 - - [21/Jan/2025:21:52:48 +0000] "GET / HTTP/1.1" 200 25 "-" "Mozilla/5.0 (Macintosh; Intel Mac OS X 10_11_1) AppleWebKit/601.2.4 (KHTML, like Gecko) Version/9.0.1 Safari/601.2.4 facebookexternalhit/1.1 Facebot Twitterbot/1.0"
104.219.215.215 - - [21/Jan/2025:21:53:39 +0000] "GET /wp-includes/admin.php HTTP/1.1" 404 - "https://hmhc.ca/wp-includes/admin.php" "Mozilla/5.0 (Windows NT 10.0; Win64; x64) AppleWebKit/537.36 (KHTML, like Gecko) Chrome/58.0.3029.110 Safari/537.3"
104.219.215.215 - - [21/Jan/2025:21:53:44 +0000] "GET / HTTP/1.1" 200 84522 "https://hmhc.ca" "Mozilla/5.0 (Windows NT 10.0; Win64; x64) AppleWebKit/537.36 (KHTML, like Gecko) Chrome/58.0.3029.110 Safari/537.3"
104.224.113.3 - - [21/Jan/2025:21:57:32 +0000] "GET /more.html HTTP/1.1" 404 - "-" "Mozilla/5.0 (Macintosh; Intel Mac OS X 10_15_7) AppleWebKit/537.36 (KHTML, like Gecko) Chrome/131.0.0.0 Safari/537.36"
104.224.113.3 - - [21/Jan/2025:21:57:32 +0000] "GET /favicon.ico HTTP/1.1" 404 - "https://www.hmhc.ca/more.html" "Mozilla/5.0 (Macintosh; Intel Mac OS X 10_15_7) AppleWebKit/537.36 (KHTML, like Gecko) Chrome/131.0.0.0 Safari/537.36"
66.249.72.39 - - [21/Jan/2025:21:58:46 +0000] "GET /items/vprxt83/15979?key=ladder HTTP/1.1" 404 - "-" "Mozilla/5.0 (Linux; Android 6.0.1; Nexus 5X Build/MMB29P) AppleWebKit/537.36 (KHTML, like Gecko) Chrome/132.0.6834.83 Mobile Safari/537.36 (compatible; Googlebot/2.1; +http://www.google.com/bot.html)"
66.249.72.39 - - [21/Jan/2025:21:58:47 +0000] "GET /items/wpnbx49/38584?key=extensive HTTP/1.1" 404 - "-" "Mozilla/5.0 (Linux; Android 6.0.1; Nexus 5X Build/MMB29P) AppleWebKit/537.36 (KHTML, like Gecko) Chrome/132.0.6834.83 Mobile Safari/537.36 (compatible; Googlebot/2.1; +http://www.google.com/bot.html)"
66.249.72.39 - - [21/Jan/2025:21:58:48 +0000] "GET /items/clwbr107/38947?key=seat HTTP/1.1" 404 - "-" "Mozilla/5.0 (Linux; Android 6.0.1; Nexus 5X Build/MMB29P) AppleWebKit/537.36 (KHTML, like Gecko) Chrome/132.0.6834.83 Mobile Safari/537.36 (compatible; Googlebot/2.1; +http://www.google.com/bot.html)"
66.249.72.40 - - [21/Jan/2025:21:58:48 +0000] "GET /items/tsndi147/22038?key=budget HTTP/1.1" 404 - "-" "Mozilla/5.0 (Linux; Android 6.0.1; Nexus 5X Build/MMB29P) AppleWebKit/537.36 (KHTML, like Gecko) Chrome/132.0.6834.83 Mobile Safari/537.36 (compatible; Googlebot/2.1; +http://www.google.com/bot.html)"
66.249.72.40 - - [21/Jan/2025:21:58:49 +0000] "GET /items/wdczp237/45893?key=all HTTP/1.1" 404 - "-" "Mozilla/5.0 (Linux; Android 6.0.1; Nexus 5X Build/MMB29P) AppleWebKit/537.36 (KHTML, like Gecko) Chrome/132.0.6834.83 Mobile Safari/537.36 (compatible; Googlebot/2.1; +http://www.google.com/bot.html)"
66.249.72.38 - - [21/Jan/2025:21:58:49 +0000] "GET /items/okzkx295/20699?key=wood HTTP/1.1" 404 - "-" "Mozilla/5.0 (Linux; Android 6.0.1; Nexus 5X Build/MMB29P) AppleWebKit/537.36 (KHTML, like Gecko) Chrome/132.0.6834.83 Mobile Safari/537.36 (compatible; Googlebot/2.1; +http://www.google.com/bot.html)"
66.249.72.40 - - [21/Jan/2025:21:58:49 +0000] "GET /items/kwean147/38003?key=exchange HTTP/1.1" 404 - "-" "Mozilla/5.0 (Linux; Android 6.0.1; Nexus 5X Build/MMB29P) AppleWebKit/537.36 (KHTML, like Gecko) Chrome/132.0.6834.83 Mobile Safari/537.36 (compatible; Googlebot/2.1; +http://www.google.com/bot.html)"
66.249.72.38 - - [21/Jan/2025:21:58:50 +0000] "GET /items/cibkj28/39901?key=in HTTP/1.1" 404 - "-" "Mozilla/5.0 (Linux; Android 6.0.1; Nexus 5X Build/MMB29P) AppleWebKit/537.36 (KHTML, like Gecko) Chrome/132.0.6834.83 Mobile Safari/537.36 (compatible; Googlebot/2.1; +http://www.google.com/bot.html)"
66.249.72.40 - - [21/Jan/2025:21:58:50 +0000] "GET /items/lajsv147/42016?key=glance HTTP/1.1" 404 - "-" "Mozilla/5.0 (Linux; Android 6.0.1; Nexus 5X Build/MMB29P) AppleWebKit/537.36 (KHTML, like Gecko) Chrome/132.0.6834.83 Mobile Safari/537.36 (compatible; Googlebot/2.1; +http://www.google.com/bot.html)"
66.249.72.39 - - [21/Jan/2025:21:58:50 +0000] "GET /items/rbdgm190/643?key=notion HTTP/1.1" 404 - "-" "Mozilla/5.0 (Linux; Android 6.0.1; Nexus 5X Build/MMB29P) AppleWebKit/537.36 (KHTML, like Gecko) Chrome/132.0.6834.83 Mobile Safari/537.36 (compatible; Googlebot/2.1; +http://www.google.com/bot.html)"
66.249.72.39 - - [21/Jan/2025:21:58:51 +0000] "GET /items/scfjl28/43912?key=penalty HTTP/1.1" 404 - "-" "Mozilla/5.0 (Linux; Android 6.0.1; Nexus 5X Build/MMB29P) AppleWebKit/537.36 (KHTML, like Gecko) Chrome/132.0.6834.83 Mobile Safari/537.36 (compatible; Googlebot/2.1; +http://www.google.com/bot.html)"
66.249.72.39 - - [21/Jan/2025:21:58:52 +0000] "GET /items/gkttn106/14188?key=nearby HTTP/1.1" 404 - "-" "Mozilla/5.0 (Linux; Android 6.0.1; Nexus 5X Build/MMB29P) AppleWebKit/537.36 (KHTML, like Gecko) Chrome/132.0.6834.83 Mobile Safari/537.36 (compatible; Googlebot/2.1; +http://www.google.com/bot.html)"
66.249.72.38 - - [21/Jan/2025:21:58:52 +0000] "GET /items/jipqg258/33587?key=planner HTTP/1.1" 404 - "-" "Mozilla/5.0 (Linux; Android 6.0.1; Nexus 5X Build/MMB29P) AppleWebKit/537.36 (KHTML, like Gecko) Chrome/132.0.6834.83 Mobile Safari/537.36 (compatible; Googlebot/2.1; +http://www.google.com/bot.html)"
66.249.72.39 - - [21/Jan/2025:21:58:52 +0000] "GET /items/gftht147/22041?key=charter HTTP/1.1" 404 - "-" "Mozilla/5.0 (Linux; Android 6.0.1; Nexus 5X Build/MMB29P) AppleWebKit/537.36 (KHTML, like Gecko) Chrome/132.0.6834.83 Mobile Safari/537.36 (compatible; Googlebot/2.1; +http://www.google.com/bot.html)"
66.249.72.38 - - [21/Jan/2025:21:58:53 +0000] "GET /items/wfksh147/38040?key=round HTTP/1.1" 404 - "-" "Mozilla/5.0 (Linux; Android 6.0.1; Nexus 5X Build/MMB29P) AppleWebKit/537.36 (KHTML, like Gecko) Chrome/132.0.6834.83 Mobile Safari/537.36 (compatible; Googlebot/2.1; +http://www.google.com/bot.html)"
66.249.72.39 - - [21/Jan/2025:21:58:53 +0000] "GET /items/znopy1/32007?key=ultimate HTTP/1.1" 404 - "-" "Mozilla/5.0 (Linux; Android 6.0.1; Nexus 5X Build/MMB29P) AppleWebKit/537.36 (KHTML, like Gecko) Chrome/132.0.6834.83 Mobile Safari/537.36 (compatible; Googlebot/2.1; +http://www.google.com/bot.html)"
66.249.72.39 - - [21/Jan/2025:21:58:54 +0000] "GET /items/vxmkd28/43910?key=sexually HTTP/1.1" 404 - "-" "Mozilla/5.0 (Linux; Android 6.0.1; Nexus 5X Build/MMB29P) AppleWebKit/537.36 (KHTML, like Gecko) Chrome/132.0.6834.83 Mobile Safari/537.36 (compatible; Googlebot/2.1; +http://www.google.com/bot.html)"
66.249.72.38 - - [21/Jan/2025:21:58:54 +0000] "GET /items/dlfol227/10468?key=pregnancy HTTP/1.1" 404 - "-" "Mozilla/5.0 (Linux; Android 6.0.1; Nexus 5X Build/MMB29P) AppleWebKit/537.36 (KHTML, like Gecko) Chrome/132.0.6834.83 Mobile Safari/537.36 (compatible; Googlebot/2.1; +http://www.google.com/bot.html)"
66.249.72.38 - - [21/Jan/2025:21:58:54 +0000] "GET /items/ihlmw28/37908?key=meat HTTP/1.1" 404 - "-" "Mozilla/5.0 (Linux; Android 6.0.1; Nexus 5X Build/MMB29P) AppleWebKit/537.36 (KHTML, like Gecko) Chrome/132.0.6834.83 Mobile Safari/537.36 (compatible; Googlebot/2.1; +http://www.google.com/bot.html)"
66.249.72.39 - - [21/Jan/2025:21:58:54 +0000] "GET /items/jfmzu26/2340?key=strict HTTP/1.1" 404 - "-" "Mozilla/5.0 (Linux; Android 6.0.1; Nexus 5X Build/MMB29P) AppleWebKit/537.36 (KHTML, like Gecko) Chrome/132.0.6834.83 Mobile Safari/537.36 (compatible; Googlebot/2.1; +http://www.google.com/bot.html)"
66.249.72.38 - - [21/Jan/2025:21:58:55 +0000] "GET /items/wzsaq245/41524?key=interfere HTTP/1.1" 404 - "-" "Mozilla/5.0 (Linux; Android 6.0.1; Nexus 5X Build/MMB29P) AppleWebKit/537.36 (KHTML, like Gecko) Chrome/132.0.6834.83 Mobile Safari/537.36 (compatible; Googlebot/2.1; +http://www.google.com/bot.html)"
66.249.72.38 - - [21/Jan/2025:21:58:55 +0000] "GET /items/agoqt6/36014?key=talent HTTP/1.1" 404 - "-" "Mozilla/5.0 (Linux; Android 6.0.1; Nexus 5X Build/MMB29P) AppleWebKit/537.36 (KHTML, like Gecko) Chrome/132.0.6834.83 Mobile Safari/537.36 (compatible; Googlebot/2.1; +http://www.google.com/bot.html)"
66.249.72.38 - - [21/Jan/2025:21:58:56 +0000] "GET /items/qmckw82/42764?key=diminish HTTP/1.1" 404 - "-" "Mozilla/5.0 (Linux; Android 6.0.1; Nexus 5X Build/MMB29P) AppleWebKit/537.36 (KHTML, like Gecko) Chrome/132.0.6834.83 Mobile Safari/537.36 (compatible; Googlebot/2.1; +http://www.google.com/bot.html)"
66.249.72.38 - - [21/Jan/2025:21:58:56 +0000] "GET /items/loycl253/32029?key=burning HTTP/1.1" 404 - "-" "Mozilla/5.0 (Linux; Android 6.0.1; Nexus 5X Build/MMB29P) AppleWebKit/537.36 (KHTML, like Gecko) Chrome/132.0.6834.83 Mobile Safari/537.36 (compatible; Googlebot/2.1; +http://www.google.com/bot.html)"
66.249.72.38 - - [21/Jan/2025:21:58:56 +0000] "GET /items/ihlmw28/37908?key=margin HTTP/1.1" 404 - "-" "Mozilla/5.0 (Linux; Android 6.0.1; Nexus 5X Build/MMB29P) AppleWebKit/537.36 (KHTML, like Gecko) Chrome/132.0.6834.83 Mobile Safari/537.36 (compatible; Googlebot/2.1; +http://www.google.com/bot.html)"
66.249.72.38 - - [21/Jan/2025:21:58:57 +0000] "GET /items/ssfsr218/7621?key=driving HTTP/1.1" 404 - "-" "Mozilla/5.0 (Linux; Android 6.0.1; Nexus 5X Build/MMB29P) AppleWebKit/537.36 (KHTML, like Gecko) Chrome/132.0.6834.83 Mobile Safari/537.36 (compatible; Googlebot/2.1; +http://www.google.com/bot.html)"
66.249.72.38 - - [21/Jan/2025:21:58:57 +0000] "GET /items/pwckh1/42753?key=deadline HTTP/1.1" 404 - "-" "Mozilla/5.0 (Linux; Android 6.0.1; Nexus 5X Build/MMB29P) AppleWebKit/537.36 (KHTML, like Gecko) Chrome/132.0.6834.83 Mobile Safari/537.36 (compatible; Googlebot/2.1; +http://www.google.com/bot.html)"
66.249.72.38 - - [21/Jan/2025:21:58:57 +0000] "GET /items/scfjl28/43912?key=here HTTP/1.1" 404 - "-" "Mozilla/5.0 (Linux; Android 6.0.1; Nexus 5X Build/MMB29P) AppleWebKit/537.36 (KHTML, like Gecko) Chrome/132.0.6834.83 Mobile Safari/537.36 (compatible; Googlebot/2.1; +http://www.google.com/bot.html)"
66.249.72.38 - - [21/Jan/2025:21:58:58 +0000] "GET /items/iemkw67/30764?key=nutrient HTTP/1.1" 404 - "-" "Mozilla/5.0 (Linux; Android 6.0.1; Nexus 5X Build/MMB29P) AppleWebKit/537.36 (KHTML, like Gecko) Chrome/132.0.6834.83 Mobile Safari/537.36 (compatible; Googlebot/2.1; +http://www.google.com/bot.html)"
66.249.72.38 - - [21/Jan/2025:21:58:58 +0000] "GET /items/wyokk258/11631?key=typical HTTP/1.1" 404 - "-" "Mozilla/5.0 (Linux; Android 6.0.1; Nexus 5X Build/MMB29P) AppleWebKit/537.36 (KHTML, like Gecko) Chrome/132.0.6834.83 Mobile Safari/537.36 (compatible; Googlebot/2.1; +http://www.google.com/bot.html)"
66.249.72.38 - - [21/Jan/2025:21:58:59 +0000] "GET /items/wrnyc28/17910?key=opposition HTTP/1.1" 404 - "-" "Mozilla/5.0 (Linux; Android 6.0.1; Nexus 5X Build/MMB29P) AppleWebKit/537.36 (KHTML, like Gecko) Chrome/132.0.6834.83 Mobile Safari/537.36 (compatible; Googlebot/2.1; +http://www.google.com/bot.html)"
66.249.72.38 - - [21/Jan/2025:21:58:59 +0000] "GET /items/mocvh256/30305?key=put HTTP/1.1" 404 - "-" "Mozilla/5.0 (Linux; Android 6.0.1; Nexus 5X Build/MMB29P) AppleWebKit/537.36 (KHTML, like Gecko) Chrome/132.0.6834.83 Mobile Safari/537.36 (compatible; Googlebot/2.1; +http://www.google.com/bot.html)"
66.249.72.38 - - [21/Jan/2025:21:58:59 +0000] "GET /items/bsbza234/4994?key=elderly HTTP/1.1" 404 - "-" "Mozilla/5.0 (Linux; Android 6.0.1; Nexus 5X Build/MMB29P) AppleWebKit/537.36 (KHTML, like Gecko) Chrome/132.0.6834.83 Mobile Safari/537.36 (compatible; Googlebot/2.1; +http://www.google.com/bot.html)"
66.249.72.38 - - [21/Jan/2025:21:58:59 +0000] "GET /items/cmpxk28/11905?key=propose HTTP/1.1" 404 - "-" "Mozilla/5.0 (Linux; Android 6.0.1; Nexus 5X Build/MMB29P) AppleWebKit/537.36 (KHTML, like Gecko) Chrome/132.0.6834.83 Mobile Safari/537.36 (compatible; Googlebot/2.1; +http://www.google.com/bot.html)"
66.249.72.38 - - [21/Jan/2025:21:58:59 +0000] "GET /items/dakez202/11656?key=blast HTTP/1.1" 404 - "-" "Mozilla/5.0 (Linux; Android 6.0.1; Nexus 5X Build/MMB29P) AppleWebKit/537.36 (KHTML, like Gecko) Chrome/132.0.6834.83 Mobile Safari/537.36 (compatible; Googlebot/2.1; +http://www.google.com/bot.html)"
66.249.72.38 - - [21/Jan/2025:21:58:59 +0000] "GET /items/zefgq258/41598?key=cop HTTP/1.1" 404 - "-" "Mozilla/5.0 (Linux; Android 6.0.1; Nexus 5X Build/MMB29P) AppleWebKit/537.36 (KHTML, like Gecko) Chrome/132.0.6834.83 Mobile Safari/537.36 (compatible; Googlebot/2.1; +http://www.google.com/bot.html)"
66.249.72.38 - - [21/Jan/2025:21:59:00 +0000] "GET /items/koamj50/31687?key=retain HTTP/1.1" 404 - "-" "Mozilla/5.0 (Linux; Android 6.0.1; Nexus 5X Build/MMB29P) AppleWebKit/537.36 (KHTML, like Gecko) Chrome/132.0.6834.83 Mobile Safari/537.36 (compatible; Googlebot/2.1; +http://www.google.com/bot.html)"
66.249.72.38 - - [21/Jan/2025:21:59:00 +0000] "GET /items/eukrn132/31584?key=translate HTTP/1.1" 404 - "-" "Mozilla/5.0 (Linux; Android 6.0.1; Nexus 5X Build/MMB29P) AppleWebKit/537.36 (KHTML, like Gecko) Chrome/132.0.6834.83 Mobile Safari/537.36 (compatible; Googlebot/2.1; +http://www.google.com/bot.html)"
66.249.72.38 - - [21/Jan/2025:21:59:00 +0000] "GET /items/xtzgu253/12001?key=cheese HTTP/1.1" 404 - "-" "Mozilla/5.0 (Linux; Android 6.0.1; Nexus 5X Build/MMB29P) AppleWebKit/537.36 (KHTML, like Gecko) Chrome/132.0.6834.83 Mobile Safari/537.36 (compatible; Googlebot/2.1; +http://www.google.com/bot.html)"
66.249.72.38 - - [21/Jan/2025:21:59:01 +0000] "GET /items/tlxwc258/13618?key=sensation HTTP/1.1" 404 - "-" "Mozilla/5.0 (Linux; Android 6.0.1; Nexus 5X Build/MMB29P) AppleWebKit/537.36 (KHTML, like Gecko) Chrome/132.0.6834.83 Mobile Safari/537.36 (compatible; Googlebot/2.1; +http://www.google.com/bot.html)"
66.249.72.38 - - [21/Jan/2025:21:59:01 +0000] "GET /items/nilrs258/39600?key=latter HTTP/1.1" 404 - "-" "Mozilla/5.0 (Linux; Android 6.0.1; Nexus 5X Build/MMB29P) AppleWebKit/537.36 (KHTML, like Gecko) Chrome/132.0.6834.83 Mobile Safari/537.36 (compatible; Googlebot/2.1; +http://www.google.com/bot.html)"
66.249.72.38 - - [21/Jan/2025:21:59:01 +0000] "GET /items/otjdm147/22030?key=aircraft HTTP/1.1" 404 - "-" "Mozilla/5.0 (Linux; Android 6.0.1; Nexus 5X Build/MMB29P) AppleWebKit/537.36 (KHTML, like Gecko) Chrome/132.0.6834.83 Mobile Safari/537.36 (compatible; Googlebot/2.1; +http://www.google.com/bot.html)"
66.249.72.38 - - [21/Jan/2025:21:59:01 +0000] "GET /items/oloox258/33594?key=threat HTTP/1.1" 404 - "-" "Mozilla/5.0 (Linux; Android 6.0.1; Nexus 5X Build/MMB29P) AppleWebKit/537.36 (KHTML, like Gecko) Chrome/132.0.6834.83 Mobile Safari/537.36 (compatible; Googlebot/2.1; +http://www.google.com/bot.html)"
66.249.72.38 - - [21/Jan/2025:21:59:02 +0000] "GET /items/yiwqf47/23308?key=soften HTTP/1.1" 404 - "-" "Mozilla/5.0 (Linux; Android 6.0.1; Nexus 5X Build/MMB29P) AppleWebKit/537.36 (KHTML, like Gecko) Chrome/132.0.6834.83 Mobile Safari/537.36 (compatible; Googlebot/2.1; +http://www.google.com/bot.html)"
66.249.72.38 - - [21/Jan/2025:21:59:03 +0000] "GET /items/hbrki253/40013?key=impression HTTP/1.1" 404 - "-" "Mozilla/5.0 (Linux; Android 6.0.1; Nexus 5X Build/MMB29P) AppleWebKit/537.36 (KHTML, like Gecko) Chrome/132.0.6834.83 Mobile Safari/537.36 (compatible; Googlebot/2.1; +http://www.google.com/bot.html)"
66.249.72.38 - - [21/Jan/2025:21:59:03 +0000] "GET /items/nzoav229/844?key=freeze HTTP/1.1" 404 - "-" "Mozilla/5.0 (Linux; Android 6.0.1; Nexus 5X Build/MMB29P) AppleWebKit/537.36 (KHTML, like Gecko) Chrome/132.0.6834.83 Mobile Safari/537.36 (compatible; Googlebot/2.1; +http://www.google.com/bot.html)"
