66.249.72.40 - - [21/Jan/2025:23:00:08 +0000] "GET /items/bzqkd206/28413?key=hard HTTP/1.1" 404 - "-" "Mozilla/5.0 (Linux; Android 6.0.1; Nexus 5X Build/MMB29P) AppleWebKit/537.36 (KHTML, like Gecko) Chrome/132.0.6834.83 Mobile Safari/537.36 (compatible; Googlebot/2.1; +http://www.google.com/bot.html)"
66.249.72.108 - - [21/Jan/2025:23:01:54 +0000] "GET / HTTP/1.1" 200 84522 "-" "Mozilla/5.0 (Linux; Android 6.0.1; Nexus 5X Build/MMB29P) AppleWebKit/537.36 (KHTML, like Gecko) Chrome/132.0.6834.83 Mobile Safari/537.36 (compatible; Googlebot/2.1; +http://www.google.com/bot.html)"
66.249.72.107 - - [21/Jan/2025:23:02:55 +0000] "GET / HTTP/1.1" 200 84522 "-" "Mozilla/5.0 (Linux; Android 6.0.1; Nexus 5X Build/MMB29P) AppleWebKit/537.36 (KHTML, like Gecko) Chrome/132.0.6834.83 Mobile Safari/537.36 (compatible; Googlebot/2.1; +http://www.google.com/bot.html)"
66.249.72.96 - - [21/Jan/2025:23:05:17 +0000] "GET / HTTP/1.1" 200 84522 "-" "Mozilla/5.0 (compatible; Googlebot/2.1; +http://www.google.com/bot.html)"
142.162.122.214 - - [21/Jan/2025:23:06:27 +0000] "-" 408 - "-" "-"
142.162.122.214 - - [21/Jan/2025:23:06:27 +0000] "-" 408 - "-" "-"
104.219.215.215 - - [21/Jan/2025:23:12:05 +0000] "GET /wp-includes/admin.php HTTP/1.1" 404 - "https://hmhc.ca/wp-includes/admin.php" "Mozilla/5.0 (Windows NT 10.0; Win64; x64) AppleWebKit/537.36 (KHTML, like Gecko) Chrome/58.0.3029.110 Safari/537.3"
104.219.215.215 - - [21/Jan/2025:23:12:11 +0000] "GET / HTTP/1.1" 200 84522 "https://hmhc.ca" "Mozilla/5.0 (Windows NT 10.0; Win64; x64) AppleWebKit/537.36 (KHTML, like Gecko) Chrome/58.0.3029.110 Safari/537.3"
66.249.72.107 - - [21/Jan/2025:23:14:26 +0000] "GET / HTTP/1.1" 200 84522 "-" "Mozilla/5.0 (Linux; Android 6.0.1; Nexus 5X Build/MMB29P) AppleWebKit/537.36 (KHTML, like Gecko) Chrome/132.0.6834.83 Mobile Safari/537.36 (compatible; Googlebot/2.1; +http://www.google.com/bot.html)"
114.10.139.45 - - [21/Jan/2025:23:16:50 +0000] "-" 408 - "-" "-"
66.249.72.107 - - [21/Jan/2025:23:19:03 +0000] "GET / HTTP/1.1" 200 84522 "-" "Mozilla/5.0 (Linux; Android 6.0.1; Nexus 5X Build/MMB29P) AppleWebKit/537.36 (KHTML, like Gecko) Chrome/132.0.6834.83 Mobile Safari/537.36 (compatible; Googlebot/2.1; +http://www.google.com/bot.html)"
66.249.72.106 - - [21/Jan/2025:23:20:58 +0000] "GET / HTTP/1.1" 200 84522 "-" "Mozilla/5.0 (Linux; Android 6.0.1; Nexus 5X Build/MMB29P) AppleWebKit/537.36 (KHTML, like Gecko) Chrome/132.0.6834.83 Mobile Safari/537.36 (compatible; Googlebot/2.1; +http://www.google.com/bot.html)"
66.249.72.108 - - [21/Jan/2025:23:23:19 +0000] "GET / HTTP/1.1" 200 84522 "-" "Mozilla/5.0 (Linux; Android 6.0.1; Nexus 5X Build/MMB29P) AppleWebKit/537.36 (KHTML, like Gecko) Chrome/132.0.6834.83 Mobile Safari/537.36 (compatible; Googlebot/2.1; +http://www.google.com/bot.html)"
66.249.72.38 - - [21/Jan/2025:23:24:39 +0000] "GET /items/jnkrj218/26973?key=obvious HTTP/1.1" 404 - "-" "Mozilla/5.0 (Linux; Android 6.0.1; Nexus 5X Build/MMB29P) AppleWebKit/537.36 (KHTML, like Gecko) Chrome/132.0.6834.83 Mobile Safari/537.36 (compatible; Googlebot/2.1; +http://www.google.com/bot.html)"
66.249.72.108 - - [21/Jan/2025:23:31:38 +0000] "GET / HTTP/1.1" 200 84522 "-" "Mozilla/5.0 (Linux; Android 6.0.1; Nexus 5X Build/MMB29P) AppleWebKit/537.36 (KHTML, like Gecko) Chrome/132.0.6834.83 Mobile Safari/537.36 (compatible; Googlebot/2.1; +http://www.google.com/bot.html)"
107.148.95.76 - - [21/Jan/2025:23:34:15 +0000] "GET /wp-includes/admin.php HTTP/1.1" 404 - "https://hmhc.ca/wp-includes/admin.php" "Mozilla/5.0 (Windows NT 10.0; Win64; x64) AppleWebKit/537.36 (KHTML, like Gecko) Chrome/58.0.3029.110 Safari/537.3"
107.148.95.76 - - [21/Jan/2025:23:34:19 +0000] "GET / HTTP/1.1" 200 84522 "https://hmhc.ca" "Mozilla/5.0 (Windows NT 10.0; Win64; x64) AppleWebKit/537.36 (KHTML, like Gecko) Chrome/58.0.3029.110 Safari/537.3"
66.249.72.107 - - [21/Jan/2025:23:35:24 +0000] "GET / HTTP/1.1" 200 84522 "-" "Mozilla/5.0 (Linux; Android 6.0.1; Nexus 5X Build/MMB29P) AppleWebKit/537.36 (KHTML, like Gecko) Chrome/132.0.6834.83 Mobile Safari/537.36 (compatible; Googlebot/2.1; +http://www.google.com/bot.html)"
66.249.72.107 - - [21/Jan/2025:23:36:36 +0000] "GET / HTTP/1.1" 200 84522 "-" "Mozilla/5.0 (Linux; Android 6.0.1; Nexus 5X Build/MMB29P) AppleWebKit/537.36 (KHTML, like Gecko) Chrome/132.0.6834.83 Mobile Safari/537.36 (compatible; Googlebot/2.1; +http://www.google.com/bot.html)"
142.163.72.239 - - [21/Jan/2025:23:38:09 +0000] "-" 408 - "-" "-"
66.249.72.97 - - [21/Jan/2025:23:48:34 +0000] "GET /more/Cannabis-3-Legislation-FINAL/story_content/external_files/Prevention.pdf HTTP/1.1" 404 - "-" "Mozilla/5.0 (Linux; Android 6.0.1; Nexus 5X Build/MMB29P) AppleWebKit/537.36 (KHTML, like Gecko) Chrome/132.0.6834.83 Mobile Safari/537.36 (compatible; GoogleOther)"
66.249.72.106 - - [21/Jan/2025:23:49:36 +0000] "GET / HTTP/1.1" 200 84522 "-" "Mozilla/5.0 (Linux; Android 6.0.1; Nexus 5X Build/MMB29P) AppleWebKit/537.36 (KHTML, like Gecko) Chrome/132.0.6834.83 Mobile Safari/537.36 (compatible; Googlebot/2.1; +http://www.google.com/bot.html)"
64.233.173.71 - - [21/Jan/2025:23:52:11 +0000] "GET /.well-known/traffic-advice HTTP/1.1" 404 - "-" "Chrome Privacy Preserving Prefetch Proxy"
193.186.4.144 - - [21/Jan/2025:23:52:11 +0000] "GET / HTTP/1.1" 200 84522 "https://www.google.com/" "Mozilla/5.0 (Linux; Android 10; K) AppleWebKit/537.36 (KHTML, like Gecko) Chrome/131.0.0.0 Mobile Safari/537.36"
66.249.72.108 - - [21/Jan/2025:23:52:49 +0000] "GET / HTTP/1.1" 200 84522 "-" "Mozilla/5.0 (Linux; Android 6.0.1; Nexus 5X Build/MMB29P) AppleWebKit/537.36 (KHTML, like Gecko) Chrome/132.0.6834.83 Mobile Safari/537.36 (compatible; Googlebot/2.1; +http://www.google.com/bot.html)"
104.219.214.60 - - [21/Jan/2025:23:54:50 +0000] "GET /wp-includes/admin.php HTTP/1.1" 404 - "https://hmhc.ca/wp-includes/admin.php" "Mozilla/5.0 (Windows NT 10.0; Win64; x64) AppleWebKit/537.36 (KHTML, like Gecko) Chrome/58.0.3029.110 Safari/537.3"
104.219.214.60 - - [21/Jan/2025:23:54:55 +0000] "GET / HTTP/1.1" 200 84522 "https://hmhc.ca" "Mozilla/5.0 (Windows NT 10.0; Win64; x64) AppleWebKit/537.36 (KHTML, like Gecko) Chrome/58.0.3029.110 Safari/537.3"
66.249.72.40 - - [21/Jan/2025:23:57:37 +0000] "GET /items/kwean147/38003?key=keep HTTP/1.1" 404 - "-" "Mozilla/5.0 (Linux; Android 6.0.1; Nexus 5X Build/MMB29P) AppleWebKit/537.36 (KHTML, like Gecko) Chrome/132.0.6834.83 Mobile Safari/537.36 (compatible; Googlebot/2.1; +http://www.google.com/bot.html)"
220.197.51.146 - - [21/Jan/2025:23:59:03 +0000] "GET / HTTP/1.1" 200 5 "-" "Go-http-client/1.1"
66.249.72.98 - - [22/Jan/2025:00:01:00 +0000] "GET /Parent%20Info%20Sheet%20Various%20languages/ENGLISH_NSSI%20Parent%20Information%20Sheet%20FINAL%20Jan%202018.pdf HTTP/1.1" 200 328410 "-" "Mozilla/5.0 (Linux; Android 6.0.1; Nexus 5X Build/MMB29P) AppleWebKit/537.36 (KHTML, like Gecko) Chrome/132.0.6834.83 Mobile Safari/537.36 (compatible; GoogleOther)"
66.249.72.39 - - [22/Jan/2025:00:02:32 +0000] "GET /items/kaezl109/12560?key=dense HTTP/1.1" 404 - "-" "Mozilla/5.0 (Linux; Android 6.0.1; Nexus 5X Build/MMB29P) AppleWebKit/537.36 (KHTML, like Gecko) Chrome/132.0.6834.83 Mobile Safari/537.36 (compatible; GoogleOther)"
167.94.138.48 - - [22/Jan/2025:00:03:17 +0000] "GET / HTTP/1.1" 421 322 "-" "-"
114.125.43.238 - - [22/Jan/2025:00:13:42 +0000] "GET / HTTP/1.1" 200 84522 "https://www.google.com/" "Mozilla/5.0 (Linux; Android 10; K) AppleWebKit/537.36 (KHTML, like Gecko) Chrome/131.0.0.0 Mobile Safari/537.36"
104.219.214.60 - - [22/Jan/2025:00:15:13 +0000] "GET /wp-includes/admin.php HTTP/1.1" 404 - "https://hmhc.ca/wp-includes/admin.php" "Mozilla/5.0 (Windows NT 10.0; Win64; x64) AppleWebKit/537.36 (KHTML, like Gecko) Chrome/58.0.3029.110 Safari/537.3"
104.219.214.60 - - [22/Jan/2025:00:15:17 +0000] "GET / HTTP/1.1" 200 84522 "https://hmhc.ca" "Mozilla/5.0 (Windows NT 10.0; Win64; x64) AppleWebKit/537.36 (KHTML, like Gecko) Chrome/58.0.3029.110 Safari/537.3"
206.168.34.93 - - [22/Jan/2025:00:15:43 +0000] "GET / HTTP/1.1" 421 322 "-" "-"
96.1.124.231 - - [22/Jan/2025:00:18:01 +0000] "GET / HTTP/1.1" 200 25 "-" "Mozilla/5.0 (Macintosh; Intel Mac OS X 10_11_1) AppleWebKit/601.2.4 (KHTML, like Gecko) Version/9.0.1 Safari/601.2.4 facebookexternalhit/1.1 Facebot Twitterbot/1.0"
66.249.72.106 - - [22/Jan/2025:00:20:00 +0000] "GET / HTTP/1.1" 200 84522 "-" "Mozilla/5.0 (Linux; Android 6.0.1; Nexus 5X Build/MMB29P) AppleWebKit/537.36 (KHTML, like Gecko) Chrome/132.0.6834.83 Mobile Safari/537.36 (compatible; Googlebot/2.1; +http://www.google.com/bot.html)"
66.249.72.107 - - [22/Jan/2025:00:21:39 +0000] "GET / HTTP/1.1" 200 84522 "-" "Mozilla/5.0 (Linux; Android 6.0.1; Nexus 5X Build/MMB29P) AppleWebKit/537.36 (KHTML, like Gecko) Chrome/132.0.6834.83 Mobile Safari/537.36 (compatible; Googlebot/2.1; +http://www.google.com/bot.html)"
182.3.36.4 - - [22/Jan/2025:00:24:30 +0000] "GET / HTTP/1.1" 200 84522 "-" "Mozilla/5.0 (Linux; Android 10; K) AppleWebKit/537.36 (KHTML, like Gecko) Chrome/131.0.0.0 Mobile Safari/537.36"
66.249.72.107 - - [22/Jan/2025:00:28:41 +0000] "GET / HTTP/1.1" 200 84522 "-" "Mozilla/5.0 (Linux; Android 6.0.1; Nexus 5X Build/MMB29P) AppleWebKit/537.36 (KHTML, like Gecko) Chrome/132.0.6834.83 Mobile Safari/537.36 (compatible; Googlebot/2.1; +http://www.google.com/bot.html)"
68.147.81.219 - - [22/Jan/2025:00:34:47 +0000] "GET /canreachalumni.html HTTP/1.1" 404 - "-" "Mozilla/5.0 (Macintosh; Intel Mac OS X 10_15_7) AppleWebKit/605.1.15 (KHTML, like Gecko)"
68.147.81.219 - - [22/Jan/2025:00:34:48 +0000] "GET /favicon.ico HTTP/1.1" 404 - "-" "Safari/18618.1.15.111.8 CFNetwork/1410.4 Darwin/22.6.0"
68.147.81.219 - - [22/Jan/2025:00:34:48 +0000] "GET /favicon.ico HTTP/1.1" 404 - "-" "Safari/18618.1.15.111.8 CFNetwork/1410.4 Darwin/22.6.0"
104.219.214.16 - - [22/Jan/2025:00:35:24 +0000] "GET /wp-includes/admin.php HTTP/1.1" 404 - "https://hmhc.ca/wp-includes/admin.php" "Mozilla/5.0 (Windows NT 10.0; Win64; x64) AppleWebKit/537.36 (KHTML, like Gecko) Chrome/58.0.3029.110 Safari/537.3"
104.219.214.16 - - [22/Jan/2025:00:35:29 +0000] "GET / HTTP/1.1" 200 84522 "https://hmhc.ca" "Mozilla/5.0 (Windows NT 10.0; Win64; x64) AppleWebKit/537.36 (KHTML, like Gecko) Chrome/58.0.3029.110 Safari/537.3"
15.236.225.192 - - [22/Jan/2025:00:48:47 +0000] "\n" 404 - "-" "-"
15.236.225.192 - - [22/Jan/2025:00:48:49 +0000] "\n" 404 - "-" "-"
15.236.225.192 - - [22/Jan/2025:00:48:52 +0000] "\n" 404 - "-" "-"
15.236.225.192 - - [22/Jan/2025:00:48:55 +0000] "\n" 404 - "-" "-"
140.213.37.52 - - [22/Jan/2025:00:49:43 +0000] "GET / HTTP/1.1" 200 84522 "https://www.google.com/" "Mozilla/5.0 (Linux; Android 8.1.0; vivo 1811) AppleWebKit/537.36 (KHTML, like Gecko) Chrome/70.0.3538.110 Mobile Safari/537.36"
66.249.72.39 - - [22/Jan/2025:00:52:41 +0000] "GET /items/ruwqr70/8045?key=protein HTTP/1.1" 404 - "-" "Mozilla/5.0 (Linux; Android 6.0.1; Nexus 5X Build/MMB29P) AppleWebKit/537.36 (KHTML, like Gecko) Chrome/132.0.6834.83 Mobile Safari/537.36 (compatible; Googlebot/2.1; +http://www.google.com/bot.html)"
3.141.6.85 - - [22/Jan/2025:00:55:20 +0000] "GET / HTTP/1.0" 404 - "-" "-"
107.148.94.8 - - [22/Jan/2025:00:55:52 +0000] "GET /wp-includes/admin.php HTTP/1.1" 404 - "https://hmhc.ca/wp-includes/admin.php" "Mozilla/5.0 (Windows NT 10.0; Win64; x64) AppleWebKit/537.36 (KHTML, like Gecko) Chrome/58.0.3029.110 Safari/537.3"
107.148.94.8 - - [22/Jan/2025:00:55:56 +0000] "GET / HTTP/1.1" 200 84522 "https://hmhc.ca" "Mozilla/5.0 (Windows NT 10.0; Win64; x64) AppleWebKit/537.36 (KHTML, like Gecko) Chrome/58.0.3029.110 Safari/537.3"
66.249.72.40 - - [22/Jan/2025:00:58:37 +0000] "GET /items/gefvj109/22741?key=desk HTTP/1.1" 404 - "-" "Mozilla/5.0 (Linux; Android 6.0.1; Nexus 5X Build/MMB29P) AppleWebKit/537.36 (KHTML, like Gecko) Chrome/132.0.6834.83 Mobile Safari/537.36 (compatible; Googlebot/2.1; +http://www.google.com/bot.html)"
66.249.72.106 - - [22/Jan/2025:00:58:58 +0000] "GET / HTTP/1.1" 200 84522 "-" "Mozilla/5.0 (Linux; Android 6.0.1; Nexus 5X Build/MMB29P) AppleWebKit/537.36 (KHTML, like Gecko) Chrome/132.0.6834.83 Mobile Safari/537.36 (compatible; Googlebot/2.1; +http://www.google.com/bot.html)"
140.213.37.52 - - [22/Jan/2025:00:59:55 +0000] "GET / HTTP/1.1" 200 84522 "https://www.google.com/" "Mozilla/5.0 (Linux; Android 8.1.0; vivo 1811) AppleWebKit/537.36 (KHTML, like Gecko) Chrome/70.0.3538.110 Mobile Safari/537.36"
66.249.72.107 - - [22/Jan/2025:00:59:57 +0000] "GET / HTTP/1.1" 200 84522 "-" "Mozilla/5.0 (Linux; Android 6.0.1; Nexus 5X Build/MMB29P) AppleWebKit/537.36 (KHTML, like Gecko) Chrome/132.0.6834.83 Mobile Safari/537.36 (compatible; Googlebot/2.1; +http://www.google.com/bot.html)"
112.215.66.227 - - [22/Jan/2025:01:00:56 +0000] "GET / HTTP/1.1" 200 84522 "https://www.google.com/" "Mozilla/5.0 (Linux; Android 10; K) AppleWebKit/537.36 (KHTML, like Gecko) Chrome/131.0.0.0 Mobile Safari/537.36"
140.213.37.52 - - [22/Jan/2025:01:01:29 +0000] "GET / HTTP/1.1" 200 84522 "https://www.google.com/" "Mozilla/5.0 (Linux; Android 8.1.0; vivo 1811) AppleWebKit/537.36 (KHTML, like Gecko) Chrome/70.0.3538.110 Mobile Safari/537.36"
66.249.72.108 - - [22/Jan/2025:01:02:27 +0000] "GET / HTTP/1.1" 200 84522 "-" "Mozilla/5.0 (Linux; Android 6.0.1; Nexus 5X Build/MMB29P) AppleWebKit/537.36 (KHTML, like Gecko) Chrome/132.0.6834.83 Mobile Safari/537.36 (compatible; Googlebot/2.1; +http://www.google.com/bot.html)"
24.64.140.102 - - [22/Jan/2025:01:05:05 +0000] "GET / HTTP/1.1" 200 25 "-" "Mozilla/5.0 (Macintosh; Intel Mac OS X 10_11_1) AppleWebKit/601.2.4 (KHTML, like Gecko) Version/9.0.1 Safari/601.2.4 facebookexternalhit/1.1 Facebot Twitterbot/1.0"
71.6.146.186 - - [22/Jan/2025:01:05:07 +0000] "\n" 404 - "-" "-"
71.6.146.186 - - [22/Jan/2025:01:05:10 +0000] "\n" 404 - "-" "-"
71.6.146.186 - - [22/Jan/2025:01:05:10 +0000] "\n" 404 - "-" "-"
71.6.146.186 - - [22/Jan/2025:01:05:12 +0000] "\n" 404 - "-" "-"
71.6.146.186 - - [22/Jan/2025:01:05:12 +0000] "\n" 404 - "-" "-"
71.6.146.186 - - [22/Jan/2025:01:05:13 +0000] "\n" 404 - "-" "-"
71.6.146.186 - - [22/Jan/2025:01:05:31 +0000] "\n" 404 - "-" "-"
66.249.72.106 - - [22/Jan/2025:01:06:18 +0000] "GET / HTTP/1.1" 200 84522 "-" "Mozilla/5.0 (Linux; Android 6.0.1; Nexus 5X Build/MMB29P) AppleWebKit/537.36 (KHTML, like Gecko) Chrome/132.0.6834.83 Mobile Safari/537.36 (compatible; Googlebot/2.1; +http://www.google.com/bot.html)"
66.249.72.106 - - [22/Jan/2025:01:08:22 +0000] "GET / HTTP/1.1" 200 84522 "-" "Mozilla/5.0 (Linux; Android 6.0.1; Nexus 5X Build/MMB29P) AppleWebKit/537.36 (KHTML, like Gecko) Chrome/132.0.6834.83 Mobile Safari/537.36 (compatible; Googlebot/2.1; +http://www.google.com/bot.html)"
84.39.151.166 - - [22/Jan/2025:01:10:36 +0000] "GET / HTTP/1.1" 200 25 "-" "Mozilla/5.0 (Macintosh; Intel Mac OS X 10_11_1) AppleWebKit/601.2.4 (KHTML, like Gecko) Version/9.0.1 Safari/601.2.4 facebookexternalhit/1.1 Facebot Twitterbot/1.0"
75.158.196.213 - - [22/Jan/2025:01:11:33 +0000] "GET / HTTP/1.1" 200 25 "-" "Mozilla/5.0 (Macintosh; Intel Mac OS X 10_11_1) AppleWebKit/601.2.4 (KHTML, like Gecko) Version/9.0.1 Safari/601.2.4 facebookexternalhit/1.1 Facebot Twitterbot/1.0"
66.249.72.106 - - [22/Jan/2025:01:14:16 +0000] "GET / HTTP/1.1" 200 84522 "-" "Mozilla/5.0 (Linux; Android 6.0.1; Nexus 5X Build/MMB29P) AppleWebKit/537.36 (KHTML, like Gecko) Chrome/132.0.6834.83 Mobile Safari/537.36 (compatible; Googlebot/2.1; +http://www.google.com/bot.html)"
69.197.182.50 - - [22/Jan/2025:01:15:37 +0000] "GET /wp-includes/admin.php HTTP/1.1" 404 - "https://hmhc.ca/wp-includes/admin.php" "Mozilla/5.0 (Windows NT 10.0; Win64; x64) AppleWebKit/537.36 (KHTML, like Gecko) Chrome/58.0.3029.110 Safari/537.3"
69.197.182.50 - - [22/Jan/2025:01:15:38 +0000] "GET / HTTP/1.1" 200 84522 "https://hmhc.ca" "Mozilla/5.0 (Windows NT 10.0; Win64; x64) AppleWebKit/537.36 (KHTML, like Gecko) Chrome/58.0.3029.110 Safari/537.3"
66.249.72.106 - - [22/Jan/2025:01:16:10 +0000] "GET / HTTP/1.1" 200 84522 "-" "Mozilla/5.0 (Linux; Android 6.0.1; Nexus 5X Build/MMB29P) AppleWebKit/537.36 (KHTML, like Gecko) Chrome/132.0.6834.83 Mobile Safari/537.36 (compatible; Googlebot/2.1; +http://www.google.com/bot.html)"
66.249.72.106 - - [22/Jan/2025:01:21:46 +0000] "GET / HTTP/1.1" 200 84522 "-" "Mozilla/5.0 (Linux; Android 6.0.1; Nexus 5X Build/MMB29P) AppleWebKit/537.36 (KHTML, like Gecko) Chrome/132.0.6834.83 Mobile Safari/537.36 (compatible; Googlebot/2.1; +http://www.google.com/bot.html)"
156.59.198.135 - - [22/Jan/2025:01:25:04 +0000] "GET /brochures/ace%20tic%20resource%20community%20guide%20final%202016.pdf HTTP/1.1" 404 - "http://hmhc.ca/brochures/ace%20tic%20resource%20community%20guide%20final%202016.pdf" "Mozilla/5.0 (Linux; Android 5.0) AppleWebKit/537.36 (KHTML, like Gecko) Mobile Safari/537.36 (compatible; Bytespider; spider-feedback@bytedance.com)"
18.118.150.6 - - [22/Jan/2025:01:25:34 +0000] "GET / HTTP/1.0" 404 - "-" "-"
178.215.236.132 - - [22/Jan/2025:01:26:14 +0000] "GET /.env HTTP/1.1" 404 - "-" "Mozilla/5.0 (X11; Linux x86_64) AppleWebKit/537.36 (KHTML, like Gecko) Chrome/63.0.3239.108 Safari/537.36"
68.146.3.134 - - [22/Jan/2025:01:30:24 +0000] "GET / HTTP/1.1" 200 25 "-" "Mozilla/5.0 (Macintosh; Intel Mac OS X 10_11_1) AppleWebKit/601.2.4 (KHTML, like Gecko) Version/9.0.1 Safari/601.2.4 facebookexternalhit/1.1 Facebot Twitterbot/1.0"
66.249.72.107 - - [22/Jan/2025:01:30:30 +0000] "GET / HTTP/1.1" 200 84522 "-" "Mozilla/5.0 (Linux; Android 6.0.1; Nexus 5X Build/MMB29P) AppleWebKit/537.36 (KHTML, like Gecko) Chrome/132.0.6834.83 Mobile Safari/537.36 (compatible; Googlebot/2.1; +http://www.google.com/bot.html)"
66.249.72.107 - - [22/Jan/2025:01:34:08 +0000] "GET / HTTP/1.1" 200 84522 "-" "Mozilla/5.0 (Linux; Android 6.0.1; Nexus 5X Build/MMB29P) AppleWebKit/537.36 (KHTML, like Gecko) Chrome/132.0.6834.83 Mobile Safari/537.36 (compatible; Googlebot/2.1; +http://www.google.com/bot.html)"
104.219.214.16 - - [22/Jan/2025:01:35:40 +0000] "GET /wp-includes/admin.php HTTP/1.1" 404 - "https://hmhc.ca/wp-includes/admin.php" "Mozilla/5.0 (Windows NT 10.0; Win64; x64) AppleWebKit/537.36 (KHTML, like Gecko) Chrome/58.0.3029.110 Safari/537.3"
104.219.214.16 - - [22/Jan/2025:01:35:46 +0000] "GET / HTTP/1.1" 200 84522 "https://hmhc.ca" "Mozilla/5.0 (Windows NT 10.0; Win64; x64) AppleWebKit/537.36 (KHTML, like Gecko) Chrome/58.0.3029.110 Safari/537.3"
68.146.138.170 - - [22/Jan/2025:01:38:03 +0000] "GET / HTTP/1.1" 200 25 "-" "Mozilla/5.0 (Macintosh; Intel Mac OS X 10_11_1) AppleWebKit/601.2.4 (KHTML, like Gecko) Version/9.0.1 Safari/601.2.4 facebookexternalhit/1.1 Facebot Twitterbot/1.0"
185.242.226.7 - - [22/Jan/2025:01:40:11 +0000] "GET / HTTP/1.1" 200 25 "-" "Mozilla/5.0 (Windows NT 10.0; Win64; x64) AppleWebKit/537.36 (KHTML, like Gecko) Chrome/88.0.4324.190 Safari/537.36"
24.66.111.123 - - [22/Jan/2025:01:43:16 +0000] "GET / HTTP/1.1" 200 25 "-" "Mozilla/5.0 (Macintosh; Intel Mac OS X 10_11_1) AppleWebKit/601.2.4 (KHTML, like Gecko) Version/9.0.1 Safari/601.2.4 facebookexternalhit/1.1 Facebot Twitterbot/1.0"
48.217.211.235 - - [22/Jan/2025:01:49:54 +0000] "GET / HTTP/1.0" 404 - "-" "-"
142.179.162.69 - - [22/Jan/2025:01:53:11 +0000] "GET / HTTP/1.1" 200 25 "-" "Mozilla/5.0 (Macintosh; Intel Mac OS X 10_11_1) AppleWebKit/601.2.4 (KHTML, like Gecko) Version/9.0.1 Safari/601.2.4 facebookexternalhit/1.1 Facebot Twitterbot/1.0"
199.185.67.249 - - [22/Jan/2025:01:53:20 +0000] "GET / HTTP/1.1" 200 25 "-" "Mozilla/5.0 (Macintosh; Intel Mac OS X 10_11_1) AppleWebKit/601.2.4 (KHTML, like Gecko) Version/9.0.1 Safari/601.2.4 facebookexternalhit/1.1 Facebot Twitterbot/1.0"
66.240.219.133 - - [22/Jan/2025:01:55:11 +0000] "\n" 404 - "-" "-"
66.240.219.133 - - [22/Jan/2025:01:55:22 +0000] "\n" 404 - "-" "-"
66.240.219.133 - - [22/Jan/2025:01:55:30 +0000] "\n" 404 - "-" "-"
66.240.219.133 - - [22/Jan/2025:01:55:35 +0000] "\n" 404 - "-" "-"
66.240.219.133 - - [22/Jan/2025:01:55:45 +0000] "\n" 404 - "-" "-"
66.240.219.133 - - [22/Jan/2025:01:55:47 +0000] "\n" 404 - "-" "-"
195.191.219.130 - - [22/Jan/2025:01:55:50 +0000] "GET /robots.txt HTTP/1.1" 200 160 "-" "Mozilla/5.0 (compatible; MJ12bot/v1.4.8; http://mj12bot.com/)"
195.191.219.130 - - [22/Jan/2025:01:55:53 +0000] "GET / HTTP/1.1" 200 25 "-" "Mozilla/5.0 (compatible; MJ12bot/v1.4.8; http://mj12bot.com/)"
107.148.42.164 - - [22/Jan/2025:01:56:15 +0000] "GET /wp-includes/admin.php HTTP/1.1" 404 - "https://hmhc.ca/wp-includes/admin.php" "Mozilla/5.0 (Windows NT 10.0; Win64; x64) AppleWebKit/537.36 (KHTML, like Gecko) Chrome/58.0.3029.110 Safari/537.3"
66.240.219.133 - - [22/Jan/2025:01:56:20 +0000] "\n" 404 - "-" "-"
107.148.42.164 - - [22/Jan/2025:01:56:23 +0000] "GET / HTTP/1.1" 200 84522 "https://hmhc.ca" "Mozilla/5.0 (Windows NT 10.0; Win64; x64) AppleWebKit/537.36 (KHTML, like Gecko) Chrome/58.0.3029.110 Safari/537.3"
65.108.78.33 - - [22/Jan/2025:01:57:47 +0000] "GET /robots.txt HTTP/1.1" 200 160 "-" "Mozilla/5.0 (compatible; MJ12bot/v1.4.8; http://mj12bot.com/)"
65.108.78.33 - - [22/Jan/2025:01:57:49 +0000] "GET /_wp/wp-snapshots/tmp/?C=D;O=D HTTP/1.1" 404 - "-" "Mozilla/5.0 (compatible; MJ12bot/v1.4.8; http://mj12bot.com/)"
65.108.78.33 - - [22/Jan/2025:01:57:51 +0000] "GET /_wp/wp-snapshots/tmp/?C=M;O=D HTTP/1.1" 404 - "-" "Mozilla/5.0 (compatible; MJ12bot/v1.4.8; http://mj12bot.com/)"
65.108.78.33 - - [22/Jan/2025:01:57:54 +0000] "GET /_wp/wp-snapshots/tmp/?C=N;O=A HTTP/1.1" 404 - "-" "Mozilla/5.0 (compatible; MJ12bot/v1.4.8; http://mj12bot.com/)"
65.108.78.33 - - [22/Jan/2025:01:57:56 +0000] "GET /_wp/wp-snapshots/tmp/?C=S;O=D HTTP/1.1" 404 - "-" "Mozilla/5.0 (compatible; MJ12bot/v1.4.8; http://mj12bot.com/)"
65.108.78.33 - - [22/Jan/2025:01:57:58 +0000] "GET /canreach/images/bg/?C=D;O=D HTTP/1.1" 404 - "-" "Mozilla/5.0 (compatible; MJ12bot/v1.4.8; http://mj12bot.com/)"
65.108.78.33 - - [22/Jan/2025:01:58:00 +0000] "GET /canreach/images/bg/?C=M;O=D HTTP/1.1" 404 - "-" "Mozilla/5.0 (compatible; MJ12bot/v1.4.8; http://mj12bot.com/)"
65.108.78.33 - - [22/Jan/2025:01:58:03 +0000] "GET /canreach/images/bg/?C=N;O=A HTTP/1.1" 404 - "-" "Mozilla/5.0 (compatible; MJ12bot/v1.4.8; http://mj12bot.com/)"
65.108.78.33 - - [22/Jan/2025:01:58:05 +0000] "GET /canreach/images/bg/?C=S;O=D HTTP/1.1" 404 - "-" "Mozilla/5.0 (compatible; MJ12bot/v1.4.8; http://mj12bot.com/)"
65.108.78.33 - - [22/Jan/2025:01:58:07 +0000] "GET /canreach/images/contact/?C=D;O=D HTTP/1.1" 404 - "-" "Mozilla/5.0 (compatible; MJ12bot/v1.4.8; http://mj12bot.com/)"
65.108.78.33 - - [22/Jan/2025:01:58:09 +0000] "GET /canreach/images/contact/?C=M;O=D HTTP/1.1" 404 - "-" "Mozilla/5.0 (compatible; MJ12bot/v1.4.8; http://mj12bot.com/)"
65.108.78.33 - - [22/Jan/2025:01:58:12 +0000] "GET /canreach/images/contact/?C=N;O=A HTTP/1.1" 404 - "-" "Mozilla/5.0 (compatible; MJ12bot/v1.4.8; http://mj12bot.com/)"
65.108.78.33 - - [22/Jan/2025:01:58:14 +0000] "GET /canreach/images/contact/?C=S;O=D HTTP/1.1" 404 - "-" "Mozilla/5.0 (compatible; MJ12bot/v1.4.8; http://mj12bot.com/)"
65.108.78.33 - - [22/Jan/2025:01:58:16 +0000] "GET /canreach/images/icons/?C=D;O=D HTTP/1.1" 404 - "-" "Mozilla/5.0 (compatible; MJ12bot/v1.4.8; http://mj12bot.com/)"
65.108.78.33 - - [22/Jan/2025:01:58:18 +0000] "GET /canreach/images/icons/?C=M;O=D HTTP/1.1" 404 - "-" "Mozilla/5.0 (compatible; MJ12bot/v1.4.8; http://mj12bot.com/)"
65.108.78.33 - - [22/Jan/2025:01:58:21 +0000] "GET /canreach/images/icons/?C=N;O=A HTTP/1.1" 404 - "-" "Mozilla/5.0 (compatible; MJ12bot/v1.4.8; http://mj12bot.com/)"
65.108.78.33 - - [22/Jan/2025:01:58:23 +0000] "GET /canreach/images/icons/?C=S;O=D HTTP/1.1" 404 - "-" "Mozilla/5.0 (compatible; MJ12bot/v1.4.8; http://mj12bot.com/)"
65.108.78.33 - - [22/Jan/2025:01:58:25 +0000] "GET /canreach/images/portfolio/?C=D;O=D HTTP/1.1" 404 - "-" "Mozilla/5.0 (compatible; MJ12bot/v1.4.8; http://mj12bot.com/)"
65.108.78.33 - - [22/Jan/2025:01:58:28 +0000] "GET /canreach/images/portfolio/?C=M;O=D HTTP/1.1" 404 - "-" "Mozilla/5.0 (compatible; MJ12bot/v1.4.8; http://mj12bot.com/)"
65.108.78.33 - - [22/Jan/2025:01:58:30 +0000] "GET /canreach/images/portfolio/?C=N;O=A HTTP/1.1" 404 - "-" "Mozilla/5.0 (compatible; MJ12bot/v1.4.8; http://mj12bot.com/)"
65.108.78.33 - - [22/Jan/2025:01:58:32 +0000] "GET /canreach/images/portfolio/?C=S;O=D HTTP/1.1" 404 - "-" "Mozilla/5.0 (compatible; MJ12bot/v1.4.8; http://mj12bot.com/)"
65.108.78.33 - - [22/Jan/2025:01:58:35 +0000] "GET /canreach/images/slider/?C=D;O=D HTTP/1.1" 404 - "-" "Mozilla/5.0 (compatible; MJ12bot/v1.4.8; http://mj12bot.com/)"
65.108.78.33 - - [22/Jan/2025:01:58:37 +0000] "GET /canreach/images/slider/?C=M;O=D HTTP/1.1" 404 - "-" "Mozilla/5.0 (compatible; MJ12bot/v1.4.8; http://mj12bot.com/)"
65.108.78.33 - - [22/Jan/2025:01:58:39 +0000] "GET /canreach/images/slider/?C=N;O=A HTTP/1.1" 404 - "-" "Mozilla/5.0 (compatible; MJ12bot/v1.4.8; http://mj12bot.com/)"
65.108.78.33 - - [22/Jan/2025:01:58:41 +0000] "GET /canreach/images/slider/?C=S;O=D HTTP/1.1" 404 - "-" "Mozilla/5.0 (compatible; MJ12bot/v1.4.8; http://mj12bot.com/)"
65.108.78.33 - - [22/Jan/2025:01:58:44 +0000] "GET /canreach/images/zoom/?C=D;O=D HTTP/1.1" 404 - "-" "Mozilla/5.0 (compatible; MJ12bot/v1.4.8; http://mj12bot.com/)"
65.108.78.33 - - [22/Jan/2025:01:58:46 +0000] "GET /canreach/images/zoom/?C=M;O=D HTTP/1.1" 404 - "-" "Mozilla/5.0 (compatible; MJ12bot/v1.4.8; http://mj12bot.com/)"
65.108.78.33 - - [22/Jan/2025:01:58:49 +0000] "GET /canreach/images/zoom/?C=N;O=A HTTP/1.1" 404 - "-" "Mozilla/5.0 (compatible; MJ12bot/v1.4.8; http://mj12bot.com/)"
65.108.78.33 - - [22/Jan/2025:01:58:51 +0000] "GET /canreach/images/zoom/?C=S;O=D HTTP/1.1" 404 - "-" "Mozilla/5.0 (compatible; MJ12bot/v1.4.8; http://mj12bot.com/)"
65.108.78.33 - - [22/Jan/2025:01:58:53 +0000] "GET /more/Cannabis-3-Legislation-FINAL/html5/?C=D;O=D HTTP/1.1" 404 - "-" "Mozilla/5.0 (compatible; MJ12bot/v1.4.8; http://mj12bot.com/)"
65.108.78.33 - - [22/Jan/2025:01:58:55 +0000] "GET /more/Cannabis-3-Legislation-FINAL/html5/?C=M;O=D HTTP/1.1" 404 - "-" "Mozilla/5.0 (compatible; MJ12bot/v1.4.8; http://mj12bot.com/)"
65.108.78.33 - - [22/Jan/2025:01:58:57 +0000] "GET /more/Cannabis-3-Legislation-FINAL/html5/?C=N;O=A HTTP/1.1" 404 - "-" "Mozilla/5.0 (compatible; MJ12bot/v1.4.8; http://mj12bot.com/)"
65.108.78.33 - - [22/Jan/2025:01:59:00 +0000] "GET /more/Cannabis-3-Legislation-FINAL/html5/?C=S;O=D HTTP/1.1" 404 - "-" "Mozilla/5.0 (compatible; MJ12bot/v1.4.8; http://mj12bot.com/)"
65.108.78.33 - - [22/Jan/2025:01:59:02 +0000] "GET /more/Cannabis-3-Legislation-FINAL/mobile/?C=D;O=D HTTP/1.1" 404 - "-" "Mozilla/5.0 (compatible; MJ12bot/v1.4.8; http://mj12bot.com/)"
65.108.78.33 - - [22/Jan/2025:01:59:04 +0000] "GET /more/Cannabis-3-Legislation-FINAL/mobile/?C=M;O=D HTTP/1.1" 404 - "-" "Mozilla/5.0 (compatible; MJ12bot/v1.4.8; http://mj12bot.com/)"
65.108.78.33 - - [22/Jan/2025:01:59:06 +0000] "GET /more/Cannabis-3-Legislation-FINAL/mobile/?C=N;O=A HTTP/1.1" 404 - "-" "Mozilla/5.0 (compatible; MJ12bot/v1.4.8; http://mj12bot.com/)"
65.108.78.33 - - [22/Jan/2025:01:59:08 +0000] "GET /more/Cannabis-3-Legislation-FINAL/mobile/?C=S;O=D HTTP/1.1" 404 - "-" "Mozilla/5.0 (compatible; MJ12bot/v1.4.8; http://mj12bot.com/)"
65.108.78.33 - - [22/Jan/2025:01:59:11 +0000] "GET /more/Cannabis-3-Legislation-FINAL/story_content/?C=D;O=D HTTP/1.1" 404 - "-" "Mozilla/5.0 (compatible; MJ12bot/v1.4.8; http://mj12bot.com/)"
65.108.78.33 - - [22/Jan/2025:01:59:13 +0000] "GET /more/Cannabis-3-Legislation-FINAL/story_content/?C=M;O=D HTTP/1.1" 404 - "-" "Mozilla/5.0 (compatible; MJ12bot/v1.4.8; http://mj12bot.com/)"
65.108.78.33 - - [22/Jan/2025:01:59:15 +0000] "GET /more/Cannabis-3-Legislation-FINAL/story_content/?C=N;O=A HTTP/1.1" 404 - "-" "Mozilla/5.0 (compatible; MJ12bot/v1.4.8; http://mj12bot.com/)"
65.108.78.33 - - [22/Jan/2025:01:59:17 +0000] "GET /more/Cannabis-3-Legislation-FINAL/story_content/?C=S;O=D HTTP/1.1" 404 - "-" "Mozilla/5.0 (compatible; MJ12bot/v1.4.8; http://mj12bot.com/)"
65.108.78.33 - - [22/Jan/2025:01:59:19 +0000] "GET /robots.txt HTTP/1.1" 200 160 "-" "Mozilla/5.0 (compatible; MJ12bot/v1.4.8; http://mj12bot.com/)"
65.108.78.33 - - [22/Jan/2025:01:59:21 +0000] "GET /more/Cannabis-3-Legislation-FINAL/html5/data/css/?C=D;O=A HTTP/1.1" 404 - "-" "Mozilla/5.0 (compatible; MJ12bot/v1.4.8; http://mj12bot.com/)"
65.108.78.33 - - [22/Jan/2025:01:59:23 +0000] "GET /more/Cannabis-3-Legislation-FINAL/html5/data/css/?C=M;O=A HTTP/1.1" 404 - "-" "Mozilla/5.0 (compatible; MJ12bot/v1.4.8; http://mj12bot.com/)"
65.108.78.33 - - [22/Jan/2025:01:59:26 +0000] "GET /more/Cannabis-3-Legislation-FINAL/html5/data/css/?C=N;O=D HTTP/1.1" 404 - "-" "Mozilla/5.0 (compatible; MJ12bot/v1.4.8; http://mj12bot.com/)"
65.108.78.33 - - [22/Jan/2025:01:59:28 +0000] "GET /more/Cannabis-3-Legislation-FINAL/html5/data/css/?C=S;O=A HTTP/1.1" 404 - "-" "Mozilla/5.0 (compatible; MJ12bot/v1.4.8; http://mj12bot.com/)"
65.108.78.33 - - [22/Jan/2025:01:59:31 +0000] "GET /more/Cannabis-3-Legislation-FINAL/html5/data/css/output.min.css HTTP/1.1" 404 - "-" "Mozilla/5.0 (compatible; MJ12bot/v1.4.8; http://mj12bot.com/)"
65.108.78.33 - - [22/Jan/2025:01:59:33 +0000] "GET /more/Cannabis-3-Legislation-FINAL/html5/data/js/5WiTE3DcXcq.js HTTP/1.1" 404 - "-" "Mozilla/5.0 (compatible; MJ12bot/v1.4.8; http://mj12bot.com/)"
65.108.78.33 - - [22/Jan/2025:01:59:36 +0000] "GET /more/Cannabis-3-Legislation-FINAL/html5/data/js/5Yin8HaclHA.js HTTP/1.1" 404 - "-" "Mozilla/5.0 (compatible; MJ12bot/v1.4.8; http://mj12bot.com/)"
65.108.78.33 - - [22/Jan/2025:01:59:39 +0000] "GET /more/Cannabis-3-Legislation-FINAL/html5/data/js/5gydbN2xvw1.js HTTP/1.1" 404 - "-" "Mozilla/5.0 (compatible; MJ12bot/v1.4.8; http://mj12bot.com/)"
65.108.78.33 - - [22/Jan/2025:01:59:41 +0000] "GET /more/Cannabis-3-Legislation-FINAL/html5/data/js/5nTQrzGl3wj.js HTTP/1.1" 404 - "-" "Mozilla/5.0 (compatible; MJ12bot/v1.4.8; http://mj12bot.com/)"
66.249.72.40 - - [22/Jan/2025:01:59:42 +0000] "GET /items/sdpqt26/4318?key=compensation HTTP/1.1" 404 - "-" "Mozilla/5.0 (Linux; Android 6.0.1; Nexus 5X Build/MMB29P) AppleWebKit/537.36 (KHTML, like Gecko) Chrome/132.0.6834.83 Mobile Safari/537.36 (compatible; GoogleOther)"
65.108.78.33 - - [22/Jan/2025:01:59:44 +0000] "GET /more/Cannabis-3-Legislation-FINAL/html5/data/js/68Xfv6ykuzW.js HTTP/1.1" 404 - "-" "Mozilla/5.0 (compatible; MJ12bot/v1.4.8; http://mj12bot.com/)"
65.108.78.33 - - [22/Jan/2025:01:59:46 +0000] "GET /more/Cannabis-3-Legislation-FINAL/html5/data/js/698idWjUCpa.js HTTP/1.1" 404 - "-" "Mozilla/5.0 (compatible; MJ12bot/v1.4.8; http://mj12bot.com/)"
65.108.78.33 - - [22/Jan/2025:01:59:49 +0000] "GET /more/Cannabis-3-Legislation-FINAL/html5/data/js/6DPoDen9KjG.js HTTP/1.1" 404 - "-" "Mozilla/5.0 (compatible; MJ12bot/v1.4.8; http://mj12bot.com/)"
66.240.219.146 - - [22/Jan/2025:01:59:49 +0000] "\n" 404 - "-" "-"
66.240.219.146 - - [22/Jan/2025:01:59:51 +0000] "\n" 404 - "-" "-"
65.108.78.33 - - [22/Jan/2025:01:59:51 +0000] "GET /more/Cannabis-3-Legislation-FINAL/html5/data/js/6Lq16jFf4jh.js HTTP/1.1" 404 - "-" "Mozilla/5.0 (compatible; MJ12bot/v1.4.8; http://mj12bot.com/)"
66.240.219.146 - - [22/Jan/2025:01:59:51 +0000] "\n" 404 - "-" "-"
66.240.219.146 - - [22/Jan/2025:01:59:52 +0000] "\n" 404 - "-" "-"
66.240.219.146 - - [22/Jan/2025:01:59:52 +0000] "\n" 404 - "-" "-"
66.240.219.146 - - [22/Jan/2025:01:59:53 +0000] "\n" 404 - "-" "-"
65.108.78.33 - - [22/Jan/2025:01:59:53 +0000] "GET /more/Cannabis-3-Legislation-FINAL/html5/data/js/6S39rdX9NlF.js HTTP/1.1" 404 - "-" "Mozilla/5.0 (compatible; MJ12bot/v1.4.8; http://mj12bot.com/)"
65.108.78.33 - - [22/Jan/2025:01:59:56 +0000] "GET /more/Cannabis-3-Legislation-FINAL/html5/data/js/6StsmmFpbYb.js HTTP/1.1" 404 - "-" "Mozilla/5.0 (compatible; MJ12bot/v1.4.8; http://mj12bot.com/)"
65.108.78.33 - - [22/Jan/2025:01:59:58 +0000] "GET /more/Cannabis-3-Legislation-FINAL/html5/data/js/6TixJm2TKdO.js HTTP/1.1" 404 - "-" "Mozilla/5.0 (compatible; MJ12bot/v1.4.8; http://mj12bot.com/)"
65.108.78.33 - - [22/Jan/2025:02:00:01 +0000] "GET /more/Cannabis-3-Legislation-FINAL/html5/data/js/6ViOsXy3jQC.js HTTP/1.1" 404 - "-" "Mozilla/5.0 (compatible; MJ12bot/v1.4.8; http://mj12bot.com/)"
65.108.78.33 - - [22/Jan/2025:02:00:03 +0000] "GET /more/Cannabis-3-Legislation-FINAL/html5/data/js/6afuch0fZnP.js HTTP/1.1" 404 - "-" "Mozilla/5.0 (compatible; MJ12bot/v1.4.8; http://mj12bot.com/)"
65.108.78.33 - - [22/Jan/2025:02:00:05 +0000] "GET /more/Cannabis-3-Legislation-FINAL/html5/data/js/6amjKQ0FnMy.js HTTP/1.1" 404 - "-" "Mozilla/5.0 (compatible; MJ12bot/v1.4.8; http://mj12bot.com/)"
66.240.219.146 - - [22/Jan/2025:02:00:06 +0000] "\n" 404 - "-" "-"
65.108.78.33 - - [22/Jan/2025:02:00:08 +0000] "GET /more/Cannabis-3-Legislation-FINAL/html5/data/js/6hZNHjbhykG.js HTTP/1.1" 404 - "-" "Mozilla/5.0 (compatible; MJ12bot/v1.4.8; http://mj12bot.com/)"
65.108.78.33 - - [22/Jan/2025:02:00:10 +0000] "GET /more/Cannabis-3-Legislation-FINAL/html5/data/js/6i2vyBT3QxB.js HTTP/1.1" 404 - "-" "Mozilla/5.0 (compatible; MJ12bot/v1.4.8; http://mj12bot.com/)"
65.108.78.33 - - [22/Jan/2025:02:00:12 +0000] "GET /more/Cannabis-3-Legislation-FINAL/html5/data/js/6ozAOwQILuI.js HTTP/1.1" 404 - "-" "Mozilla/5.0 (compatible; MJ12bot/v1.4.8; http://mj12bot.com/)"
65.108.78.33 - - [22/Jan/2025:02:00:15 +0000] "GET /more/Cannabis-3-Legislation-FINAL/html5/data/js/?C=D;O=A HTTP/1.1" 404 - "-" "Mozilla/5.0 (compatible; MJ12bot/v1.4.8; http://mj12bot.com/)"
65.108.78.33 - - [22/Jan/2025:02:00:17 +0000] "GET /more/Cannabis-3-Legislation-FINAL/html5/data/js/?C=M;O=A HTTP/1.1" 404 - "-" "Mozilla/5.0 (compatible; MJ12bot/v1.4.8; http://mj12bot.com/)"
65.108.78.33 - - [22/Jan/2025:02:00:20 +0000] "GET /more/Cannabis-3-Legislation-FINAL/html5/data/js/?C=N;O=D HTTP/1.1" 404 - "-" "Mozilla/5.0 (compatible; MJ12bot/v1.4.8; http://mj12bot.com/)"
65.108.78.33 - - [22/Jan/2025:02:00:22 +0000] "GET /more/Cannabis-3-Legislation-FINAL/html5/data/js/?C=S;O=A HTTP/1.1" 404 - "-" "Mozilla/5.0 (compatible; MJ12bot/v1.4.8; http://mj12bot.com/)"
65.108.78.33 - - [22/Jan/2025:02:00:24 +0000] "GET /more/Cannabis-3-Legislation-FINAL/html5/data/js/data.js HTTP/1.1" 404 - "-" "Mozilla/5.0 (compatible; MJ12bot/v1.4.8; http://mj12bot.com/)"
65.108.78.33 - - [22/Jan/2025:02:00:27 +0000] "GET /more/Cannabis-3-Legislation-FINAL/html5/data/js/frame.js HTTP/1.1" 404 - "-" "Mozilla/5.0 (compatible; MJ12bot/v1.4.8; http://mj12bot.com/)"
65.108.78.33 - - [22/Jan/2025:02:00:29 +0000] "GET /more/Cannabis-3-Legislation-FINAL/html5/data/js/paths.js HTTP/1.1" 404 - "-" "Mozilla/5.0 (compatible; MJ12bot/v1.4.8; http://mj12bot.com/)"
65.108.78.33 - - [22/Jan/2025:02:00:32 +0000] "GET /more/Cannabis-3-Legislation-FINAL/html5/lib/scripts/?C=D;O=A HTTP/1.1" 404 - "-" "Mozilla/5.0 (compatible; MJ12bot/v1.4.8; http://mj12bot.com/)"
65.108.78.33 - - [22/Jan/2025:02:00:34 +0000] "GET /more/Cannabis-3-Legislation-FINAL/html5/lib/scripts/?C=M;O=A HTTP/1.1" 404 - "-" "Mozilla/5.0 (compatible; MJ12bot/v1.4.8; http://mj12bot.com/)"
65.108.78.33 - - [22/Jan/2025:02:00:37 +0000] "GET /more/Cannabis-3-Legislation-FINAL/html5/lib/scripts/?C=N;O=D HTTP/1.1" 404 - "-" "Mozilla/5.0 (compatible; MJ12bot/v1.4.8; http://mj12bot.com/)"
65.108.78.33 - - [22/Jan/2025:02:00:39 +0000] "GET /more/Cannabis-3-Legislation-FINAL/html5/lib/scripts/?C=S;O=A HTTP/1.1" 404 - "-" "Mozilla/5.0 (compatible; MJ12bot/v1.4.8; http://mj12bot.com/)"
65.108.78.33 - - [22/Jan/2025:02:00:41 +0000] "GET /more/Cannabis-3-Legislation-FINAL/html5/lib/scripts/app.min.js HTTP/1.1" 404 - "-" "Mozilla/5.0 (compatible; MJ12bot/v1.4.8; http://mj12bot.com/)"
65.108.78.33 - - [22/Jan/2025:02:00:44 +0000] "GET /more/Cannabis-3-Legislation-FINAL/html5/lib/stylesheets/?C=D;O=A HTTP/1.1" 404 - "-" "Mozilla/5.0 (compatible; MJ12bot/v1.4.8; http://mj12bot.com/)"
65.108.78.33 - - [22/Jan/2025:02:00:46 +0000] "GET /more/Cannabis-3-Legislation-FINAL/html5/lib/stylesheets/?C=M;O=A HTTP/1.1" 404 - "-" "Mozilla/5.0 (compatible; MJ12bot/v1.4.8; http://mj12bot.com/)"
65.108.78.33 - - [22/Jan/2025:02:00:48 +0000] "GET /more/Cannabis-3-Legislation-FINAL/html5/lib/stylesheets/?C=N;O=D HTTP/1.1" 404 - "-" "Mozilla/5.0 (compatible; MJ12bot/v1.4.8; http://mj12bot.com/)"
66.249.72.40 - - [22/Jan/2025:02:00:50 +0000] "GET /items/irjow103/11842?key=otherwise HTTP/1.1" 404 - "-" "Mozilla/5.0 (Linux; Android 6.0.1; Nexus 5X Build/MMB29P) AppleWebKit/537.36 (KHTML, like Gecko) Chrome/132.0.6834.83 Mobile Safari/537.36 (compatible; GoogleOther)"
65.108.78.33 - - [22/Jan/2025:02:00:51 +0000] "GET /more/Cannabis-3-Legislation-FINAL/html5/lib/stylesheets/?C=S;O=A HTTP/1.1" 404 - "-" "Mozilla/5.0 (compatible; MJ12bot/v1.4.8; http://mj12bot.com/)"
65.108.78.33 - - [22/Jan/2025:02:00:53 +0000] "GET /more/Cannabis-3-Legislation-FINAL/html5/lib/stylesheets/main.min.css HTTP/1.1" 404 - "-" "Mozilla/5.0 (compatible; MJ12bot/v1.4.8; http://mj12bot.com/)"
65.108.78.33 - - [22/Jan/2025:02:00:55 +0000] "GET /more/Cannabis-3-Legislation-FINAL/html5/lib/stylesheets/mobile-fonts/ HTTP/1.1" 404 - "-" "Mozilla/5.0 (compatible; MJ12bot/v1.4.8; http://mj12bot.com/)"
174.116.161.20 - - [22/Jan/2025:02:04:08 +0000] "-" 408 - "-" "-"
174.116.161.20 - - [22/Jan/2025:02:04:28 +0000] "-" 408 - "-" "-"
68.147.81.219 - - [22/Jan/2025:02:07:59 +0000] "GET /canreachalumni.html HTTP/1.1" 404 - "-" "Mozilla/5.0 (Macintosh; Intel Mac OS X 10_15_7) AppleWebKit/605.1.15 (KHTML, like Gecko)"
68.147.81.219 - - [22/Jan/2025:02:07:59 +0000] "GET /favicon.ico HTTP/1.1" 404 - "-" "Safari/18618.1.15.111.8 CFNetwork/1410.4 Darwin/22.6.0"
68.147.81.219 - - [22/Jan/2025:02:07:59 +0000] "GET /favicon.ico HTTP/1.1" 404 - "-" "Safari/18618.1.15.111.8 CFNetwork/1410.4 Darwin/22.6.0"
15.204.182.106 - - [22/Jan/2025:02:08:45 +0000] "GET / HTTP/1.1" 200 84522 "-" "Mozilla/5.0 (Windows NT 10.0; Win64; x64) AppleWebKit/537.36 (KHTML, like Gecko) Chrome/122.0.0.0 Safari/537.36"
104.219.214.16 - - [22/Jan/2025:02:15:57 +0000] "GET /wp-includes/admin.php HTTP/1.1" 404 - "https://hmhc.ca/wp-includes/admin.php" "Mozilla/5.0 (Windows NT 10.0; Win64; x64) AppleWebKit/537.36 (KHTML, like Gecko) Chrome/58.0.3029.110 Safari/537.3"
104.219.214.16 - - [22/Jan/2025:02:16:02 +0000] "GET / HTTP/1.1" 200 84522 "https://hmhc.ca" "Mozilla/5.0 (Windows NT 10.0; Win64; x64) AppleWebKit/537.36 (KHTML, like Gecko) Chrome/58.0.3029.110 Safari/537.3"
112.215.209.108 - - [22/Jan/2025:02:19:09 +0000] "GET / HTTP/1.1" 200 84522 "https://www.google.com/" "Mozilla/5.0 (Linux; Android 8.1.0; vivo 1811) AppleWebKit/537.36 (KHTML, like Gecko) Chrome/70.0.3538.110 Mobile Safari/537.36"
50.99.162.181 - - [22/Jan/2025:02:21:01 +0000] "GET / HTTP/1.1" 200 25 "-" "Mozilla/5.0 (Macintosh; Intel Mac OS X 10_11_1) AppleWebKit/601.2.4 (KHTML, like Gecko) Version/9.0.1 Safari/601.2.4 facebookexternalhit/1.1 Facebot Twitterbot/1.0"
66.249.72.38 - - [22/Jan/2025:02:23:17 +0000] "GET /items/ypdkw54/16788?key=gold HTTP/1.1" 404 - "-" "Mozilla/5.0 (Linux; Android 6.0.1; Nexus 5X Build/MMB29P) AppleWebKit/537.36 (KHTML, like Gecko) Chrome/132.0.6834.83 Mobile Safari/537.36 (compatible; Googlebot/2.1; +http://www.google.com/bot.html)"
66.249.72.39 - - [22/Jan/2025:02:23:43 +0000] "GET /items/dofxj102/6893?key=guilty HTTP/1.1" 404 - "-" "Mozilla/5.0 (Linux; Android 6.0.1; Nexus 5X Build/MMB29P) AppleWebKit/537.36 (KHTML, like Gecko) Chrome/132.0.6834.83 Mobile Safari/537.36 (compatible; Googlebot/2.1; +http://www.google.com/bot.html)"
66.249.72.38 - - [22/Jan/2025:02:23:51 +0000] "GET /items/zrjll28/37917?key=Arab HTTP/1.1" 404 - "-" "Mozilla/5.0 (Linux; Android 6.0.1; Nexus 5X Build/MMB29P) AppleWebKit/537.36 (KHTML, like Gecko) Chrome/132.0.6834.83 Mobile Safari/537.36 (compatible; Googlebot/2.1; +http://www.google.com/bot.html)"
66.249.72.39 - - [22/Jan/2025:02:24:13 +0000] "GET /items/ugyqc87/3856?key=live HTTP/1.1" 404 - "-" "Mozilla/5.0 (Linux; Android 6.0.1; Nexus 5X Build/MMB29P) AppleWebKit/537.36 (KHTML, like Gecko) Chrome/132.0.6834.83 Mobile Safari/537.36 (compatible; Googlebot/2.1; +http://www.google.com/bot.html)"
66.249.72.38 - - [22/Jan/2025:02:24:40 +0000] "GET /items/qxyee147/38006?key=knock HTTP/1.1" 404 - "-" "Mozilla/5.0 (Linux; Android 6.0.1; Nexus 5X Build/MMB29P) AppleWebKit/537.36 (KHTML, like Gecko) Chrome/132.0.6834.83 Mobile Safari/537.36 (compatible; Googlebot/2.1; +http://www.google.com/bot.html)"
66.249.72.38 - - [22/Jan/2025:02:24:48 +0000] "GET /items/aqhub258/27608?key=neat HTTP/1.1" 404 - "-" "Mozilla/5.0 (Linux; Android 6.0.1; Nexus 5X Build/MMB29P) AppleWebKit/537.36 (KHTML, like Gecko) Chrome/132.0.6834.83 Mobile Safari/537.36 (compatible; Googlebot/2.1; +http://www.google.com/bot.html)"
167.99.99.8 - - [22/Jan/2025:02:24:49 +0000] "GET / HTTP/1.1" 200 84522 "-" "Mozilla/5.0 (X11; Linux x86_64) AppleWebKit/537.36 (KHTML, like Gecko) Chrome/55.0.2883.87 Safari/537.36"
66.249.72.40 - - [22/Jan/2025:02:25:06 +0000] "GET /items/jigyl219/8610?key=master HTTP/1.1" 404 - "-" "Mozilla/5.0 (Linux; Android 6.0.1; Nexus 5X Build/MMB29P) AppleWebKit/537.36 (KHTML, like Gecko) Chrome/132.0.6834.83 Mobile Safari/537.36 (compatible; Googlebot/2.1; +http://www.google.com/bot.html)"
66.249.72.39 - - [22/Jan/2025:02:25:10 +0000] "GET /items/wfjdk237/22479?key=halfway HTTP/1.1" 404 - "-" "Mozilla/5.0 (Linux; Android 6.0.1; Nexus 5X Build/MMB29P) AppleWebKit/537.36 (KHTML, like Gecko) Chrome/132.0.6834.83 Mobile Safari/537.36 (compatible; Googlebot/2.1; +http://www.google.com/bot.html)"
66.249.72.107 - - [22/Jan/2025:02:25:30 +0000] "GET / HTTP/1.1" 200 84522 "-" "Mozilla/5.0 (Linux; Android 6.0.1; Nexus 5X Build/MMB29P) AppleWebKit/537.36 (KHTML, like Gecko) Chrome/132.0.6834.83 Mobile Safari/537.36 (compatible; Googlebot/2.1; +http://www.google.com/bot.html)"
66.249.72.38 - - [22/Jan/2025:02:25:36 +0000] "GET /items/ipgyo22/43890?key=provided HTTP/1.1" 404 - "-" "Mozilla/5.0 (Linux; Android 6.0.1; Nexus 5X Build/MMB29P) AppleWebKit/537.36 (KHTML, like Gecko) Chrome/132.0.6834.83 Mobile Safari/537.36 (compatible; Googlebot/2.1; +http://www.google.com/bot.html)"
66.249.72.40 - - [22/Jan/2025:02:26:14 +0000] "GET /items/ltwlm28/7903?key=folk HTTP/1.1" 404 - "-" "Mozilla/5.0 (Linux; Android 6.0.1; Nexus 5X Build/MMB29P) AppleWebKit/537.36 (KHTML, like Gecko) Chrome/132.0.6834.83 Mobile Safari/537.36 (compatible; Googlebot/2.1; +http://www.google.com/bot.html)"
66.249.72.107 - - [22/Jan/2025:02:29:53 +0000] "GET / HTTP/1.1" 200 84522 "-" "Mozilla/5.0 (Linux; Android 6.0.1; Nexus 5X Build/MMB29P) AppleWebKit/537.36 (KHTML, like Gecko) Chrome/132.0.6834.83 Mobile Safari/537.36 (compatible; Googlebot/2.1; +http://www.google.com/bot.html)"
24.66.8.189 - - [22/Jan/2025:02:31:06 +0000] "GET / HTTP/1.1" 200 25 "-" "Mozilla/5.0 (Macintosh; Intel Mac OS X 10_11_1) AppleWebKit/601.2.4 (KHTML, like Gecko) Version/9.0.1 Safari/601.2.4 facebookexternalhit/1.1 Facebot Twitterbot/1.0"
66.249.72.40 - - [22/Jan/2025:02:33:42 +0000] "GET /favicon.ico HTTP/1.1" 404 - "-" "Googlebot-Image/1.0"
104.205.254.30 - - [22/Jan/2025:02:34:10 +0000] "GET / HTTP/1.1" 200 25 "-" "Mozilla/5.0 (iPhone; CPU iPhone OS 18_2_1 like Mac OS X) AppleWebKit/605.1.15 (KHTML, like Gecko) Version/18.2 Mobile/15E148 Safari/604.1"
172.225.43.145 - - [22/Jan/2025:02:34:10 +0000] "GET /apple-touch-icon-120x120-precomposed.png HTTP/1.1" 404 - "-" "SafariViewService/8620.1.16.10.11 CFNetwork/1568.300.101 Darwin/24.2.0"
172.225.43.145 - - [22/Jan/2025:02:34:10 +0000] "GET /apple-touch-icon-120x120.png HTTP/1.1" 404 - "-" "SafariViewService/8620.1.16.10.11 CFNetwork/1568.300.101 Darwin/24.2.0"
172.225.43.145 - - [22/Jan/2025:02:34:11 +0000] "GET /apple-touch-icon-precomposed.png HTTP/1.1" 404 - "-" "SafariViewService/8620.1.16.10.11 CFNetwork/1568.300.101 Darwin/24.2.0"
172.225.43.145 - - [22/Jan/2025:02:34:11 +0000] "GET /apple-touch-icon.png HTTP/1.1" 404 - "-" "SafariViewService/8620.1.16.10.11 CFNetwork/1568.300.101 Darwin/24.2.0"
172.225.43.145 - - [22/Jan/2025:02:34:11 +0000] "GET /favicon.ico HTTP/1.1" 404 - "-" "SafariViewService/8620.1.16.10.11 CFNetwork/1568.300.101 Darwin/24.2.0"
172.225.43.145 - - [22/Jan/2025:02:34:11 +0000] "GET /apple-touch-icon-120x120-precomposed.png HTTP/1.1" 404 - "-" "SafariViewService/8620.1.16.10.11 CFNetwork/1568.300.101 Darwin/24.2.0"
172.225.43.145 - - [22/Jan/2025:02:34:11 +0000] "GET /apple-touch-icon-120x120.png HTTP/1.1" 404 - "-" "SafariViewService/8620.1.16.10.11 CFNetwork/1568.300.101 Darwin/24.2.0"
172.225.43.145 - - [22/Jan/2025:02:34:11 +0000] "GET /apple-touch-icon-precomposed.png HTTP/1.1" 404 - "-" "SafariViewService/8620.1.16.10.11 CFNetwork/1568.300.101 Darwin/24.2.0"
172.225.43.145 - - [22/Jan/2025:02:34:11 +0000] "GET /apple-touch-icon.png HTTP/1.1" 404 - "-" "SafariViewService/8620.1.16.10.11 CFNetwork/1568.300.101 Darwin/24.2.0"
172.225.43.145 - - [22/Jan/2025:02:34:11 +0000] "GET /favicon.ico HTTP/1.1" 404 - "-" "SafariViewService/8620.1.16.10.11 CFNetwork/1568.300.101 Darwin/24.2.0"
107.148.90.102 - - [22/Jan/2025:02:37:08 +0000] "GET /wp-includes/admin.php HTTP/1.1" 404 - "https://hmhc.ca/wp-includes/admin.php" "Mozilla/5.0 (Windows NT 10.0; Win64; x64) AppleWebKit/537.36 (KHTML, like Gecko) Chrome/58.0.3029.110 Safari/537.3"
107.148.90.102 - - [22/Jan/2025:02:37:09 +0000] "GET / HTTP/1.1" 200 84522 "https://hmhc.ca" "Mozilla/5.0 (Windows NT 10.0; Win64; x64) AppleWebKit/537.36 (KHTML, like Gecko) Chrome/58.0.3029.110 Safari/537.3"
66.249.72.39 - - [22/Jan/2025:02:38:26 +0000] "GET /robots.txt HTTP/1.1" 200 94 "-" "Mozilla/5.0 (compatible; Googlebot/2.1; +http://www.google.com/bot.html)"
66.249.72.38 - - [22/Jan/2025:02:38:47 +0000] "GET /items/zmqab135/39275?key=impressive HTTP/1.1" 404 - "-" "Mozilla/5.0 (Linux; Android 6.0.1; Nexus 5X Build/MMB29P) AppleWebKit/537.36 (KHTML, like Gecko) Chrome/132.0.6834.83 Mobile Safari/537.36 (compatible; Googlebot/2.1; +http://www.google.com/bot.html)"
66.249.72.108 - - [22/Jan/2025:02:42:47 +0000] "GET / HTTP/1.1" 200 84522 "-" "Mozilla/5.0 (Linux; Android 6.0.1; Nexus 5X Build/MMB29P) AppleWebKit/537.36 (KHTML, like Gecko) Chrome/132.0.6834.83 Mobile Safari/537.36 (compatible; Googlebot/2.1; +http://www.google.com/bot.html)"
66.249.72.38 - - [22/Jan/2025:02:49:38 +0000] "GET /items/cmjlt253/26018?key=warning HTTP/1.1" 404 - "-" "Mozilla/5.0 (Linux; Android 6.0.1; Nexus 5X Build/MMB29P) AppleWebKit/537.36 (KHTML, like Gecko) Chrome/132.0.6834.83 Mobile Safari/537.36 (compatible; Googlebot/2.1; +http://www.google.com/bot.html)"
66.249.72.106 - - [22/Jan/2025:02:54:38 +0000] "GET / HTTP/1.1" 200 84522 "-" "Mozilla/5.0 (Linux; Android 6.0.1; Nexus 5X Build/MMB29P) AppleWebKit/537.36 (KHTML, like Gecko) Chrome/132.0.6834.83 Mobile Safari/537.36 (compatible; Googlebot/2.1; +http://www.google.com/bot.html)"
69.197.182.50 - - [22/Jan/2025:02:57:33 +0000] "GET /wp-includes/admin.php HTTP/1.1" 404 - "https://hmhc.ca/wp-includes/admin.php" "Mozilla/5.0 (Windows NT 10.0; Win64; x64) AppleWebKit/537.36 (KHTML, like Gecko) Chrome/58.0.3029.110 Safari/537.3"
69.197.182.50 - - [22/Jan/2025:02:57:33 +0000] "GET / HTTP/1.1" 200 84522 "https://hmhc.ca" "Mozilla/5.0 (Windows NT 10.0; Win64; x64) AppleWebKit/537.36 (KHTML, like Gecko) Chrome/58.0.3029.110 Safari/537.3"
66.249.72.108 - - [22/Jan/2025:02:57:53 +0000] "GET / HTTP/1.1" 200 84522 "-" "Mozilla/5.0 (Linux; Android 6.0.1; Nexus 5X Build/MMB29P) AppleWebKit/537.36 (KHTML, like Gecko) Chrome/132.0.6834.83 Mobile Safari/537.36 (compatible; Googlebot/2.1; +http://www.google.com/bot.html)"
15.204.182.106 - - [22/Jan/2025:03:04:49 +0000] "GET / HTTP/1.1" 200 84522 "-" "Mozilla/5.0 (Windows NT 10.0; Win64; x64) AppleWebKit/537.36 (KHTML, like Gecko) Chrome/122.0.0.0 Safari/537.36"
107.148.42.164 - - [22/Jan/2025:03:17:55 +0000] "GET /wp-includes/admin.php HTTP/1.1" 404 - "https://hmhc.ca/wp-includes/admin.php" "Mozilla/5.0 (Windows NT 10.0; Win64; x64) AppleWebKit/537.36 (KHTML, like Gecko) Chrome/58.0.3029.110 Safari/537.3"
107.148.42.164 - - [22/Jan/2025:03:17:59 +0000] "GET / HTTP/1.1" 200 84522 "https://hmhc.ca" "Mozilla/5.0 (Windows NT 10.0; Win64; x64) AppleWebKit/537.36 (KHTML, like Gecko) Chrome/58.0.3029.110 Safari/537.3"
52.167.144.200 - - [22/Jan/2025:03:18:11 +0000] "GET /items/sdaff8/638?key=pepper HTTP/1.1" 404 - "-" "Mozilla/5.0 AppleWebKit/537.36 (KHTML, like Gecko; compatible; bingbot/2.0; +http://www.bing.com/bingbot.htm) Chrome/116.0.1938.76 Safari/537.36"
198.166.185.161 - - [22/Jan/2025:03:25:02 +0000] "GET / HTTP/1.1" 200 25 "-" "Mozilla/5.0 (Macintosh; Intel Mac OS X 10_11_1) AppleWebKit/601.2.4 (KHTML, like Gecko) Version/9.0.1 Safari/601.2.4 facebookexternalhit/1.1 Facebot Twitterbot/1.0"
66.249.72.97 - - [22/Jan/2025:03:32:06 +0000] "GET /canreach_files/ HTTP/1.1" 404 - "-" "Mozilla/5.0 (Linux; Android 6.0.1; Nexus 5X Build/MMB29P) AppleWebKit/537.36 (KHTML, like Gecko) Chrome/132.0.6834.83 Mobile Safari/537.36 (compatible; Googlebot/2.1; +http://www.google.com/bot.html)"
66.249.72.106 - - [22/Jan/2025:03:35:45 +0000] "GET / HTTP/1.1" 200 84522 "-" "Mozilla/5.0 (Linux; Android 6.0.1; Nexus 5X Build/MMB29P) AppleWebKit/537.36 (KHTML, like Gecko) Chrome/132.0.6834.83 Mobile Safari/537.36 (compatible; Googlebot/2.1; +http://www.google.com/bot.html)"
104.219.214.2 - - [22/Jan/2025:03:37:14 +0000] "GET /wp-includes/admin.php HTTP/1.1" 404 - "https://hmhc.ca/wp-includes/admin.php" "Mozilla/5.0 (Windows NT 10.0; Win64; x64) AppleWebKit/537.36 (KHTML, like Gecko) Chrome/58.0.3029.110 Safari/537.3"
104.219.214.2 - - [22/Jan/2025:03:37:16 +0000] "GET / HTTP/1.1" 200 84522 "https://hmhc.ca" "Mozilla/5.0 (Windows NT 10.0; Win64; x64) AppleWebKit/537.36 (KHTML, like Gecko) Chrome/58.0.3029.110 Safari/537.3"
66.249.72.96 - - [22/Jan/2025:03:40:17 +0000] "GET /items/mmotj283/26208?key=work HTTP/1.1" 404 - "-" "Mozilla/5.0 (Linux; Android 6.0.1; Nexus 5X Build/MMB29P) AppleWebKit/537.36 (KHTML, like Gecko) Chrome/132.0.6834.83 Mobile Safari/537.36 (compatible; Googlebot/2.1; +http://www.google.com/bot.html)"
125.166.12.143 - - [22/Jan/2025:03:40:36 +0000] "GET / HTTP/1.1" 200 84522 "https://www.google.com/" "Mozilla/5.0 (Linux; Android 10; K) AppleWebKit/537.36 (KHTML, like Gecko) Chrome/132.0.0.0 Mobile Safari/537.36"
