23.17.107.103 - - [21/Jan/2025:14:12:23 +0000] "GET / HTTP/1.1" 200 25 "-" "Mozilla/5.0 (Macintosh; Intel Mac OS X 10_11_1) AppleWebKit/601.2.4 (KHTML, like Gecko) Version/9.0.1 Safari/601.2.4 facebookexternalhit/1.1 Facebot Twitterbot/1.0"
34.77.149.227 - - [21/Jan/2025:14:13:09 +0000] "GET / HTTP/1.0" 404 - "-" "-"
66.249.72.39 - - [21/Jan/2025:14:13:19 +0000] "GET /items/hjayp258/23591?key=professor HTTP/1.1" 404 - "-" "Mozilla/5.0 (Linux; Android 6.0.1; Nexus 5X Build/MMB29P) AppleWebKit/537.36 (KHTML, like Gecko) Chrome/132.0.6834.83 Mobile Safari/537.36 (compatible; Googlebot/2.1; +http://www.google.com/bot.html)"
114.10.146.179 - - [21/Jan/2025:14:14:06 +0000] "GET / HTTP/1.1" 200 84522 "-" "Mozilla/5.0 (Linux; Android 11; RMX3231 Build/RP1A.201005.001) AppleWebKit/537.36 (KHTML, like Gecko) Chrome/131.0.6778.260 Mobile Safari/537.36"
66.249.72.98 - - [21/Jan/2025:14:14:15 +0000] "GET /items/zeygi100/5671?key=coat HTTP/1.1" 404 - "-" "Mozilla/5.0 (Linux; Android 6.0.1; Nexus 5X Build/MMB29P) AppleWebKit/537.36 (KHTML, like Gecko) Chrome/132.0.6834.83 Mobile Safari/537.36 (compatible; Googlebot/2.1; +http://www.google.com/bot.html)"
66.249.72.108 - - [21/Jan/2025:14:14:16 +0000] "GET / HTTP/1.1" 200 84522 "-" "Mozilla/5.0 (Linux; Android 6.0.1; Nexus 5X Build/MMB29P) AppleWebKit/537.36 (KHTML, like Gecko) Chrome/132.0.6834.83 Mobile Safari/537.36 (compatible; Googlebot/2.1; +http://www.google.com/bot.html)"
114.79.2.233 - - [21/Jan/2025:14:14:45 +0000] "GET / HTTP/1.1" 200 84522 "https://www.google.com/" "Mozilla/5.0 (Linux; Android 8.1.0; CPH1909) AppleWebKit/537.36 (KHTML, like Gecko) Chrome/70.0.3538.110 Mobile Safari/537.36"
114.10.147.179 - - [21/Jan/2025:14:15:20 +0000] "GET / HTTP/1.1" 200 84522 "-" "Mozilla/5.0 (Linux; Android 11; RMX3231 Build/RP1A.201005.001) AppleWebKit/537.36 (KHTML, like Gecko) Chrome/131.0.6778.260 Mobile Safari/537.36"
66.249.72.108 - - [21/Jan/2025:14:16:07 +0000] "GET / HTTP/1.1" 200 84522 "-" "Mozilla/5.0 (Linux; Android 6.0.1; Nexus 5X Build/MMB29P) AppleWebKit/537.36 (KHTML, like Gecko) Chrome/132.0.6834.83 Mobile Safari/537.36 (compatible; Googlebot/2.1; +http://www.google.com/bot.html)"
167.94.146.60 - - [21/Jan/2025:14:16:07 +0000] "GET / HTTP/1.1" 200 155632 "-" "-"
167.94.146.60 - - [21/Jan/2025:14:16:11 +0000] "GET / HTTP/1.1" 200 84522 "-" "Mozilla/5.0 (compatible; CensysInspect/1.1; +https://about.censys.io/)"
167.94.146.60 - - [21/Jan/2025:14:16:12 +0000] "GET /favicon.ico HTTP/1.1" 404 - "-" "Mozilla/5.0 (compatible; CensysInspect/1.1; +https://about.censys.io/)"
66.249.72.106 - - [21/Jan/2025:14:16:17 +0000] "GET / HTTP/1.1" 200 84522 "-" "Mozilla/5.0 (Linux; Android 6.0.1; Nexus 5X Build/MMB29P) AppleWebKit/537.36 (KHTML, like Gecko) Chrome/132.0.6834.83 Mobile Safari/537.36 (compatible; Googlebot/2.1; +http://www.google.com/bot.html)"
66.249.72.38 - - [21/Jan/2025:14:18:14 +0000] "GET /items/wptct258/41594?key=reverse HTTP/1.1" 404 - "-" "Mozilla/5.0 (Linux; Android 6.0.1; Nexus 5X Build/MMB29P) AppleWebKit/537.36 (KHTML, like Gecko) Chrome/132.0.6834.83 Mobile Safari/537.36 (compatible; Googlebot/2.1; +http://www.google.com/bot.html)"
66.249.72.106 - - [21/Jan/2025:14:18:31 +0000] "GET / HTTP/1.1" 200 84522 "-" "Mozilla/5.0 (Linux; Android 6.0.1; Nexus 5X Build/MMB29P) AppleWebKit/537.36 (KHTML, like Gecko) Chrome/132.0.6834.83 Mobile Safari/537.36 (compatible; Googlebot/2.1; +http://www.google.com/bot.html)"
66.249.72.40 - - [21/Jan/2025:14:19:17 +0000] "GET /items/nomcs147/38016?key=harvest HTTP/1.1" 404 - "-" "Mozilla/5.0 (Linux; Android 6.0.1; Nexus 5X Build/MMB29P) AppleWebKit/537.36 (KHTML, like Gecko) Chrome/132.0.6834.83 Mobile Safari/537.36 (compatible; Googlebot/2.1; +http://www.google.com/bot.html)"
101.128.96.236 - - [21/Jan/2025:14:20:16 +0000] "GET / HTTP/1.1" 200 84522 "https://www.google.com/" "Mozilla/5.0 (Linux; Android 10; K) AppleWebKit/537.36 (KHTML, like Gecko) Chrome/132.0.0.0 Mobile Safari/537.36"
101.128.96.236 - - [21/Jan/2025:14:21:45 +0000] "GET / HTTP/1.1" 200 84522 "https://www.google.com/" "Mozilla/5.0 (Linux; Android 10; K) AppleWebKit/537.36 (KHTML, like Gecko) Chrome/132.0.0.0 Mobile Safari/537.36"
104.219.214.16 - - [21/Jan/2025:14:22:09 +0000] "GET /wp-includes/admin.php HTTP/1.1" 404 - "https://hmhc.ca/wp-includes/admin.php" "Mozilla/5.0 (Windows NT 10.0; Win64; x64) AppleWebKit/537.36 (KHTML, like Gecko) Chrome/58.0.3029.110 Safari/537.3"
104.219.214.16 - - [21/Jan/2025:14:22:11 +0000] "GET / HTTP/1.1" 200 84522 "https://hmhc.ca" "Mozilla/5.0 (Windows NT 10.0; Win64; x64) AppleWebKit/537.36 (KHTML, like Gecko) Chrome/58.0.3029.110 Safari/537.3"
66.249.72.107 - - [21/Jan/2025:14:23:43 +0000] "GET / HTTP/1.1" 200 84522 "-" "Mozilla/5.0 (Linux; Android 6.0.1; Nexus 5X Build/MMB29P) AppleWebKit/537.36 (KHTML, like Gecko) Chrome/132.0.6834.83 Mobile Safari/537.36 (compatible; Googlebot/2.1; +http://www.google.com/bot.html)"
66.249.72.97 - - [21/Jan/2025:14:25:44 +0000] "GET /robots.txt HTTP/1.1" 200 94 "-" "Mozilla/5.0 (compatible; Googlebot/2.1; +http://www.google.com/bot.html)"
66.249.72.38 - - [21/Jan/2025:14:25:45 +0000] "GET /items/dhjtc216/2394?key=obtain HTTP/1.1" 404 - "-" "Mozilla/5.0 (Linux; Android 6.0.1; Nexus 5X Build/MMB29P) AppleWebKit/537.36 (KHTML, like Gecko) Chrome/132.0.6834.83 Mobile Safari/537.36 (compatible; Googlebot/2.1; +http://www.google.com/bot.html)"
66.249.72.39 - - [21/Jan/2025:14:25:46 +0000] "GET /items/hcyxc250/23068?key=makeup HTTP/1.1" 404 - "-" "Mozilla/5.0 (Linux; Android 6.0.1; Nexus 5X Build/MMB29P) AppleWebKit/537.36 (KHTML, like Gecko) Chrome/132.0.6834.83 Mobile Safari/537.36 (compatible; Googlebot/2.1; +http://www.google.com/bot.html)"
66.249.72.39 - - [21/Jan/2025:14:25:46 +0000] "GET /items/dqdlk44/24718?key=prior HTTP/1.1" 404 - "-" "Mozilla/5.0 (Linux; Android 6.0.1; Nexus 5X Build/MMB29P) AppleWebKit/537.36 (KHTML, like Gecko) Chrome/132.0.6834.83 Mobile Safari/537.36 (compatible; Googlebot/2.1; +http://www.google.com/bot.html)"
66.249.72.39 - - [21/Jan/2025:14:25:46 +0000] "GET /items/llusv233/1193?key=food HTTP/1.1" 404 - "-" "Mozilla/5.0 (Linux; Android 6.0.1; Nexus 5X Build/MMB29P) AppleWebKit/537.36 (KHTML, like Gecko) Chrome/132.0.6834.83 Mobile Safari/537.36 (compatible; Googlebot/2.1; +http://www.google.com/bot.html)"
66.249.72.38 - - [21/Jan/2025:14:25:46 +0000] "GET /items/drocm159/19423?key=single HTTP/1.1" 404 - "-" "Mozilla/5.0 (Linux; Android 6.0.1; Nexus 5X Build/MMB29P) AppleWebKit/537.36 (KHTML, like Gecko) Chrome/132.0.6834.83 Mobile Safari/537.36 (compatible; Googlebot/2.1; +http://www.google.com/bot.html)"
66.249.72.40 - - [21/Jan/2025:14:25:46 +0000] "GET /items/pjsiz264/12565?key=offender HTTP/1.1" 404 - "-" "Mozilla/5.0 (Linux; Android 6.0.1; Nexus 5X Build/MMB29P) AppleWebKit/537.36 (KHTML, like Gecko) Chrome/132.0.6834.83 Mobile Safari/537.36 (compatible; Googlebot/2.1; +http://www.google.com/bot.html)"
66.249.72.38 - - [21/Jan/2025:14:25:46 +0000] "GET /items/ntgar273/43292?key=objection HTTP/1.1" 404 - "-" "Mozilla/5.0 (Linux; Android 6.0.1; Nexus 5X Build/MMB29P) AppleWebKit/537.36 (KHTML, like Gecko) Chrome/132.0.6834.83 Mobile Safari/537.36 (compatible; Googlebot/2.1; +http://www.google.com/bot.html)"
66.249.72.38 - - [21/Jan/2025:14:25:54 +0000] "GET /items/vxbbe86/9669?key=live HTTP/1.1" 404 - "-" "Mozilla/5.0 (Linux; Android 6.0.1; Nexus 5X Build/MMB29P) AppleWebKit/537.36 (KHTML, like Gecko) Chrome/132.0.6834.83 Mobile Safari/537.36 (compatible; Googlebot/2.1; +http://www.google.com/bot.html)"
66.249.72.107 - - [21/Jan/2025:14:28:22 +0000] "GET / HTTP/1.1" 200 84522 "-" "Mozilla/5.0 (Linux; Android 6.0.1; Nexus 5X Build/MMB29P) AppleWebKit/537.36 (KHTML, like Gecko) Chrome/132.0.6834.83 Mobile Safari/537.36 (compatible; Googlebot/2.1; +http://www.google.com/bot.html)"
40.77.167.156 - - [21/Jan/2025:14:28:50 +0000] "GET /99512144 HTTP/1.1" 404 - "-" "Mozilla/5.0 AppleWebKit/537.36 (KHTML, like Gecko; compatible; bingbot/2.0; +http://www.bing.com/bingbot.htm) Chrome/116.0.1938.76 Safari/537.36"
66.249.72.39 - - [21/Jan/2025:14:29:02 +0000] "GET /items/qgbyi174/16052?key=appearance HTTP/1.1" 404 - "-" "Mozilla/5.0 (Linux; Android 6.0.1; Nexus 5X Build/MMB29P) AppleWebKit/537.36 (KHTML, like Gecko) Chrome/132.0.6834.83 Mobile Safari/537.36 (compatible; Googlebot/2.1; +http://www.google.com/bot.html)"
66.249.72.39 - - [21/Jan/2025:14:29:26 +0000] "GET /items/rglio148/20381?key=notice HTTP/1.1" 404 - "-" "Mozilla/5.0 (Linux; Android 6.0.1; Nexus 5X Build/MMB29P) AppleWebKit/537.36 (KHTML, like Gecko) Chrome/132.0.6834.83 Mobile Safari/537.36 (compatible; Googlebot/2.1; +http://www.google.com/bot.html)"
66.249.72.39 - - [21/Jan/2025:14:29:29 +0000] "GET /items/smtmj229/3233?key=verdict HTTP/1.1" 404 - "-" "Mozilla/5.0 (Linux; Android 6.0.1; Nexus 5X Build/MMB29P) AppleWebKit/537.36 (KHTML, like Gecko) Chrome/132.0.6834.83 Mobile Safari/537.36 (compatible; Googlebot/2.1; +http://www.google.com/bot.html)"
66.249.72.39 - - [21/Jan/2025:14:29:29 +0000] "GET /items/pedip10/40062?key=maintenance HTTP/1.1" 404 - "-" "Mozilla/5.0 (Linux; Android 6.0.1; Nexus 5X Build/MMB29P) AppleWebKit/537.36 (KHTML, like Gecko) Chrome/132.0.6834.83 Mobile Safari/537.36 (compatible; Googlebot/2.1; +http://www.google.com/bot.html)"
66.249.72.38 - - [21/Jan/2025:14:29:30 +0000] "GET /items/nrwgs258/5625?key=stress HTTP/1.1" 404 - "-" "Mozilla/5.0 (Linux; Android 6.0.1; Nexus 5X Build/MMB29P) AppleWebKit/537.36 (KHTML, like Gecko) Chrome/132.0.6834.83 Mobile Safari/537.36 (compatible; Googlebot/2.1; +http://www.google.com/bot.html)"
66.249.72.38 - - [21/Jan/2025:14:29:30 +0000] "GET /items/idpok28/37914?key=source HTTP/1.1" 404 - "-" "Mozilla/5.0 (Linux; Android 6.0.1; Nexus 5X Build/MMB29P) AppleWebKit/537.36 (KHTML, like Gecko) Chrome/132.0.6834.83 Mobile Safari/537.36 (compatible; Googlebot/2.1; +http://www.google.com/bot.html)"
66.249.72.107 - - [21/Jan/2025:14:29:34 +0000] "GET / HTTP/1.1" 200 84522 "-" "Mozilla/5.0 (Linux; Android 6.0.1; Nexus 5X Build/MMB29P) AppleWebKit/537.36 (KHTML, like Gecko) Chrome/132.0.6834.83 Mobile Safari/537.36 (compatible; Googlebot/2.1; +http://www.google.com/bot.html)"
66.249.72.38 - - [21/Jan/2025:14:29:46 +0000] "GET /items/honvn33/5545?key=seven HTTP/1.1" 404 - "-" "Mozilla/5.0 (Linux; Android 6.0.1; Nexus 5X Build/MMB29P) AppleWebKit/537.36 (KHTML, like Gecko) Chrome/132.0.6834.83 Mobile Safari/537.36 (compatible; Googlebot/2.1; +http://www.google.com/bot.html)"
66.249.72.38 - - [21/Jan/2025:14:30:23 +0000] "GET /items/ifbdo33/45110?key=trace HTTP/1.1" 404 - "-" "Mozilla/5.0 (Linux; Android 6.0.1; Nexus 5X Build/MMB29P) AppleWebKit/537.36 (KHTML, like Gecko) Chrome/132.0.6834.83 Mobile Safari/537.36 (compatible; Googlebot/2.1; +http://www.google.com/bot.html)"
140.213.105.159 - - [21/Jan/2025:14:32:24 +0000] "GET / HTTP/1.1" 200 84522 "-" "Mozilla/5.0 (Linux; Android 10; K) AppleWebKit/537.36 (KHTML, like Gecko) SamsungBrowser/24.0 Chrome/117.0.0.0 Mobile Safari/537.36"
50.66.92.210 - - [21/Jan/2025:14:32:45 +0000] "GET / HTTP/1.1" 200 25 "-" "Mozilla/5.0 (Macintosh; Intel Mac OS X 10_11_1) AppleWebKit/601.2.4 (KHTML, like Gecko) Version/9.0.1 Safari/601.2.4 facebookexternalhit/1.1 Facebot Twitterbot/1.0"
66.249.72.40 - - [21/Jan/2025:14:32:58 +0000] "GET /items/hukho208/47701?key=dying HTTP/1.1" 404 - "-" "Mozilla/5.0 (Linux; Android 6.0.1; Nexus 5X Build/MMB29P) AppleWebKit/537.36 (KHTML, like Gecko) Chrome/132.0.6834.83 Mobile Safari/537.36 (compatible; Googlebot/2.1; +http://www.google.com/bot.html)"
66.249.72.39 - - [21/Jan/2025:14:33:22 +0000] "GET /items/jsihw138/5970?key=wagon HTTP/1.1" 404 - "-" "Mozilla/5.0 (Linux; Android 6.0.1; Nexus 5X Build/MMB29P) AppleWebKit/537.36 (KHTML, like Gecko) Chrome/132.0.6834.83 Mobile Safari/537.36 (compatible; Googlebot/2.1; +http://www.google.com/bot.html)"
66.249.72.38 - - [21/Jan/2025:14:34:22 +0000] "GET /items/nomcs147/38016?key=scare HTTP/1.1" 404 - "-" "Mozilla/5.0 (Linux; Android 6.0.1; Nexus 5X Build/MMB29P) AppleWebKit/537.36 (KHTML, like Gecko) Chrome/132.0.6834.83 Mobile Safari/537.36 (compatible; Googlebot/2.1; +http://www.google.com/bot.html)"
66.249.72.38 - - [21/Jan/2025:14:35:11 +0000] "GET /items/wqpgb28/43904?key=soccer HTTP/1.1" 404 - "-" "Mozilla/5.0 (Linux; Android 6.0.1; Nexus 5X Build/MMB29P) AppleWebKit/537.36 (KHTML, like Gecko) Chrome/132.0.6834.83 Mobile Safari/537.36 (compatible; Googlebot/2.1; +http://www.google.com/bot.html)"
114.122.15.239 - - [21/Jan/2025:14:35:19 +0000] "GET / HTTP/1.1" 200 84522 "-" "Mozilla/5.0 (Linux; Android 12; Infinix X6823C Build/SP1A.210812.016) AppleWebKit/537.36 (KHTML, like Gecko) Chrome/131.0.6778.260 Mobile Safari/537.36"
66.249.72.107 - - [21/Jan/2025:14:36:43 +0000] "GET / HTTP/1.1" 200 84522 "-" "Mozilla/5.0 (Linux; Android 6.0.1; Nexus 5X Build/MMB29P) AppleWebKit/537.36 (KHTML, like Gecko) Chrome/132.0.6834.83 Mobile Safari/537.36 (compatible; Googlebot/2.1; +http://www.google.com/bot.html)"
66.249.72.106 - - [21/Jan/2025:14:37:40 +0000] "GET / HTTP/1.1" 200 84522 "-" "Mozilla/5.0 (Linux; Android 6.0.1; Nexus 5X Build/MMB29P) AppleWebKit/537.36 (KHTML, like Gecko) Chrome/132.0.6834.83 Mobile Safari/537.36 (compatible; Googlebot/2.1; +http://www.google.com/bot.html)"
45.156.129.42 - - [21/Jan/2025:14:38:01 +0000] "GET / HTTP/1.1" 200 84522 "-" "Mozilla/5.0 (Windows NT 10.0; Win64; x64) AppleWebKit/537.36 (KHTML, like Gecko) Chrome/60.0.3112.113 Safari/537.36"
24.142.4.214 - - [21/Jan/2025:14:38:19 +0000] "GET / HTTP/1.1" 200 25 "-" "Mozilla/5.0 (Macintosh; Intel Mac OS X 10_11_1) AppleWebKit/601.2.4 (KHTML, like Gecko) Version/9.0.1 Safari/601.2.4 facebookexternalhit/1.1 Facebot Twitterbot/1.0"
45.156.129.42 - - [21/Jan/2025:14:39:32 +0000] "GET /cgi-bin/config.exp HTTP/1.1" 404 - "-" "Mozilla/5.0 (Windows NT 10.0; Win64; x64) AppleWebKit/537.36 (KHTML, like Gecko) Chrome/60.0.3112.113 Safari/537.36"
114.122.76.246 - - [21/Jan/2025:14:40:38 +0000] "-" 408 - "-" "-"
45.156.129.42 - - [21/Jan/2025:14:40:54 +0000] "GET / HTTP/1.1" 200 84522 "-" "Mozilla/5.0 (Windows NT 10.0; Win64; x64) AppleWebKit/537.36 (KHTML, like Gecko) Chrome/60.0.3112.113 Safari/537.36"
45.156.129.42 - - [21/Jan/2025:14:40:55 +0000] "GET /aspera/faspex/ HTTP/1.1" 404 - "-" "Mozilla/5.0 (Windows NT 10.0; Win64; x64) AppleWebKit/537.36 (KHTML, like Gecko) Chrome/60.0.3112.113 Safari/537.36"
45.156.129.42 - - [21/Jan/2025:14:40:56 +0000] "HEAD /icons/sphere1.png HTTP/1.1" 404 - "-" "Mozilla/5.0 (Windows NT 10.0; Win64; x64) AppleWebKit/537.36 (KHTML, like Gecko) Chrome/60.0.3112.113 Safari/537.36"
45.156.129.42 - - [21/Jan/2025:14:40:56 +0000] "GET /Telerik.Web.UI.WebResource.axd?type=rau HTTP/1.1" 404 - "-" "Mozilla/5.0 (Windows NT 10.0; Win64; x64) AppleWebKit/537.36 (KHTML, like Gecko) Chrome/60.0.3112.113 Safari/537.36"
92.255.85.62 - - [21/Jan/2025:14:40:58 +0000] "GET /remote/login HTTP/1.1" 404 - "-" "Mozilla/5.0 (Windows NT 10.0; Win64; x64) AppleWebKit/537.36 (KHTML, like Gecko) Chrome/115.0.0.0 Safari/537.36 Edg/115.0.1901.203"
92.255.85.62 - - [21/Jan/2025:14:40:58 +0000] "GET /login HTTP/1.1" 404 - "-" "Mozilla/5.0 (Windows NT 10.0; Win64; x64) AppleWebKit/537.36 (KHTML, like Gecko) Chrome/115.0.0.0 Safari/537.36 Edg/115.0.1901.203"
66.249.72.107 - - [21/Jan/2025:14:41:36 +0000] "GET / HTTP/1.1" 200 84522 "-" "Mozilla/5.0 (Linux; Android 6.0.1; Nexus 5X Build/MMB29P) AppleWebKit/537.36 (KHTML, like Gecko) Chrome/132.0.6834.83 Mobile Safari/537.36 (compatible; Googlebot/2.1; +http://www.google.com/bot.html)"
114.122.15.239 - - [21/Jan/2025:14:42:13 +0000] "-" 408 - "-" "-"
45.156.129.42 - - [21/Jan/2025:14:42:24 +0000] "GET /cf_scripts/scripts/ajax/ckeditor/ckeditor.js HTTP/1.1" 404 - "-" "Mozilla/5.0 (Windows NT 10.0; Win64; x64) AppleWebKit/537.36 (KHTML, like Gecko) Chrome/60.0.3112.113 Safari/537.36"
45.156.129.42 - - [21/Jan/2025:14:42:24 +0000] "GET /console HTTP/1.1" 404 - "-" "Mozilla/5.0 (Windows NT 10.0; Win64; x64) AppleWebKit/537.36 (KHTML, like Gecko) Chrome/60.0.3112.113 Safari/537.36"
66.249.72.106 - - [21/Jan/2025:14:42:25 +0000] "GET / HTTP/1.1" 200 84522 "-" "Mozilla/5.0 (Linux; Android 6.0.1; Nexus 5X Build/MMB29P) AppleWebKit/537.36 (KHTML, like Gecko) Chrome/132.0.6834.83 Mobile Safari/537.36 (compatible; Googlebot/2.1; +http://www.google.com/bot.html)"
66.249.72.40 - - [21/Jan/2025:14:42:37 +0000] "GET /items/qrubt28/36075?key=jump HTTP/1.1" 404 - "-" "Mozilla/5.0 (Linux; Android 6.0.1; Nexus 5X Build/MMB29P) AppleWebKit/537.36 (KHTML, like Gecko) Chrome/132.0.6834.83 Mobile Safari/537.36 (compatible; Googlebot/2.1; +http://www.google.com/bot.html)"
66.249.72.40 - - [21/Jan/2025:14:43:28 +0000] "GET /items/jrguv33/43098?key=radar HTTP/1.1" 404 - "-" "Mozilla/5.0 (Linux; Android 6.0.1; Nexus 5X Build/MMB29P) AppleWebKit/537.36 (KHTML, like Gecko) Chrome/132.0.6834.83 Mobile Safari/537.36 (compatible; Googlebot/2.1; +http://www.google.com/bot.html)"
45.156.129.42 - - [21/Jan/2025:14:43:55 +0000] "GET /favicon.ico HTTP/1.1" 404 - "-" "Mozilla/5.0 (Windows NT 10.0; WOW64) AppleWebKit/537.36 (KHTML, like Gecko) Chrome/66.0.3359.117 Safari/537.36"
45.156.129.42 - - [21/Jan/2025:14:43:55 +0000] "GET /internal_forms_authentication HTTP/1.1" 404 - "-" "Mozilla/5.0 (Windows NT 10.0; Win64; x64) AppleWebKit/537.36 (KHTML, like Gecko) Chrome/60.0.3112.113 Safari/537.36"
45.156.129.42 - - [21/Jan/2025:14:45:18 +0000] "GET /js/NewWindow_2_all.js HTTP/1.1" 404 - "-" "Mozilla/5.0 (Windows NT 10.0; Win64; x64) AppleWebKit/537.36 (KHTML, like Gecko) Chrome/60.0.3112.113 Safari/537.36"
45.156.129.42 - - [21/Jan/2025:14:45:18 +0000] "GET /sugar_version.json HTTP/1.1" 404 - "-" "Mozilla/5.0 (Windows NT 10.0; Win64; x64) AppleWebKit/537.36 (KHTML, like Gecko) Chrome/60.0.3112.113 Safari/537.36"
4.206.125.181 - - [21/Jan/2025:14:46:06 +0000] "GET /index.html HTTP/1.1" 404 - "-" "Mozilla/5.0 (Windows NT 10.0; Win64; x64) AppleWebKit/537.36 (KHTML, like Gecko) Chrome/125.0.6422.78 Safari/537.36"
4.206.125.181 - - [21/Jan/2025:14:46:19 +0000] "GET /favicon.ico HTTP/1.1" 404 - "https://www.hmhc.ca/index.html" "Mozilla/5.0 (Windows NT 10.0; Win64; x64) AppleWebKit/537.36 (KHTML, like Gecko) Chrome/125.0.6422.78 Safari/537.36"
45.156.129.42 - - [21/Jan/2025:14:46:59 +0000] "GET /admin/ HTTP/1.1" 404 - "-" "Mozilla/5.0 (Windows NT 10.0; Win64; x64) AppleWebKit/537.36 (KHTML, like Gecko) Chrome/60.0.3112.113 Safari/537.36"
45.156.129.42 - - [21/Jan/2025:14:46:59 +0000] "GET /webfig/ HTTP/1.1" 404 - "-" "Mozilla/5.0 (Windows NT 10.0; Win64; x64) AppleWebKit/537.36 (KHTML, like Gecko) Chrome/60.0.3112.113 Safari/537.36"
182.4.69.61 - - [21/Jan/2025:14:47:52 +0000] "-" 408 - "-" "-"
107.148.90.102 - - [21/Jan/2025:14:48:02 +0000] "GET /wp-includes/admin.php HTTP/1.1" 404 - "https://hmhc.ca/wp-includes/admin.php" "Mozilla/5.0 (Windows NT 10.0; Win64; x64) AppleWebKit/537.36 (KHTML, like Gecko) Chrome/58.0.3029.110 Safari/537.3"
107.148.90.102 - - [21/Jan/2025:14:48:03 +0000] "GET / HTTP/1.1" 200 84522 "https://hmhc.ca" "Mozilla/5.0 (Windows NT 10.0; Win64; x64) AppleWebKit/537.36 (KHTML, like Gecko) Chrome/58.0.3029.110 Safari/537.3"
45.156.129.42 - - [21/Jan/2025:14:48:46 +0000] "GET /OA_HTML/AppsLocalLogin.jsp HTTP/1.1" 404 - "-" "Mozilla/5.0 (Windows NT 10.0; Win64; x64) AppleWebKit/537.36 (KHTML, like Gecko) Chrome/60.0.3112.113 Safari/537.36"
47.91.91.123 - - [21/Jan/2025:14:48:51 +0000] "GET / HTTP/1.1" 200 25 "-" "Mozilla/5.0 (Macintosh; Intel Mac OS X 10_12_2) AppleWebKit/537.36 (KHTML, like Gecko) Chrome/55.0.2883.95 Safari/537.36"
45.156.129.42 - - [21/Jan/2025:14:50:47 +0000] "GET /ext-js/app/common/zld_product_spec.js HTTP/1.1" 404 - "-" "Mozilla/5.0 (Windows NT 10.0; Win64; x64) AppleWebKit/537.36 (KHTML, like Gecko) Chrome/60.0.3112.113 Safari/537.36"
45.156.129.42 - - [21/Jan/2025:14:50:47 +0000] "GET /index.jsp HTTP/1.1" 404 - "-" "Mozilla/5.0 (Windows NT 10.0; Win64; x64) AppleWebKit/537.36 (KHTML, like Gecko) Chrome/60.0.3112.113 Safari/537.36"
140.213.105.159 - - [21/Jan/2025:14:51:03 +0000] "GET / HTTP/1.1" 200 84522 "-" "Mozilla/5.0 (Linux; Android 10; K) AppleWebKit/537.36 (KHTML, like Gecko) SamsungBrowser/24.0 Chrome/117.0.0.0 Mobile Safari/537.36"
92.255.57.58 - - [21/Jan/2025:14:51:19 +0000] "GET /?XDEBUG_SESSION_START=phpstorm HTTP/1.1" 200 25 "-" "Mozilla/5.0 (Windows NT 10.0; Win64; x64) AppleWebKit/537.36 (KHTML, like Gecko) Chrome/78.0.3904.108 Safari/537.36"
114.122.107.243 - - [21/Jan/2025:14:51:24 +0000] "GET / HTTP/1.1" 200 84522 "-" "Mozilla/5.0 (Linux; Android 10; K) AppleWebKit/537.36 (KHTML, like Gecko) Chrome/131.0.0.0 Mobile Safari/537.36"
66.249.72.107 - - [21/Jan/2025:14:51:37 +0000] "GET / HTTP/1.1" 200 84522 "-" "Mozilla/5.0 (Linux; Android 6.0.1; Nexus 5X Build/MMB29P) AppleWebKit/537.36 (KHTML, like Gecko) Chrome/132.0.6834.83 Mobile Safari/537.36 (compatible; Googlebot/2.1; +http://www.google.com/bot.html)"
45.156.129.42 - - [21/Jan/2025:14:52:57 +0000] "GET /login.do HTTP/1.1" 404 - "-" "Mozilla/5.0 (Windows NT 10.0; Win64; x64) AppleWebKit/537.36 (KHTML, like Gecko) Chrome/60.0.3112.113 Safari/537.36"
45.156.129.42 - - [21/Jan/2025:14:54:33 +0000] "GET /sitecore/shell/sitecore.version.xml HTTP/1.1" 404 - "-" "Mozilla/5.0 (Windows NT 10.0; Win64; x64) AppleWebKit/537.36 (KHTML, like Gecko) Chrome/60.0.3112.113 Safari/537.36"
66.249.72.40 - - [21/Jan/2025:14:56:01 +0000] "GET /items/ludln287/16163?key=play HTTP/1.1" 404 - "-" "Mozilla/5.0 (Linux; Android 6.0.1; Nexus 5X Build/MMB29P) AppleWebKit/537.36 (KHTML, like Gecko) Chrome/132.0.6834.83 Mobile Safari/537.36 (compatible; Googlebot/2.1; +http://www.google.com/bot.html)"
45.156.129.42 - - [21/Jan/2025:14:56:12 +0000] "GET /zabbix/favicon.ico HTTP/1.1" 404 - "-" "Mozilla/5.0 (Windows NT 10.0; Win64; x64) AppleWebKit/537.36 (KHTML, like Gecko) Chrome/60.0.3112.113 Safari/537.36"
34.22.192.129 - - [21/Jan/2025:14:56:49 +0000] "GET / HTTP/1.0" 404 - "-" "-"
45.156.129.42 - - [21/Jan/2025:14:57:59 +0000] "GET /favicon.ico HTTP/1.1" 404 - "-" "Mozilla/5.0 (Windows NT 10.0; Win64; x64) AppleWebKit/537.36 (KHTML, like Gecko) Chrome/60.0.3112.113 Safari/537.36"
66.249.72.38 - - [21/Jan/2025:14:58:37 +0000] "GET /items/ludln287/16163?key=telescope HTTP/1.1" 404 - "-" "Mozilla/5.0 (Linux; Android 6.0.1; Nexus 5X Build/MMB29P) AppleWebKit/537.36 (KHTML, like Gecko) Chrome/132.0.6834.83 Mobile Safari/537.36 (compatible; Googlebot/2.1; +http://www.google.com/bot.html)"
66.249.72.38 - - [21/Jan/2025:14:58:37 +0000] "GET /items/mxdqa111/35062?key=prediction HTTP/1.1" 404 - "-" "Mozilla/5.0 (Linux; Android 6.0.1; Nexus 5X Build/MMB29P) AppleWebKit/537.36 (KHTML, like Gecko) Chrome/132.0.6834.83 Mobile Safari/537.36 (compatible; Googlebot/2.1; +http://www.google.com/bot.html)"
45.156.129.42 - - [21/Jan/2025:14:59:33 +0000] "GET /showLogin.cc HTTP/1.1" 404 - "-" "Mozilla/5.0 (Windows NT 10.0; Win64; x64) AppleWebKit/537.36 (KHTML, like Gecko) Chrome/60.0.3112.113 Safari/537.36"
207.148.176.160 - - [21/Jan/2025:15:00:39 +0000] "GET / HTTP/1.1" 200 25 "-" "Mozilla/5.0 (Macintosh; Intel Mac OS X 10_11_1) AppleWebKit/601.2.4 (KHTML, like Gecko) Version/9.0.1 Safari/601.2.4 facebookexternalhit/1.1 Facebot Twitterbot/1.0"
45.156.129.42 - - [21/Jan/2025:15:00:45 +0000] "GET / HTTP/1.1" 200 84522 "-" "Mozilla/5.0 (Windows NT 10.0; Win64; x64) AppleWebKit/537.36 (KHTML, like Gecko) Chrome/60.0.3112.113 Safari/537.36"
45.156.129.42 - - [21/Jan/2025:15:00:45 +0000] "GET / HTTP/1.1" 200 84522 "-" "Mozilla/5.0 (Windows NT 10.0; Win64; x64) AppleWebKit/537.36 (KHTML, like Gecko) Chrome/60.0.3112.113 Safari/537.36"
45.156.129.42 - - [21/Jan/2025:15:00:46 +0000] "GET /static/historypage.js HTTP/1.1" 404 - "-" "Mozilla/5.0 (Windows NT 10.0; Win64; x64) AppleWebKit/537.36 (KHTML, like Gecko) Chrome/60.0.3112.113 Safari/537.36"
66.249.72.108 - - [21/Jan/2025:15:01:06 +0000] "GET / HTTP/1.1" 200 84522 "-" "Mozilla/5.0 (Linux; Android 6.0.1; Nexus 5X Build/MMB29P) AppleWebKit/537.36 (KHTML, like Gecko) Chrome/132.0.6834.83 Mobile Safari/537.36 (compatible; Googlebot/2.1; +http://www.google.com/bot.html)"
185.172.53.243 - - [21/Jan/2025:15:01:52 +0000] "GET /metrics HTTP/1.1" 404 - "-" "Go-http-client/1.1"
45.156.129.42 - - [21/Jan/2025:15:02:08 +0000] "GET /owncloud/status.php HTTP/1.1" 404 - "-" "Mozilla/5.0 (Windows NT 10.0; Win64; x64) AppleWebKit/537.36 (KHTML, like Gecko) Chrome/60.0.3112.113 Safari/537.36"
45.156.129.42 - - [21/Jan/2025:15:03:14 +0000] "GET /status.php HTTP/1.1" 200 225 "-" "Mozilla/5.0 (Windows NT 10.0; Win64; x64) AppleWebKit/537.36 (KHTML, like Gecko) Chrome/60.0.3112.113 Safari/537.36"
66.249.72.106 - - [21/Jan/2025:15:03:24 +0000] "GET / HTTP/1.1" 200 84522 "-" "Mozilla/5.0 (Linux; Android 6.0.1; Nexus 5X Build/MMB29P) AppleWebKit/537.36 (KHTML, like Gecko) Chrome/132.0.6834.83 Mobile Safari/537.36 (compatible; Googlebot/2.1; +http://www.google.com/bot.html)"
45.156.129.42 - - [21/Jan/2025:15:04:30 +0000] "GET /partymgr/control/main HTTP/1.1" 404 - "-" "Mozilla/5.0 (Windows NT 10.0; Win64; x64) AppleWebKit/537.36 (KHTML, like Gecko) Chrome/60.0.3112.113 Safari/537.36"
140.213.105.159 - - [21/Jan/2025:15:04:40 +0000] "GET / HTTP/1.1" 200 84522 "-" "Mozilla/5.0 (Linux; Android 10; K) AppleWebKit/537.36 (KHTML, like Gecko) SamsungBrowser/24.0 Chrome/117.0.0.0 Mobile Safari/537.36"
66.249.72.40 - - [21/Jan/2025:15:08:31 +0000] "GET /items/ynena13/21036?key=sign HTTP/1.1" 404 - "-" "Mozilla/5.0 (Linux; Android 6.0.1; Nexus 5X Build/MMB29P) AppleWebKit/537.36 (KHTML, like Gecko) Chrome/132.0.6834.83 Mobile Safari/537.36 (compatible; Googlebot/2.1; +http://www.google.com/bot.html)"
66.249.72.39 - - [21/Jan/2025:15:08:53 +0000] "GET /items/wfksh147/38040?key=bind HTTP/1.1" 404 - "-" "Mozilla/5.0 (Linux; Android 6.0.1; Nexus 5X Build/MMB29P) AppleWebKit/537.36 (KHTML, like Gecko) Chrome/132.0.6834.83 Mobile Safari/537.36 (compatible; Googlebot/2.1; +http://www.google.com/bot.html)"
66.249.72.40 - - [21/Jan/2025:15:09:30 +0000] "GET /items/piskr216/26931?key=eastern HTTP/1.1" 404 - "-" "Mozilla/5.0 (Linux; Android 6.0.1; Nexus 5X Build/MMB29P) AppleWebKit/537.36 (KHTML, like Gecko) Chrome/132.0.6834.83 Mobile Safari/537.36 (compatible; Googlebot/2.1; +http://www.google.com/bot.html)"
140.213.105.159 - - [21/Jan/2025:15:09:40 +0000] "-" 408 - "-" "-"
66.249.72.39 - - [21/Jan/2025:15:09:50 +0000] "GET /items/otjdm147/22030?key=prisoner HTTP/1.1" 404 - "-" "Mozilla/5.0 (Linux; Android 6.0.1; Nexus 5X Build/MMB29P) AppleWebKit/537.36 (KHTML, like Gecko) Chrome/132.0.6834.83 Mobile Safari/537.36 (compatible; Googlebot/2.1; +http://www.google.com/bot.html)"
162.243.124.211 - - [21/Jan/2025:15:10:28 +0000] "GET /.env HTTP/1.1" 404 - "-" "Mozilla/5.0 Keydrop"
162.243.124.211 - - [21/Jan/2025:15:10:28 +0000] "GET / HTTP/1.0" 404 - "-" "-"
66.249.72.106 - - [21/Jan/2025:15:10:41 +0000] "GET / HTTP/1.1" 200 84522 "-" "Mozilla/5.0 (Linux; Android 6.0.1; Nexus 5X Build/MMB29P) AppleWebKit/537.36 (KHTML, like Gecko) Chrome/132.0.6834.83 Mobile Safari/537.36 (compatible; Googlebot/2.1; +http://www.google.com/bot.html)"
64.233.173.72 - - [21/Jan/2025:15:12:03 +0000] "GET /.well-known/traffic-advice HTTP/1.1" 404 - "-" "Chrome Privacy Preserving Prefetch Proxy"
140.213.105.159 - - [21/Jan/2025:15:14:18 +0000] "GET / HTTP/1.1" 200 84522 "-" "Mozilla/5.0 (Linux; Android 10; K) AppleWebKit/537.36 (KHTML, like Gecko) SamsungBrowser/24.0 Chrome/117.0.0.0 Mobile Safari/537.36"
66.249.72.107 - - [21/Jan/2025:15:15:42 +0000] "GET / HTTP/1.1" 200 84522 "-" "Mozilla/5.0 (Linux; Android 6.0.1; Nexus 5X Build/MMB29P) AppleWebKit/537.36 (KHTML, like Gecko) Chrome/132.0.6834.83 Mobile Safari/537.36 (compatible; Googlebot/2.1; +http://www.google.com/bot.html)"
66.249.72.98 - - [21/Jan/2025:15:17:16 +0000] "GET / HTTP/1.1" 200 84522 "-" "Mozilla/5.0 (compatible; Googlebot/2.1; +http://www.google.com/bot.html)"
110.138.95.148 - - [21/Jan/2025:15:18:44 +0000] "GET / HTTP/1.1" 200 84522 "https://www.google.com/" "Mozilla/5.0 (iPad; CPU OS 18_1_1 like Mac OS X) AppleWebKit/605.1.15 (KHTML, like Gecko) CriOS/132.0.6834.78 Mobile/15E148 Safari/604.1"
66.249.72.106 - - [21/Jan/2025:15:18:51 +0000] "GET / HTTP/1.1" 200 84522 "-" "Mozilla/5.0 (Linux; Android 6.0.1; Nexus 5X Build/MMB29P) AppleWebKit/537.36 (KHTML, like Gecko) Chrome/132.0.6834.83 Mobile Safari/537.36 (compatible; Googlebot/2.1; +http://www.google.com/bot.html)"
115.178.238.227 - - [21/Jan/2025:15:20:20 +0000] "-" 408 - "-" "-"
140.213.105.159 - - [21/Jan/2025:15:20:24 +0000] "GET / HTTP/1.1" 200 84522 "-" "Mozilla/5.0 (Linux; Android 10; K) AppleWebKit/537.36 (KHTML, like Gecko) SamsungBrowser/24.0 Chrome/117.0.0.0 Mobile Safari/537.36"
66.249.72.107 - - [21/Jan/2025:15:21:55 +0000] "GET / HTTP/1.1" 200 84522 "-" "Mozilla/5.0 (Linux; Android 6.0.1; Nexus 5X Build/MMB29P) AppleWebKit/537.36 (KHTML, like Gecko) Chrome/132.0.6834.83 Mobile Safari/537.36 (compatible; Googlebot/2.1; +http://www.google.com/bot.html)"
66.249.72.98 - - [21/Jan/2025:15:24:06 +0000] "GET / HTTP/1.1" 200 84522 "-" "Mozilla/5.0 (compatible; Googlebot/2.1; +http://www.google.com/bot.html)"
140.213.105.159 - - [21/Jan/2025:15:25:24 +0000] "-" 408 - "-" "-"
114.10.147.179 - - [21/Jan/2025:15:26:20 +0000] "-" 408 - "-" "-"
180.252.17.64 - - [21/Jan/2025:15:26:34 +0000] "GET / HTTP/1.1" 200 84522 "-" "Mozilla/5.0 (Windows NT 10.0; Win64; x64) AppleWebKit/537.36 (KHTML, like Gecko) Chrome/131.0.0.0 Safari/537.36"
114.4.160.75 - - [21/Jan/2025:15:26:35 +0000] "GET / HTTP/1.1" 200 84522 "-" "Mozilla/5.0 (Windows NT 10.0; Win64; x64) AppleWebKit/537.36 (KHTML, like Gecko) Chrome/131.0.0.0 Safari/537.36,gzip(gfe)"
66.249.72.107 - - [21/Jan/2025:15:27:12 +0000] "GET / HTTP/1.1" 200 84522 "-" "Mozilla/5.0 (Linux; Android 6.0.1; Nexus 5X Build/MMB29P) AppleWebKit/537.36 (KHTML, like Gecko) Chrome/132.0.6834.83 Mobile Safari/537.36 (compatible; Googlebot/2.1; +http://www.google.com/bot.html)"
66.249.72.108 - - [21/Jan/2025:15:28:21 +0000] "GET / HTTP/1.1" 200 84522 "-" "Mozilla/5.0 (Linux; Android 6.0.1; Nexus 5X Build/MMB29P) AppleWebKit/537.36 (KHTML, like Gecko) Chrome/132.0.6834.83 Mobile Safari/537.36 (compatible; Googlebot/2.1; +http://www.google.com/bot.html)"
104.219.214.2 - - [21/Jan/2025:15:31:19 +0000] "GET /wp-includes/admin.php HTTP/1.1" 404 - "https://hmhc.ca/wp-includes/admin.php" "Mozilla/5.0 (Windows NT 10.0; Win64; x64) AppleWebKit/537.36 (KHTML, like Gecko) Chrome/58.0.3029.110 Safari/537.3"
104.219.214.2 - - [21/Jan/2025:15:31:22 +0000] "GET / HTTP/1.1" 200 84522 "https://hmhc.ca" "Mozilla/5.0 (Windows NT 10.0; Win64; x64) AppleWebKit/537.36 (KHTML, like Gecko) Chrome/58.0.3029.110 Safari/537.3"
87.120.115.119 - - [21/Jan/2025:15:33:07 +0000] "GET /.env HTTP/1.1" 404 - "-" "Mozilla/5.0 (Windows NT 10.0; WOW64) AppleWebKit/537.36 (KHTML, like Gecko) Chrome/73.0.3683.103 Safari/537.36"
110.138.95.148 - - [21/Jan/2025:15:33:32 +0000] "GET / HTTP/1.1" 200 84522 "https://www.google.com/" "Mozilla/5.0 (iPad; CPU OS 18_1_1 like Mac OS X) AppleWebKit/605.1.15 (KHTML, like Gecko) CriOS/132.0.6834.78 Mobile/15E148 Safari/604.1"
66.249.72.40 - - [21/Jan/2025:15:34:12 +0000] "GET /items/tsndi147/22038?key=accurate HTTP/1.1" 404 - "-" "Mozilla/5.0 (Linux; Android 6.0.1; Nexus 5X Build/MMB29P) AppleWebKit/537.36 (KHTML, like Gecko) Chrome/132.0.6834.83 Mobile Safari/537.36 (compatible; Googlebot/2.1; +http://www.google.com/bot.html)"
140.213.105.159 - - [21/Jan/2025:15:34:17 +0000] "GET / HTTP/1.1" 200 84522 "-" "Mozilla/5.0 (Linux; Android 10; K) AppleWebKit/537.36 (KHTML, like Gecko) SamsungBrowser/24.0 Chrome/117.0.0.0 Mobile Safari/537.36"
66.249.72.39 - - [21/Jan/2025:15:34:48 +0000] "GET /items/nomcs147/38016?key=assess HTTP/1.1" 404 - "-" "Mozilla/5.0 (Linux; Android 6.0.1; Nexus 5X Build/MMB29P) AppleWebKit/537.36 (KHTML, like Gecko) Chrome/132.0.6834.83 Mobile Safari/537.36 (compatible; Googlebot/2.1; +http://www.google.com/bot.html)"
66.249.72.107 - - [21/Jan/2025:15:34:52 +0000] "GET / HTTP/1.1" 200 84522 "-" "Mozilla/5.0 (Linux; Android 6.0.1; Nexus 5X Build/MMB29P) AppleWebKit/537.36 (KHTML, like Gecko) Chrome/132.0.6834.83 Mobile Safari/537.36 (compatible; Googlebot/2.1; +http://www.google.com/bot.html)"
156.59.198.136 - - [21/Jan/2025:15:35:17 +0000] "GET /img/dummies/dummy-post-img.jpg HTTP/1.1" 404 - "http://www.hmhc.ca/img/dummies/dummy-post-img.jpg" "Mozilla/5.0 (Linux; Android 5.0) AppleWebKit/537.36 (KHTML, like Gecko) Mobile Safari/537.36 (compatible; Bytespider; spider-feedback@bytedance.com)"
173.252.69.6 - - [21/Jan/2025:15:36:32 +0000] "GET /Media/WildfireMentalHealthResourcesforFamilies.pdf HTTP/1.1" 404 - "-" "facebookexternalhit/1.1 (+http://www.facebook.com/externalhit_uatext.php)"
173.252.69.113 - - [21/Jan/2025:15:36:32 +0000] "GET /Media/WildfireMentalHealthResourcesforFamilies.pdf HTTP/1.1" 404 - "-" "facebookexternalhit/1.1 (+http://www.facebook.com/externalhit_uatext.php)"
66.249.72.107 - - [21/Jan/2025:15:37:18 +0000] "GET / HTTP/1.1" 200 84522 "-" "Mozilla/5.0 (Linux; Android 6.0.1; Nexus 5X Build/MMB29P) AppleWebKit/537.36 (KHTML, like Gecko) Chrome/132.0.6834.83 Mobile Safari/537.36 (compatible; Googlebot/2.1; +http://www.google.com/bot.html)"
104.224.114.153 - - [21/Jan/2025:15:38:02 +0000] "GET / HTTP/1.1" 200 25 "-" "Mozilla/5.0 (Macintosh; Intel Mac OS X 10_11_1) AppleWebKit/601.2.4 (KHTML, like Gecko) Version/9.0.1 Safari/601.2.4 facebookexternalhit/1.1 Facebot Twitterbot/1.0"
114.122.182.63 - - [21/Jan/2025:15:38:38 +0000] "GET / HTTP/1.1" 200 84522 "-" "Mozilla/5.0 (Linux; Android 10; K) AppleWebKit/537.36 (KHTML, like Gecko) Chrome/131.0.0.0 Mobile Safari/537.36"
140.213.105.159 - - [21/Jan/2025:15:39:17 +0000] "-" 408 - "-" "-"
140.213.105.159 - - [21/Jan/2025:15:39:17 +0000] "-" 408 - "-" "-"
66.249.72.39 - - [21/Jan/2025:15:39:20 +0000] "GET /items/djxgh210/36222?key=teaching HTTP/1.1" 404 - "-" "Mozilla/5.0 (Linux; Android 6.0.1; Nexus 5X Build/MMB29P) AppleWebKit/537.36 (KHTML, like Gecko) Chrome/132.0.6834.83 Mobile Safari/537.36 (compatible; Googlebot/2.1; +http://www.google.com/bot.html)"
120.188.78.113 - - [21/Jan/2025:15:40:18 +0000] "GET / HTTP/1.1" 200 84522 "https://www.google.com/" "Mozilla/5.0 (Linux; Android 10; K) AppleWebKit/537.36 (KHTML, like Gecko) Chrome/132.0.0.0 Mobile Safari/537.36"
66.249.72.108 - - [21/Jan/2025:15:40:56 +0000] "GET / HTTP/1.1" 200 84522 "-" "Mozilla/5.0 (Linux; Android 6.0.1; Nexus 5X Build/MMB29P) AppleWebKit/537.36 (KHTML, like Gecko) Chrome/132.0.6834.83 Mobile Safari/537.36 (compatible; Googlebot/2.1; +http://www.google.com/bot.html)"
112.215.208.0 - - [21/Jan/2025:15:42:27 +0000] "-" 408 - "-" "-"
66.249.72.107 - - [21/Jan/2025:15:42:27 +0000] "GET / HTTP/1.1" 200 84522 "-" "Mozilla/5.0 (Linux; Android 6.0.1; Nexus 5X Build/MMB29P) AppleWebKit/537.36 (KHTML, like Gecko) Chrome/132.0.6834.83 Mobile Safari/537.36 (compatible; Googlebot/2.1; +http://www.google.com/bot.html)"
74.3.187.6 - - [21/Jan/2025:15:43:40 +0000] "GET / HTTP/1.1" 200 25 "-" "Mozilla/5.0 (Macintosh; Intel Mac OS X 10_11_1) AppleWebKit/601.2.4 (KHTML, like Gecko) Version/9.0.1 Safari/601.2.4 facebookexternalhit/1.1 Facebot Twitterbot/1.0"
140.213.105.159 - - [21/Jan/2025:15:43:42 +0000] "GET / HTTP/1.1" 200 84522 "-" "Mozilla/5.0 (Linux; Android 10; K) AppleWebKit/537.36 (KHTML, like Gecko) SamsungBrowser/24.0 Chrome/117.0.0.0 Mobile Safari/537.36"
87.120.127.200 - - [21/Jan/2025:15:43:50 +0000] "GET /dana-na/auth/url_default/welcome.cgi HTTP/1.1" 404 - "-" "Mozilla/5.0 (X11; U; Linux x86_64; en-GB; rv:1.9.2.13) Gecko/20101206 Ubuntu/9.10 (karmic) Firefox/3.6.13"
202.125.100.78 - - [21/Jan/2025:15:44:04 +0000] "-" 408 - "-" "-"
147.45.47.84 - - [21/Jan/2025:15:44:14 +0000] "GET /remote/login HTTP/1.1" 404 - "-" "Mozilla/5.0 (Windows NT 10.0; Win64; x64) AppleWebKit/537.36 (KHTML, like Gecko) Chrome/115.0.0.0 Safari/537.36 Edg/115.0.1901.203"
147.45.47.84 - - [21/Jan/2025:15:44:15 +0000] "GET /login HTTP/1.1" 404 - "-" "Mozilla/5.0 (Windows NT 10.0; Win64; x64) AppleWebKit/537.36 (KHTML, like Gecko) Chrome/115.0.0.0 Safari/537.36 Edg/115.0.1901.203"
104.157.85.211 - - [21/Jan/2025:15:44:48 +0000] "GET / HTTP/1.1" 200 25 "-" "Mozilla/5.0 (Macintosh; Intel Mac OS X 10_11_1) AppleWebKit/601.2.4 (KHTML, like Gecko) Version/9.0.1 Safari/601.2.4 facebookexternalhit/1.1 Facebot Twitterbot/1.0"
35.195.23.184 - - [21/Jan/2025:15:45:00 +0000] "GET / HTTP/1.0" 404 - "-" "-"
103.179.248.201 - - [21/Jan/2025:15:45:53 +0000] "-" 408 - "-" "-"
114.10.150.211 - - [21/Jan/2025:15:46:43 +0000] "-" 408 - "-" "-"
35.240.50.242 - - [21/Jan/2025:15:50:10 +0000] "GET / HTTP/1.1" 200 25 "-" "python-requests/2.32.3"
66.249.72.107 - - [21/Jan/2025:15:51:14 +0000] "GET / HTTP/1.1" 200 84522 "-" "Mozilla/5.0 (Linux; Android 6.0.1; Nexus 5X Build/MMB29P) AppleWebKit/537.36 (KHTML, like Gecko) Chrome/132.0.6834.83 Mobile Safari/537.36 (compatible; Googlebot/2.1; +http://www.google.com/bot.html)"
66.249.72.107 - - [21/Jan/2025:15:51:51 +0000] "GET / HTTP/1.1" 200 84522 "-" "Mozilla/5.0 (Linux; Android 6.0.1; Nexus 5X Build/MMB29P) AppleWebKit/537.36 (KHTML, like Gecko) Chrome/132.0.6834.83 Mobile Safari/537.36 (compatible; Googlebot/2.1; +http://www.google.com/bot.html)"
66.249.72.106 - - [21/Jan/2025:15:51:52 +0000] "GET / HTTP/1.1" 200 84522 "-" "Mozilla/5.0 (Linux; Android 6.0.1; Nexus 5X Build/MMB29P) AppleWebKit/537.36 (KHTML, like Gecko) Chrome/132.0.6834.83 Mobile Safari/537.36 (compatible; Googlebot/2.1; +http://www.google.com/bot.html)"
107.148.95.76 - - [21/Jan/2025:15:52:18 +0000] "GET /wp-includes/admin.php HTTP/1.1" 404 - "https://hmhc.ca/wp-includes/admin.php" "Mozilla/5.0 (Windows NT 10.0; Win64; x64) AppleWebKit/537.36 (KHTML, like Gecko) Chrome/58.0.3029.110 Safari/537.3"
107.148.95.76 - - [21/Jan/2025:15:52:21 +0000] "GET / HTTP/1.1" 200 84522 "https://hmhc.ca" "Mozilla/5.0 (Windows NT 10.0; Win64; x64) AppleWebKit/537.36 (KHTML, like Gecko) Chrome/58.0.3029.110 Safari/537.3"
66.249.72.106 - - [21/Jan/2025:15:55:28 +0000] "GET / HTTP/1.1" 200 84522 "-" "Mozilla/5.0 (Linux; Android 6.0.1; Nexus 5X Build/MMB29P) AppleWebKit/537.36 (KHTML, like Gecko) Chrome/132.0.6834.83 Mobile Safari/537.36 (compatible; Googlebot/2.1; +http://www.google.com/bot.html)"
87.120.125.126 - - [21/Jan/2025:15:56:28 +0000] "GET /.env HTTP/1.1" 404 - "-" "Mozilla/5.0 (X11; Linux x86_64; rv:5.0) Gecko/20100101 Firefox/5.0 Iceweasel/5.0"
66.249.72.39 - - [21/Jan/2025:15:56:28 +0000] "GET /items/okndb86/41600?key=respectively HTTP/1.1" 404 - "-" "Mozilla/5.0 (Linux; Android 6.0.1; Nexus 5X Build/MMB29P) AppleWebKit/537.36 (KHTML, like Gecko) Chrome/132.0.6834.83 Mobile Safari/537.36 (compatible; Googlebot/2.1; +http://www.google.com/bot.html)"
66.249.72.38 - - [21/Jan/2025:15:56:37 +0000] "GET /items/emzlh28/43905?key=hand HTTP/1.1" 404 - "-" "Mozilla/5.0 (Linux; Android 6.0.1; Nexus 5X Build/MMB29P) AppleWebKit/537.36 (KHTML, like Gecko) Chrome/132.0.6834.83 Mobile Safari/537.36 (compatible; Googlebot/2.1; +http://www.google.com/bot.html)"
66.249.72.38 - - [21/Jan/2025:15:56:42 +0000] "GET /items/nomcs147/38016?key=financial HTTP/1.1" 404 - "-" "Mozilla/5.0 (Linux; Android 6.0.1; Nexus 5X Build/MMB29P) AppleWebKit/537.36 (KHTML, like Gecko) Chrome/132.0.6834.83 Mobile Safari/537.36 (compatible; Googlebot/2.1; +http://www.google.com/bot.html)"
66.249.72.38 - - [21/Jan/2025:15:56:42 +0000] "GET /items/wfjdk237/22479?key=lay HTTP/1.1" 404 - "-" "Mozilla/5.0 (Linux; Android 6.0.1; Nexus 5X Build/MMB29P) AppleWebKit/537.36 (KHTML, like Gecko) Chrome/132.0.6834.83 Mobile Safari/537.36 (compatible; Googlebot/2.1; +http://www.google.com/bot.html)"
137.186.69.62 - - [21/Jan/2025:15:56:49 +0000] "GET / HTTP/1.1" 200 25 "-" "Mozilla/5.0 (Macintosh; Intel Mac OS X 10_11_1) AppleWebKit/601.2.4 (KHTML, like Gecko) Version/9.0.1 Safari/601.2.4 facebookexternalhit/1.1 Facebot Twitterbot/1.0"
66.249.72.38 - - [21/Jan/2025:15:57:05 +0000] "GET /items/wqpgb28/43904?key=arrive HTTP/1.1" 404 - "-" "Mozilla/5.0 (Linux; Android 6.0.1; Nexus 5X Build/MMB29P) AppleWebKit/537.36 (KHTML, like Gecko) Chrome/132.0.6834.83 Mobile Safari/537.36 (compatible; Googlebot/2.1; +http://www.google.com/bot.html)"
66.249.72.38 - - [21/Jan/2025:15:57:29 +0000] "GET /items/iyege269/29390?key=expert HTTP/1.1" 404 - "-" "Mozilla/5.0 (Linux; Android 6.0.1; Nexus 5X Build/MMB29P) AppleWebKit/537.36 (KHTML, like Gecko) Chrome/132.0.6834.83 Mobile Safari/537.36 (compatible; Googlebot/2.1; +http://www.google.com/bot.html)"
66.249.72.39 - - [21/Jan/2025:15:59:28 +0000] "GET /items/qmbou258/29134?key=consciousness HTTP/1.1" 404 - "-" "Mozilla/5.0 (Linux; Android 6.0.1; Nexus 5X Build/MMB29P) AppleWebKit/537.36 (KHTML, like Gecko) Chrome/132.0.6834.83 Mobile Safari/537.36 (compatible; Googlebot/2.1; +http://www.google.com/bot.html)"
66.249.72.38 - - [21/Jan/2025:15:59:29 +0000] "GET /items/ehcxr28/37913?key=nest HTTP/1.1" 404 - "-" "Mozilla/5.0 (Linux; Android 6.0.1; Nexus 5X Build/MMB29P) AppleWebKit/537.36 (KHTML, like Gecko) Chrome/132.0.6834.83 Mobile Safari/537.36 (compatible; Googlebot/2.1; +http://www.google.com/bot.html)"
66.249.72.38 - - [21/Jan/2025:15:59:38 +0000] "GET /items/lmpfe75/6205?key=fur HTTP/1.1" 404 - "-" "Mozilla/5.0 (Linux; Android 6.0.1; Nexus 5X Build/MMB29P) AppleWebKit/537.36 (KHTML, like Gecko) Chrome/132.0.6834.83 Mobile Safari/537.36 (compatible; Googlebot/2.1; +http://www.google.com/bot.html)"
66.249.72.39 - - [21/Jan/2025:15:59:41 +0000] "GET /items/qrubt28/36075?key=cheer HTTP/1.1" 404 - "-" "Mozilla/5.0 (Linux; Android 6.0.1; Nexus 5X Build/MMB29P) AppleWebKit/537.36 (KHTML, like Gecko) Chrome/132.0.6834.83 Mobile Safari/537.36 (compatible; Googlebot/2.1; +http://www.google.com/bot.html)"
66.249.72.38 - - [21/Jan/2025:15:59:47 +0000] "GET /items/kqstx28/39911?key=real HTTP/1.1" 404 - "-" "Mozilla/5.0 (Linux; Android 6.0.1; Nexus 5X Build/MMB29P) AppleWebKit/537.36 (KHTML, like Gecko) Chrome/132.0.6834.83 Mobile Safari/537.36 (compatible; Googlebot/2.1; +http://www.google.com/bot.html)"
66.249.72.38 - - [21/Jan/2025:15:59:57 +0000] "GET /items/glqjx28/17904?key=east HTTP/1.1" 404 - "-" "Mozilla/5.0 (Linux; Android 6.0.1; Nexus 5X Build/MMB29P) AppleWebKit/537.36 (KHTML, like Gecko) Chrome/132.0.6834.83 Mobile Safari/537.36 (compatible; Googlebot/2.1; +http://www.google.com/bot.html)"
66.249.72.38 - - [21/Jan/2025:16:00:01 +0000] "GET /items/kqstx28/39911?key=real HTTP/1.1" 404 - "-" "Mozilla/5.0 (Linux; Android 6.0.1; Nexus 5X Build/MMB29P) AppleWebKit/537.36 (KHTML, like Gecko) Chrome/132.0.6834.83 Mobile Safari/537.36 (compatible; Googlebot/2.1; +http://www.google.com/bot.html)"
66.249.72.39 - - [21/Jan/2025:16:00:09 +0000] "GET /items/qrubt28/36075?key=cheer HTTP/1.1" 404 - "-" "Mozilla/5.0 (Linux; Android 6.0.1; Nexus 5X Build/MMB29P) AppleWebKit/537.36 (KHTML, like Gecko) Chrome/132.0.6834.83 Mobile Safari/537.36 (compatible; Googlebot/2.1; +http://www.google.com/bot.html)"
78.153.140.177 - - [21/Jan/2025:16:00:42 +0000] "GET /.env HTTP/1.1" 404 - "-" "Mozilla/5.0 (X11; Linux x86_64) AppleWebKit/537.36 (KHTML, like Gecko) Ubuntu Chromium/37.0.2062.94 Chrome/37.0.2062.94 Safari/537.36"
78.153.140.177 - - [21/Jan/2025:16:00:42 +0000] "GET / HTTP/1.0" 404 - "-" "-"
78.153.140.177 - - [21/Jan/2025:16:01:04 +0000] "GET / HTTP/1.0" 404 - "-" "-"
24.207.13.210 - - [21/Jan/2025:16:01:16 +0000] "-" 408 - "-" "-"
24.207.13.210 - - [21/Jan/2025:16:01:16 +0000] "-" 408 - "-" "-"
78.153.140.177 - - [21/Jan/2025:16:01:24 +0000] "GET / HTTP/1.0" 404 - "-" "-"
66.249.72.40 - - [21/Jan/2025:16:01:37 +0000] "GET /items/vixgv28/43892?key=capability HTTP/1.1" 404 - "-" "Mozilla/5.0 (Linux; Android 6.0.1; Nexus 5X Build/MMB29P) AppleWebKit/537.36 (KHTML, like Gecko) Chrome/132.0.6834.83 Mobile Safari/537.36 (compatible; Googlebot/2.1; +http://www.google.com/bot.html)"
66.249.72.38 - - [21/Jan/2025:16:01:38 +0000] "GET /items/kgofr28/10312?key=dealer HTTP/1.1" 404 - "-" "Mozilla/5.0 (Linux; Android 6.0.1; Nexus 5X Build/MMB29P) AppleWebKit/537.36 (KHTML, like Gecko) Chrome/132.0.6834.83 Mobile Safari/537.36 (compatible; Googlebot/2.1; +http://www.google.com/bot.html)"
78.153.140.177 - - [21/Jan/2025:16:01:39 +0000] "GET / HTTP/1.0" 404 - "-" "-"
66.249.72.39 - - [21/Jan/2025:16:01:40 +0000] "GET /items/nkshz258/39591?key=moon HTTP/1.1" 404 - "-" "Mozilla/5.0 (Linux; Android 6.0.1; Nexus 5X Build/MMB29P) AppleWebKit/537.36 (KHTML, like Gecko) Chrome/132.0.6834.83 Mobile Safari/537.36 (compatible; Googlebot/2.1; +http://www.google.com/bot.html)"
66.249.72.38 - - [21/Jan/2025:16:01:45 +0000] "GET /items/ppujz28/15910?key=extensive HTTP/1.1" 404 - "-" "Mozilla/5.0 (Linux; Android 6.0.1; Nexus 5X Build/MMB29P) AppleWebKit/537.36 (KHTML, like Gecko) Chrome/132.0.6834.83 Mobile Safari/537.36 (compatible; Googlebot/2.1; +http://www.google.com/bot.html)"
66.249.72.38 - - [21/Jan/2025:16:01:46 +0000] "GET /items/shani147/20026?key=era HTTP/1.1" 404 - "-" "Mozilla/5.0 (Linux; Android 6.0.1; Nexus 5X Build/MMB29P) AppleWebKit/537.36 (KHTML, like Gecko) Chrome/132.0.6834.83 Mobile Safari/537.36 (compatible; Googlebot/2.1; +http://www.google.com/bot.html)"
66.249.72.38 - - [21/Jan/2025:16:01:53 +0000] "GET /items/ppujz28/15910?key=extensive HTTP/1.1" 404 - "-" "Mozilla/5.0 (Linux; Android 6.0.1; Nexus 5X Build/MMB29P) AppleWebKit/537.36 (KHTML, like Gecko) Chrome/132.0.6834.83 Mobile Safari/537.36 (compatible; Googlebot/2.1; +http://www.google.com/bot.html)"
66.249.72.38 - - [21/Jan/2025:16:01:55 +0000] "GET /items/shani147/20026?key=era HTTP/1.1" 404 - "-" "Mozilla/5.0 (Linux; Android 6.0.1; Nexus 5X Build/MMB29P) AppleWebKit/537.36 (KHTML, like Gecko) Chrome/132.0.6834.83 Mobile Safari/537.36 (compatible; Googlebot/2.1; +http://www.google.com/bot.html)"
66.249.72.38 - - [21/Jan/2025:16:01:56 +0000] "GET /items/ofgqf33/2356?key=swimming HTTP/1.1" 404 - "-" "Mozilla/5.0 (Linux; Android 6.0.1; Nexus 5X Build/MMB29P) AppleWebKit/537.36 (KHTML, like Gecko) Chrome/132.0.6834.83 Mobile Safari/537.36 (compatible; Googlebot/2.1; +http://www.google.com/bot.html)"
66.249.72.38 - - [21/Jan/2025:16:01:57 +0000] "GET /items/ehcxr28/37913?key=interpretation HTTP/1.1" 404 - "-" "Mozilla/5.0 (Linux; Android 6.0.1; Nexus 5X Build/MMB29P) AppleWebKit/537.36 (KHTML, like Gecko) Chrome/132.0.6834.83 Mobile Safari/537.36 (compatible; Googlebot/2.1; +http://www.google.com/bot.html)"
66.249.72.38 - - [21/Jan/2025:16:01:58 +0000] "GET /items/kgofr28/10312?key=dealer HTTP/1.1" 404 - "-" "Mozilla/5.0 (Linux; Android 6.0.1; Nexus 5X Build/MMB29P) AppleWebKit/537.36 (KHTML, like Gecko) Chrome/132.0.6834.83 Mobile Safari/537.36 (compatible; Googlebot/2.1; +http://www.google.com/bot.html)"
66.249.72.40 - - [21/Jan/2025:16:02:03 +0000] "GET /items/shani147/20026?key=era HTTP/1.1" 404 - "-" "Mozilla/5.0 (Linux; Android 6.0.1; Nexus 5X Build/MMB29P) AppleWebKit/537.36 (KHTML, like Gecko) Chrome/132.0.6834.83 Mobile Safari/537.36 (compatible; Googlebot/2.1; +http://www.google.com/bot.html)"
66.249.72.40 - - [21/Jan/2025:16:02:04 +0000] "GET /items/nhtoc88/45038?key=unprecedented HTTP/1.1" 404 - "-" "Mozilla/5.0 (Linux; Android 6.0.1; Nexus 5X Build/MMB29P) AppleWebKit/537.36 (KHTML, like Gecko) Chrome/132.0.6834.83 Mobile Safari/537.36 (compatible; Googlebot/2.1; +http://www.google.com/bot.html)"
66.249.72.40 - - [21/Jan/2025:16:02:04 +0000] "GET /items/nkshz258/39591?key=moon HTTP/1.1" 404 - "-" "Mozilla/5.0 (Linux; Android 6.0.1; Nexus 5X Build/MMB29P) AppleWebKit/537.36 (KHTML, like Gecko) Chrome/132.0.6834.83 Mobile Safari/537.36 (compatible; Googlebot/2.1; +http://www.google.com/bot.html)"
78.153.140.177 - - [21/Jan/2025:16:02:06 +0000] "GET / HTTP/1.0" 404 - "-" "-"
66.249.72.39 - - [21/Jan/2025:16:02:07 +0000] "GET /items/ofgqf33/2356?key=swimming HTTP/1.1" 404 - "-" "Mozilla/5.0 (Linux; Android 6.0.1; Nexus 5X Build/MMB29P) AppleWebKit/537.36 (KHTML, like Gecko) Chrome/132.0.6834.83 Mobile Safari/537.36 (compatible; Googlebot/2.1; +http://www.google.com/bot.html)"
78.153.140.177 - - [21/Jan/2025:16:02:14 +0000] "GET / HTTP/1.0" 404 - "-" "-"
66.249.72.38 - - [21/Jan/2025:16:02:14 +0000] "GET /items/shani147/20026?key=era HTTP/1.1" 404 - "-" "Mozilla/5.0 (Linux; Android 6.0.1; Nexus 5X Build/MMB29P) AppleWebKit/537.36 (KHTML, like Gecko) Chrome/132.0.6834.83 Mobile Safari/537.36 (compatible; Googlebot/2.1; +http://www.google.com/bot.html)"
114.79.4.214 - - [21/Jan/2025:16:02:26 +0000] "GET / HTTP/1.1" 200 84522 "https://www.google.com/" "Mozilla/5.0 (Linux; Android 10; K) AppleWebKit/537.36 (KHTML, like Gecko) Chrome/131.0.0.0 Mobile Safari/537.36"
66.249.72.107 - - [21/Jan/2025:16:02:29 +0000] "GET / HTTP/1.1" 200 84522 "-" "Mozilla/5.0 (Linux; Android 6.0.1; Nexus 5X Build/MMB29P) AppleWebKit/537.36 (KHTML, like Gecko) Chrome/132.0.6834.83 Mobile Safari/537.36 (compatible; Googlebot/2.1; +http://www.google.com/bot.html)"
78.153.140.177 - - [21/Jan/2025:16:02:42 +0000] "GET / HTTP/1.0" 404 - "-" "-"
78.153.140.177 - - [21/Jan/2025:16:02:55 +0000] "GET / HTTP/1.0" 404 - "-" "-"
78.153.140.177 - - [21/Jan/2025:16:02:55 +0000] "GET / HTTP/1.0" 404 - "-" "-"
78.153.140.177 - - [21/Jan/2025:16:02:56 +0000] "GET / HTTP/1.0" 404 - "-" "-"
78.153.140.177 - - [21/Jan/2025:16:02:57 +0000] "GET / HTTP/1.0" 404 - "-" "-"
78.153.140.177 - - [21/Jan/2025:16:02:58 +0000] "GET / HTTP/1.0" 404 - "-" "-"
78.153.140.177 - - [21/Jan/2025:16:02:58 +0000] "GET / HTTP/1.0" 404 - "-" "-"
78.153.140.177 - - [21/Jan/2025:16:02:59 +0000] "GET / HTTP/1.0" 404 - "-" "-"
78.153.140.177 - - [21/Jan/2025:16:03:00 +0000] "GET / HTTP/1.0" 404 - "-" "-"
78.153.140.177 - - [21/Jan/2025:16:03:01 +0000] "GET / HTTP/1.0" 404 - "-" "-"
78.153.140.177 - - [21/Jan/2025:16:03:01 +0000] "GET / HTTP/1.0" 404 - "-" "-"
78.153.140.177 - - [21/Jan/2025:16:03:02 +0000] "GET / HTTP/1.0" 404 - "-" "-"
78.153.140.177 - - [21/Jan/2025:16:03:03 +0000] "GET / HTTP/1.0" 404 - "-" "-"
78.153.140.177 - - [21/Jan/2025:16:03:03 +0000] "GET / HTTP/1.0" 404 - "-" "-"
