174.90.223.144 - - [21/Jan/2025:19:40:30 +0000] "GET /wp-content/uploads/elementor/thumbs/IMG_3882-scaled-oqfl6mvmorfg652t8uj8d5ffuu2pcswzt5ym5o272c.jpg HTTP/1.1" 200 25124 "https://onlineorientation.hmhc.ca/" "Mozilla/5.0 (iPhone; CPU iPhone OS 18_1_1 like Mac OS X) AppleWebKit/605.1.15 (KHTML, like Gecko) Version/18.1.1 Mobile/15E148 Safari/604.1"
174.90.223.144 - - [21/Jan/2025:19:40:30 +0000] "GET /wp-content/uploads/elementor/thumbs/IMG_3895-scaled-oqflcrrpatttyi5yf00k53orgdtylo9wzj9pxoyog4.jpg HTTP/1.1" 200 24485 "https://onlineorientation.hmhc.ca/" "Mozilla/5.0 (iPhone; CPU iPhone OS 18_1_1 like Mac OS X) AppleWebKit/605.1.15 (KHTML, like Gecko) Version/18.1.1 Mobile/15E148 Safari/604.1"
45.56.220.125 - - [21/Jan/2025:19:44:14 +0000] "POST /wp-cron.php?doing_wp_cron=1737488654.9296569824218750000000 HTTP/1.1" 200 - "-" "WordPress/6.7.1; https://onlineorientation.hmhc.ca"
45.138.74.176 - - [21/Jan/2025:19:44:14 +0000] "GET / HTTP/1.1" 200 18150 "-" "Mozilla/5.0 (X11; Linux i686; rv:50.0) Gecko/20100101 Firefox/50.0"
45.138.74.176 - - [21/Jan/2025:19:44:15 +0000] "GET /?author=1 HTTP/1.1" 500 177 "https://onlineorientation.hmhc.ca/" "Mozilla/5.0 (X11; Linux i686; rv:50.0) Gecko/20100101 Firefox/50.0"
45.138.74.176 - - [21/Jan/2025:19:44:17 +0000] "GET /wp-json/wp/v2/users/1 HTTP/1.1" 200 316 "https://onlineorientation.hmhc.ca/?author=1" "Mozilla/5.0 (X11; Linux i686; rv:50.0) Gecko/20100101 Firefox/50.0"
45.138.74.176 - - [21/Jan/2025:19:44:18 +0000] "GET /wp-login.php HTTP/1.1" 200 3454 "https://onlineorientation.hmhc.ca/wp-json/wp/v2/users/1" "Mozilla/5.0 (X11; Linux i686; rv:50.0) Gecko/20100101 Firefox/50.0"
45.138.74.176 - - [21/Jan/2025:19:44:19 +0000] "POST /wp-login.php HTTP/1.1" 200 3454 "https://onlineorientation.hmhc.ca/wp-login.php" "Mozilla/5.0 (X11; Linux i686; rv:50.0) Gecko/20100101 Firefox/50.0"
45.138.74.176 - - [21/Jan/2025:19:44:19 +0000] "GET /wp-login.php HTTP/1.1" 200 3454 "https://onlineorientation.hmhc.ca/wp-login.php" "Mozilla/5.0 (X11; Linux i686; rv:50.0) Gecko/20100101 Firefox/50.0"
45.138.74.176 - - [21/Jan/2025:19:44:20 +0000] "POST /wp-login.php HTTP/1.1" 200 3454 "https://onlineorientation.hmhc.ca/wp-login.php" "Mozilla/5.0 (X11; Linux i686; rv:50.0) Gecko/20100101 Firefox/50.0"
45.138.74.176 - - [21/Jan/2025:19:44:21 +0000] "GET /wp-admin/plugins.php HTTP/1.1" 302 - "https://onlineorientation.hmhc.ca/wp-login.php" "Mozilla/5.0 (X11; Linux i686; rv:50.0) Gecko/20100101 Firefox/50.0"
45.138.74.176 - - [21/Jan/2025:19:44:22 +0000] "GET /wp-login.php?redirect_to=https%3A%2F%2Fonlineorientation.hmhc.ca%2Fwp-admin%2Fplugins.php&reauth=1 HTTP/1.1" 200 3419 "https://onlineorientation.hmhc.ca/wp-login.php" "Mozilla/5.0 (X11; Linux i686; rv:50.0) Gecko/20100101 Firefox/50.0"
136.159.160.57 - - [21/Jan/2025:20:03:49 +0000] "GET /wp-content/uploads/2020/06/FAC-Brochure_final-hi-res.pdf HTTP/1.1" 200 3397755 "https://www.google.com/" "Mozilla/5.0 (Windows NT 10.0; Win64; x64) AppleWebKit/537.36 (KHTML, like Gecko) Chrome/131.0.0.0 Safari/537.36"
45.56.220.125 - - [21/Jan/2025:20:03:50 +0000] "POST /wp-cron.php?doing_wp_cron=1737489830.3793230056762695312500 HTTP/1.1" 200 - "-" "WordPress/6.7.1; https://onlineorientation.hmhc.ca"
136.159.160.57 - - [21/Jan/2025:20:03:49 +0000] "GET /favicon.ico HTTP/1.1" 302 - "https://onlineorientation.hmhc.ca/wp-content/uploads/2020/06/FAC-Brochure_final-hi-res.pdf" "Mozilla/5.0 (Windows NT 10.0; Win64; x64) AppleWebKit/537.36 (KHTML, like Gecko) Chrome/131.0.0.0 Safari/537.36"
45.56.220.125 - - [21/Jan/2025:21:03:51 +0000] "POST /wp-cron.php?doing_wp_cron=1737493431.2279539108276367187500 HTTP/1.1" 200 - "-" "WordPress/6.7.1; https://onlineorientation.hmhc.ca"
139.5.190.171 - - [21/Jan/2025:21:03:50 +0000] "GET /wp-login.php HTTP/1.1" 200 3414 "-" "GRequests/0.10"
139.5.190.171 - - [21/Jan/2025:21:03:52 +0000] "POST /wp-login.php HTTP/1.1" 200 3467 "-" "GRequests/0.10"
45.56.220.125 - - [21/Jan/2025:21:08:22 +0000] "POST /wp-cron.php?doing_wp_cron=1737493702.6893639564514160156250 HTTP/1.1" 200 - "-" "WordPress/6.7.1; https://onlineorientation.hmhc.ca"
165.227.3.47 - - [21/Jan/2025:21:08:22 +0000] "GET /index.php/home/about-us/ HTTP/1.1" 200 11452 "-" "Mozilla/5.0 (Macintosh; Intel Mac OS X 10_15_7) AppleWebKit/537.36 (KHTML, like Gecko) Chrome/130.0.0.0 Safari/537.36"
45.56.220.125 - - [21/Jan/2025:21:14:21 +0000] "POST /wp-cron.php?doing_wp_cron=1737494061.9477510452270507812500 HTTP/1.1" 200 - "-" "WordPress/6.7.1; https://onlineorientation.hmhc.ca"
85.239.149.232 - - [21/Jan/2025:21:14:21 +0000] "GET / HTTP/1.1" 200 18149 "-" "Mozilla/5.0 (X11; Linux i686) AppleWebKit/537.36 (KHTML, like Gecko) Chrome/51.0.2742.90 Safari/537.36"
85.239.149.232 - - [21/Jan/2025:21:14:22 +0000] "POST /wp-json/reallysimplessl/v1/two_fa/skip_onboarding HTTP/1.1" 500 141 "https://onlineorientation.hmhc.ca/" "Mozilla/5.0 (X11; Linux i686) AppleWebKit/537.36 (KHTML, like Gecko) Chrome/51.0.2742.90 Safari/537.36"
85.239.149.232 - - [21/Jan/2025:21:14:41 +0000] "POST /?rest_route=/reallysimplessl/v1/two_fa/skip_onboarding HTTP/1.1" 500 141 "https://onlineorientation.hmhc.ca/wp-json/reallysimplessl/v1/two_fa/skip_onboarding" "Mozilla/5.0 (X11; Linux i686) AppleWebKit/537.36 (KHTML, like Gecko) Chrome/51.0.2742.90 Safari/537.36"
85.239.149.232 - - [21/Jan/2025:21:14:42 +0000] "GET / HTTP/1.1" 200 18147 "https://onlineorientation.hmhc.ca/?rest_route=/reallysimplessl/v1/two_fa/skip_onboarding" "Mozilla/5.0 (X11; Linux i686) AppleWebKit/537.36 (KHTML, like Gecko) Chrome/51.0.2742.90 Safari/537.36"
85.239.149.232 - - [21/Jan/2025:21:14:43 +0000] "GET /wp-admin/plugins.php HTTP/1.1" 302 - "https://onlineorientation.hmhc.ca/" "Mozilla/5.0 (X11; Linux i686) AppleWebKit/537.36 (KHTML, like Gecko) Chrome/51.0.2742.90 Safari/537.36"
85.239.149.232 - - [21/Jan/2025:21:14:44 +0000] "GET /wp-login.php?redirect_to=https%3A%2F%2Fonlineorientation.hmhc.ca%2Fwp-admin%2Fplugins.php&reauth=1 HTTP/1.1" 200 3419 "https://onlineorientation.hmhc.ca/" "Mozilla/5.0 (X11; Linux i686) AppleWebKit/537.36 (KHTML, like Gecko) Chrome/51.0.2742.90 Safari/537.36"
45.56.220.125 - - [21/Jan/2025:21:25:46 +0000] "POST /wp-cron.php?doing_wp_cron=1737494746.6850740909576416015625 HTTP/1.1" 200 - "-" "WordPress/6.7.1; https://onlineorientation.hmhc.ca"
137.186.245.208 - - [21/Jan/2025:21:25:46 +0000] "GET / HTTP/1.1" 200 18150 "https://myahsconnect.albertahealthservices.ca/" "Mozilla/5.0 (Macintosh; Intel Mac OS X 10_15_7) AppleWebKit/605.1.15 (KHTML, like Gecko) Version/17.8.1 Safari/605.1.15"
137.186.245.208 - - [21/Jan/2025:21:25:47 +0000] "GET /wp-content/cache/autoptimize/js/autoptimize_single_8aecf12d6b5eeb93947f0a88c25b5bf7.js?ver=683a92b8e545ca8bc900b7c5d02d754f HTTP/1.1" 200 4239 "https://onlineorientation.hmhc.ca/" "Mozilla/5.0 (Macintosh; Intel Mac OS X 10_15_7) AppleWebKit/605.1.15 (KHTML, like Gecko) Version/17.8.1 Safari/605.1.15"
137.186.245.208 - - [21/Jan/2025:21:25:47 +0000] "GET /wp-includes/css/dashicons.min.css?ver=683a92b8e545ca8bc900b7c5d02d754f HTTP/1.1" 200 35730 "https://onlineorientation.hmhc.ca/" "Mozilla/5.0 (Macintosh; Intel Mac OS X 10_15_7) AppleWebKit/605.1.15 (KHTML, like Gecko) Version/17.8.1 Safari/605.1.15"
137.186.245.208 - - [21/Jan/2025:21:25:47 +0000] "GET /wp-content/cache/autoptimize/css/autoptimize_single_383084620b432bdba5a7c7fa76b511e6.css?ver=1736286716 HTTP/1.1" 200 2686 "https://onlineorientation.hmhc.ca/" "Mozilla/5.0 (Macintosh; Intel Mac OS X 10_15_7) AppleWebKit/605.1.15 (KHTML, like Gecko) Version/17.8.1 Safari/605.1.15"
137.186.245.208 - - [21/Jan/2025:21:25:47 +0000] "GET /wp-content/cache/autoptimize/js/autoptimize_a000532010ead8d269887cc384f8593c.js HTTP/1.1" 200 207377 "https://onlineorientation.hmhc.ca/" "Mozilla/5.0 (Macintosh; Intel Mac OS X 10_15_7) AppleWebKit/605.1.15 (KHTML, like Gecko) Version/17.8.1 Safari/605.1.15"
137.186.245.208 - - [21/Jan/2025:21:25:47 +0000] "GET /wp-content/cache/autoptimize/css/autoptimize_single_981317787cf5a94909c0fa1ab47b6a78.css?ver=1736286715 HTTP/1.1" 200 586 "https://onlineorientation.hmhc.ca/" "Mozilla/5.0 (Macintosh; Intel Mac OS X 10_15_7) AppleWebKit/605.1.15 (KHTML, like Gecko) Version/17.8.1 Safari/605.1.15"
137.186.245.208 - - [21/Jan/2025:21:25:47 +0000] "GET /wp-includes/js/jquery/jquery.min.js?ver=3.7.1 HTTP/1.1" 200 30368 "https://onlineorientation.hmhc.ca/" "Mozilla/5.0 (Macintosh; Intel Mac OS X 10_15_7) AppleWebKit/605.1.15 (KHTML, like Gecko) Version/17.8.1 Safari/605.1.15"
137.186.245.208 - - [21/Jan/2025:21:25:47 +0000] "GET /wp-content/cache/autoptimize/css/autoptimize_461e242e51c3036b21fddff518e6e393.css HTTP/1.1" 200 167431 "https://onlineorientation.hmhc.ca/" "Mozilla/5.0 (Macintosh; Intel Mac OS X 10_15_7) AppleWebKit/605.1.15 (KHTML, like Gecko) Version/17.8.1 Safari/605.1.15"
137.186.245.208 - - [21/Jan/2025:21:25:47 +0000] "GET /wp-content/uploads/2020/05/AHS.gif HTTP/1.1" 200 2289 "https://onlineorientation.hmhc.ca/" "Mozilla/5.0 (Macintosh; Intel Mac OS X 10_15_7) AppleWebKit/605.1.15 (KHTML, like Gecko) Version/17.8.1 Safari/605.1.15"
137.186.245.208 - - [21/Jan/2025:21:25:47 +0000] "GET /wp-content/uploads/elementor/thumbs/IMG_3918-scaled-oqflkktg2aikdwtptvi0cmrl2lcpj69nq6bwffdyro.jpg HTTP/1.1" 200 25371 "https://onlineorientation.hmhc.ca/" "Mozilla/5.0 (Macintosh; Intel Mac OS X 10_15_7) AppleWebKit/605.1.15 (KHTML, like Gecko) Version/17.8.1 Safari/605.1.15"
137.186.245.208 - - [21/Jan/2025:21:25:47 +0000] "GET /wp-content/uploads/2020/06/zz-testimonial3.png HTTP/1.1" 200 1226 "https://onlineorientation.hmhc.ca/" "Mozilla/5.0 (Macintosh; Intel Mac OS X 10_15_7) AppleWebKit/605.1.15 (KHTML, like Gecko) Version/17.8.1 Safari/605.1.15"
137.186.245.208 - - [21/Jan/2025:21:25:47 +0000] "GET /wp-content/plugins/elementor/assets/lib/eicons/fonts/eicons.woff2?5.34.0 HTTP/1.1" 200 98341 "https://onlineorientation.hmhc.ca/" "Mozilla/5.0 (Macintosh; Intel Mac OS X 10_15_7) AppleWebKit/605.1.15 (KHTML, like Gecko) Version/17.8.1 Safari/605.1.15"
137.186.245.208 - - [21/Jan/2025:21:25:47 +0000] "GET /wp-content/plugins/elementor/assets/lib/font-awesome/webfonts/fa-solid-900.woff2 HTTP/1.1" 200 78099 "https://onlineorientation.hmhc.ca/" "Mozilla/5.0 (Macintosh; Intel Mac OS X 10_15_7) AppleWebKit/605.1.15 (KHTML, like Gecko) Version/17.8.1 Safari/605.1.15"
137.186.245.208 - - [21/Jan/2025:21:25:48 +0000] "GET /wp-content/uploads/elementor/thumbs/IMG_3892-scaled-oqflb5hpj3m1yoilvatouie6mht7cfuk3itm6jd35w.jpg HTTP/1.1" 200 21980 "https://onlineorientation.hmhc.ca/" "Mozilla/5.0 (Macintosh; Intel Mac OS X 10_15_7) AppleWebKit/605.1.15 (KHTML, like Gecko) Version/17.8.1 Safari/605.1.15"
137.186.245.208 - - [21/Jan/2025:21:25:48 +0000] "GET /wp-content/uploads/elementor/thumbs/IMG_3899-scaled-oqfldbibackuqbda7qjq3gpfxh4o3bga28yx0i5etg.jpg HTTP/1.1" 200 20233 "https://onlineorientation.hmhc.ca/" "Mozilla/5.0 (Macintosh; Intel Mac OS X 10_15_7) AppleWebKit/605.1.15 (KHTML, like Gecko) Version/17.8.1 Safari/605.1.15"
137.186.245.208 - - [21/Jan/2025:21:25:48 +0000] "GET /wp-content/uploads/elementor/thumbs/IMG_3905-scaled-oqflgj4gmyz4ecpcgmiu45j4zvate379i57n1jdzk4.jpg HTTP/1.1" 200 18721 "https://onlineorientation.hmhc.ca/" "Mozilla/5.0 (Macintosh; Intel Mac OS X 10_15_7) AppleWebKit/605.1.15 (KHTML, like Gecko) Version/17.8.1 Safari/605.1.15"
137.186.245.208 - - [21/Jan/2025:21:25:48 +0000] "GET /wp-content/uploads/elementor/thumbs/IMG_3907-scaled-oqflhlnuf6fvmd5d7l6jgdt1co0v5og9bfyjpvsuh0.jpg HTTP/1.1" 200 20227 "https://onlineorientation.hmhc.ca/" "Mozilla/5.0 (Macintosh; Intel Mac OS X 10_15_7) AppleWebKit/605.1.15 (KHTML, like Gecko) Version/17.8.1 Safari/605.1.15"
137.186.245.208 - - [21/Jan/2025:21:25:48 +0000] "GET /wp-content/uploads/elementor/thumbs/IMG_3884-scaled-oqfl7s8j1h02czeqjceteuzpzseurhh6munz9ucvgk.jpg HTTP/1.1" 200 26846 "https://onlineorientation.hmhc.ca/" "Mozilla/5.0 (Macintosh; Intel Mac OS X 10_15_7) AppleWebKit/605.1.15 (KHTML, like Gecko) Version/17.8.1 Safari/605.1.15"
137.186.245.208 - - [21/Jan/2025:21:25:48 +0000] "GET /wp-content/plugins/elementor/assets/js/text-editor.2cbb801863b5118e0825.bundle.min.js HTTP/1.1" 200 666 "https://onlineorientation.hmhc.ca/" "Mozilla/5.0 (Macintosh; Intel Mac OS X 10_15_7) AppleWebKit/605.1.15 (KHTML, like Gecko) Version/17.8.1 Safari/605.1.15"
137.186.245.208 - - [21/Jan/2025:21:25:48 +0000] "GET /wp-content/uploads/elementor/thumbs/IMG_3919-scaled-oqfl3onv8he1q7d3h2me1e8cqam8707bqk8qxefolg.jpg HTTP/1.1" 200 27449 "https://onlineorientation.hmhc.ca/" "Mozilla/5.0 (Macintosh; Intel Mac OS X 10_15_7) AppleWebKit/605.1.15 (KHTML, like Gecko) Version/17.8.1 Safari/605.1.15"
137.186.245.208 - - [21/Jan/2025:21:25:48 +0000] "GET /wp-content/plugins/elementor/assets/js/image-carousel.78b881f3c7818111c2d7.bundle.min.js HTTP/1.1" 200 297 "https://onlineorientation.hmhc.ca/" "Mozilla/5.0 (Macintosh; Intel Mac OS X 10_15_7) AppleWebKit/605.1.15 (KHTML, like Gecko) Version/17.8.1 Safari/605.1.15"
137.186.245.208 - - [21/Jan/2025:21:25:48 +0000] "GET /wp-content/uploads/elementor/thumbs/IMG_3902-scaled-oqflewugv8rcej1zwxbytk8k5za24urwm4rjadse9w.jpg HTTP/1.1" 200 18491 "https://onlineorientation.hmhc.ca/" "Mozilla/5.0 (Macintosh; Intel Mac OS X 10_15_7) AppleWebKit/605.1.15 (KHTML, like Gecko) Version/17.8.1 Safari/605.1.15"
137.186.245.208 - - [21/Jan/2025:21:25:48 +0000] "GET /wp-content/uploads/elementor/thumbs/IMG_3908-scaled-oqfli5egep6we6cp0bppeqtptrbknbmme5nqsozkuc.jpg HTTP/1.1" 200 15808 "https://onlineorientation.hmhc.ca/" "Mozilla/5.0 (Macintosh; Intel Mac OS X 10_15_7) AppleWebKit/605.1.15 (KHTML, like Gecko) Version/17.8.1 Safari/605.1.15"
137.186.245.208 - - [21/Jan/2025:21:25:48 +0000] "GET /wp-content/uploads/elementor/thumbs/IMG_3895-scaled-oqflcrrpatttyi5yf00k53orgdtylo9wzj9pxoyog4.jpg HTTP/1.1" 200 24485 "https://onlineorientation.hmhc.ca/" "Mozilla/5.0 (Macintosh; Intel Mac OS X 10_15_7) AppleWebKit/605.1.15 (KHTML, like Gecko) Version/17.8.1 Safari/605.1.15"
137.186.245.208 - - [21/Jan/2025:21:25:48 +0000] "GET /wp-content/uploads/elementor/thumbs/IMG_3901-scaled-oqflee1p2k1lybtayp7ffozca9upuwp9vjptouk9qc.jpg HTTP/1.1" 200 17753 "https://onlineorientation.hmhc.ca/" "Mozilla/5.0 (Macintosh; Intel Mac OS X 10_15_7) AppleWebKit/605.1.15 (KHTML, like Gecko) Version/17.8.1 Safari/605.1.15"
137.186.245.208 - - [21/Jan/2025:21:25:48 +0000] "GET /wp-content/uploads/elementor/thumbs/IMG_3887-scaled-oqfl8wnl7cje87s0zbvrw2sjjcvmygxn4epuwqoy10.jpg HTTP/1.1" 200 24945 "https://onlineorientation.hmhc.ca/" "Mozilla/5.0 (Macintosh; Intel Mac OS X 10_15_7) AppleWebKit/605.1.15 (KHTML, like Gecko) Version/17.8.1 Safari/605.1.15"
137.186.245.208 - - [21/Jan/2025:21:25:48 +0000] "GET /wp-content/uploads/elementor/thumbs/IMG_3904-scaled-oqflfzdung83mji0nvzo5sigis03wg0wffifyq796s.jpg HTTP/1.1" 200 19224 "https://onlineorientation.hmhc.ca/" "Mozilla/5.0 (Macintosh; Intel Mac OS X 10_15_7) AppleWebKit/605.1.15 (KHTML, like Gecko) Version/17.8.1 Safari/605.1.15"
137.186.245.208 - - [21/Jan/2025:21:25:48 +0000] "GET /wp-content/uploads/elementor/thumbs/IMG_3906-scaled-oqflh2v2mhq565wo9d202ijtgylivqdmkuwu4ckpxg.jpg HTTP/1.1" 200 19434 "https://onlineorientation.hmhc.ca/" "Mozilla/5.0 (Macintosh; Intel Mac OS X 10_15_7) AppleWebKit/605.1.15 (KHTML, like Gecko) Version/17.8.1 Safari/605.1.15"
137.186.245.208 - - [21/Jan/2025:21:25:48 +0000] "GET /wp-content/plugins/elementor/assets/lib/swiper/v8/swiper.min.js?ver=8.4.5 HTTP/1.1" 200 39695 "https://onlineorientation.hmhc.ca/" "Mozilla/5.0 (Macintosh; Intel Mac OS X 10_15_7) AppleWebKit/605.1.15 (KHTML, like Gecko) Version/17.8.1 Safari/605.1.15"
137.186.245.208 - - [21/Jan/2025:21:25:48 +0000] "GET /wp-content/uploads/elementor/thumbs/IMG_3917-scaled-oqfmhsg5jjzalwkzw8bgg91wopnli648ak5ive56x0.jpg HTTP/1.1" 200 25380 "https://onlineorientation.hmhc.ca/" "Mozilla/5.0 (Macintosh; Intel Mac OS X 10_15_7) AppleWebKit/605.1.15 (KHTML, like Gecko) Version/17.8.1 Safari/605.1.15"
137.186.245.208 - - [21/Jan/2025:21:25:48 +0000] "GET /wp-content/uploads/elementor/thumbs/IMG_3913-scaled-oqfljm1f1f6ygc88gygtadjj3c44mdfl9e6xo6tj5w.jpg HTTP/1.1" 200 23118 "https://onlineorientation.hmhc.ca/" "Mozilla/5.0 (Macintosh; Intel Mac OS X 10_15_7) AppleWebKit/605.1.15 (KHTML, like Gecko) Version/17.8.1 Safari/605.1.15"
137.186.245.208 - - [21/Jan/2025:21:25:48 +0000] "GET /wp-content/uploads/elementor/thumbs/IMG_3882-scaled-oqfl6mvmorfg652t8uj8d5ffuu2pcswzt5ym5o272c.jpg HTTP/1.1" 200 25124 "https://onlineorientation.hmhc.ca/" "Mozilla/5.0 (Macintosh; Intel Mac OS X 10_15_7) AppleWebKit/605.1.15 (KHTML, like Gecko) Version/17.8.1 Safari/605.1.15"
137.186.245.208 - - [21/Jan/2025:21:25:48 +0000] "GET /wp-content/uploads/elementor/thumbs/IMG_3879-scaled-oqfl5hiqc1utzaqvycnnbfv5pvqjy4cszh991hrio4.jpg HTTP/1.1" 200 26058 "https://onlineorientation.hmhc.ca/" "Mozilla/5.0 (Macintosh; Intel Mac OS X 10_15_7) AppleWebKit/605.1.15 (KHTML, like Gecko) Version/17.8.1 Safari/605.1.15"
137.186.245.208 - - [21/Jan/2025:21:25:48 +0000] "GET /wp-content/uploads/elementor/thumbs/IMG_3877-scaled-oqfl4aa5lo7n58hoytyt4qrye5no41l5hj8wyrjmmc.jpg HTTP/1.1" 200 24634 "https://onlineorientation.hmhc.ca/" "Mozilla/5.0 (Macintosh; Intel Mac OS X 10_15_7) AppleWebKit/605.1.15 (KHTML, like Gecko) Version/17.8.1 Safari/605.1.15"
137.186.245.208 - - [21/Jan/2025:21:25:48 +0000] "GET /wp-content/uploads/elementor/thumbs/IMG_3883-scaled-oqfl77k2v47r9k8rw3h0w07kxb8s257380bapr7j9g.jpg HTTP/1.1" 200 26936 "https://onlineorientation.hmhc.ca/" "Mozilla/5.0 (Macintosh; Intel Mac OS X 10_15_7) AppleWebKit/605.1.15 (KHTML, like Gecko) Version/17.8.1 Safari/605.1.15"
137.186.245.208 - - [21/Jan/2025:21:25:48 +0000] "GET /wp-content/uploads/elementor/thumbs/IMG_3909-scaled-oqflio787dwmudldyju8sm2xpgqwx9p94qpge87pdw.jpg HTTP/1.1" 200 22334 "https://onlineorientation.hmhc.ca/" "Mozilla/5.0 (Macintosh; Intel Mac OS X 10_15_7) AppleWebKit/605.1.15 (KHTML, like Gecko) Version/17.8.1 Safari/605.1.15"
137.186.245.208 - - [21/Jan/2025:21:25:48 +0000] "GET /wp-content/uploads/elementor/thumbs/IMG_3888-scaled-oqfl9hc1dpbpbmxzmktkexkolu1pnt7qj92jgtua84.jpg HTTP/1.1" 200 25519 "https://onlineorientation.hmhc.ca/" "Mozilla/5.0 (Macintosh; Intel Mac OS X 10_15_7) AppleWebKit/605.1.15 (KHTML, like Gecko) Version/17.8.1 Safari/605.1.15"
137.186.245.208 - - [21/Jan/2025:21:25:48 +0000] "GET /wp-content/uploads/elementor/thumbs/IMG_3880-scaled-oqfl6276ien52pwulllfuanascwmngmweblxlkwuv8.jpg HTTP/1.1" 200 27879 "https://onlineorientation.hmhc.ca/" "Mozilla/5.0 (Macintosh; Intel Mac OS X 10_15_7) AppleWebKit/605.1.15 (KHTML, like Gecko) Version/17.8.1 Safari/605.1.15"
137.186.245.208 - - [21/Jan/2025:21:25:48 +0000] "GET /wp-content/uploads/elementor/thumbs/IMG_3886-scaled-oqfl8bz50zr34sm2c2xzd80egvpk94njpkd6cnjltw.jpg HTTP/1.1" 200 22315 "https://onlineorientation.hmhc.ca/" "Mozilla/5.0 (Macintosh; Intel Mac OS X 10_15_7) AppleWebKit/605.1.15 (KHTML, like Gecko) Version/17.8.1 Safari/605.1.15"
137.186.245.208 - - [21/Jan/2025:21:25:48 +0000] "GET /wp-content/uploads/elementor/thumbs/IMG_3910-scaled-oqflj70002mdaku2wrys6hc5l66977rvvbr5zrftxg.jpg HTTP/1.1" 200 13618 "https://onlineorientation.hmhc.ca/" "Mozilla/5.0 (Macintosh; Intel Mac OS X 10_15_7) AppleWebKit/605.1.15 (KHTML, like Gecko) Version/17.8.1 Safari/605.1.15"
137.186.245.208 - - [21/Jan/2025:21:25:48 +0000] "GET /wp-content/uploads/elementor/thumbs/IMG_3900-scaled-oqfldv8x9vbvi4km0h2w1tq4ekfdkymn4yo43bc56s.jpg HTTP/1.1" 200 20730 "https://onlineorientation.hmhc.ca/" "Mozilla/5.0 (Macintosh; Intel Mac OS X 10_15_7) AppleWebKit/605.1.15 (KHTML, like Gecko) Version/17.8.1 Safari/605.1.15"
137.186.245.208 - - [21/Jan/2025:21:25:48 +0000] "GET /wp-content/uploads/elementor/thumbs/IMG_3891-scaled-oqflamoxqewbih9wx2p5gn4yqsdv2hrxcxrwl04ymc.jpg HTTP/1.1" 200 20293 "https://onlineorientation.hmhc.ca/" "Mozilla/5.0 (Macintosh; Intel Mac OS X 10_15_7) AppleWebKit/605.1.15 (KHTML, like Gecko) Version/17.8.1 Safari/605.1.15"
137.186.245.208 - - [21/Jan/2025:21:25:48 +0000] "GET /wp-content/uploads/elementor/thumbs/IMG_3903-scaled-oqflfgl2urid6c9bpnv4rx98n2krmhy9ougqd6z4n8.jpg HTTP/1.1" 200 18970 "https://onlineorientation.hmhc.ca/" "Mozilla/5.0 (Macintosh; Intel Mac OS X 10_15_7) AppleWebKit/605.1.15 (KHTML, like Gecko) Version/17.8.1 Safari/605.1.15"
137.186.245.208 - - [21/Jan/2025:21:25:48 +0000] "GET /wp-content/plugins/elementor/assets/lib/font-awesome/webfonts/fa-regular-400.woff2 HTTP/1.1" 200 13299 "https://onlineorientation.hmhc.ca/" "Mozilla/5.0 (Macintosh; Intel Mac OS X 10_15_7) AppleWebKit/605.1.15 (KHTML, like Gecko) Version/17.8.1 Safari/605.1.15"
137.186.245.208 - - [21/Jan/2025:21:25:48 +0000] "GET /wp-content/uploads/2020/06/IMG_3913-scaled.jpg HTTP/1.1" 200 609522 "https://onlineorientation.hmhc.ca/" "Mozilla/5.0 (Macintosh; Intel Mac OS X 10_15_7) AppleWebKit/605.1.15 (KHTML, like Gecko) Version/17.8.1 Safari/605.1.15"
137.186.245.208 - - [21/Jan/2025:21:25:48 +0000] "GET /wp-content/plugins/responsive-menu/v4.0.0/themes/electric%20blue%20theme/blue-background.png HTTP/1.1" 200 64541 "https://onlineorientation.hmhc.ca/" "Mozilla/5.0 (Macintosh; Intel Mac OS X 10_15_7) AppleWebKit/605.1.15 (KHTML, like Gecko) Version/17.8.1 Safari/605.1.15"
137.186.245.208 - - [21/Jan/2025:21:25:48 +0000] "GET /wp-content/plugins/wpfront-scroll-top/images/icons/1.png HTTP/1.1" 200 773 "https://onlineorientation.hmhc.ca/" "Mozilla/5.0 (Macintosh; Intel Mac OS X 10_15_7) AppleWebKit/605.1.15 (KHTML, like Gecko) Version/17.8.1 Safari/605.1.15"
137.186.245.208 - - [21/Jan/2025:21:25:49 +0000] "GET /wp-content/uploads/2020/05/cropped-family-and-friends-silhouette-2-32x32.png HTTP/1.1" 200 707 "https://onlineorientation.hmhc.ca/" "Mozilla/5.0 (Macintosh; Intel Mac OS X 10_15_7) AppleWebKit/605.1.15 (KHTML, like Gecko) Version/17.8.1 Safari/605.1.15"
137.186.245.208 - - [21/Jan/2025:21:25:49 +0000] "GET /wp-content/uploads/2020/05/cropped-family-and-friends-silhouette-2-192x192.png HTTP/1.1" 200 4819 "https://onlineorientation.hmhc.ca/" "Mozilla/5.0 (Macintosh; Intel Mac OS X 10_15_7) AppleWebKit/605.1.15 (KHTML, like Gecko) Version/17.8.1 Safari/605.1.15"
137.186.245.208 - - [21/Jan/2025:21:26:06 +0000] "GET /wp-content/uploads/elementor/thumbs/2014-09-12-10.04.26-scaled-oqwu53wjiqeu8i1e15cik47j1jtv068c7fi7j03m48.jpg HTTP/1.1" 200 18706 "https://onlineorientation.hmhc.ca/" "Mozilla/5.0 (Macintosh; Intel Mac OS X 10_15_7) AppleWebKit/605.1.15 (KHTML, like Gecko) Version/17.8.1 Safari/605.1.15"
45.56.220.125 - - [21/Jan/2025:21:26:27 +0000] "POST /wp-cron.php?doing_wp_cron=1737494787.8260979652404785156250 HTTP/1.1" 200 - "-" "WordPress/6.7.1; https://onlineorientation.hmhc.ca"
137.186.245.208 - - [21/Jan/2025:21:26:27 +0000] "GET /index.php/home/resources/ HTTP/1.1" 200 11677 "https://onlineorientation.hmhc.ca/" "Mozilla/5.0 (Macintosh; Intel Mac OS X 10_15_7) AppleWebKit/605.1.15 (KHTML, like Gecko) Version/17.8.1 Safari/605.1.15"
137.186.245.208 - - [21/Jan/2025:21:26:28 +0000] "GET /wp-content/cache/autoptimize/css/autoptimize_single_3e8f4786c8bc0152c472f8bc0bb394fe.css?ver=1736297347 HTTP/1.1" 200 2047 "https://onlineorientation.hmhc.ca/index.php/home/resources/" "Mozilla/5.0 (Macintosh; Intel Mac OS X 10_15_7) AppleWebKit/605.1.15 (KHTML, like Gecko) Version/17.8.1 Safari/605.1.15"
137.186.245.208 - - [21/Jan/2025:21:26:28 +0000] "GET /wp-content/cache/autoptimize/css/autoptimize_95d8c09f349e80b77bc62fcc6577b6c8.css HTTP/1.1" 200 156092 "https://onlineorientation.hmhc.ca/index.php/home/resources/" "Mozilla/5.0 (Macintosh; Intel Mac OS X 10_15_7) AppleWebKit/605.1.15 (KHTML, like Gecko) Version/17.8.1 Safari/605.1.15"
137.186.245.208 - - [21/Jan/2025:21:26:28 +0000] "GET /wp-content/cache/autoptimize/js/autoptimize_9eb72277054cc8f0238b62d5adaec141.js HTTP/1.1" 200 165531 "https://onlineorientation.hmhc.ca/index.php/home/resources/" "Mozilla/5.0 (Macintosh; Intel Mac OS X 10_15_7) AppleWebKit/605.1.15 (KHTML, like Gecko) Version/17.8.1 Safari/605.1.15"
137.186.245.208 - - [21/Jan/2025:21:26:28 +0000] "GET /wp-content/uploads/2022/02/ECMHSTag.jpg HTTP/1.1" 200 25463 "https://onlineorientation.hmhc.ca/" "Mozilla/5.0 (Macintosh; Intel Mac OS X 10_15_7) AppleWebKit/605.1.15 (KHTML, like Gecko) Version/17.8.1 Safari/605.1.15"
137.186.245.208 - - [21/Jan/2025:21:26:29 +0000] "GET /wp-content/uploads/2020/05/video-sec-bg.png HTTP/1.1" 200 100939 "https://onlineorientation.hmhc.ca/" "Mozilla/5.0 (Macintosh; Intel Mac OS X 10_15_7) AppleWebKit/605.1.15 (KHTML, like Gecko) Version/17.8.1 Safari/605.1.15"
137.186.245.208 - - [21/Jan/2025:21:26:28 +0000] "GET /wp-content/uploads/2020/06/IMG_3918-scaled.jpg HTTP/1.1" 200 852040 "https://onlineorientation.hmhc.ca/" "Mozilla/5.0 (Macintosh; Intel Mac OS X 10_15_7) AppleWebKit/605.1.15 (KHTML, like Gecko) Version/17.8.1 Safari/605.1.15"
137.186.245.208 - - [21/Jan/2025:21:26:47 +0000] "GET /index.php/home/resources/ HTTP/1.1" 200 11678 "https://onlineorientation.hmhc.ca/index.php/home/resources/" "Mozilla/5.0 (Macintosh; Intel Mac OS X 10_15_7) AppleWebKit/605.1.15 (KHTML, like Gecko) Version/17.8.1 Safari/605.1.15"
45.56.220.125 - - [21/Jan/2025:21:34:18 +0000] "POST /wp-cron.php?doing_wp_cron=1737495258.5248188972473144531250 HTTP/1.1" 200 - "-" "WordPress/6.7.1; https://onlineorientation.hmhc.ca"
165.22.252.197 - - [21/Jan/2025:21:34:17 +0000] "GET / HTTP/1.1" 200 18150 "-" "python-requests/2.18.4"
45.56.220.125 - - [21/Jan/2025:22:00:23 +0000] "POST /wp-cron.php?doing_wp_cron=1737496823.7381019592285156250000 HTTP/1.1" 200 - "-" "WordPress/6.7.1; https://onlineorientation.hmhc.ca"
187.171.228.77 - - [21/Jan/2025:22:00:23 +0000] "POST /xmlrpc.php HTTP/1.1" 200 206 "http://www.google.com.hk" "Mozilla/5.0 (Windows NT 6.1; WOW64) AppleWebKit/537.36 (KHTML, like Gecko) Chrome/42.0.2311.90 Safari/537.36"
45.56.220.125 - - [21/Jan/2025:22:14:42 +0000] "POST /wp-cron.php?doing_wp_cron=1737497682.4649848937988281250000 HTTP/1.1" 200 - "-" "WordPress/6.7.1; https://onlineorientation.hmhc.ca"
173.183.169.38 - - [21/Jan/2025:22:14:41 +0000] "GET / HTTP/1.1" 200 18161 "-" "Mozilla/5.0 (iPhone; CPU iPhone OS 18_1_1 like Mac OS X) AppleWebKit/605.1.15 (KHTML, like Gecko) CriOS/132.0.6834.78 Mobile/15E148 Safari/604.1"
173.183.169.38 - - [21/Jan/2025:22:14:42 +0000] "GET /wp-content/cache/autoptimize/js/autoptimize_single_8aecf12d6b5eeb93947f0a88c25b5bf7.js?ver=683a92b8e545ca8bc900b7c5d02d754f HTTP/1.1" 200 4239 "https://onlineorientation.hmhc.ca/" "Mozilla/5.0 (iPhone; CPU iPhone OS 18_1_1 like Mac OS X) AppleWebKit/605.1.15 (KHTML, like Gecko) CriOS/132.0.6834.78 Mobile/15E148 Safari/604.1"
173.183.169.38 - - [21/Jan/2025:22:14:43 +0000] "GET /wp-content/cache/autoptimize/css/autoptimize_single_383084620b432bdba5a7c7fa76b511e6.css?ver=1736286716 HTTP/1.1" 200 2686 "https://onlineorientation.hmhc.ca/" "Mozilla/5.0 (iPhone; CPU iPhone OS 18_1_1 like Mac OS X) AppleWebKit/605.1.15 (KHTML, like Gecko) CriOS/132.0.6834.78 Mobile/15E148 Safari/604.1"
173.183.169.38 - - [21/Jan/2025:22:14:43 +0000] "GET /wp-content/cache/autoptimize/css/autoptimize_single_981317787cf5a94909c0fa1ab47b6a78.css?ver=1736286715 HTTP/1.1" 200 586 "https://onlineorientation.hmhc.ca/" "Mozilla/5.0 (iPhone; CPU iPhone OS 18_1_1 like Mac OS X) AppleWebKit/605.1.15 (KHTML, like Gecko) CriOS/132.0.6834.78 Mobile/15E148 Safari/604.1"
173.183.169.38 - - [21/Jan/2025:22:14:43 +0000] "GET /wp-includes/css/dashicons.min.css?ver=683a92b8e545ca8bc900b7c5d02d754f HTTP/1.1" 200 35730 "https://onlineorientation.hmhc.ca/" "Mozilla/5.0 (iPhone; CPU iPhone OS 18_1_1 like Mac OS X) AppleWebKit/605.1.15 (KHTML, like Gecko) CriOS/132.0.6834.78 Mobile/15E148 Safari/604.1"
173.183.169.38 - - [21/Jan/2025:22:14:43 +0000] "GET /wp-includes/js/jquery/jquery.min.js?ver=3.7.1 HTTP/1.1" 200 30368 "https://onlineorientation.hmhc.ca/" "Mozilla/5.0 (iPhone; CPU iPhone OS 18_1_1 like Mac OS X) AppleWebKit/605.1.15 (KHTML, like Gecko) CriOS/132.0.6834.78 Mobile/15E148 Safari/604.1"
173.183.169.38 - - [21/Jan/2025:22:14:43 +0000] "GET /wp-content/cache/autoptimize/css/autoptimize_461e242e51c3036b21fddff518e6e393.css HTTP/1.1" 200 167431 "https://onlineorientation.hmhc.ca/" "Mozilla/5.0 (iPhone; CPU iPhone OS 18_1_1 like Mac OS X) AppleWebKit/605.1.15 (KHTML, like Gecko) CriOS/132.0.6834.78 Mobile/15E148 Safari/604.1"
173.183.169.38 - - [21/Jan/2025:22:14:43 +0000] "GET /wp-content/uploads/2020/06/zz-testimonial3.png HTTP/1.1" 200 1226 "https://onlineorientation.hmhc.ca/" "Mozilla/5.0 (iPhone; CPU iPhone OS 18_1_1 like Mac OS X) AppleWebKit/605.1.15 (KHTML, like Gecko) CriOS/132.0.6834.78 Mobile/15E148 Safari/604.1"
173.183.169.38 - - [21/Jan/2025:22:14:42 +0000] "GET /wp-content/cache/autoptimize/js/autoptimize_a000532010ead8d269887cc384f8593c.js HTTP/1.1" 200 207377 "https://onlineorientation.hmhc.ca/" "Mozilla/5.0 (iPhone; CPU iPhone OS 18_1_1 like Mac OS X) AppleWebKit/605.1.15 (KHTML, like Gecko) CriOS/132.0.6834.78 Mobile/15E148 Safari/604.1"
173.183.169.38 - - [21/Jan/2025:22:14:43 +0000] "GET /wp-content/uploads/elementor/thumbs/IMG_3917-scaled-oqfmhsg5jjzalwkzw8bgg91wopnli648ak5ive56x0.jpg HTTP/1.1" 200 25380 "https://onlineorientation.hmhc.ca/" "Mozilla/5.0 (iPhone; CPU iPhone OS 18_1_1 like Mac OS X) AppleWebKit/605.1.15 (KHTML, like Gecko) CriOS/132.0.6834.78 Mobile/15E148 Safari/604.1"
173.183.169.38 - - [21/Jan/2025:22:14:43 +0000] "GET /wp-content/uploads/2020/05/AHS.gif HTTP/1.1" 200 2289 "https://onlineorientation.hmhc.ca/" "Mozilla/5.0 (iPhone; CPU iPhone OS 18_1_1 like Mac OS X) AppleWebKit/605.1.15 (KHTML, like Gecko) CriOS/132.0.6834.78 Mobile/15E148 Safari/604.1"
173.183.169.38 - - [21/Jan/2025:22:14:43 +0000] "GET /wp-content/plugins/elementor/assets/lib/eicons/fonts/eicons.woff2?5.34.0 HTTP/1.1" 200 98341 "https://onlineorientation.hmhc.ca/" "Mozilla/5.0 (iPhone; CPU iPhone OS 18_1_1 like Mac OS X) AppleWebKit/605.1.15 (KHTML, like Gecko) CriOS/132.0.6834.78 Mobile/15E148 Safari/604.1"
173.183.169.38 - - [21/Jan/2025:22:14:43 +0000] "GET /wp-content/plugins/elementor/assets/lib/font-awesome/webfonts/fa-solid-900.woff2 HTTP/1.1" 200 78099 "https://onlineorientation.hmhc.ca/" "Mozilla/5.0 (iPhone; CPU iPhone OS 18_1_1 like Mac OS X) AppleWebKit/605.1.15 (KHTML, like Gecko) CriOS/132.0.6834.78 Mobile/15E148 Safari/604.1"
173.183.169.38 - - [21/Jan/2025:22:14:43 +0000] "GET /wp-content/uploads/elementor/thumbs/IMG_3892-scaled-oqflb5hpj3m1yoilvatouie6mht7cfuk3itm6jd35w.jpg HTTP/1.1" 200 21980 "https://onlineorientation.hmhc.ca/" "Mozilla/5.0 (iPhone; CPU iPhone OS 18_1_1 like Mac OS X) AppleWebKit/605.1.15 (KHTML, like Gecko) CriOS/132.0.6834.78 Mobile/15E148 Safari/604.1"
173.183.169.38 - - [21/Jan/2025:22:14:43 +0000] "GET /wp-content/uploads/elementor/thumbs/IMG_3908-scaled-oqfli5egep6we6cp0bppeqtptrbknbmme5nqsozkuc.jpg HTTP/1.1" 200 15808 "https://onlineorientation.hmhc.ca/" "Mozilla/5.0 (iPhone; CPU iPhone OS 18_1_1 like Mac OS X) AppleWebKit/605.1.15 (KHTML, like Gecko) CriOS/132.0.6834.78 Mobile/15E148 Safari/604.1"
173.183.169.38 - - [21/Jan/2025:22:14:43 +0000] "GET /wp-content/uploads/elementor/thumbs/IMG_3877-scaled-oqfl4aa5lo7n58hoytyt4qrye5no41l5hj8wyrjmmc.jpg HTTP/1.1" 200 24634 "https://onlineorientation.hmhc.ca/" "Mozilla/5.0 (iPhone; CPU iPhone OS 18_1_1 like Mac OS X) AppleWebKit/605.1.15 (KHTML, like Gecko) CriOS/132.0.6834.78 Mobile/15E148 Safari/604.1"
173.183.169.38 - - [21/Jan/2025:22:14:43 +0000] "GET /wp-content/uploads/elementor/thumbs/IMG_3886-scaled-oqfl8bz50zr34sm2c2xzd80egvpk94njpkd6cnjltw.jpg HTTP/1.1" 200 22315 "https://onlineorientation.hmhc.ca/" "Mozilla/5.0 (iPhone; CPU iPhone OS 18_1_1 like Mac OS X) AppleWebKit/605.1.15 (KHTML, like Gecko) CriOS/132.0.6834.78 Mobile/15E148 Safari/604.1"
173.183.169.38 - - [21/Jan/2025:22:14:43 +0000] "GET /wp-content/plugins/elementor/assets/lib/font-awesome/webfonts/fa-regular-400.woff2 HTTP/1.1" 200 13299 "https://onlineorientation.hmhc.ca/" "Mozilla/5.0 (iPhone; CPU iPhone OS 18_1_1 like Mac OS X) AppleWebKit/605.1.15 (KHTML, like Gecko) CriOS/132.0.6834.78 Mobile/15E148 Safari/604.1"
173.183.169.38 - - [21/Jan/2025:22:14:43 +0000] "GET /wp-content/uploads/elementor/thumbs/IMG_3880-scaled-oqfl6276ien52pwulllfuanascwmngmweblxlkwuv8.jpg HTTP/1.1" 200 27879 "https://onlineorientation.hmhc.ca/" "Mozilla/5.0 (iPhone; CPU iPhone OS 18_1_1 like Mac OS X) AppleWebKit/605.1.15 (KHTML, like Gecko) CriOS/132.0.6834.78 Mobile/15E148 Safari/604.1"
173.183.169.38 - - [21/Jan/2025:22:14:43 +0000] "GET /wp-content/uploads/elementor/thumbs/IMG_3895-scaled-oqflcrrpatttyi5yf00k53orgdtylo9wzj9pxoyog4.jpg HTTP/1.1" 200 24485 "https://onlineorientation.hmhc.ca/" "Mozilla/5.0 (iPhone; CPU iPhone OS 18_1_1 like Mac OS X) AppleWebKit/605.1.15 (KHTML, like Gecko) CriOS/132.0.6834.78 Mobile/15E148 Safari/604.1"
173.183.169.38 - - [21/Jan/2025:22:14:43 +0000] "GET /wp-content/uploads/elementor/thumbs/IMG_3909-scaled-oqflio787dwmudldyju8sm2xpgqwx9p94qpge87pdw.jpg HTTP/1.1" 200 22334 "https://onlineorientation.hmhc.ca/" "Mozilla/5.0 (iPhone; CPU iPhone OS 18_1_1 like Mac OS X) AppleWebKit/605.1.15 (KHTML, like Gecko) CriOS/132.0.6834.78 Mobile/15E148 Safari/604.1"
173.183.169.38 - - [21/Jan/2025:22:14:43 +0000] "GET /wp-content/uploads/elementor/thumbs/IMG_3904-scaled-oqflfzdung83mji0nvzo5sigis03wg0wffifyq796s.jpg HTTP/1.1" 200 19224 "https://onlineorientation.hmhc.ca/" "Mozilla/5.0 (iPhone; CPU iPhone OS 18_1_1 like Mac OS X) AppleWebKit/605.1.15 (KHTML, like Gecko) CriOS/132.0.6834.78 Mobile/15E148 Safari/604.1"
173.183.169.38 - - [21/Jan/2025:22:14:43 +0000] "GET /wp-content/uploads/elementor/thumbs/IMG_3888-scaled-oqfl9hc1dpbpbmxzmktkexkolu1pnt7qj92jgtua84.jpg HTTP/1.1" 200 25519 "https://onlineorientation.hmhc.ca/" "Mozilla/5.0 (iPhone; CPU iPhone OS 18_1_1 like Mac OS X) AppleWebKit/605.1.15 (KHTML, like Gecko) CriOS/132.0.6834.78 Mobile/15E148 Safari/604.1"
173.183.169.38 - - [21/Jan/2025:22:14:43 +0000] "GET /wp-content/uploads/elementor/thumbs/IMG_3899-scaled-oqfldbibackuqbda7qjq3gpfxh4o3bga28yx0i5etg.jpg HTTP/1.1" 200 20233 "https://onlineorientation.hmhc.ca/" "Mozilla/5.0 (iPhone; CPU iPhone OS 18_1_1 like Mac OS X) AppleWebKit/605.1.15 (KHTML, like Gecko) CriOS/132.0.6834.78 Mobile/15E148 Safari/604.1"
173.183.169.38 - - [21/Jan/2025:22:14:43 +0000] "GET /wp-content/uploads/elementor/thumbs/IMG_3882-scaled-oqfl6mvmorfg652t8uj8d5ffuu2pcswzt5ym5o272c.jpg HTTP/1.1" 200 25124 "https://onlineorientation.hmhc.ca/" "Mozilla/5.0 (iPhone; CPU iPhone OS 18_1_1 like Mac OS X) AppleWebKit/605.1.15 (KHTML, like Gecko) CriOS/132.0.6834.78 Mobile/15E148 Safari/604.1"
173.183.169.38 - - [21/Jan/2025:22:14:43 +0000] "GET /wp-content/uploads/elementor/thumbs/IMG_3879-scaled-oqfl5hiqc1utzaqvycnnbfv5pvqjy4cszh991hrio4.jpg HTTP/1.1" 200 26058 "https://onlineorientation.hmhc.ca/" "Mozilla/5.0 (iPhone; CPU iPhone OS 18_1_1 like Mac OS X) AppleWebKit/605.1.15 (KHTML, like Gecko) CriOS/132.0.6834.78 Mobile/15E148 Safari/604.1"
173.183.169.38 - - [21/Jan/2025:22:14:43 +0000] "GET /wp-content/plugins/elementor/assets/js/text-editor.2cbb801863b5118e0825.bundle.min.js HTTP/1.1" 200 666 "https://onlineorientation.hmhc.ca/" "Mozilla/5.0 (iPhone; CPU iPhone OS 18_1_1 like Mac OS X) AppleWebKit/605.1.15 (KHTML, like Gecko) CriOS/132.0.6834.78 Mobile/15E148 Safari/604.1"
173.183.169.38 - - [21/Jan/2025:22:14:43 +0000] "GET /wp-content/plugins/elementor/assets/js/image-carousel.78b881f3c7818111c2d7.bundle.min.js HTTP/1.1" 200 297 "https://onlineorientation.hmhc.ca/" "Mozilla/5.0 (iPhone; CPU iPhone OS 18_1_1 like Mac OS X) AppleWebKit/605.1.15 (KHTML, like Gecko) CriOS/132.0.6834.78 Mobile/15E148 Safari/604.1"
173.183.169.38 - - [21/Jan/2025:22:14:43 +0000] "GET /wp-content/uploads/elementor/thumbs/IMG_3903-scaled-oqflfgl2urid6c9bpnv4rx98n2krmhy9ougqd6z4n8.jpg HTTP/1.1" 200 18970 "https://onlineorientation.hmhc.ca/" "Mozilla/5.0 (iPhone; CPU iPhone OS 18_1_1 like Mac OS X) AppleWebKit/605.1.15 (KHTML, like Gecko) CriOS/132.0.6834.78 Mobile/15E148 Safari/604.1"
173.183.169.38 - - [21/Jan/2025:22:14:43 +0000] "GET /wp-content/uploads/elementor/thumbs/IMG_3884-scaled-oqfl7s8j1h02czeqjceteuzpzseurhh6munz9ucvgk.jpg HTTP/1.1" 200 26846 "https://onlineorientation.hmhc.ca/" "Mozilla/5.0 (iPhone; CPU iPhone OS 18_1_1 like Mac OS X) AppleWebKit/605.1.15 (KHTML, like Gecko) CriOS/132.0.6834.78 Mobile/15E148 Safari/604.1"
173.183.169.38 - - [21/Jan/2025:22:14:43 +0000] "GET /wp-content/plugins/elementor/assets/lib/swiper/v8/swiper.min.js?ver=8.4.5 HTTP/1.1" 200 39695 "https://onlineorientation.hmhc.ca/" "Mozilla/5.0 (iPhone; CPU iPhone OS 18_1_1 like Mac OS X) AppleWebKit/605.1.15 (KHTML, like Gecko) CriOS/132.0.6834.78 Mobile/15E148 Safari/604.1"
173.183.169.38 - - [21/Jan/2025:22:14:43 +0000] "GET /wp-content/uploads/elementor/thumbs/IMG_3910-scaled-oqflj70002mdaku2wrys6hc5l66977rvvbr5zrftxg.jpg HTTP/1.1" 200 13618 "https://onlineorientation.hmhc.ca/" "Mozilla/5.0 (iPhone; CPU iPhone OS 18_1_1 like Mac OS X) AppleWebKit/605.1.15 (KHTML, like Gecko) CriOS/132.0.6834.78 Mobile/15E148 Safari/604.1"
173.183.169.38 - - [21/Jan/2025:22:14:43 +0000] "GET /wp-content/uploads/elementor/thumbs/IMG_3907-scaled-oqflhlnuf6fvmd5d7l6jgdt1co0v5og9bfyjpvsuh0.jpg HTTP/1.1" 200 20227 "https://onlineorientation.hmhc.ca/" "Mozilla/5.0 (iPhone; CPU iPhone OS 18_1_1 like Mac OS X) AppleWebKit/605.1.15 (KHTML, like Gecko) CriOS/132.0.6834.78 Mobile/15E148 Safari/604.1"
173.183.169.38 - - [21/Jan/2025:22:14:43 +0000] "GET /wp-content/uploads/elementor/thumbs/IMG_3905-scaled-oqflgj4gmyz4ecpcgmiu45j4zvate379i57n1jdzk4.jpg HTTP/1.1" 200 18721 "https://onlineorientation.hmhc.ca/" "Mozilla/5.0 (iPhone; CPU iPhone OS 18_1_1 like Mac OS X) AppleWebKit/605.1.15 (KHTML, like Gecko) CriOS/132.0.6834.78 Mobile/15E148 Safari/604.1"
173.183.169.38 - - [21/Jan/2025:22:14:43 +0000] "GET /wp-content/uploads/elementor/thumbs/IMG_3900-scaled-oqfldv8x9vbvi4km0h2w1tq4ekfdkymn4yo43bc56s.jpg HTTP/1.1" 200 20730 "https://onlineorientation.hmhc.ca/" "Mozilla/5.0 (iPhone; CPU iPhone OS 18_1_1 like Mac OS X) AppleWebKit/605.1.15 (KHTML, like Gecko) CriOS/132.0.6834.78 Mobile/15E148 Safari/604.1"
173.183.169.38 - - [21/Jan/2025:22:14:43 +0000] "GET /wp-content/uploads/elementor/thumbs/IMG_3902-scaled-oqflewugv8rcej1zwxbytk8k5za24urwm4rjadse9w.jpg HTTP/1.1" 200 18491 "https://onlineorientation.hmhc.ca/" "Mozilla/5.0 (iPhone; CPU iPhone OS 18_1_1 like Mac OS X) AppleWebKit/605.1.15 (KHTML, like Gecko) CriOS/132.0.6834.78 Mobile/15E148 Safari/604.1"
173.183.169.38 - - [21/Jan/2025:22:14:43 +0000] "GET /wp-content/uploads/elementor/thumbs/IMG_3919-scaled-oqfl3onv8he1q7d3h2me1e8cqam8707bqk8qxefolg.jpg HTTP/1.1" 200 27449 "https://onlineorientation.hmhc.ca/" "Mozilla/5.0 (iPhone; CPU iPhone OS 18_1_1 like Mac OS X) AppleWebKit/605.1.15 (KHTML, like Gecko) CriOS/132.0.6834.78 Mobile/15E148 Safari/604.1"
173.183.169.38 - - [21/Jan/2025:22:14:43 +0000] "GET /wp-content/uploads/elementor/thumbs/IMG_3887-scaled-oqfl8wnl7cje87s0zbvrw2sjjcvmygxn4epuwqoy10.jpg HTTP/1.1" 200 24945 "https://onlineorientation.hmhc.ca/" "Mozilla/5.0 (iPhone; CPU iPhone OS 18_1_1 like Mac OS X) AppleWebKit/605.1.15 (KHTML, like Gecko) CriOS/132.0.6834.78 Mobile/15E148 Safari/604.1"
173.183.169.38 - - [21/Jan/2025:22:14:43 +0000] "GET /wp-content/uploads/elementor/thumbs/IMG_3913-scaled-oqfljm1f1f6ygc88gygtadjj3c44mdfl9e6xo6tj5w.jpg HTTP/1.1" 200 23118 "https://onlineorientation.hmhc.ca/" "Mozilla/5.0 (iPhone; CPU iPhone OS 18_1_1 like Mac OS X) AppleWebKit/605.1.15 (KHTML, like Gecko) CriOS/132.0.6834.78 Mobile/15E148 Safari/604.1"
173.183.169.38 - - [21/Jan/2025:22:14:43 +0000] "GET /wp-content/uploads/elementor/thumbs/IMG_3918-scaled-oqflkktg2aikdwtptvi0cmrl2lcpj69nq6bwffdyro.jpg HTTP/1.1" 200 25371 "https://onlineorientation.hmhc.ca/" "Mozilla/5.0 (iPhone; CPU iPhone OS 18_1_1 like Mac OS X) AppleWebKit/605.1.15 (KHTML, like Gecko) CriOS/132.0.6834.78 Mobile/15E148 Safari/604.1"
173.183.169.38 - - [21/Jan/2025:22:14:43 +0000] "GET /wp-content/uploads/elementor/thumbs/IMG_3906-scaled-oqflh2v2mhq565wo9d202ijtgylivqdmkuwu4ckpxg.jpg HTTP/1.1" 200 19434 "https://onlineorientation.hmhc.ca/" "Mozilla/5.0 (iPhone; CPU iPhone OS 18_1_1 like Mac OS X) AppleWebKit/605.1.15 (KHTML, like Gecko) CriOS/132.0.6834.78 Mobile/15E148 Safari/604.1"
173.183.169.38 - - [21/Jan/2025:22:14:43 +0000] "GET /wp-content/uploads/elementor/thumbs/IMG_3891-scaled-oqflamoxqewbih9wx2p5gn4yqsdv2hrxcxrwl04ymc.jpg HTTP/1.1" 200 20293 "https://onlineorientation.hmhc.ca/" "Mozilla/5.0 (iPhone; CPU iPhone OS 18_1_1 like Mac OS X) AppleWebKit/605.1.15 (KHTML, like Gecko) CriOS/132.0.6834.78 Mobile/15E148 Safari/604.1"
173.183.169.38 - - [21/Jan/2025:22:14:43 +0000] "GET /wp-content/uploads/elementor/thumbs/IMG_3901-scaled-oqflee1p2k1lybtayp7ffozca9upuwp9vjptouk9qc.jpg HTTP/1.1" 200 17753 "https://onlineorientation.hmhc.ca/" "Mozilla/5.0 (iPhone; CPU iPhone OS 18_1_1 like Mac OS X) AppleWebKit/605.1.15 (KHTML, like Gecko) CriOS/132.0.6834.78 Mobile/15E148 Safari/604.1"
173.183.169.38 - - [21/Jan/2025:22:14:43 +0000] "GET /wp-content/uploads/elementor/thumbs/IMG_3883-scaled-oqfl77k2v47r9k8rw3h0w07kxb8s257380bapr7j9g.jpg HTTP/1.1" 200 26936 "https://onlineorientation.hmhc.ca/" "Mozilla/5.0 (iPhone; CPU iPhone OS 18_1_1 like Mac OS X) AppleWebKit/605.1.15 (KHTML, like Gecko) CriOS/132.0.6834.78 Mobile/15E148 Safari/604.1"
173.183.169.38 - - [21/Jan/2025:22:14:43 +0000] "GET /wp-content/uploads/2020/05/cropped-family-and-friends-silhouette-2-192x192.png HTTP/1.1" 200 4819 "-" "Mozilla/5.0 (iPhone; CPU iPhone OS 18_1_1 like Mac OS X) AppleWebKit/605.1.15 (KHTML, like Gecko) CriOS/132.0.6834.78 Mobile/15E148 Safari/604.1"
173.183.169.38 - - [21/Jan/2025:22:14:43 +0000] "GET /wp-content/plugins/responsive-menu/v4.0.0/themes/electric%20blue%20theme/blue-background.png HTTP/1.1" 200 64541 "https://onlineorientation.hmhc.ca/" "Mozilla/5.0 (iPhone; CPU iPhone OS 18_1_1 like Mac OS X) AppleWebKit/605.1.15 (KHTML, like Gecko) CriOS/132.0.6834.78 Mobile/15E148 Safari/604.1"
173.183.169.38 - - [21/Jan/2025:22:14:43 +0000] "GET /wp-content/uploads/2020/05/cropped-family-and-friends-silhouette-2-180x180.png HTTP/1.1" 200 4508 "-" "Mozilla/5.0 (iPhone; CPU iPhone OS 18_1_1 like Mac OS X) AppleWebKit/605.1.15 (KHTML, like Gecko) CriOS/132.0.6834.78 Mobile/15E148 Safari/604.1"
173.183.169.38 - - [21/Jan/2025:22:14:43 +0000] "GET /wp-content/uploads/2020/06/IMG_3913-scaled.jpg HTTP/1.1" 200 609522 "https://onlineorientation.hmhc.ca/" "Mozilla/5.0 (iPhone; CPU iPhone OS 18_1_1 like Mac OS X) AppleWebKit/605.1.15 (KHTML, like Gecko) CriOS/132.0.6834.78 Mobile/15E148 Safari/604.1"
173.183.169.38 - - [21/Jan/2025:22:14:44 +0000] "GET /wp-content/plugins/wpfront-scroll-top/images/icons/1.png HTTP/1.1" 200 773 "https://onlineorientation.hmhc.ca/" "Mozilla/5.0 (iPhone; CPU iPhone OS 18_1_1 like Mac OS X) AppleWebKit/605.1.15 (KHTML, like Gecko) CriOS/132.0.6834.78 Mobile/15E148 Safari/604.1"
45.56.220.125 - - [21/Jan/2025:22:15:04 +0000] "POST /wp-cron.php?doing_wp_cron=1737497704.8508069515228271484375 HTTP/1.1" 200 - "-" "WordPress/6.7.1; https://onlineorientation.hmhc.ca"
173.183.169.38 - - [21/Jan/2025:22:15:04 +0000] "GET /index.php/orientation-module/ HTTP/1.1" 301 - "https://onlineorientation.hmhc.ca/" "Mozilla/5.0 (iPhone; CPU iPhone OS 18_1_1 like Mac OS X) AppleWebKit/605.1.15 (KHTML, like Gecko) CriOS/132.0.6834.78 Mobile/15E148 Safari/604.1"
173.183.169.38 - - [21/Jan/2025:22:15:04 +0000] "GET /index.php/home/orientation-module/ HTTP/1.1" 200 12177 "https://onlineorientation.hmhc.ca/" "Mozilla/5.0 (iPhone; CPU iPhone OS 18_1_1 like Mac OS X) AppleWebKit/605.1.15 (KHTML, like Gecko) CriOS/132.0.6834.78 Mobile/15E148 Safari/604.1"
173.183.169.38 - - [21/Jan/2025:22:15:05 +0000] "GET /wp-content/cache/autoptimize/css/autoptimize_981cf73939d0e6decfc31cea2c53af73.css HTTP/1.1" 200 156320 "https://onlineorientation.hmhc.ca/index.php/home/orientation-module/" "Mozilla/5.0 (iPhone; CPU iPhone OS 18_1_1 like Mac OS X) AppleWebKit/605.1.15 (KHTML, like Gecko) CriOS/132.0.6834.78 Mobile/15E148 Safari/604.1"
173.183.169.38 - - [21/Jan/2025:22:15:06 +0000] "GET /wp-content/cache/autoptimize/css/autoptimize_single_5b794619b3fe036e2f05b3db42ea8752.css?ver=1736297343 HTTP/1.1" 200 1969 "https://onlineorientation.hmhc.ca/index.php/home/orientation-module/" "Mozilla/5.0 (iPhone; CPU iPhone OS 18_1_1 like Mac OS X) AppleWebKit/605.1.15 (KHTML, like Gecko) CriOS/132.0.6834.78 Mobile/15E148 Safari/604.1"
173.183.169.38 - - [21/Jan/2025:22:15:06 +0000] "GET /wp-content/cache/autoptimize/js/autoptimize_9eb72277054cc8f0238b62d5adaec141.js HTTP/1.1" 200 165531 "https://onlineorientation.hmhc.ca/index.php/home/orientation-module/" "Mozilla/5.0 (iPhone; CPU iPhone OS 18_1_1 like Mac OS X) AppleWebKit/605.1.15 (KHTML, like Gecko) CriOS/132.0.6834.78 Mobile/15E148 Safari/604.1"
173.183.169.38 - - [21/Jan/2025:22:15:06 +0000] "GET /wp-content/uploads/2020/07/CCOOJuly-28-with-captions.mp4 HTTP/1.1" 206 2 "https://onlineorientation.hmhc.ca/index.php/home/orientation-module/" "Mozilla/5.0 (iPhone; CPU iPhone OS 18_1_1 like Mac OS X) AppleWebKit/605.1.15 (KHTML, like Gecko) CriOS/132.0.6834.78 Mobile/15E148 Safari/604.1"
173.183.169.38 - - [21/Jan/2025:22:15:06 +0000] "GET /wp-content/plugins/elementor/assets/js/video.69da75ce0dd084cc3596.bundle.min.js HTTP/1.1" 200 1307 "https://onlineorientation.hmhc.ca/index.php/home/orientation-module/" "Mozilla/5.0 (iPhone; CPU iPhone OS 18_1_1 like Mac OS X) AppleWebKit/605.1.15 (KHTML, like Gecko) CriOS/132.0.6834.78 Mobile/15E148 Safari/604.1"
173.183.169.38 - - [21/Jan/2025:22:15:06 +0000] "GET /wp-content/uploads/2020/07/CCOOJuly-28-with-captions.mp4 HTTP/1.1" 206 385691651 "https://onlineorientation.hmhc.ca/index.php/home/orientation-module/" "Mozilla/5.0 (iPhone; CPU iPhone OS 18_1_1 like Mac OS X) AppleWebKit/605.1.15 (KHTML, like Gecko) CriOS/132.0.6834.78 Mobile/15E148 Safari/604.1"
173.183.169.38 - - [21/Jan/2025:22:15:06 +0000] "GET /wp-content/uploads/2020/06/IMG_3883-scaled.jpg HTTP/1.1" 200 828870 "https://onlineorientation.hmhc.ca/" "Mozilla/5.0 (iPhone; CPU iPhone OS 18_1_1 like Mac OS X) AppleWebKit/605.1.15 (KHTML, like Gecko) CriOS/132.0.6834.78 Mobile/15E148 Safari/604.1"
173.183.169.38 - - [21/Jan/2025:22:15:06 +0000] "GET /wp-content/uploads/2020/07/CCOOJuly-28-with-captions.mp4 HTTP/1.1" 206 385429507 "https://onlineorientation.hmhc.ca/index.php/home/orientation-module/" "Mozilla/5.0 (iPhone; CPU iPhone OS 18_1_1 like Mac OS X) AppleWebKit/605.1.15 (KHTML, like Gecko) CriOS/132.0.6834.78 Mobile/15E148 Safari/604.1"
173.183.169.38 - - [21/Jan/2025:22:15:06 +0000] "GET /wp-content/uploads/2020/07/CCOOJuly-28-with-captions.mp4 HTTP/1.1" 206 254353 "https://onlineorientation.hmhc.ca/index.php/home/orientation-module/" "Mozilla/5.0 (iPhone; CPU iPhone OS 18_1_1 like Mac OS X) AppleWebKit/605.1.15 (KHTML, like Gecko) CriOS/132.0.6834.78 Mobile/15E148 Safari/604.1"
173.183.169.38 - - [21/Jan/2025:22:15:06 +0000] "GET /wp-content/uploads/2020/07/CCOOJuly-28-with-captions.mp4 HTTP/1.1" 206 385167363 "https://onlineorientation.hmhc.ca/index.php/home/orientation-module/" "Mozilla/5.0 (iPhone; CPU iPhone OS 18_1_1 like Mac OS X) AppleWebKit/605.1.15 (KHTML, like Gecko) CriOS/132.0.6834.78 Mobile/15E148 Safari/604.1"
173.183.169.38 - - [21/Jan/2025:22:15:07 +0000] "GET /wp-content/uploads/2020/07/CCOOJuly-28-with-captions.mp4 HTTP/1.1" 206 190358 "https://onlineorientation.hmhc.ca/index.php/home/orientation-module/" "Mozilla/5.0 (iPhone; CPU iPhone OS 18_1_1 like Mac OS X) AppleWebKit/605.1.15 (KHTML, like Gecko) CriOS/132.0.6834.78 Mobile/15E148 Safari/604.1"
45.56.220.125 - - [21/Jan/2025:22:37:12 +0000] "POST /wp-cron.php?doing_wp_cron=1737499032.4546539783477783203125 HTTP/1.1" 200 - "-" "WordPress/6.7.1; https://onlineorientation.hmhc.ca"
173.183.169.38 - - [21/Jan/2025:22:37:11 +0000] "GET /index.php/home/orientation-module/ HTTP/1.1" 200 12177 "https://onlineorientation.hmhc.ca/" "Mozilla/5.0 (iPhone; CPU iPhone OS 18_1_1 like Mac OS X) AppleWebKit/605.1.15 (KHTML, like Gecko) CriOS/132.0.6834.78 Mobile/15E148 Safari/604.1"
173.183.169.38 - - [21/Jan/2025:22:37:12 +0000] "GET /wp-content/uploads/2020/07/CCOOJuly-28-with-captions.mp4 HTTP/1.1" 206 2 "https://onlineorientation.hmhc.ca/index.php/home/orientation-module/" "Mozilla/5.0 (iPhone; CPU iPhone OS 18_1_1 like Mac OS X) AppleWebKit/605.1.15 (KHTML, like Gecko) CriOS/132.0.6834.78 Mobile/15E148 Safari/604.1"
45.56.220.125 - - [21/Jan/2025:23:04:01 +0000] "POST /wp-cron.php?doing_wp_cron=1737500641.4474079608917236328125 HTTP/1.1" 200 - "-" "WordPress/6.7.1; https://onlineorientation.hmhc.ca"
165.22.252.197 - - [21/Jan/2025:23:04:00 +0000] "GET /wp-admin/setup-config.php?step=1 HTTP/1.1" 404 7364 "www.google.com" "Mozlila/5.0 (Linux; Android 7.0; SM-G892A Bulid/NRD90M; wv) AppleWebKit/537.36 (KHTML, like Gecko) Version/4.0 Chrome/60.0.3112.107 Moblie Safari/537.36"
45.56.220.125 - - [21/Jan/2025:23:04:03 +0000] "POST /wp-cron.php?doing_wp_cron=1737500643.5886850357055664062500 HTTP/1.1" 200 - "-" "WordPress/6.7.1; https://onlineorientation.hmhc.ca"
165.22.252.197 - - [21/Jan/2025:23:04:03 +0000] "GET /wp-admin/install.php?step=1 HTTP/1.1" 200 515 "www.google.com" "Mozlila/5.0 (Linux; Android 7.0; SM-G892A Bulid/NRD90M; wv) AppleWebKit/537.36 (KHTML, like Gecko) Version/4.0 Chrome/60.0.3112.107 Moblie Safari/537.36"
45.56.220.125 - - [21/Jan/2025:23:04:05 +0000] "POST /wp-cron.php?doing_wp_cron=1737500645.7987179756164550781250 HTTP/1.1" 200 - "-" "WordPress/6.7.1; https://onlineorientation.hmhc.ca"
165.22.252.197 - - [21/Jan/2025:23:04:05 +0000] "GET /wordpress/wp-admin/setup-config.php?step=1 HTTP/1.1" 404 7381 "www.google.com" "Mozlila/5.0 (Linux; Android 7.0; SM-G892A Bulid/NRD90M; wv) AppleWebKit/537.36 (KHTML, like Gecko) Version/4.0 Chrome/60.0.3112.107 Moblie Safari/537.36"
165.22.252.197 - - [21/Jan/2025:23:04:07 +0000] "GET /wordpress/wp-admin/install.php?step=1 HTTP/1.1" 404 7379 "www.google.com" "Mozlila/5.0 (Linux; Android 7.0; SM-G892A Bulid/NRD90M; wv) AppleWebKit/537.36 (KHTML, like Gecko) Version/4.0 Chrome/60.0.3112.107 Moblie Safari/537.36"
